[INFO] fetching crate pai-strace 0.1.8...
[INFO] testing pai-strace-0.1.8 against 1.100.0-beta.1+cargoflags=--release for beta-release-1.100-2
[INFO] extracting crate pai-strace 0.1.8 into /workspace/builds/worker-7-tc2/source
[INFO] removed /workspace/builds/worker-7-tc2/source/.cargo/config.toml
[INFO] started tweaking crates.io crate pai-strace 0.1.8
[INFO] finished tweaking crates.io crate pai-strace 0.1.8
[INFO] tweaked toml for crates.io crate pai-strace 0.1.8 written to /workspace/builds/worker-7-tc2/source/Cargo.toml
[INFO] validating manifest of crates.io crate pai-strace 0.1.8 on toolchain 1.100.0-beta.1
[INFO] running `Command { std: CARGO_HOME="/workspace/cargo-home" RUSTUP_HOME="/workspace/rustup-home" "/workspace/cargo-home/bin/cargo" "+1.100.0-beta.1" "metadata" "--manifest-path" "Cargo.toml" "--no-deps", kill_on_drop: false }`
[INFO] crate crates.io crate pai-strace 0.1.8 already has a lockfile, it will not be regenerated
[INFO] running `Command { std: CARGO_HOME="/workspace/cargo-home" RUSTUP_HOME="/workspace/rustup-home" "/workspace/cargo-home/bin/cargo" "+1.100.0-beta.1" "fetch" "--manifest-path" "Cargo.toml", kill_on_drop: false }`
[INFO] [stderr] warning: `package.homepage` is redundant with `package.repository`
[INFO] [stderr]   --> Cargo.toml:36:12
[INFO] [stderr]    |
[INFO] [stderr] 36 | homepage = "https://github.com/rstenvi/pai-strace"
[INFO] [stderr]    |            ^^^^^^^^^^^^^^^^^^^^^^^^^^^^^^^^^^^^^^^
[INFO] [stderr] ...
[INFO] [stderr] 41 | repository = "https://github.com/rstenvi/pai-strace"
[INFO] [stderr]    |              ---------------------------------------
[INFO] [stderr]    |
[INFO] [stderr]    = note: `cargo::redundant_homepage` is set to `warn` by default
[INFO] [stderr] help: consider removing `package.homepage`
[INFO] [stderr] warning: `pai-strace` (manifest) generated 1 warning
[INFO] running `Command { std: "docker" "create" "-v" "/var/lib/crater-agent-workspace/builds/worker-7-tc2/source:/opt/rustwide/workdir:ro,Z" "-v" "/var/lib/crater-agent-workspace/builds/worker-7-tc2/target:/opt/rustwide/target:rw,Z" "-v" "/var/lib/crater-agent-workspace/cargo-home:/opt/rustwide/cargo-home:ro,Z" "-v" "/var/lib/crater-agent-workspace/rustup-home:/opt/rustwide/rustup-home:ro,Z" "-m" "1610612736" "--network" "none" "ghcr.io/rust-lang/crates-build-env/linux@sha256:77db811e55d90add9212f6832c23229e3de5f1c1f9905e8cb07319ea15df73ac" "sleep" "infinity", kill_on_drop: false }`
[INFO] [stdout] 20a92797c7202faf1fa4ce1e74a2701bd5ec4bf537d0e868ab1ec5dc76b997e2
[INFO] running `Command { std: "docker" "start" "20a92797c7202faf1fa4ce1e74a2701bd5ec4bf537d0e868ab1ec5dc76b997e2", kill_on_drop: false }`
[INFO] running `Command { std: "docker" "inspect" "20a92797c7202faf1fa4ce1e74a2701bd5ec4bf537d0e868ab1ec5dc76b997e2", kill_on_drop: false }`
[INFO] running `Command { std: "docker" "exec" "-e" "SOURCE_DIR=/opt/rustwide/workdir" "-e" "CARGO_HOME=/opt/rustwide/cargo-home" "-e" "RUSTUP_HOME=/opt/rustwide/rustup-home" "-e" "CARGO_TARGET_DIR=/opt/rustwide/target" "-w" "/opt/rustwide/workdir" "--user" "0:0" "20a92797c7202faf1fa4ce1e74a2701bd5ec4bf537d0e868ab1ec5dc76b997e2" "/opt/rustwide/cargo-home/bin/cargo" "+1.100.0-beta.1" "metadata" "--no-deps" "--format-version=1", kill_on_drop: false }`
[INFO] running `Command { std: "docker" "inspect" "20a92797c7202faf1fa4ce1e74a2701bd5ec4bf537d0e868ab1ec5dc76b997e2", kill_on_drop: false }`
[INFO] running `Command { std: "docker" "exec" "-e" "SOURCE_DIR=/opt/rustwide/workdir" "-e" "CARGO_HOME=/opt/rustwide/cargo-home" "-e" "RUSTUP_HOME=/opt/rustwide/rustup-home" "-e" "CARGO_TARGET_DIR=/opt/rustwide/target" "-e" "CARGO_INCREMENTAL=0" "-e" "RUST_BACKTRACE=full" "-e" "RUSTFLAGS=--cap-lints=warn" "-e" "RUSTDOCFLAGS=--cap-lints=warn" "-w" "/opt/rustwide/workdir" "--user" "0:0" "20a92797c7202faf1fa4ce1e74a2701bd5ec4bf537d0e868ab1ec5dc76b997e2" "/opt/rustwide/cargo-home/bin/cargo" "+1.100.0-beta.1" "build" "--frozen" "--message-format=json" "--release", kill_on_drop: false }`
[INFO] [stderr] warning: `package.homepage` is redundant with `package.repository`
[INFO] [stderr]   --> Cargo.toml:36:12
[INFO] [stderr]    |
[INFO] [stderr] 36 | homepage = "https://github.com/rstenvi/pai-strace"
[INFO] [stderr]    |            ^^^^^^^^^^^^^^^^^^^^^^^^^^^^^^^^^^^^^^^
[INFO] [stderr] ...
[INFO] [stderr] 41 | repository = "https://github.com/rstenvi/pai-strace"
[INFO] [stderr]    |              ---------------------------------------
[INFO] [stderr]    |
[INFO] [stderr]    = note: `cargo::redundant_homepage` is set to `warn` by default
[INFO] [stderr] help: consider removing `package.homepage`
[INFO] [stderr] warning: `pai-strace` (manifest) generated 1 warning
[INFO] [stderr]    Compiling proc-macro2 v1.0.78
[INFO] [stderr]    Compiling unicode-ident v1.0.12
[INFO] [stderr]    Compiling libc v0.2.153
[INFO] [stderr]    Compiling serde v1.0.197
[INFO] [stderr]    Compiling autocfg v1.1.0
[INFO] [stderr]    Compiling cfg-if v1.0.0
[INFO] [stderr]    Compiling thiserror v1.0.57
[INFO] [stderr]    Compiling serde_json v1.0.114
[INFO] [stderr]    Compiling anyhow v1.0.80
[INFO] [stderr]    Compiling itoa v1.0.10
[INFO] [stderr]    Compiling bitflags v2.4.2
[INFO] [stderr]    Compiling log v0.4.21
[INFO] [stderr]    Compiling memchr v2.7.1
[INFO] [stderr]    Compiling cc v1.0.90
[INFO] [stderr]    Compiling cfg_aliases v0.1.1
[INFO] [stderr]    Compiling pin-project-lite v0.2.13
[INFO] [stderr]    Compiling nix v0.28.0
[INFO] [stderr]    Compiling ryu v1.0.17
[INFO] [stderr]    Compiling pin-utils v0.1.0
[INFO] [stderr]    Compiling bytes v1.5.0
[INFO] [stderr]    Compiling crc32fast v1.4.0
[INFO] [stderr]    Compiling quote v1.0.35
[INFO] [stderr]    Compiling byteorder v1.5.0
[INFO] [stderr]    Compiling syn v2.0.52
[INFO] [stderr]    Compiling bytebuffer v2.2.0
[INFO] [stderr]    Compiling lazy_static v1.4.0
[INFO] [stderr]    Compiling glob v0.3.1
[INFO] [stderr]    Compiling slab v0.4.9
[INFO] [stderr]    Compiling spin v0.9.8
[INFO] [stderr]    Compiling futures-core v0.3.30
[INFO] [stderr]    Compiling untrusted v0.9.0
[INFO] [stderr]    Compiling version_check v0.9.4
[INFO] [stderr]    Compiling once_cell v1.19.0
[INFO] [stderr]    Compiling num-traits v0.2.18
[INFO] [stderr]    Compiling rustix v0.38.31
[INFO] [stderr]    Compiling fnv v1.0.7
[INFO] [stderr]    Compiling tracing-core v0.1.32
[INFO] [stderr]    Compiling mio v0.8.11
[INFO] [stderr]    Compiling socket2 v0.5.6
[INFO] [stderr]    Compiling getrandom v0.2.12
[INFO] [stderr]    Compiling heck v0.4.1
[INFO] [stderr]    Compiling http v0.2.12
[INFO] [stderr]    Compiling ring v0.17.8
[INFO] [stderr]    Compiling tokio v1.36.0
[INFO] [stderr]    Compiling tracing v0.1.40
[INFO] [stderr]    Compiling memoffset v0.7.1
[INFO] [stderr]    Compiling hashbrown v0.14.3
[INFO] [stderr]    Compiling rustls v0.21.10
[INFO] [stderr]    Compiling httparse v1.8.0
[INFO] [stderr]    Compiling futures-io v0.3.30
[INFO] [stderr]    Compiling futures-sink v0.3.30
[INFO] [stderr]    Compiling tinyvec_macros v0.1.1
[INFO] [stderr]    Compiling equivalent v1.0.1
[INFO] [stderr]    Compiling linux-raw-sys v0.4.13
[INFO] [stderr]    Compiling futures-task v0.3.30
[INFO] [stderr]    Compiling futures-util v0.3.30
[INFO] [stderr]    Compiling tinyvec v1.6.0
[INFO] [stderr]    Compiling indexmap v2.2.5
[INFO] [stderr]    Compiling proc-macro-error-attr v1.0.4
[INFO] [stderr]    Compiling utf8parse v0.2.1
[INFO] [stderr]    Compiling adler v1.0.2
[INFO] [stderr]    Compiling syn v1.0.109
[INFO] [stderr]    Compiling paste v1.0.14
[INFO] [stderr]    Compiling percent-encoding v2.3.1
[INFO] [stderr]    Compiling scratch v1.0.7
[INFO] [stderr]    Compiling iana-time-zone v0.1.60
[INFO] [stderr]    Compiling try-lock v0.2.5
[INFO] [stderr]    Compiling rustversion v1.0.14
[INFO] [stderr]    Compiling want v0.3.1
[INFO] [stderr]    Compiling form_urlencoded v1.2.1
[INFO] [stderr]    Compiling miniz_oxide v0.7.2
[INFO] [stderr]    Compiling anstyle-parse v0.2.3
[INFO] [stderr]    Compiling unicode-normalization v0.1.23
[INFO] [stderr]    Compiling http-body v0.4.6
[INFO] [stderr]    Compiling proc-macro-error v1.0.4
[INFO] [stderr]    Compiling filetime v0.2.23
[INFO] [stderr]    Compiling futures-channel v0.3.30
[INFO] [stderr]    Compiling aho-corasick v1.1.2
[INFO] [stderr]    Compiling xattr v1.3.1
[INFO] [stderr]    Compiling memoffset v0.8.0
[INFO] [stderr]    Compiling tower-service v0.3.2
[INFO] [stderr]    Compiling bitflags v1.3.2
[INFO] [stderr]    Compiling crossbeam-utils v0.8.19
[INFO] [stderr]    Compiling anstyle v1.0.6
[INFO] [stderr]    Compiling httpdate v1.0.3
[INFO] [stderr]    Compiling anstyle-query v1.0.2
[INFO] [stderr]    Compiling unicode-bidi v0.3.15
[INFO] [stderr]    Compiling colorchoice v1.0.0
[INFO] [stderr]    Compiling regex-syntax v0.8.2
[INFO] [stderr]    Compiling anstream v0.6.13
[INFO] [stderr]    Compiling idna v0.5.0
[INFO] [stderr]    Compiling tokio-util v0.7.10
[INFO] [stderr]    Compiling serde_derive v1.0.197
[INFO] [stderr]    Compiling thiserror-impl v1.0.57
[INFO] [stderr]    Compiling h2 v0.3.24
[INFO] [stderr]    Compiling regex-automata v0.4.6
[INFO] [stderr]    Compiling nix v0.26.4
[INFO] [stderr]    Compiling tar v0.4.40
[INFO] [stderr]    Compiling flate2 v1.0.28
[INFO] [stderr]    Compiling procfs v0.16.0
[INFO] [stderr]    Compiling base64 v0.21.7
[INFO] [stderr]    Compiling clap_lex v0.7.0
[INFO] [stderr]    Compiling semver v1.0.22
[INFO] [stderr]    Compiling bugreport v0.5.0
[INFO] [stderr]    Compiling strsim v0.11.0
[INFO] [stderr]    Compiling hex v0.4.3
[INFO] [stderr]    Compiling hyper v0.14.28
[INFO] [stderr]    Compiling regex v1.10.3
[INFO] [stderr]    Compiling clap_builder v4.5.2
[INFO] [stderr]    Compiling rustls-pemfile v1.0.4
[INFO] [stderr]    Compiling uneval v0.2.4
[INFO] [stderr]    Compiling strum_macros v0.25.3
[INFO] [stderr]    Compiling clap_derive v4.5.0
[INFO] [stderr]    Compiling syzlang-parser v0.1.4
[INFO] [stdout] error[E0554]: `#![feature]` may not be used on the beta release channel
[INFO] [stdout]   --> /opt/rustwide/cargo-home/registry/src/index.crates.io-1949cf8c6b5b557f/syzlang-parser-0.1.4/src/lib.rs:10:1
[INFO] [stdout]    |
[INFO] [stdout] 10 | #![feature(extract_if)]
[INFO] [stdout]    | ^^^^^^^^^^^^^^^^^^^^^^^
[INFO] [stdout] 
[INFO] [stdout] 
[INFO] [stdout] error[E0282]: type annotations needed
[INFO] [stdout]    --> /opt/rustwide/cargo-home/registry/src/index.crates.io-1949cf8c6b5b557f/syzlang-parser-0.1.4/src/parser.rs:413:29
[INFO] [stdout]     |
[INFO] [stdout] 413 |                 let _ = rem.extract_if(|x| *x == Token::Comma).collect::<Vec<_>>();
[INFO] [stdout]     |                                         ^  -- type must be known at this point
[INFO] [stdout]     |
[INFO] [stdout] help: consider giving this closure parameter an explicit type
[INFO] [stdout]     |
[INFO] [stdout] 413 |                 let _ = rem.extract_if(|x: /* Type */| *x == Token::Comma).collect::<Vec<_>>();
[INFO] [stdout]     |                                          ++++++++++++
[INFO] [stdout] 
[INFO] [stdout] 
[INFO] [stdout] error[E0061]: this method takes 2 arguments but 1 argument was supplied
[INFO] [stdout]    --> /opt/rustwide/cargo-home/registry/src/index.crates.io-1949cf8c6b5b557f/syzlang-parser-0.1.4/src/parser.rs:413:17
[INFO] [stdout]     |
[INFO] [stdout] 413 |                 let _ = rem.extract_if(|x| *x == Token::Comma).collect::<Vec<_>>();
[INFO] [stdout]     |                             ^^^^^^^^^^------------------------ argument #2 is missing
[INFO] [stdout]     |
[INFO] [stdout] note: method defined here
[INFO] [stdout]    --> /rustc/e3feeb59cd1bdd011a2bfcc0747b55125d9b8527/library/alloc/src/vec/mod.rs:4318:11
[INFO] [stdout] help: provide the argument
[INFO] [stdout]     |
[INFO] [stdout] 413 |                 let _ = rem.extract_if(|x| *x == Token::Comma, /* filter */).collect::<Vec<_>>();
[INFO] [stdout]     |                                                              ++++++++++++++
[INFO] [stdout] 
[INFO] [stdout] 
[INFO] [stdout] error[E0061]: this method takes 2 arguments but 1 argument was supplied
[INFO] [stdout]    --> /opt/rustwide/cargo-home/registry/src/index.crates.io-1949cf8c6b5b557f/syzlang-parser-0.1.4/src/parser.rs:468:24
[INFO] [stdout]     |
[INFO] [stdout] 468 | ...                   let _ = arches.extract_if(|x| *x == narch).collect::<Vec<_>>();
[INFO] [stdout]     |                                      ^^^^^^^^^^----------------- argument #2 is missing
[INFO] [stdout]     |
[INFO] [stdout] note: method defined here
[INFO] [stdout]    --> /rustc/e3feeb59cd1bdd011a2bfcc0747b55125d9b8527/library/alloc/src/vec/mod.rs:4318:11
[INFO] [stdout] help: provide the argument
[INFO] [stdout]     |
[INFO] [stdout] 468 |                                 let _ = arches.extract_if(|x| *x == narch, /* filter */).collect::<Vec<_>>();
[INFO] [stdout]     |                                                                          ++++++++++++++
[INFO] [stdout] 
[INFO] [stdout] 
[INFO] [stdout] error[E0282]: type annotations needed
[INFO] [stdout]    --> /opt/rustwide/cargo-home/registry/src/index.crates.io-1949cf8c6b5b557f/syzlang-parser-0.1.4/src/parser.rs:674:17
[INFO] [stdout]     |
[INFO] [stdout] 674 |             .extract_if(|x| !x.arch.contains(arch))
[INFO] [stdout]     |                          ^   - type must be known at this point
[INFO] [stdout]     |
[INFO] [stdout] help: consider giving this closure parameter an explicit type
[INFO] [stdout]     |
[INFO] [stdout] 674 |             .extract_if(|x: /* Type */| !x.arch.contains(arch))
[INFO] [stdout]     |                           ++++++++++++
[INFO] [stdout] 
[INFO] [stdout] 
[INFO] [stderr]    Compiling rustls-webpki v0.101.7
[INFO] [stdout] error[E0061]: this method takes 2 arguments but 1 argument was supplied
[INFO] [stdout]    --> /opt/rustwide/cargo-home/registry/src/index.crates.io-1949cf8c6b5b557f/syzlang-parser-0.1.4/src/parser.rs:674:5
[INFO] [stdout]     |
[INFO] [stdout] 674 |             .extract_if(|x| !x.arch.contains(arch))
[INFO] [stdout]     |              ^^^^^^^^^^---------------------------- argument #2 is missing
[INFO] [stdout]     |
[INFO] [stdout] note: method defined here
[INFO] [stdout]    --> /rustc/e3feeb59cd1bdd011a2bfcc0747b55125d9b8527/library/alloc/src/vec/mod.rs:4318:11
[INFO] [stdout] help: provide the argument
[INFO] [stdout]     |
[INFO] [stdout] 674 |             .extract_if(|x| !x.arch.contains(arch), /* filter */)
[INFO] [stdout]     |                                                   ++++++++++++++
[INFO] [stdout] 
[INFO] [stdout] 
[INFO] [stdout] error[E0061]: this method takes 2 arguments but 1 argument was supplied
[INFO] [stdout]     --> /opt/rustwide/cargo-home/registry/src/index.crates.io-1949cf8c6b5b557f/syzlang-parser-0.1.4/src/parser.rs:1151:5
[INFO] [stdout]      |
[INFO] [stdout] 1151 |             .extract_if(|x| matches!(x, ArgOpt::Tokens(_)))
[INFO] [stdout]      |              ^^^^^^^^^^------------------------------------ argument #2 is missing
[INFO] [stdout]      |
[INFO] [stdout] note: method defined here
[INFO] [stdout]     --> /rustc/e3feeb59cd1bdd011a2bfcc0747b55125d9b8527/library/alloc/src/vec/mod.rs:4318:11
[INFO] [stdout] help: provide the argument
[INFO] [stdout]      |
[INFO] [stdout] 1151 |             .extract_if(|x| matches!(x, ArgOpt::Tokens(_)), /* filter */)
[INFO] [stdout]      |                                                           ++++++++++++++
[INFO] [stdout] 
[INFO] [stdout] 
[INFO] [stdout] error[E0277]: the trait bound `{closure@parser.rs:1151:16}: RangeBounds<usize>` is not satisfied
[INFO] [stdout]     --> /opt/rustwide/cargo-home/registry/src/index.crates.io-1949cf8c6b5b557f/syzlang-parser-0.1.4/src/parser.rs:1151:16
[INFO] [stdout]      |
[INFO] [stdout] 1151 |             .extract_if(|x| matches!(x, ArgOpt::Tokens(_)))
[INFO] [stdout]      |              ---------- ^^^^^^^^^^^^^^^^^^^^^^^^^^^^^^^^^^ the trait `RangeBounds<usize>` is not implemented for closure `{closure@parser.rs:1151:16}`
[INFO] [stdout]      |              |
[INFO] [stdout]      |              required by a bound introduced by this call
[INFO] [stdout]      |
[INFO] [stdout] note: required by a bound in `Vec::<T, A>::extract_if`
[INFO] [stdout]     --> /rustc/e3feeb59cd1bdd011a2bfcc0747b55125d9b8527/library/alloc/src/vec/mod.rs:4318:4
[INFO] [stdout]      = note: the full name for the type has been written to '/opt/rustwide/target/release/build/syzlang-parser/58e18b6d93acd175/out/syzlang_parser-58e18b6d93acd175.long-type-12363640778852767370.txt'
[INFO] [stdout]      = note: consider using `--verbose` to print the full type name to the console
[INFO] [stdout] 
[INFO] [stdout] 
[INFO] [stdout] error[E0282]: type annotations needed
[INFO] [stdout]     --> /opt/rustwide/cargo-home/registry/src/index.crates.io-1949cf8c6b5b557f/syzlang-parser-0.1.4/src/parser.rs:3206:17
[INFO] [stdout]      |
[INFO] [stdout] 3206 |             .extract_if(|x| x.is_virtual())
[INFO] [stdout]      |                          ^  - type must be known at this point
[INFO] [stdout]      |
[INFO] [stdout] help: consider giving this closure parameter an explicit type
[INFO] [stdout]      |
[INFO] [stdout] 3206 |             .extract_if(|x: /* Type */| x.is_virtual())
[INFO] [stdout]      |                           ++++++++++++
[INFO] [stdout] 
[INFO] [stdout] 
[INFO] [stdout] error[E0061]: this method takes 2 arguments but 1 argument was supplied
[INFO] [stdout]     --> /opt/rustwide/cargo-home/registry/src/index.crates.io-1949cf8c6b5b557f/syzlang-parser-0.1.4/src/parser.rs:3206:5
[INFO] [stdout]      |
[INFO] [stdout] 3206 |             .extract_if(|x| x.is_virtual())
[INFO] [stdout]      |              ^^^^^^^^^^-------------------- argument #2 is missing
[INFO] [stdout]      |
[INFO] [stdout] note: method defined here
[INFO] [stdout]     --> /rustc/e3feeb59cd1bdd011a2bfcc0747b55125d9b8527/library/alloc/src/vec/mod.rs:4318:11
[INFO] [stdout] help: provide the argument
[INFO] [stdout]      |
[INFO] [stdout] 3206 |             .extract_if(|x| x.is_virtual(), /* filter */)
[INFO] [stdout]      |                                           ++++++++++++++
[INFO] [stdout] 
[INFO] [stdout] 
[INFO] [stdout] error[E0282]: type annotations needed
[INFO] [stdout]     --> /opt/rustwide/cargo-home/registry/src/index.crates.io-1949cf8c6b5b557f/syzlang-parser-0.1.4/src/parser.rs:3213:17
[INFO] [stdout]      |
[INFO] [stdout] 3213 |             .extract_if(|x| self.consts.find_sysno(&x.name.name, arch).is_none())
[INFO] [stdout]      |                          ^                          - type must be known at this point
[INFO] [stdout]      |
[INFO] [stdout] help: consider giving this closure parameter an explicit type
[INFO] [stdout]      |
[INFO] [stdout] 3213 |             .extract_if(|x: /* Type */| self.consts.find_sysno(&x.name.name, arch).is_none())
[INFO] [stdout]      |                           ++++++++++++
[INFO] [stdout] 
[INFO] [stdout] 
[INFO] [stdout] error[E0061]: this method takes 2 arguments but 1 argument was supplied
[INFO] [stdout]     --> /opt/rustwide/cargo-home/registry/src/index.crates.io-1949cf8c6b5b557f/syzlang-parser-0.1.4/src/parser.rs:3213:5
[INFO] [stdout]      |
[INFO] [stdout] 3213 |             .extract_if(|x| self.consts.find_sysno(&x.name.name, arch).is_none())
[INFO] [stdout]      |              ^^^^^^^^^^---------------------------------------------------------- argument #2 is missing
[INFO] [stdout]      |
[INFO] [stdout] note: method defined here
[INFO] [stdout]     --> /rustc/e3feeb59cd1bdd011a2bfcc0747b55125d9b8527/library/alloc/src/vec/mod.rs:4318:11
[INFO] [stdout] help: provide the argument
[INFO] [stdout]      |
[INFO] [stdout] 3213 |             .extract_if(|x| self.consts.find_sysno(&x.name.name, arch).is_none(), /* filter */)
[INFO] [stdout]      |                                                                                 ++++++++++++++
[INFO] [stdout] 
[INFO] [stdout] 
[INFO] [stdout] error[E0282]: type annotations needed
[INFO] [stdout]     --> /opt/rustwide/cargo-home/registry/src/index.crates.io-1949cf8c6b5b557f/syzlang-parser-0.1.4/src/parser.rs:3220:17
[INFO] [stdout]      |
[INFO] [stdout] 3220 |             .extract_if(|x| !x.name.subname.is_empty())
[INFO] [stdout]      |                          ^   - type must be known at this point
[INFO] [stdout]      |
[INFO] [stdout] help: consider giving this closure parameter an explicit type
[INFO] [stdout]      |
[INFO] [stdout] 3220 |             .extract_if(|x: /* Type */| !x.name.subname.is_empty())
[INFO] [stdout]      |                           ++++++++++++
[INFO] [stdout] 
[INFO] [stdout] 
[INFO] [stdout] error[E0061]: this method takes 2 arguments but 1 argument was supplied
[INFO] [stdout]     --> /opt/rustwide/cargo-home/registry/src/index.crates.io-1949cf8c6b5b557f/syzlang-parser-0.1.4/src/parser.rs:3220:5
[INFO] [stdout]      |
[INFO] [stdout] 3220 |             .extract_if(|x| !x.name.subname.is_empty())
[INFO] [stdout]      |              ^^^^^^^^^^-------------------------------- argument #2 is missing
[INFO] [stdout]      |
[INFO] [stdout] note: method defined here
[INFO] [stdout]     --> /rustc/e3feeb59cd1bdd011a2bfcc0747b55125d9b8527/library/alloc/src/vec/mod.rs:4318:11
[INFO] [stdout] help: provide the argument
[INFO] [stdout]      |
[INFO] [stdout] 3220 |             .extract_if(|x| !x.name.subname.is_empty(), /* filter */)
[INFO] [stdout]      |                                                       ++++++++++++++
[INFO] [stdout] 
[INFO] [stdout] 
[INFO] [stderr]    Compiling sct v0.7.1
[INFO] [stderr]    Compiling chrono v0.4.35
[INFO] [stdout] Some errors have detailed explanations: E0061, E0277, E0282, E0554.
[INFO] [stdout] 
[INFO] [stdout] For more information about an error, try `rustc --explain E0061`.
[INFO] [stdout] 
[INFO] [stderr] error: could not compile `syzlang-parser` (lib) due to 14 previous errors
[INFO] [stderr] warning: build failed, waiting for other jobs to finish...
[INFO] [stdout] error[E0554]: `#![feature]` may not be used on the beta release channel
[INFO] [stdout]   --> /opt/rustwide/cargo-home/registry/src/index.crates.io-1949cf8c6b5b557f/syzlang-parser-0.1.4/src/lib.rs:10:1
[INFO] [stdout]    |
[INFO] [stdout] 10 | #![feature(extract_if)]
[INFO] [stdout]    | ^^^^^^^^^^^^^^^^^^^^^^^
[INFO] [stdout] 
[INFO] [stdout] 
[INFO] [stdout] error[E0282]: type annotations needed
[INFO] [stdout]    --> /opt/rustwide/cargo-home/registry/src/index.crates.io-1949cf8c6b5b557f/syzlang-parser-0.1.4/src/parser.rs:413:29
[INFO] [stdout]     |
[INFO] [stdout] 413 |                 let _ = rem.extract_if(|x| *x == Token::Comma).collect::<Vec<_>>();
[INFO] [stdout]     |                                         ^  -- type must be known at this point
[INFO] [stdout]     |
[INFO] [stdout] help: consider giving this closure parameter an explicit type
[INFO] [stdout]     |
[INFO] [stdout] 413 |                 let _ = rem.extract_if(|x: /* Type */| *x == Token::Comma).collect::<Vec<_>>();
[INFO] [stdout]     |                                          ++++++++++++
[INFO] [stdout] 
[INFO] [stdout] 
[INFO] [stdout] error[E0061]: this method takes 2 arguments but 1 argument was supplied
[INFO] [stdout]    --> /opt/rustwide/cargo-home/registry/src/index.crates.io-1949cf8c6b5b557f/syzlang-parser-0.1.4/src/parser.rs:413:17
[INFO] [stdout]     |
[INFO] [stdout] 413 |                 let _ = rem.extract_if(|x| *x == Token::Comma).collect::<Vec<_>>();
[INFO] [stdout]     |                             ^^^^^^^^^^------------------------ argument #2 is missing
[INFO] [stdout]     |
[INFO] [stdout] note: method defined here
[INFO] [stdout]    --> /rustc/e3feeb59cd1bdd011a2bfcc0747b55125d9b8527/library/alloc/src/vec/mod.rs:4318:11
[INFO] [stdout] help: provide the argument
[INFO] [stdout]     |
[INFO] [stdout] 413 |                 let _ = rem.extract_if(|x| *x == Token::Comma, /* filter */).collect::<Vec<_>>();
[INFO] [stdout]     |                                                              ++++++++++++++
[INFO] [stdout] 
[INFO] [stdout] 
[INFO] [stdout] error[E0061]: this method takes 2 arguments but 1 argument was supplied
[INFO] [stdout]    --> /opt/rustwide/cargo-home/registry/src/index.crates.io-1949cf8c6b5b557f/syzlang-parser-0.1.4/src/parser.rs:468:24
[INFO] [stdout]     |
[INFO] [stdout] 468 | ...                   let _ = arches.extract_if(|x| *x == narch).collect::<Vec<_>>();
[INFO] [stdout]     |                                      ^^^^^^^^^^----------------- argument #2 is missing
[INFO] [stdout]     |
[INFO] [stdout] note: method defined here
[INFO] [stdout]    --> /rustc/e3feeb59cd1bdd011a2bfcc0747b55125d9b8527/library/alloc/src/vec/mod.rs:4318:11
[INFO] [stdout] help: provide the argument
[INFO] [stdout]     |
[INFO] [stdout] 468 |                                 let _ = arches.extract_if(|x| *x == narch, /* filter */).collect::<Vec<_>>();
[INFO] [stdout]     |                                                                          ++++++++++++++
[INFO] [stdout] 
[INFO] [stdout] 
[INFO] [stdout] error[E0282]: type annotations needed
[INFO] [stdout]    --> /opt/rustwide/cargo-home/registry/src/index.crates.io-1949cf8c6b5b557f/syzlang-parser-0.1.4/src/parser.rs:674:17
[INFO] [stdout]     |
[INFO] [stdout] 674 |             .extract_if(|x| !x.arch.contains(arch))
[INFO] [stdout]     |                          ^   - type must be known at this point
[INFO] [stdout]     |
[INFO] [stdout] help: consider giving this closure parameter an explicit type
[INFO] [stdout]     |
[INFO] [stdout] 674 |             .extract_if(|x: /* Type */| !x.arch.contains(arch))
[INFO] [stdout]     |                           ++++++++++++
[INFO] [stdout] 
[INFO] [stdout] 
[INFO] [stdout] error[E0061]: this method takes 2 arguments but 1 argument was supplied
[INFO] [stdout]    --> /opt/rustwide/cargo-home/registry/src/index.crates.io-1949cf8c6b5b557f/syzlang-parser-0.1.4/src/parser.rs:674:5
[INFO] [stdout]     |
[INFO] [stdout] 674 |             .extract_if(|x| !x.arch.contains(arch))
[INFO] [stdout]     |              ^^^^^^^^^^---------------------------- argument #2 is missing
[INFO] [stdout]     |
[INFO] [stdout] note: method defined here
[INFO] [stdout]    --> /rustc/e3feeb59cd1bdd011a2bfcc0747b55125d9b8527/library/alloc/src/vec/mod.rs:4318:11
[INFO] [stdout] help: provide the argument
[INFO] [stdout]     |
[INFO] [stdout] 674 |             .extract_if(|x| !x.arch.contains(arch), /* filter */)
[INFO] [stdout]     |                                                   ++++++++++++++
[INFO] [stdout] 
[INFO] [stdout] 
[INFO] [stdout] error[E0061]: this method takes 2 arguments but 1 argument was supplied
[INFO] [stdout]     --> /opt/rustwide/cargo-home/registry/src/index.crates.io-1949cf8c6b5b557f/syzlang-parser-0.1.4/src/parser.rs:1151:5
[INFO] [stdout]      |
[INFO] [stdout] 1151 |             .extract_if(|x| matches!(x, ArgOpt::Tokens(_)))
[INFO] [stdout]      |              ^^^^^^^^^^------------------------------------ argument #2 is missing
[INFO] [stdout]      |
[INFO] [stdout] note: method defined here
[INFO] [stdout]     --> /rustc/e3feeb59cd1bdd011a2bfcc0747b55125d9b8527/library/alloc/src/vec/mod.rs:4318:11
[INFO] [stdout] help: provide the argument
[INFO] [stdout]      |
[INFO] [stdout] 1151 |             .extract_if(|x| matches!(x, ArgOpt::Tokens(_)), /* filter */)
[INFO] [stdout]      |                                                           ++++++++++++++
[INFO] [stdout] 
[INFO] [stdout] 
[INFO] [stdout] error[E0277]: the trait bound `{closure@parser.rs:1151:16}: RangeBounds<usize>` is not satisfied
[INFO] [stdout]     --> /opt/rustwide/cargo-home/registry/src/index.crates.io-1949cf8c6b5b557f/syzlang-parser-0.1.4/src/parser.rs:1151:16
[INFO] [stdout]      |
[INFO] [stdout] 1151 |             .extract_if(|x| matches!(x, ArgOpt::Tokens(_)))
[INFO] [stdout]      |              ---------- ^^^^^^^^^^^^^^^^^^^^^^^^^^^^^^^^^^ the trait `RangeBounds<usize>` is not implemented for closure `{closure@parser.rs:1151:16}`
[INFO] [stdout]      |              |
[INFO] [stdout]      |              required by a bound introduced by this call
[INFO] [stdout]      |
[INFO] [stdout] note: required by a bound in `Vec::<T, A>::extract_if`
[INFO] [stdout]     --> /rustc/e3feeb59cd1bdd011a2bfcc0747b55125d9b8527/library/alloc/src/vec/mod.rs:4318:4
[INFO] [stdout]      = note: the full name for the type has been written to '/opt/rustwide/target/release/build/syzlang-parser/46ae2cc1948a2549/out/syzlang_parser-46ae2cc1948a2549.long-type-12179372168514437030.txt'
[INFO] [stdout]      = note: consider using `--verbose` to print the full type name to the console
[INFO] [stdout] 
[INFO] [stdout] 
[INFO] [stdout] error[E0282]: type annotations needed
[INFO] [stdout]     --> /opt/rustwide/cargo-home/registry/src/index.crates.io-1949cf8c6b5b557f/syzlang-parser-0.1.4/src/parser.rs:3206:17
[INFO] [stdout]      |
[INFO] [stdout] 3206 |             .extract_if(|x| x.is_virtual())
[INFO] [stdout]      |                          ^  - type must be known at this point
[INFO] [stdout]      |
[INFO] [stdout] help: consider giving this closure parameter an explicit type
[INFO] [stdout]      |
[INFO] [stdout] 3206 |             .extract_if(|x: /* Type */| x.is_virtual())
[INFO] [stdout]      |                           ++++++++++++
[INFO] [stdout] 
[INFO] [stdout] 
[INFO] [stdout] error[E0061]: this method takes 2 arguments but 1 argument was supplied
[INFO] [stdout]     --> /opt/rustwide/cargo-home/registry/src/index.crates.io-1949cf8c6b5b557f/syzlang-parser-0.1.4/src/parser.rs:3206:5
[INFO] [stdout]      |
[INFO] [stdout] 3206 |             .extract_if(|x| x.is_virtual())
[INFO] [stdout]      |              ^^^^^^^^^^-------------------- argument #2 is missing
[INFO] [stdout]      |
[INFO] [stdout] note: method defined here
[INFO] [stdout]     --> /rustc/e3feeb59cd1bdd011a2bfcc0747b55125d9b8527/library/alloc/src/vec/mod.rs:4318:11
[INFO] [stdout] help: provide the argument
[INFO] [stdout]      |
[INFO] [stdout] 3206 |             .extract_if(|x| x.is_virtual(), /* filter */)
[INFO] [stdout]      |                                           ++++++++++++++
[INFO] [stdout] 
[INFO] [stdout] 
[INFO] [stdout] error[E0282]: type annotations needed
[INFO] [stdout]     --> /opt/rustwide/cargo-home/registry/src/index.crates.io-1949cf8c6b5b557f/syzlang-parser-0.1.4/src/parser.rs:3213:17
[INFO] [stdout]      |
[INFO] [stdout] 3213 |             .extract_if(|x| self.consts.find_sysno(&x.name.name, arch).is_none())
[INFO] [stdout]      |                          ^                          - type must be known at this point
[INFO] [stdout]      |
[INFO] [stdout] help: consider giving this closure parameter an explicit type
[INFO] [stdout]      |
[INFO] [stdout] 3213 |             .extract_if(|x: /* Type */| self.consts.find_sysno(&x.name.name, arch).is_none())
[INFO] [stdout]      |                           ++++++++++++
[INFO] [stdout] 
[INFO] [stdout] 
[INFO] [stdout] error[E0061]: this method takes 2 arguments but 1 argument was supplied
[INFO] [stdout]     --> /opt/rustwide/cargo-home/registry/src/index.crates.io-1949cf8c6b5b557f/syzlang-parser-0.1.4/src/parser.rs:3213:5
[INFO] [stdout]      |
[INFO] [stdout] 3213 |             .extract_if(|x| self.consts.find_sysno(&x.name.name, arch).is_none())
[INFO] [stdout]      |              ^^^^^^^^^^---------------------------------------------------------- argument #2 is missing
[INFO] [stdout]      |
[INFO] [stdout] note: method defined here
[INFO] [stdout]     --> /rustc/e3feeb59cd1bdd011a2bfcc0747b55125d9b8527/library/alloc/src/vec/mod.rs:4318:11
[INFO] [stdout] help: provide the argument
[INFO] [stdout]      |
[INFO] [stdout] 3213 |             .extract_if(|x| self.consts.find_sysno(&x.name.name, arch).is_none(), /* filter */)
[INFO] [stdout]      |                                                                                 ++++++++++++++
[INFO] [stdout] 
[INFO] [stdout] 
[INFO] [stdout] error[E0282]: type annotations needed
[INFO] [stdout]     --> /opt/rustwide/cargo-home/registry/src/index.crates.io-1949cf8c6b5b557f/syzlang-parser-0.1.4/src/parser.rs:3220:17
[INFO] [stdout]      |
[INFO] [stdout] 3220 |             .extract_if(|x| !x.name.subname.is_empty())
[INFO] [stdout]      |                          ^   - type must be known at this point
[INFO] [stdout]      |
[INFO] [stdout] help: consider giving this closure parameter an explicit type
[INFO] [stdout]      |
[INFO] [stdout] 3220 |             .extract_if(|x: /* Type */| !x.name.subname.is_empty())
[INFO] [stdout]      |                           ++++++++++++
[INFO] [stdout] 
[INFO] [stdout] 
[INFO] [stdout] error[E0061]: this method takes 2 arguments but 1 argument was supplied
[INFO] [stdout]     --> /opt/rustwide/cargo-home/registry/src/index.crates.io-1949cf8c6b5b557f/syzlang-parser-0.1.4/src/parser.rs:3220:5
[INFO] [stdout]      |
[INFO] [stdout] 3220 |             .extract_if(|x| !x.name.subname.is_empty())
[INFO] [stdout]      |              ^^^^^^^^^^-------------------------------- argument #2 is missing
[INFO] [stdout]      |
[INFO] [stdout] note: method defined here
[INFO] [stdout]     --> /rustc/e3feeb59cd1bdd011a2bfcc0747b55125d9b8527/library/alloc/src/vec/mod.rs:4318:11
[INFO] [stdout] help: provide the argument
[INFO] [stdout]      |
[INFO] [stdout] 3220 |             .extract_if(|x| !x.name.subname.is_empty(), /* filter */)
[INFO] [stdout]      |                                                       ++++++++++++++
[INFO] [stdout] 
[INFO] [stdout] 
[INFO] [stdout] Some errors have detailed explanations: E0061, E0277, E0282, E0554.
[INFO] [stdout] 
[INFO] [stdout] For more information about an error, try `rustc --explain E0061`.
[INFO] [stdout] 
[INFO] [stderr] error: could not compile `syzlang-parser` (lib) due to 14 previous errors
[INFO] running `Command { std: "docker" "inspect" "20a92797c7202faf1fa4ce1e74a2701bd5ec4bf537d0e868ab1ec5dc76b997e2", kill_on_drop: false }`
[INFO] running `Command { std: "docker" "rm" "-f" "20a92797c7202faf1fa4ce1e74a2701bd5ec4bf537d0e868ab1ec5dc76b997e2", kill_on_drop: false }`
[INFO] [stdout] 20a92797c7202faf1fa4ce1e74a2701bd5ec4bf537d0e868ab1ec5dc76b997e2
