[INFO] fetching crate pagerunner 0.8.0...
[INFO] testing pagerunner-0.8.0 against 1.99.0-beta.8+cargoflags=--release for beta-release-1.100-2
[INFO] extracting crate pagerunner 0.8.0 into /workspace/builds/worker-3-tc1/source
[INFO] started tweaking crates.io crate pagerunner 0.8.0
[INFO] removed 0 missing tests
[INFO] finished tweaking crates.io crate pagerunner 0.8.0
[INFO] tweaked toml for crates.io crate pagerunner 0.8.0 written to /workspace/builds/worker-3-tc1/source/Cargo.toml
[INFO] validating manifest of crates.io crate pagerunner 0.8.0 on toolchain 1.99.0-beta.8
[INFO] running `Command { std: CARGO_HOME="/workspace/cargo-home" RUSTUP_HOME="/workspace/rustup-home" "/workspace/cargo-home/bin/cargo" "+1.99.0-beta.8" "metadata" "--manifest-path" "Cargo.toml" "--no-deps", kill_on_drop: false }`
[INFO] crate crates.io crate pagerunner 0.8.0 already has a lockfile, it will not be regenerated
[INFO] running `Command { std: CARGO_HOME="/workspace/cargo-home" RUSTUP_HOME="/workspace/rustup-home" "/workspace/cargo-home/bin/cargo" "+1.99.0-beta.8" "fetch" "--manifest-path" "Cargo.toml", kill_on_drop: false }`
[INFO] [stderr]     Updating crates.io index
[INFO] [stderr]  Downloading crates ...
[INFO] [stderr]   Downloaded tokio-tungstenite v0.24.0
[INFO] [stderr]   Downloaded monostate-impl v0.1.18
[INFO] [stderr]   Downloaded macro_rules_attribute v0.2.2
[INFO] [stderr]   Downloaded macro_rules_attribute-proc_macro v0.2.2
[INFO] [stderr]   Downloaded serial_test_derive v3.4.0
[INFO] [stderr]   Downloaded socks v0.3.4
[INFO] [stderr]   Downloaded unicode-normalization-alignments v0.1.12
[INFO] [stderr]   Downloaded serial_test v3.4.0
[INFO] [stderr]   Downloaded rayon-cond v0.4.0
[INFO] [stderr]   Downloaded monostate v0.1.18
[INFO] [stderr]   Downloaded sdd v3.0.10
[INFO] [stderr]   Downloaded onig v6.5.1
[INFO] [stderr]   Downloaded dary_heap v0.3.8
[INFO] [stderr]   Downloaded tungstenite v0.24.0
[INFO] [stderr]   Downloaded ort-sys v2.0.0-rc.12
[INFO] [stderr]   Downloaded compact_str v0.9.0
[INFO] [stderr]   Downloaded tokenizers v0.22.2
[INFO] [stderr]   Downloaded scc v2.4.0
[INFO] [stderr]   Downloaded ort v2.0.0-rc.12
[INFO] [stderr]   Downloaded esaxx-rs v0.1.10
[INFO] [stderr]   Downloaded redb v2.6.3
[INFO] [stderr]   Downloaded lzma-rust2 v0.15.7
[INFO] [stderr]   Downloaded spm_precompiled v0.1.4
[INFO] [stderr]   Downloaded onig_sys v69.9.1
[INFO] [stderr]   Downloaded tokio v1.51.0
[INFO] running `Command { std: "docker" "create" "-v" "/var/lib/crater-agent-workspace/builds/worker-3-tc1/source:/opt/rustwide/workdir:ro,Z" "-v" "/var/lib/crater-agent-workspace/builds/worker-3-tc1/target:/opt/rustwide/target:rw,Z" "-v" "/var/lib/crater-agent-workspace/cargo-home:/opt/rustwide/cargo-home:ro,Z" "-v" "/var/lib/crater-agent-workspace/rustup-home:/opt/rustwide/rustup-home:ro,Z" "-m" "1610612736" "--network" "none" "ghcr.io/rust-lang/crates-build-env/linux@sha256:77db811e55d90add9212f6832c23229e3de5f1c1f9905e8cb07319ea15df73ac" "sleep" "infinity", kill_on_drop: false }`
[INFO] [stdout] 97e1b3587b4c3b63ae15fc3c5f2a1e117a272e704b5e48a4dcab2223de0a0deb
[INFO] running `Command { std: "docker" "start" "97e1b3587b4c3b63ae15fc3c5f2a1e117a272e704b5e48a4dcab2223de0a0deb", kill_on_drop: false }`
[INFO] running `Command { std: "docker" "inspect" "97e1b3587b4c3b63ae15fc3c5f2a1e117a272e704b5e48a4dcab2223de0a0deb", kill_on_drop: false }`
[INFO] running `Command { std: "docker" "exec" "-e" "SOURCE_DIR=/opt/rustwide/workdir" "-e" "CARGO_HOME=/opt/rustwide/cargo-home" "-e" "RUSTUP_HOME=/opt/rustwide/rustup-home" "-e" "CARGO_TARGET_DIR=/opt/rustwide/target" "-w" "/opt/rustwide/workdir" "--user" "0:0" "97e1b3587b4c3b63ae15fc3c5f2a1e117a272e704b5e48a4dcab2223de0a0deb" "/opt/rustwide/cargo-home/bin/cargo" "+1.99.0-beta.8" "metadata" "--no-deps" "--format-version=1", kill_on_drop: false }`
[INFO] running `Command { std: "docker" "inspect" "97e1b3587b4c3b63ae15fc3c5f2a1e117a272e704b5e48a4dcab2223de0a0deb", kill_on_drop: false }`
[INFO] running `Command { std: "docker" "exec" "-e" "SOURCE_DIR=/opt/rustwide/workdir" "-e" "CARGO_HOME=/opt/rustwide/cargo-home" "-e" "RUSTUP_HOME=/opt/rustwide/rustup-home" "-e" "CARGO_TARGET_DIR=/opt/rustwide/target" "-e" "CARGO_INCREMENTAL=0" "-e" "RUST_BACKTRACE=full" "-e" "RUSTFLAGS=--cap-lints=warn" "-e" "RUSTDOCFLAGS=--cap-lints=warn" "-w" "/opt/rustwide/workdir" "--user" "0:0" "97e1b3587b4c3b63ae15fc3c5f2a1e117a272e704b5e48a4dcab2223de0a0deb" "/opt/rustwide/cargo-home/bin/cargo" "+1.99.0-beta.8" "build" "--frozen" "--message-format=json" "--release", kill_on_drop: false }`
[INFO] [stderr]    Compiling libc v0.2.184
[INFO] [stderr]    Compiling typenum v1.19.0
[INFO] [stderr]    Compiling smallvec v1.15.1
[INFO] [stderr]    Compiling shlex v1.3.0
[INFO] [stderr]    Compiling pkg-config v0.3.32
[INFO] [stderr]    Compiling http v1.4.0
[INFO] [stderr]    Compiling bitflags v2.11.0
[INFO] [stderr]    Compiling syn v2.0.117
[INFO] [stderr]    Compiling hashbrown v0.16.1
[INFO] [stderr]    Compiling openssl v0.10.76
[INFO] [stderr]    Compiling zerocopy v0.8.48
[INFO] [stderr]    Compiling aho-corasick v1.1.4
[INFO] [stderr]    Compiling regex-syntax v0.8.10
[INFO] [stderr]    Compiling autocfg v1.5.0
[INFO] [stderr]    Compiling cfg_aliases v0.2.1
[INFO] [stderr]    Compiling getrandom v0.4.2
[INFO] [stderr]    Compiling cc v1.2.59
[INFO] [stderr]    Compiling nix v0.29.0
[INFO] [stderr]    Compiling zeroize v1.8.2
[INFO] [stderr]    Compiling winnow v0.7.15
[INFO] [stderr]    Compiling toml_write v0.1.2
[INFO] [stderr]    Compiling data-encoding v2.10.0
[INFO] [stderr]    Compiling redb v2.6.3
[INFO] [stderr]    Compiling utf-8 v0.7.6
[INFO] [stderr]    Compiling num-traits v0.2.19
[INFO] [stderr]    Compiling iri-string v0.7.12
[INFO] [stderr]    Compiling rustls-pki-types v1.14.0
[INFO] [stderr]    Compiling serde_json v1.0.149
[INFO] [stderr]    Compiling bstr v1.12.1
[INFO] [stderr]    Compiling indexmap v2.13.1
[INFO] [stderr]    Compiling generic-array v0.14.7
[INFO] [stderr]    Compiling http-body v1.0.1
[INFO] [stderr]    Compiling block-buffer v0.10.4
[INFO] [stderr]    Compiling inout v0.1.4
[INFO] [stderr]    Compiling http-body-util v0.1.3
[INFO] [stderr]    Compiling hex v0.4.3
[INFO] [stderr]    Compiling openssl-sys v0.9.112
[INFO] [stderr]    Compiling regex-automata v0.4.14
[INFO] [stderr]    Compiling getrandom v0.2.17
[INFO] [stderr]    Compiling errno v0.3.14
[INFO] [stderr]    Compiling rand_core v0.6.4
[INFO] [stderr]    Compiling parking_lot_core v0.9.12
[INFO] [stderr]    Compiling signal-hook-registry v1.4.8
[INFO] [stderr]    Compiling mio v1.2.0
[INFO] [stderr]    Compiling crypto-common v0.1.7
[INFO] [stderr]    Compiling socket2 v0.6.3
[INFO] [stderr]    Compiling parking_lot v0.12.5
[INFO] [stderr]    Compiling digest v0.10.7
[INFO] [stderr]    Compiling native-tls v0.2.18
[INFO] [stderr]    Compiling cipher v0.4.4
[INFO] [stderr]    Compiling universal-hash v0.5.1
[INFO] [stderr]    Compiling sha1 v0.10.6
[INFO] [stderr]    Compiling aead v0.5.2
[INFO] [stderr]    Compiling polyval v0.6.2
[INFO] [stderr]    Compiling aes v0.8.4
[INFO] [stderr]    Compiling ghash v0.5.1
[INFO] [stderr]    Compiling ctr v0.9.2
[INFO] [stderr]    Compiling dirs-sys v0.5.0
[INFO] [stderr]    Compiling dirs v6.0.0
[INFO] [stderr]    Compiling sha2 v0.10.9
[INFO] [stderr]    Compiling uuid v1.23.0
[INFO] [stderr]    Compiling aes-gcm v0.10.3
[INFO] [stderr]    Compiling synstructure v0.13.2
[INFO] [stderr]    Compiling zerofrom-derive v0.1.7
[INFO] [stderr]    Compiling yoke-derive v0.8.2
[INFO] [stderr]    Compiling zerovec-derive v0.11.3
[INFO] [stderr]    Compiling displaydoc v0.2.5
[INFO] [stderr]    Compiling tokio-macros v2.7.0
[INFO] [stderr]    Compiling serde_derive v1.0.228
[INFO] [stderr]    Compiling futures-macro v0.3.32
[INFO] [stderr]    Compiling openssl-macros v0.1.1
[INFO] [stderr]    Compiling tracing-attributes v0.1.31
[INFO] [stderr]    Compiling thiserror-impl v1.0.69
[INFO] [stderr]    Compiling thiserror-impl v2.0.18
[INFO] [stderr]    Compiling clap_derive v4.6.0
[INFO] [stderr]    Compiling ppv-lite86 v0.2.21
[INFO] [stderr]    Compiling tokio v1.51.0
[INFO] [stderr]    Compiling rand_chacha v0.3.1
[INFO] [stderr]    Compiling futures-util v0.3.32
[INFO] [stderr]    Compiling zerofrom v0.1.7
[INFO] [stderr]    Compiling rand v0.8.5
[INFO] [stderr]    Compiling thiserror v1.0.69
[INFO] [stderr]    Compiling thiserror v2.0.18
[INFO] [stderr]    Compiling yoke v0.8.2
[INFO] [stderr]    Compiling tracing v0.1.44
[INFO] [stderr]    Compiling zerovec v0.11.6
[INFO] [stderr]    Compiling zerotrie v0.2.4
[INFO] [stderr]    Compiling matchers v0.2.0
[INFO] [stderr]    Compiling regex v1.12.3
[INFO] [stderr]    Compiling globset v0.4.18
[INFO] [stderr]    Compiling tracing-subscriber v0.3.23
[INFO] [stderr]    Compiling clap v4.6.0
[INFO] [stderr]    Compiling tinystr v0.8.3
[INFO] [stderr]    Compiling icu_locale_core v2.2.0
[INFO] [stderr]    Compiling potential_utf v0.1.5
[INFO] [stderr]    Compiling icu_collections v2.2.0
[INFO] [stderr]    Compiling serde v1.0.228
[INFO] [stderr]    Compiling serde_spanned v0.6.9
[INFO] [stderr]    Compiling icu_provider v2.2.0
[INFO] [stderr]    Compiling icu_normalizer v2.2.0
[INFO] [stderr]    Compiling icu_properties v2.2.0
[INFO] [stderr]    Compiling toml_datetime v0.6.11
[INFO] [stderr]    Compiling tungstenite v0.24.0
[INFO] [stderr]    Compiling toml_edit v0.22.27
[INFO] [stderr]    Compiling serde_urlencoded v0.7.1
[INFO] [stderr]    Compiling chrono v0.4.44
[INFO] [stderr]    Compiling idna_adapter v1.2.1
[INFO] [stderr]    Compiling idna v1.1.0
[INFO] [stderr]    Compiling url v2.5.8
[INFO] [stderr]    Compiling tokio-util v0.7.18
[INFO] [stderr]    Compiling tokio-native-tls v0.3.1
[INFO] [stderr]    Compiling tower v0.5.3
[INFO] [stderr]    Compiling tokio-tungstenite v0.24.0
[INFO] [stderr]    Compiling toml v0.8.23
[INFO] [stderr]    Compiling tower-http v0.6.8
[INFO] [stderr]    Compiling h2 v0.4.13
[INFO] [stderr]    Compiling hyper v1.9.0
[INFO] [stderr]    Compiling hyper-util v0.1.20
[INFO] [stderr]    Compiling hyper-tls v0.6.0
[INFO] [stderr]    Compiling reqwest v0.12.28
[INFO] [stderr]    Compiling pagerunner v0.8.0 (/opt/rustwide/workdir)
[INFO] [stdout] warning: variable does not need to be mutable
[INFO] [stdout]    --> src/recording_render.rs:124:9
[INFO] [stdout]     |
[INFO] [stdout] 124 |     let mut inputs_count = n + 1; // base + one crop per segment
[INFO] [stdout]     |         ----^^^^^^^^^^^^
[INFO] [stdout]     |         |
[INFO] [stdout]     |         help: remove this `mut`
[INFO] [stdout]     |
[INFO] [stdout]     = note: `#[warn(unused_mut)]` (part of `#[warn(unused)]`) on by default
[INFO] [stdout] 
[INFO] [stdout] 
[INFO] [stdout] warning: unused variable: `out_fps_str`
[INFO] [stdout]    --> src/recording.rs:308:13
[INFO] [stdout]     |
[INFO] [stdout] 308 |         let out_fps_str = output_fps.to_string();
[INFO] [stdout]     |             ^^^^^^^^^^^ help: if this is intentional, prefix it with an underscore: `_out_fps_str`
[INFO] [stdout]     |
[INFO] [stdout]     = note: `#[warn(unused_variables)]` (part of `#[warn(unused)]`) on by default
[INFO] [stdout] 
[INFO] [stdout] 
[INFO] [stdout] warning: unused variable: `start`
[INFO] [stdout]    --> src/recording_render.rs:134:14
[INFO] [stdout]     |
[INFO] [stdout] 134 |     for (j, (start, end, x, y, scale)) in zoom_segments.iter().enumerate() {
[INFO] [stdout]     |              ^^^^^ help: if this is intentional, prefix it with an underscore: `_start`
[INFO] [stdout] 
[INFO] [stdout] 
[INFO] [stdout] warning: unused variable: `end`
[INFO] [stdout]    --> src/recording_render.rs:134:21
[INFO] [stdout]     |
[INFO] [stdout] 134 |     for (j, (start, end, x, y, scale)) in zoom_segments.iter().enumerate() {
[INFO] [stdout]     |                     ^^^ help: if this is intentional, prefix it with an underscore: `_end`
[INFO] [stdout] 
[INFO] [stdout] 
[INFO] [stdout] warning: unused variable: `enable_start`
[INFO] [stdout]    --> src/recording_render.rs:189:13
[INFO] [stdout]     |
[INFO] [stdout] 189 |         let enable_start = start + transition; // fade in complete
[INFO] [stdout]     |             ^^^^^^^^^^^^ help: if this is intentional, prefix it with an underscore: `_enable_start`
[INFO] [stdout] 
[INFO] [stdout] 
[INFO] [stdout] warning: unused variable: `enable_end`
[INFO] [stdout]    --> src/recording_render.rs:190:13
[INFO] [stdout]     |
[INFO] [stdout] 190 |         let enable_end = end; // fade out starts at zoom-out keyframe
[INFO] [stdout]     |             ^^^^^^^^^^ help: if this is intentional, prefix it with an underscore: `_enable_end`
[INFO] [stdout] 
[INFO] [stdout] 
[INFO] [stdout] warning: function `remove_recording_cursor` is never used
[INFO] [stdout]    --> src/browser.rs:878:14
[INFO] [stdout]     |
[INFO] [stdout] 878 | pub async fn remove_recording_cursor(session: &mut Session, target_id: &str) -> Result<()> {
[INFO] [stdout]     |              ^^^^^^^^^^^^^^^^^^^^^^^
[INFO] [stdout]     |
[INFO] [stdout]     = note: `#[warn(dead_code)]` (part of `#[warn(unused)]`) on by default
[INFO] [stdout] 
[INFO] [stdout] 
[INFO] [stdout] warning: function `apply_css_zoom` is never used
[INFO] [stdout]    --> src/browser.rs:987:14
[INFO] [stdout]     |
[INFO] [stdout] 987 | pub async fn apply_css_zoom(session: &mut Session, target_id: &str, x: f64, y: f64, scale: f64) {
[INFO] [stdout]     |              ^^^^^^^^^^^^^^
[INFO] [stdout] 
[INFO] [stdout] 
[INFO] [stdout] warning: function `reset_css_zoom` is never used
[INFO] [stdout]     --> src/browser.rs:1023:14
[INFO] [stdout]      |
[INFO] [stdout] 1023 | pub async fn reset_css_zoom(session: &mut Session, target_id: &str) {
[INFO] [stdout]      |              ^^^^^^^^^^^^^^
[INFO] [stdout] 
[INFO] [stdout] 
[INFO] [stdout] warning: function `start_screencast` is never used
[INFO] [stdout]     --> src/browser.rs:1035:14
[INFO] [stdout]      |
[INFO] [stdout] 1035 | pub async fn start_screencast(
[INFO] [stdout]      |              ^^^^^^^^^^^^^^^^
[INFO] [stdout] 
[INFO] [stdout] 
[INFO] [stdout] warning: function `stop_screencast` is never used
[INFO] [stdout]     --> src/browser.rs:1070:14
[INFO] [stdout]      |
[INFO] [stdout] 1070 | pub async fn stop_screencast(session: &mut Session, target_id: &str) -> Result<()> {
[INFO] [stdout]      |              ^^^^^^^^^^^^^^^
[INFO] [stdout] 
[INFO] [stdout] 
[INFO] [stdout] warning: constant `REMOVE_CURSOR_JS` is never used
[INFO] [stdout]   --> src/recording_cursor.rs:79:11
[INFO] [stdout]    |
[INFO] [stdout] 79 | pub const REMOVE_CURSOR_JS: &str = r#"
[INFO] [stdout]    |           ^^^^^^^^^^^^^^^^
[INFO] [stdout] 
[INFO] [stdout] 
[INFO] [stdout] warning: function `build_zoom_filter` is never used
[INFO] [stdout]  --> src/recording_render.rs:8:8
[INFO] [stdout]   |
[INFO] [stdout] 8 | pub fn build_zoom_filter(
[INFO] [stdout]   |        ^^^^^^^^^^^^^^^^^
[INFO] [stdout] 
[INFO] [stdout] 
[INFO] [stdout] warning: function `escape_ffmpeg_text` is never used
[INFO] [stdout]    --> src/recording_render.rs:421:8
[INFO] [stdout]     |
[INFO] [stdout] 421 | pub fn escape_ffmpeg_text(s: &str) -> String {
[INFO] [stdout]     |        ^^^^^^^^^^^^^^^^^^
[INFO] [stdout] 
[INFO] [stdout] 
[INFO] [stdout] warning: function `build_subtitle_filter` is never used
[INFO] [stdout]    --> src/recording_render.rs:433:8
[INFO] [stdout]     |
[INFO] [stdout] 433 | pub fn build_subtitle_filter(markers: &[Marker], total_duration_ms: u64) -> Option<String> {
[INFO] [stdout]     |        ^^^^^^^^^^^^^^^^^^^^^
[INFO] [stdout] 
[INFO] [stdout] 
[INFO] [stderr]     Finished `release` profile [optimized] target(s) in 1m 34s
[INFO] running `Command { std: "docker" "inspect" "97e1b3587b4c3b63ae15fc3c5f2a1e117a272e704b5e48a4dcab2223de0a0deb", kill_on_drop: false }`
[INFO] running `Command { std: "docker" "exec" "-e" "SOURCE_DIR=/opt/rustwide/workdir" "-e" "CARGO_HOME=/opt/rustwide/cargo-home" "-e" "RUSTUP_HOME=/opt/rustwide/rustup-home" "-e" "CARGO_TARGET_DIR=/opt/rustwide/target" "-e" "CARGO_INCREMENTAL=0" "-e" "RUST_BACKTRACE=full" "-e" "RUSTFLAGS=--cap-lints=warn" "-e" "RUSTDOCFLAGS=--cap-lints=warn" "-w" "/opt/rustwide/workdir" "--user" "0:0" "97e1b3587b4c3b63ae15fc3c5f2a1e117a272e704b5e48a4dcab2223de0a0deb" "/opt/rustwide/cargo-home/bin/cargo" "+1.99.0-beta.8" "test" "--frozen" "--no-run" "--message-format=json" "--release", kill_on_drop: false }`
[INFO] [stderr]    Compiling bitflags v2.11.0
[INFO] [stderr]    Compiling sdd v3.0.10
[INFO] [stderr]    Compiling futures-executor v0.3.32
[INFO] [stderr]    Compiling serial_test_derive v3.4.0
[INFO] [stderr]    Compiling openssl v0.10.76
[INFO] [stderr]    Compiling tower-http v0.6.8
[INFO] [stderr]    Compiling rustix v1.1.4
[INFO] [stderr]    Compiling nix v0.29.0
[INFO] [stderr]    Compiling scc v2.4.0
[INFO] [stderr]    Compiling tempfile v3.27.0
[INFO] [stderr]    Compiling serial_test v3.4.0
[INFO] [stderr]    Compiling native-tls v0.2.18
[INFO] [stderr]    Compiling tokio-native-tls v0.3.1
[INFO] [stderr]    Compiling tungstenite v0.24.0
[INFO] [stderr]    Compiling hyper-tls v0.6.0
[INFO] [stderr]    Compiling reqwest v0.12.28
[INFO] [stderr]    Compiling tokio-tungstenite v0.24.0
[INFO] [stderr]    Compiling pagerunner v0.8.0 (/opt/rustwide/workdir)
[INFO] [stdout] warning: unused attribute
[INFO] [stdout]     --> tests/cli_tools_integration.rs:2782:1
[INFO] [stdout]      |
[INFO] [stdout] 2782 | #[cfg_attr(not(target_os = "macos"), ignore)]
[INFO] [stdout]      | ^^^^^^^^^^^^^^^^^^^^^^^^^^^^^^^^^^^^^^^^^^^^^ help: remove this attribute
[INFO] [stdout]      |
[INFO] [stdout] note: attribute also specified here
[INFO] [stdout]     --> tests/cli_tools_integration.rs:2781:1
[INFO] [stdout]      |
[INFO] [stdout] 2781 | #[ignore] // requires Chrome running with --remote-debugging-port=19222
[INFO] [stdout]      | ^^^^^^^^^
[INFO] [stdout]      = note: `#[warn(unused_attributes)]` (part of `#[warn(unused)]`) on by default
[INFO] [stdout] 
[INFO] [stdout] 
[INFO] [stdout] warning: unused attribute
[INFO] [stdout]     --> tests/cli_tools_integration.rs:2880:1
[INFO] [stdout]      |
[INFO] [stdout] 2880 | #[cfg_attr(not(target_os = "macos"), ignore)]
[INFO] [stdout]      | ^^^^^^^^^^^^^^^^^^^^^^^^^^^^^^^^^^^^^^^^^^^^^ help: remove this attribute
[INFO] [stdout]      |
[INFO] [stdout] note: attribute also specified here
[INFO] [stdout]     --> tests/cli_tools_integration.rs:2879:1
[INFO] [stdout]      |
[INFO] [stdout] 2879 | #[ignore] // requires Chrome running with --remote-debugging-port=19222
[INFO] [stdout]      | ^^^^^^^^^
[INFO] [stdout] 
[INFO] [stdout] 
[INFO] [stdout] warning: unused attribute
[INFO] [stdout]     --> tests/cli_tools_integration.rs:2928:1
[INFO] [stdout]      |
[INFO] [stdout] 2928 | #[cfg_attr(not(target_os = "macos"), ignore)]
[INFO] [stdout]      | ^^^^^^^^^^^^^^^^^^^^^^^^^^^^^^^^^^^^^^^^^^^^^ help: remove this attribute
[INFO] [stdout]      |
[INFO] [stdout] note: attribute also specified here
[INFO] [stdout]     --> tests/cli_tools_integration.rs:2927:1
[INFO] [stdout]      |
[INFO] [stdout] 2927 | #[ignore] // requires a configured profile; run manually after open-session is verified working
[INFO] [stdout]      | ^^^^^^^^^
[INFO] [stdout] 
[INFO] [stdout] 
[INFO] [stdout] warning: unused import: `super::*`
[INFO] [stdout]    --> src/daemon.rs:397:9
[INFO] [stdout]     |
[INFO] [stdout] 397 |     use super::*;
[INFO] [stdout]     |         ^^^^^^^^
[INFO] [stdout]     |
[INFO] [stdout]     = note: `#[warn(unused_imports)]` (part of `#[warn(unused)]`) on by default
[INFO] [stdout] 
[INFO] [stdout] 
[INFO] [stdout] warning: unused import: `crate::anonymizer::AnonConfig`
[INFO] [stdout]     --> src/mcp_server.rs:5653:9
[INFO] [stdout]      |
[INFO] [stdout] 5653 |     use crate::anonymizer::AnonConfig;
[INFO] [stdout]      |         ^^^^^^^^^^^^^^^^^^^^^^^^^^^^^
[INFO] [stdout] 
[INFO] [stdout] 
[INFO] [stdout] warning: unused import: `DomainAnonProfile`
[INFO] [stdout]     --> src/mcp_server.rs:5654:56
[INFO] [stdout]      |
[INFO] [stdout] 5654 |     use crate::config::{AnonMode, AnonymizationConfig, DomainAnonProfile, EntityTypeConfig};
[INFO] [stdout]      |                                                        ^^^^^^^^^^^^^^^^^
[INFO] [stdout] 
[INFO] [stdout] 
[INFO] [stdout] warning: unused import: `super::*`
[INFO] [stdout]     --> src/mcp_server.rs:5783:9
[INFO] [stdout]      |
[INFO] [stdout] 5783 |     use super::*;
[INFO] [stdout]      |         ^^^^^^^^
[INFO] [stdout] 
[INFO] [stdout] 
[INFO] [stdout] warning: unused import: `super::*`
[INFO] [stdout]     --> src/mcp_server.rs:5972:9
[INFO] [stdout]      |
[INFO] [stdout] 5972 |     use super::*;
[INFO] [stdout]      |         ^^^^^^^^
[INFO] [stdout] 
[INFO] [stdout] 
[INFO] [stdout] warning: variable does not need to be mutable
[INFO] [stdout]    --> src/recording_render.rs:124:9
[INFO] [stdout]     |
[INFO] [stdout] 124 |     let mut inputs_count = n + 1; // base + one crop per segment
[INFO] [stdout]     |         ----^^^^^^^^^^^^
[INFO] [stdout]     |         |
[INFO] [stdout]     |         help: remove this `mut`
[INFO] [stdout]     |
[INFO] [stdout]     = note: `#[warn(unused_mut)]` (part of `#[warn(unused)]`) on by default
[INFO] [stdout] 
[INFO] [stdout] 
[INFO] [stdout] warning: variable does not need to be mutable
[INFO] [stdout]    --> src/recording_render.rs:124:9
[INFO] [stdout]     |
[INFO] [stdout] 124 |     let mut inputs_count = n + 1; // base + one crop per segment
[INFO] [stdout]     |         ----^^^^^^^^^^^^
[INFO] [stdout]     |         |
[INFO] [stdout]     |         help: remove this `mut`
[INFO] [stdout]     |
[INFO] [stdout]     = note: `#[warn(unused_mut)]` (part of `#[warn(unused)]`) on by default
[INFO] [stdout] 
[INFO] [stdout] 
[INFO] [stdout] error[E0063]: missing field `zoom_keyframes` in initializer of `recording::RecordingMetadata`
[INFO] [stdout]    --> src/recording.rs:700:20
[INFO] [stdout]     |
[INFO] [stdout] 700 |         let meta = RecordingMetadata {
[INFO] [stdout]     |                    ^^^^^^^^^^^^^^^^^ missing `zoom_keyframes`
[INFO] [stdout] 
[INFO] [stdout] 
[INFO] [stdout] error[E0063]: missing field `zoom_keyframes` in initializer of `recording::RecordingMetadata`
[INFO] [stdout]    --> src/recording.rs:876:20
[INFO] [stdout]     |
[INFO] [stdout] 876 |         let meta = RecordingMetadata {
[INFO] [stdout]     |                    ^^^^^^^^^^^^^^^^^ missing `zoom_keyframes`
[INFO] [stdout] 
[INFO] [stdout] 
[INFO] [stdout] error[E0063]: missing field `zoom_keyframes` in initializer of `recording::RecordingMetadata`
[INFO] [stdout]    --> src/recording.rs:898:20
[INFO] [stdout]     |
[INFO] [stdout] 898 |         let meta = RecordingMetadata {
[INFO] [stdout]     |                    ^^^^^^^^^^^^^^^^^ missing `zoom_keyframes`
[INFO] [stdout] 
[INFO] [stdout] 
[INFO] [stdout] warning: unused variable: `out_fps_str`
[INFO] [stdout]    --> src/recording.rs:308:13
[INFO] [stdout]     |
[INFO] [stdout] 308 |         let out_fps_str = output_fps.to_string();
[INFO] [stdout]     |             ^^^^^^^^^^^ help: if this is intentional, prefix it with an underscore: `_out_fps_str`
[INFO] [stdout]     |
[INFO] [stdout]     = note: `#[warn(unused_variables)]` (part of `#[warn(unused)]`) on by default
[INFO] [stdout] 
[INFO] [stdout] 
[INFO] [stdout] warning: unused variable: `start`
[INFO] [stdout]    --> src/recording_render.rs:134:14
[INFO] [stdout]     |
[INFO] [stdout] 134 |     for (j, (start, end, x, y, scale)) in zoom_segments.iter().enumerate() {
[INFO] [stdout]     |              ^^^^^ help: if this is intentional, prefix it with an underscore: `_start`
[INFO] [stdout] 
[INFO] [stdout] 
[INFO] [stdout] warning: unused variable: `end`
[INFO] [stdout]    --> src/recording_render.rs:134:21
[INFO] [stdout]     |
[INFO] [stdout] 134 |     for (j, (start, end, x, y, scale)) in zoom_segments.iter().enumerate() {
[INFO] [stdout]     |                     ^^^ help: if this is intentional, prefix it with an underscore: `_end`
[INFO] [stdout] 
[INFO] [stdout] 
[INFO] [stdout] warning: unused variable: `enable_start`
[INFO] [stdout]    --> src/recording_render.rs:189:13
[INFO] [stdout]     |
[INFO] [stdout] 189 |         let enable_start = start + transition; // fade in complete
[INFO] [stdout]     |             ^^^^^^^^^^^^ help: if this is intentional, prefix it with an underscore: `_enable_start`
[INFO] [stdout] 
[INFO] [stdout] 
[INFO] [stdout] warning: unused variable: `enable_end`
[INFO] [stdout]    --> src/recording_render.rs:190:13
[INFO] [stdout]     |
[INFO] [stdout] 190 |         let enable_end = end; // fade out starts at zoom-out keyframe
[INFO] [stdout]     |             ^^^^^^^^^^ help: if this is intentional, prefix it with an underscore: `_enable_end`
[INFO] [stdout] 
[INFO] [stdout] 
[INFO] [stdout] warning: unused variable: `out_fps_str`
[INFO] [stdout]    --> src/recording.rs:308:13
[INFO] [stdout]     |
[INFO] [stdout] 308 |         let out_fps_str = output_fps.to_string();
[INFO] [stdout]     |             ^^^^^^^^^^^ help: if this is intentional, prefix it with an underscore: `_out_fps_str`
[INFO] [stdout]     |
[INFO] [stdout]     = note: `#[warn(unused_variables)]` (part of `#[warn(unused)]`) on by default
[INFO] [stdout] 
[INFO] [stdout] 
[INFO] [stdout] warning: unused variable: `start`
[INFO] [stdout]    --> src/recording_render.rs:134:14
[INFO] [stdout]     |
[INFO] [stdout] 134 |     for (j, (start, end, x, y, scale)) in zoom_segments.iter().enumerate() {
[INFO] [stdout]     |              ^^^^^ help: if this is intentional, prefix it with an underscore: `_start`
[INFO] [stdout] 
[INFO] [stdout] 
[INFO] [stdout] warning: unused variable: `end`
[INFO] [stdout]    --> src/recording_render.rs:134:21
[INFO] [stdout]     |
[INFO] [stdout] 134 |     for (j, (start, end, x, y, scale)) in zoom_segments.iter().enumerate() {
[INFO] [stdout]     |                     ^^^ help: if this is intentional, prefix it with an underscore: `_end`
[INFO] [stdout] 
[INFO] [stdout] 
[INFO] [stdout] warning: unused variable: `enable_start`
[INFO] [stdout]    --> src/recording_render.rs:189:13
[INFO] [stdout]     |
[INFO] [stdout] 189 |         let enable_start = start + transition; // fade in complete
[INFO] [stdout]     |             ^^^^^^^^^^^^ help: if this is intentional, prefix it with an underscore: `_enable_start`
[INFO] [stdout] 
[INFO] [stdout] 
[INFO] [stdout] warning: unused variable: `enable_end`
[INFO] [stdout]    --> src/recording_render.rs:190:13
[INFO] [stdout]     |
[INFO] [stdout] 190 |         let enable_end = end; // fade out starts at zoom-out keyframe
[INFO] [stdout]     |             ^^^^^^^^^^ help: if this is intentional, prefix it with an underscore: `_enable_end`
[INFO] [stdout] 
[INFO] [stdout] 
[INFO] [stdout] warning: function `remove_recording_cursor` is never used
[INFO] [stdout]    --> src/browser.rs:878:14
[INFO] [stdout]     |
[INFO] [stdout] 878 | pub async fn remove_recording_cursor(session: &mut Session, target_id: &str) -> Result<()> {
[INFO] [stdout]     |              ^^^^^^^^^^^^^^^^^^^^^^^
[INFO] [stdout]     |
[INFO] [stdout]     = note: `#[warn(dead_code)]` (part of `#[warn(unused)]`) on by default
[INFO] [stdout] 
[INFO] [stdout] 
[INFO] [stdout] warning: function `apply_css_zoom` is never used
[INFO] [stdout]    --> src/browser.rs:987:14
[INFO] [stdout]     |
[INFO] [stdout] 987 | pub async fn apply_css_zoom(session: &mut Session, target_id: &str, x: f64, y: f64, scale: f64) {
[INFO] [stdout]     |              ^^^^^^^^^^^^^^
[INFO] [stdout] 
[INFO] [stdout] 
[INFO] [stdout] warning: function `reset_css_zoom` is never used
[INFO] [stdout]     --> src/browser.rs:1023:14
[INFO] [stdout]      |
[INFO] [stdout] 1023 | pub async fn reset_css_zoom(session: &mut Session, target_id: &str) {
[INFO] [stdout]      |              ^^^^^^^^^^^^^^
[INFO] [stdout] 
[INFO] [stdout] 
[INFO] [stdout] warning: function `start_screencast` is never used
[INFO] [stdout]     --> src/browser.rs:1035:14
[INFO] [stdout]      |
[INFO] [stdout] 1035 | pub async fn start_screencast(
[INFO] [stdout]      |              ^^^^^^^^^^^^^^^^
[INFO] [stdout] 
[INFO] [stdout] 
[INFO] [stdout] warning: function `stop_screencast` is never used
[INFO] [stdout]     --> src/browser.rs:1070:14
[INFO] [stdout]      |
[INFO] [stdout] 1070 | pub async fn stop_screencast(session: &mut Session, target_id: &str) -> Result<()> {
[INFO] [stdout]      |              ^^^^^^^^^^^^^^^
[INFO] [stdout] 
[INFO] [stdout] 
[INFO] [stdout] warning: constant `REMOVE_CURSOR_JS` is never used
[INFO] [stdout]   --> src/recording_cursor.rs:79:11
[INFO] [stdout]    |
[INFO] [stdout] 79 | pub const REMOVE_CURSOR_JS: &str = r#"
[INFO] [stdout]    |           ^^^^^^^^^^^^^^^^
[INFO] [stdout] 
[INFO] [stdout] 
[INFO] [stdout] warning: function `build_zoom_filter` is never used
[INFO] [stdout]  --> src/recording_render.rs:8:8
[INFO] [stdout]   |
[INFO] [stdout] 8 | pub fn build_zoom_filter(
[INFO] [stdout]   |        ^^^^^^^^^^^^^^^^^
[INFO] [stdout] 
[INFO] [stdout] 
[INFO] [stdout] warning: function `escape_ffmpeg_text` is never used
[INFO] [stdout]    --> src/recording_render.rs:421:8
[INFO] [stdout]     |
[INFO] [stdout] 421 | pub fn escape_ffmpeg_text(s: &str) -> String {
[INFO] [stdout]     |        ^^^^^^^^^^^^^^^^^^
[INFO] [stdout] 
[INFO] [stdout] 
[INFO] [stdout] warning: function `build_subtitle_filter` is never used
[INFO] [stdout]    --> src/recording_render.rs:433:8
[INFO] [stdout]     |
[INFO] [stdout] 433 | pub fn build_subtitle_filter(markers: &[Marker], total_duration_ms: u64) -> Option<String> {
[INFO] [stdout]     |        ^^^^^^^^^^^^^^^^^^^^^
[INFO] [stdout] 
[INFO] [stdout] 
[INFO] [stdout] warning: variable does not need to be mutable
[INFO] [stdout]     --> src/recording.rs:1092:13
[INFO] [stdout]      |
[INFO] [stdout] 1092 |         let mut handle = RecordingHandle::start(state, rec_dir.clone(), "mp4", 2, 2).await;
[INFO] [stdout]      |             ----^^^^^^
[INFO] [stdout]      |             |
[INFO] [stdout]      |             help: remove this `mut`
[INFO] [stdout] 
[INFO] [stdout] 
[INFO] [stdout] warning: value assigned to `health` is never read
[INFO] [stdout]    --> src/session_health.rs:98:26
[INFO] [stdout]     |
[INFO] [stdout]  98 |         let mut health = SessionHealth::Alive;
[INFO] [stdout]     |                          ^^^^^^^^^^^^^^^^^^^^ this value is reassigned later and never used
[INFO] [stdout]  99 |
[INFO] [stdout] 100 |         health = SessionHealth::Reconnecting;
[INFO] [stdout]     |         ------------------------------------ `health` is overwritten here before the previous value is read
[INFO] [stdout]     |
[INFO] [stdout]     = note: `#[warn(unused_assignments)]` (part of `#[warn(unused)]`) on by default
[INFO] [stdout] 
[INFO] [stdout] 
[INFO] [stdout] warning: value assigned to `health` is never read
[INFO] [stdout]    --> src/session_health.rs:112:26
[INFO] [stdout]     |
[INFO] [stdout] 112 |         let mut health = SessionHealth::Alive;
[INFO] [stdout]     |                          ^^^^^^^^^^^^^^^^^^^^ this value is reassigned later and never used
[INFO] [stdout] ...
[INFO] [stdout] 115 |         health = SessionHealth::Dead;
[INFO] [stdout]     |         ---------------------------- `health` is overwritten here before the previous value is read
[INFO] [stdout] 
[INFO] [stdout] 
[INFO] [stdout] warning: value assigned to `health` is never read
[INFO] [stdout]    --> src/session_health.rs:122:26
[INFO] [stdout]     |
[INFO] [stdout] 122 |         let mut health = SessionHealth::Alive;
[INFO] [stdout]     |                          ^^^^^^^^^^^^^^^^^^^^ this value is reassigned later and never used
[INFO] [stdout] ...
[INFO] [stdout] 125 |         health = SessionHealth::Recovering;
[INFO] [stdout]     |         ---------------------------------- `health` is overwritten here before the previous value is read
[INFO] [stdout] 
[INFO] [stdout] 
[INFO] [stdout] warning: value assigned to `health` is never read
[INFO] [stdout]    --> src/session_health.rs:138:26
[INFO] [stdout]     |
[INFO] [stdout] 138 |         let mut health = SessionHealth::Alive;
[INFO] [stdout]     |                          ^^^^^^^^^^^^^^^^^^^^ this value is reassigned later and never used
[INFO] [stdout] ...
[INFO] [stdout] 141 |         health = SessionHealth::Recovering;
[INFO] [stdout]     |         ---------------------------------- `health` is overwritten here before the previous value is read
[INFO] [stdout] 
[INFO] [stdout] 
[INFO] [stdout] For more information about this error, try `rustc --explain E0063`.
[INFO] [stdout] 
[INFO] [stderr] error: could not compile `pagerunner` (bin "pagerunner" test) due to 3 previous errors; 16 warnings emitted
[INFO] [stderr] warning: build failed, waiting for other jobs to finish...
[INFO] running `Command { std: "docker" "inspect" "97e1b3587b4c3b63ae15fc3c5f2a1e117a272e704b5e48a4dcab2223de0a0deb", kill_on_drop: false }`
[INFO] running `Command { std: "docker" "rm" "-f" "97e1b3587b4c3b63ae15fc3c5f2a1e117a272e704b5e48a4dcab2223de0a0deb", kill_on_drop: false }`
[INFO] [stdout] 97e1b3587b4c3b63ae15fc3c5f2a1e117a272e704b5e48a4dcab2223de0a0deb
