[INFO] fetching crate padme-core 0.0.1...
[INFO] testing padme-core-0.0.1 against 1.100.0-beta.1+cargoflags=--release for beta-release-1.100-2
[INFO] extracting crate padme-core 0.0.1 into /workspace/builds/worker-3-tc2/source
[INFO] started tweaking crates.io crate padme-core 0.0.1
[INFO] finished tweaking crates.io crate padme-core 0.0.1
[INFO] tweaked toml for crates.io crate padme-core 0.0.1 written to /workspace/builds/worker-3-tc2/source/Cargo.toml
[INFO] validating manifest of crates.io crate padme-core 0.0.1 on toolchain 1.100.0-beta.1
[INFO] running `Command { std: CARGO_HOME="/workspace/cargo-home" RUSTUP_HOME="/workspace/rustup-home" "/workspace/cargo-home/bin/cargo" "+1.100.0-beta.1" "metadata" "--manifest-path" "Cargo.toml" "--no-deps", kill_on_drop: false }`
[INFO] running `Command { std: CARGO_HOME="/workspace/cargo-home" RUSTUP_HOME="/workspace/rustup-home" "/workspace/cargo-home/bin/cargo" "+1.100.0-beta.1" "generate-lockfile" "--manifest-path" "Cargo.toml", kill_on_drop: false }`
[INFO] [stderr]     Updating crates.io index
[INFO] [stderr]      Locking 7 packages to highest compatible versions
[INFO] running `Command { std: CARGO_HOME="/workspace/cargo-home" RUSTUP_HOME="/workspace/rustup-home" "/workspace/cargo-home/bin/cargo" "+1.100.0-beta.1" "fetch" "--manifest-path" "Cargo.toml", kill_on_drop: false }`
[INFO] running `Command { std: "docker" "create" "-v" "/var/lib/crater-agent-workspace/builds/worker-3-tc2/source:/opt/rustwide/workdir:ro,Z" "-v" "/var/lib/crater-agent-workspace/builds/worker-3-tc2/target:/opt/rustwide/target:rw,Z" "-v" "/var/lib/crater-agent-workspace/cargo-home:/opt/rustwide/cargo-home:ro,Z" "-v" "/var/lib/crater-agent-workspace/rustup-home:/opt/rustwide/rustup-home:ro,Z" "-m" "1610612736" "--network" "none" "ghcr.io/rust-lang/crates-build-env/linux@sha256:77db811e55d90add9212f6832c23229e3de5f1c1f9905e8cb07319ea15df73ac" "sleep" "infinity", kill_on_drop: false }`
[INFO] [stdout] 93ed94fcfb93c2084768f149df39470ddf517ea5e0804a24982359731dac30c3
[INFO] running `Command { std: "docker" "start" "93ed94fcfb93c2084768f149df39470ddf517ea5e0804a24982359731dac30c3", kill_on_drop: false }`
[INFO] running `Command { std: "docker" "inspect" "93ed94fcfb93c2084768f149df39470ddf517ea5e0804a24982359731dac30c3", kill_on_drop: false }`
[INFO] running `Command { std: "docker" "exec" "-e" "SOURCE_DIR=/opt/rustwide/workdir" "-e" "CARGO_HOME=/opt/rustwide/cargo-home" "-e" "RUSTUP_HOME=/opt/rustwide/rustup-home" "-e" "CARGO_TARGET_DIR=/opt/rustwide/target" "-w" "/opt/rustwide/workdir" "--user" "0:0" "93ed94fcfb93c2084768f149df39470ddf517ea5e0804a24982359731dac30c3" "/opt/rustwide/cargo-home/bin/cargo" "+1.100.0-beta.1" "metadata" "--no-deps" "--format-version=1", kill_on_drop: false }`
[INFO] running `Command { std: "docker" "inspect" "93ed94fcfb93c2084768f149df39470ddf517ea5e0804a24982359731dac30c3", kill_on_drop: false }`
[INFO] running `Command { std: "docker" "exec" "-e" "SOURCE_DIR=/opt/rustwide/workdir" "-e" "CARGO_HOME=/opt/rustwide/cargo-home" "-e" "RUSTUP_HOME=/opt/rustwide/rustup-home" "-e" "CARGO_TARGET_DIR=/opt/rustwide/target" "-e" "CARGO_INCREMENTAL=0" "-e" "RUST_BACKTRACE=full" "-e" "RUSTFLAGS=--cap-lints=warn" "-e" "RUSTDOCFLAGS=--cap-lints=warn" "-w" "/opt/rustwide/workdir" "--user" "0:0" "93ed94fcfb93c2084768f149df39470ddf517ea5e0804a24982359731dac30c3" "/opt/rustwide/cargo-home/bin/cargo" "+1.100.0-beta.1" "build" "--frozen" "--message-format=json" "--release", kill_on_drop: false }`
[INFO] [stderr]    Compiling log v0.4.34
[INFO] [stderr]    Compiling enum_dispatch v0.3.13
[INFO] [stderr]    Compiling padme-core v0.0.1 (/opt/rustwide/workdir)
[INFO] [stderr]     Finished `release` profile [optimized] target(s) in 1.22s
[INFO] running `Command { std: "docker" "inspect" "93ed94fcfb93c2084768f149df39470ddf517ea5e0804a24982359731dac30c3", kill_on_drop: false }`
[INFO] running `Command { std: "docker" "exec" "-e" "SOURCE_DIR=/opt/rustwide/workdir" "-e" "CARGO_HOME=/opt/rustwide/cargo-home" "-e" "RUSTUP_HOME=/opt/rustwide/rustup-home" "-e" "CARGO_TARGET_DIR=/opt/rustwide/target" "-e" "CARGO_INCREMENTAL=0" "-e" "RUST_BACKTRACE=full" "-e" "RUSTFLAGS=--cap-lints=warn" "-e" "RUSTDOCFLAGS=--cap-lints=warn" "-w" "/opt/rustwide/workdir" "--user" "0:0" "93ed94fcfb93c2084768f149df39470ddf517ea5e0804a24982359731dac30c3" "/opt/rustwide/cargo-home/bin/cargo" "+1.100.0-beta.1" "test" "--frozen" "--no-run" "--message-format=json" "--release", kill_on_drop: false }`
[INFO] [stderr]    Compiling padme-core v0.0.1 (/opt/rustwide/workdir)
[INFO] [stdout] error[E0277]: `padme_core::Error` doesn't implement `Debug`
[INFO] [stdout]   --> tests/cpu-instrs.rs:21:30
[INFO] [stdout]    |
[INFO] [stdout] 21 |     let rom = Rom::load(bin).unwrap();
[INFO] [stdout]    |                              ^^^^^^ the trait `Debug` is not implemented for `padme_core::Error`
[INFO] [stdout]    |
[INFO] [stdout] note: required by a bound in `Result::<T, E>::unwrap`
[INFO] [stdout]   --> /rustc/e3feeb59cd1bdd011a2bfcc0747b55125d9b8527/library/core/src/result.rs:1226:4
[INFO] [stdout] 
[INFO] [stdout] 
[INFO] [stdout] error[E0277]: `padme_core::Error` doesn't implement `Debug`
[INFO] [stdout]   --> tests/rom.rs:14:30
[INFO] [stdout]    |
[INFO] [stdout] 14 |     let rom = Rom::load(bin).unwrap();
[INFO] [stdout]    |                              ^^^^^^ the trait `Debug` is not implemented for `padme_core::Error`
[INFO] [stdout]    |
[INFO] [stdout] note: required by a bound in `Result::<T, E>::unwrap`
[INFO] [stdout]   --> /rustc/e3feeb59cd1bdd011a2bfcc0747b55125d9b8527/library/core/src/result.rs:1226:4
[INFO] [stdout] 
[INFO] [stdout] 
[INFO] [stdout] error[E0277]: `padme_core::Error` doesn't implement `Debug`
[INFO] [stdout]   --> tests/rom.rs:22:30
[INFO] [stdout]    |
[INFO] [stdout] 22 |     let rom = Rom::load(bin).unwrap();
[INFO] [stdout]    |                              ^^^^^^ the trait `Debug` is not implemented for `padme_core::Error`
[INFO] [stdout]    |
[INFO] [stdout] note: required by a bound in `Result::<T, E>::unwrap`
[INFO] [stdout]   --> /rustc/e3feeb59cd1bdd011a2bfcc0747b55125d9b8527/library/core/src/result.rs:1226:4
[INFO] [stdout] 
[INFO] [stdout] 
[INFO] [stdout] error[E0277]: `padme_core::Error` doesn't implement `Debug`
[INFO] [stdout]   --> tests/rom.rs:30:30
[INFO] [stdout]    |
[INFO] [stdout] 30 |     let rom = Rom::load(bin).unwrap();
[INFO] [stdout]    |                              ^^^^^^ the trait `Debug` is not implemented for `padme_core::Error`
[INFO] [stdout]    |
[INFO] [stdout] note: required by a bound in `Result::<T, E>::unwrap`
[INFO] [stdout]   --> /rustc/e3feeb59cd1bdd011a2bfcc0747b55125d9b8527/library/core/src/result.rs:1226:4
[INFO] [stdout] 
[INFO] [stdout] 
[INFO] [stdout] error[E0277]: `padme_core::Error` doesn't implement `Debug`
[INFO] [stdout]   --> tests/rom.rs:38:30
[INFO] [stdout]    |
[INFO] [stdout] 38 |     let rom = Rom::load(bin).unwrap();
[INFO] [stdout]    |                              ^^^^^^ the trait `Debug` is not implemented for `padme_core::Error`
[INFO] [stdout]    |
[INFO] [stdout] note: required by a bound in `Result::<T, E>::unwrap`
[INFO] [stdout]   --> /rustc/e3feeb59cd1bdd011a2bfcc0747b55125d9b8527/library/core/src/result.rs:1226:4
[INFO] [stdout] 
[INFO] [stdout] 
[INFO] [stdout] error[E0277]: `padme_core::Error` doesn't implement `Debug`
[INFO] [stdout]   --> tests/rom.rs:47:30
[INFO] [stdout]    |
[INFO] [stdout] 47 |     let rom = Rom::load(bin).unwrap();
[INFO] [stdout]    |                              ^^^^^^ the trait `Debug` is not implemented for `padme_core::Error`
[INFO] [stdout]    |
[INFO] [stdout] note: required by a bound in `Result::<T, E>::unwrap`
[INFO] [stdout]   --> /rustc/e3feeb59cd1bdd011a2bfcc0747b55125d9b8527/library/core/src/result.rs:1226:4
[INFO] [stdout] 
[INFO] [stdout] 
[INFO] [stdout] error[E0277]: `padme_core::Error` doesn't implement `Debug`
[INFO] [stdout]   --> tests/rom.rs:55:30
[INFO] [stdout]    |
[INFO] [stdout] 55 |     let rom = Rom::load(bin).unwrap();
[INFO] [stdout]    |                              ^^^^^^ the trait `Debug` is not implemented for `padme_core::Error`
[INFO] [stdout]    |
[INFO] [stdout] note: required by a bound in `Result::<T, E>::unwrap`
[INFO] [stdout]   --> /rustc/e3feeb59cd1bdd011a2bfcc0747b55125d9b8527/library/core/src/result.rs:1226:4
[INFO] [stdout] 
[INFO] [stdout] 
[INFO] [stdout] error[E0277]: `padme_core::Error` doesn't implement `Debug`
[INFO] [stdout]   --> tests/rom.rs:63:30
[INFO] [stdout]    |
[INFO] [stdout] 63 |     let rom = Rom::load(bin).unwrap();
[INFO] [stdout]    |                              ^^^^^^ the trait `Debug` is not implemented for `padme_core::Error`
[INFO] [stdout]    |
[INFO] [stdout] note: required by a bound in `Result::<T, E>::unwrap`
[INFO] [stdout]   --> /rustc/e3feeb59cd1bdd011a2bfcc0747b55125d9b8527/library/core/src/result.rs:1226:4
[INFO] [stdout] 
[INFO] [stdout] 
[INFO] [stdout] error[E0277]: `padme_core::Error` doesn't implement `Debug`
[INFO] [stdout]   --> tests/rom.rs:71:30
[INFO] [stdout]    |
[INFO] [stdout] 71 |     let rom = Rom::load(bin).unwrap();
[INFO] [stdout]    |                              ^^^^^^ the trait `Debug` is not implemented for `padme_core::Error`
[INFO] [stdout]    |
[INFO] [stdout] note: required by a bound in `Result::<T, E>::unwrap`
[INFO] [stdout]   --> /rustc/e3feeb59cd1bdd011a2bfcc0747b55125d9b8527/library/core/src/result.rs:1226:4
[INFO] [stdout] 
[INFO] [stdout] 
[INFO] [stdout] error[E0277]: `padme_core::Error` doesn't implement `Debug`
[INFO] [stdout]   --> tests/rom.rs:79:30
[INFO] [stdout]    |
[INFO] [stdout] 79 |     let rom = Rom::load(bin).unwrap();
[INFO] [stdout]    |                              ^^^^^^ the trait `Debug` is not implemented for `padme_core::Error`
[INFO] [stdout]    |
[INFO] [stdout] note: required by a bound in `Result::<T, E>::unwrap`
[INFO] [stdout]   --> /rustc/e3feeb59cd1bdd011a2bfcc0747b55125d9b8527/library/core/src/result.rs:1226:4
[INFO] [stdout] 
[INFO] [stdout] 
[INFO] [stdout] For more information about this error, try `rustc --explain E0277`.
[INFO] [stdout] 
[INFO] [stdout] error[E0277]: `padme_core::Error` doesn't implement `Debug`
[INFO] [stdout]   --> tests/rom.rs:87:30
[INFO] [stdout]    |
[INFO] [stdout] 87 |     let rom = Rom::load(bin).unwrap();
[INFO] [stdout]    |                              ^^^^^^ the trait `Debug` is not implemented for `padme_core::Error`
[INFO] [stdout]    |
[INFO] [stdout] note: required by a bound in `Result::<T, E>::unwrap`
[INFO] [stdout]   --> /rustc/e3feeb59cd1bdd011a2bfcc0747b55125d9b8527/library/core/src/result.rs:1226:4
[INFO] [stdout] 
[INFO] [stdout] 
[INFO] [stdout] For more information about this error, try `rustc --explain E0277`.
[INFO] [stdout] 
[INFO] [stderr] error: could not compile `padme-core` (test "cpu-instrs") due to 1 previous error
[INFO] [stderr] warning: build failed, waiting for other jobs to finish...
[INFO] [stderr] error: could not compile `padme-core` (test "rom") due to 10 previous errors
[INFO] running `Command { std: "docker" "inspect" "93ed94fcfb93c2084768f149df39470ddf517ea5e0804a24982359731dac30c3", kill_on_drop: false }`
[INFO] running `Command { std: "docker" "rm" "-f" "93ed94fcfb93c2084768f149df39470ddf517ea5e0804a24982359731dac30c3", kill_on_drop: false }`
[INFO] [stdout] 93ed94fcfb93c2084768f149df39470ddf517ea5e0804a24982359731dac30c3
