[INFO] fetching crate packet-dissector-pbt 0.6.1...
[INFO] testing packet-dissector-pbt-0.6.1 against 1.99.0-beta.8+cargoflags=--release for beta-release-1.100-2
[INFO] extracting crate packet-dissector-pbt 0.6.1 into /workspace/builds/worker-0-tc1/source
[INFO] started tweaking crates.io crate packet-dissector-pbt 0.6.1
[INFO] removed 0 missing tests
[INFO] finished tweaking crates.io crate packet-dissector-pbt 0.6.1
[INFO] tweaked toml for crates.io crate packet-dissector-pbt 0.6.1 written to /workspace/builds/worker-0-tc1/source/Cargo.toml
[INFO] validating manifest of crates.io crate packet-dissector-pbt 0.6.1 on toolchain 1.99.0-beta.8
[INFO] running `Command { std: CARGO_HOME="/workspace/cargo-home" RUSTUP_HOME="/workspace/rustup-home" "/workspace/cargo-home/bin/cargo" "+1.99.0-beta.8" "metadata" "--manifest-path" "Cargo.toml" "--no-deps", kill_on_drop: false }`
[INFO] crate crates.io crate packet-dissector-pbt 0.6.1 already has a lockfile, it will not be regenerated
[INFO] running `Command { std: CARGO_HOME="/workspace/cargo-home" RUSTUP_HOME="/workspace/rustup-home" "/workspace/cargo-home/bin/cargo" "+1.99.0-beta.8" "fetch" "--manifest-path" "Cargo.toml", kill_on_drop: false }`
[INFO] [stderr]     Updating crates.io index
[INFO] [stderr]  Downloading crates ...
[INFO] [stderr]   Downloaded packet-dissector-tcp v0.6.1
[INFO] [stderr]   Downloaded packet-dissector-xnap v0.6.1
[INFO] [stderr]   Downloaded packet-dissector-core v0.6.1
[INFO] [stderr]   Downloaded packet-dissector-aper v0.6.1
[INFO] [stderr]   Downloaded packet-dissector-tls v0.6.1
[INFO] [stderr]   Downloaded packet-dissector-mdns v0.6.1
[INFO] [stderr]   Downloaded packet-dissector-cdp v0.6.1
[INFO] [stderr]   Downloaded packet-dissector-llmnr v0.6.1
[INFO] [stderr]   Downloaded packet-dissector-f1ap v0.6.1
[INFO] [stderr]   Downloaded packet-dissector-pppoe v0.6.1
[INFO] [stderr]   Downloaded packet-dissector-nsh v0.6.1
[INFO] [stderr]   Downloaded packet-dissector-ldp v0.6.1
[INFO] [stderr]   Downloaded packet-dissector-gtpv1c v0.6.1
[INFO] [stderr]   Downloaded packet-dissector-sgsap v0.6.1
[INFO] [stderr]   Downloaded packet-dissector-sdp v0.6.1
[INFO] [stderr]   Downloaded packet-dissector-ntp v0.6.1
[INFO] [stderr]   Downloaded packet-dissector-erspan v0.6.1
[INFO] [stderr]   Downloaded packet-dissector-sccp v0.6.1
[INFO] [stderr]   Downloaded packet-dissector-eap v0.6.1
[INFO] [stderr]   Downloaded packet-dissector-sctp v0.6.1
[INFO] [stderr]   Downloaded packet-dissector-rtp v0.6.1
[INFO] [stderr]   Downloaded packet-dissector-rtcp v0.6.1
[INFO] [stderr]   Downloaded packet-dissector-pim v0.6.1
[INFO] [stderr]   Downloaded packet-dissector-map v0.6.1
[INFO] [stderr]   Downloaded packet-dissector-m3ua v0.6.1
[INFO] [stderr]   Downloaded packet-dissector-ipv6 v0.6.1
[INFO] [stderr]   Downloaded packet-dissector-ipv4 v0.6.1
[INFO] [stderr]   Downloaded packet-dissector-ethernet v0.6.1
[INFO] [stderr]   Downloaded packet-dissector-icmpv6 v0.6.1
[INFO] [stderr]   Downloaded packet-dissector-icmp v0.6.1
[INFO] [stderr]   Downloaded packet-dissector-ppp v0.6.1
[INFO] [stderr]   Downloaded packet-dissector-e1ap v0.6.1
[INFO] [stderr]   Downloaded packet-dissector-bmp v0.6.1
[INFO] [stderr]   Downloaded packet-dissector-snmp v0.6.1
[INFO] [stderr]   Downloaded packet-dissector-rsvp v0.6.1
[INFO] [stderr]   Downloaded packet-dissector-radiotap v0.6.1
[INFO] [stderr]   Downloaded packet-dissector-dns v0.6.1
[INFO] [stderr]   Downloaded packet-dissector-ipfix v0.6.1
[INFO] [stderr]   Downloaded packet-dissector-http2 v0.6.1
[INFO] [stderr]   Downloaded packet-dissector-tcap v0.6.1
[INFO] [stderr]   Downloaded packet-dissector-s1ap v0.6.1
[INFO] [stderr]   Downloaded packet-dissector-nas-eps v0.6.1
[INFO] [stderr]   Downloaded packet-dissector-ospf v0.6.1
[INFO] [stderr]   Downloaded packet-dissector-isis v0.6.1
[INFO] [stderr]   Downloaded packet-dissector-ieee80211 v0.6.1
[INFO] [stderr]   Downloaded packet-dissector-gtpv2c v0.6.1
[INFO] [stderr]   Downloaded packet-dissector-bgp v0.6.1
[INFO] running `Command { std: "docker" "create" "-v" "/var/lib/crater-agent-workspace/builds/worker-0-tc1/source:/opt/rustwide/workdir:ro,Z" "-v" "/var/lib/crater-agent-workspace/builds/worker-0-tc1/target:/opt/rustwide/target:rw,Z" "-v" "/var/lib/crater-agent-workspace/cargo-home:/opt/rustwide/cargo-home:ro,Z" "-v" "/var/lib/crater-agent-workspace/rustup-home:/opt/rustwide/rustup-home:ro,Z" "-m" "1610612736" "--network" "none" "ghcr.io/rust-lang/crates-build-env/linux@sha256:77db811e55d90add9212f6832c23229e3de5f1c1f9905e8cb07319ea15df73ac" "sleep" "infinity", kill_on_drop: false }`
[INFO] [stdout] 882e97ebdc554e025fb6539e0c57723176a58f40db4f7b050993b59c1590f53e
[INFO] running `Command { std: "docker" "start" "882e97ebdc554e025fb6539e0c57723176a58f40db4f7b050993b59c1590f53e", kill_on_drop: false }`
[INFO] running `Command { std: "docker" "inspect" "882e97ebdc554e025fb6539e0c57723176a58f40db4f7b050993b59c1590f53e", kill_on_drop: false }`
[INFO] running `Command { std: "docker" "exec" "-e" "SOURCE_DIR=/opt/rustwide/workdir" "-e" "CARGO_HOME=/opt/rustwide/cargo-home" "-e" "RUSTUP_HOME=/opt/rustwide/rustup-home" "-e" "CARGO_TARGET_DIR=/opt/rustwide/target" "-w" "/opt/rustwide/workdir" "--user" "0:0" "882e97ebdc554e025fb6539e0c57723176a58f40db4f7b050993b59c1590f53e" "/opt/rustwide/cargo-home/bin/cargo" "+1.99.0-beta.8" "metadata" "--no-deps" "--format-version=1", kill_on_drop: false }`
[INFO] running `Command { std: "docker" "inspect" "882e97ebdc554e025fb6539e0c57723176a58f40db4f7b050993b59c1590f53e", kill_on_drop: false }`
[INFO] running `Command { std: "docker" "exec" "-e" "SOURCE_DIR=/opt/rustwide/workdir" "-e" "CARGO_HOME=/opt/rustwide/cargo-home" "-e" "RUSTUP_HOME=/opt/rustwide/rustup-home" "-e" "CARGO_TARGET_DIR=/opt/rustwide/target" "-e" "CARGO_INCREMENTAL=0" "-e" "RUST_BACKTRACE=full" "-e" "RUSTFLAGS=--cap-lints=warn" "-e" "RUSTDOCFLAGS=--cap-lints=warn" "-w" "/opt/rustwide/workdir" "--user" "0:0" "882e97ebdc554e025fb6539e0c57723176a58f40db4f7b050993b59c1590f53e" "/opt/rustwide/cargo-home/bin/cargo" "+1.99.0-beta.8" "build" "--frozen" "--message-format=json" "--release", kill_on_drop: false }`
[INFO] [stderr]    Compiling cfg-if v1.0.5
[INFO] [stderr]    Compiling getrandom v0.3.4
[INFO] [stderr]    Compiling unicode-ident v1.0.26
[INFO] [stderr]    Compiling rustix v1.1.5
[INFO] [stderr]    Compiling zerocopy v0.8.59
[INFO] [stderr]    Compiling bitflags v2.13.2
[INFO] [stderr]    Compiling once_cell v1.21.4
[INFO] [stderr]    Compiling thiserror v2.0.21
[INFO] [stderr]    Compiling wait-timeout v0.2.1
[INFO] [stderr]    Compiling bit-vec v0.8.0
[INFO] [stderr]    Compiling num-traits v0.2.19
[INFO] [stderr]    Compiling quick-error v1.2.3
[INFO] [stderr]    Compiling fnv v1.0.7
[INFO] [stderr]    Compiling regex-syntax v0.8.11
[INFO] [stderr]    Compiling unarray v0.1.4
[INFO] [stderr]    Compiling getrandom v0.4.3
[INFO] [stderr]    Compiling proc-macro2 v1.0.107
[INFO] [stderr]    Compiling rand_core v0.9.5
[INFO] [stderr]    Compiling quote v1.0.47
[INFO] [stderr]    Compiling rand v0.9.5
[INFO] [stderr]    Compiling rand_xorshift v0.4.0
[INFO] [stderr]    Compiling bit-set v0.8.0
[INFO] [stderr]    Compiling syn v3.0.6
[INFO] [stderr]    Compiling tempfile v3.27.0
[INFO] [stderr]    Compiling rusty-fork v0.3.1
[INFO] [stderr]    Compiling thiserror-impl v2.0.21
[INFO] [stderr]    Compiling packet-dissector-core v0.6.1
[INFO] [stderr]    Compiling ppv-lite86 v0.2.21
[INFO] [stderr]    Compiling rand_chacha v0.9.0
[INFO] [stderr]    Compiling proptest v1.11.0
[INFO] [stderr]    Compiling packet-dissector-pbt v0.6.1 (/opt/rustwide/workdir)
[INFO] [stderr]     Finished `release` profile [optimized] target(s) in 25.32s
[INFO] running `Command { std: "docker" "inspect" "882e97ebdc554e025fb6539e0c57723176a58f40db4f7b050993b59c1590f53e", kill_on_drop: false }`
[INFO] running `Command { std: "docker" "exec" "-e" "SOURCE_DIR=/opt/rustwide/workdir" "-e" "CARGO_HOME=/opt/rustwide/cargo-home" "-e" "RUSTUP_HOME=/opt/rustwide/rustup-home" "-e" "CARGO_TARGET_DIR=/opt/rustwide/target" "-e" "CARGO_INCREMENTAL=0" "-e" "RUST_BACKTRACE=full" "-e" "RUSTFLAGS=--cap-lints=warn" "-e" "RUSTDOCFLAGS=--cap-lints=warn" "-w" "/opt/rustwide/workdir" "--user" "0:0" "882e97ebdc554e025fb6539e0c57723176a58f40db4f7b050993b59c1590f53e" "/opt/rustwide/cargo-home/bin/cargo" "+1.99.0-beta.8" "test" "--frozen" "--no-run" "--message-format=json" "--release", kill_on_drop: false }`
[INFO] [stderr]    Compiling packet-dissector-aper v0.6.1
[INFO] [stderr]    Compiling packet-dissector-dns v0.6.1
[INFO] [stderr]    Compiling packet-dissector-ppp v0.6.1
[INFO] [stderr]    Compiling packet-dissector-bgp v0.6.1
[INFO] [stderr]    Compiling packet-dissector-tcap v0.6.1
[INFO] [stderr]    Compiling packet-dissector-ethernet v0.6.1
[INFO] [stderr]    Compiling packet-dissector-nas-eps v0.6.1
[INFO] [stderr]    Compiling packet-dissector-rtcp v0.6.1
[INFO] [stderr]    Compiling packet-dissector-icmpv6 v0.6.1
[INFO] [stderr]    Compiling packet-dissector-radiotap v0.6.1
[INFO] [stderr]    Compiling packet-dissector-sgsap v0.6.1
[INFO] [stderr]    Compiling packet-dissector-ldp v0.6.1
[INFO] [stderr]    Compiling packet-dissector-m3ua v0.6.1
[INFO] [stderr]    Compiling packet-dissector-ospf v0.6.1
[INFO] [stderr]    Compiling packet-dissector-nsh v0.6.1
[INFO] [stderr]    Compiling packet-dissector-erspan v0.6.1
[INFO] [stderr]    Compiling packet-dissector-sctp v0.6.1
[INFO] [stderr]    Compiling packet-dissector-gtpv2c v0.6.1
[INFO] [stderr]    Compiling packet-dissector-map v0.6.1
[INFO] [stderr]    Compiling packet-dissector-ieee80211 v0.6.1
[INFO] [stderr]    Compiling packet-dissector-ipv6 v0.6.1
[INFO] [stderr]    Compiling packet-dissector-rtp v0.6.1
[INFO] [stderr]    Compiling packet-dissector-ipv4 v0.6.1
[INFO] [stderr]    Compiling packet-dissector-f1ap v0.6.1
[INFO] [stderr]    Compiling packet-dissector-e1ap v0.6.1
[INFO] [stderr]    Compiling packet-dissector-mdns v0.6.1
[INFO] [stderr]    Compiling packet-dissector-llmnr v0.6.1
[INFO] [stderr]    Compiling packet-dissector-s1ap v0.6.1
[INFO] [stderr]    Compiling packet-dissector-xnap v0.6.1
[INFO] [stderr]    Compiling packet-dissector-tcp v0.6.1
[INFO] [stderr]    Compiling packet-dissector-cdp v0.6.1
[INFO] [stderr]    Compiling packet-dissector-rsvp v0.6.1
[INFO] [stderr]    Compiling packet-dissector-snmp v0.6.1
[INFO] [stderr]    Compiling packet-dissector-icmp v0.6.1
[INFO] [stderr]    Compiling packet-dissector-gtpv1c v0.6.1
[INFO] [stderr]    Compiling packet-dissector-tls v0.6.1
[INFO] [stderr]    Compiling packet-dissector-pppoe v0.6.1
[INFO] [stderr]    Compiling packet-dissector-http2 v0.6.1
[INFO] [stderr]    Compiling packet-dissector-pim v0.6.1
[INFO] [stderr]    Compiling packet-dissector-ntp v0.6.1
[INFO] [stderr]    Compiling packet-dissector-sdp v0.6.1
[INFO] [stderr]    Compiling packet-dissector-bmp v0.6.1
[INFO] [stderr]    Compiling packet-dissector-isis v0.6.1
[INFO] [stderr]    Compiling packet-dissector-eap v0.6.1
[INFO] [stderr]    Compiling packet-dissector-sccp v0.6.1
[INFO] [stderr]    Compiling packet-dissector-ipfix v0.6.1
[INFO] [stderr]    Compiling packet-dissector-pbt v0.6.1 (/opt/rustwide/workdir)
[INFO] [stdout] error[E0433]: cannot find module or crate `packet_dissector` in this scope
[INFO] [stdout]   --> tests/prop_ip_reassembly.rs:14:5
[INFO] [stdout]    |
[INFO] [stdout] 14 | use packet_dissector::field::FieldValue;
[INFO] [stdout]    |     ^^^^^^^^^^^^^^^^ use of unresolved module or unlinked crate `packet_dissector`
[INFO] [stdout]    |
[INFO] [stdout] help: there is a crate or module with a similar name
[INFO] [stdout]    |
[INFO] [stdout] 14 | use packet_dissector_bmp::field::FieldValue;
[INFO] [stdout]    |                     ++++
[INFO] [stdout] 
[INFO] [stdout] 
[INFO] [stdout] error[E0433]: cannot find module or crate `packet_dissector` in this scope
[INFO] [stdout]   --> tests/prop_ip_reassembly.rs:15:5
[INFO] [stdout]    |
[INFO] [stdout] 15 | use packet_dissector::packet::DissectBuffer;
[INFO] [stdout]    |     ^^^^^^^^^^^^^^^^ use of unresolved module or unlinked crate `packet_dissector`
[INFO] [stdout]    |
[INFO] [stdout] help: there is a crate or module with a similar name
[INFO] [stdout]    |
[INFO] [stdout] 15 | use packet_dissector_bmp::packet::DissectBuffer;
[INFO] [stdout]    |                     ++++
[INFO] [stdout] 
[INFO] [stdout] 
[INFO] [stdout] error[E0433]: cannot find module or crate `packet_dissector` in this scope
[INFO] [stdout]   --> tests/prop_ip_reassembly.rs:16:5
[INFO] [stdout]    |
[INFO] [stdout] 16 | use packet_dissector::registry::DissectorRegistry;
[INFO] [stdout]    |     ^^^^^^^^^^^^^^^^ use of unresolved module or unlinked crate `packet_dissector`
[INFO] [stdout]    |
[INFO] [stdout] help: there is a crate or module with a similar name
[INFO] [stdout]    |
[INFO] [stdout] 16 | use packet_dissector_bmp::registry::DissectorRegistry;
[INFO] [stdout]    |                     ++++
[INFO] [stdout] 
[INFO] [stdout] 
[INFO] [stdout] For more information about this error, try `rustc --explain E0433`.
[INFO] [stdout] 
[INFO] [stderr] error: could not compile `packet-dissector-pbt` (test "prop_ip_reassembly") due to 3 previous errors
[INFO] [stderr] warning: build failed, waiting for other jobs to finish...
[INFO] running `Command { std: "docker" "inspect" "882e97ebdc554e025fb6539e0c57723176a58f40db4f7b050993b59c1590f53e", kill_on_drop: false }`
[INFO] running `Command { std: "docker" "rm" "-f" "882e97ebdc554e025fb6539e0c57723176a58f40db4f7b050993b59c1590f53e", kill_on_drop: false }`
[INFO] [stdout] 882e97ebdc554e025fb6539e0c57723176a58f40db4f7b050993b59c1590f53e
