[INFO] fetching crate packet-binser-derive 0.3.0...
[INFO] testing packet-binser-derive-0.3.0 against 1.100.0-beta.1+cargoflags=--release for beta-release-1.100-2
[INFO] extracting crate packet-binser-derive 0.3.0 into /workspace/builds/worker-2-tc2/source
[INFO] started tweaking crates.io crate packet-binser-derive 0.3.0
[INFO] finished tweaking crates.io crate packet-binser-derive 0.3.0
[INFO] tweaked toml for crates.io crate packet-binser-derive 0.3.0 written to /workspace/builds/worker-2-tc2/source/Cargo.toml
[INFO] validating manifest of crates.io crate packet-binser-derive 0.3.0 on toolchain 1.100.0-beta.1
[INFO] running `Command { std: CARGO_HOME="/workspace/cargo-home" RUSTUP_HOME="/workspace/rustup-home" "/workspace/cargo-home/bin/cargo" "+1.100.0-beta.1" "metadata" "--manifest-path" "Cargo.toml" "--no-deps", kill_on_drop: false }`
[INFO] running `Command { std: CARGO_HOME="/workspace/cargo-home" RUSTUP_HOME="/workspace/rustup-home" "/workspace/cargo-home/bin/cargo" "+1.100.0-beta.1" "generate-lockfile" "--manifest-path" "Cargo.toml", kill_on_drop: false }`
[INFO] [stderr]     Updating crates.io index
[INFO] [stderr]      Locking 4 packages to highest compatible versions
[INFO] [stderr]       Adding syn v2.0.119 (available: v3.0.9)
[INFO] running `Command { std: CARGO_HOME="/workspace/cargo-home" RUSTUP_HOME="/workspace/rustup-home" "/workspace/cargo-home/bin/cargo" "+1.100.0-beta.1" "fetch" "--manifest-path" "Cargo.toml", kill_on_drop: false }`
[INFO] running `Command { std: "docker" "create" "-v" "/var/lib/crater-agent-workspace/builds/worker-2-tc2/source:/opt/rustwide/workdir:ro,Z" "-v" "/var/lib/crater-agent-workspace/builds/worker-2-tc2/target:/opt/rustwide/target:rw,Z" "-v" "/var/lib/crater-agent-workspace/cargo-home:/opt/rustwide/cargo-home:ro,Z" "-v" "/var/lib/crater-agent-workspace/rustup-home:/opt/rustwide/rustup-home:ro,Z" "-m" "1610612736" "--network" "none" "ghcr.io/rust-lang/crates-build-env/linux@sha256:77db811e55d90add9212f6832c23229e3de5f1c1f9905e8cb07319ea15df73ac" "sleep" "infinity", kill_on_drop: false }`
[INFO] [stdout] 5ff28d43428b6d9c79bbbd239438ef96c268e140be2902b690c023abad8fcda7
[INFO] running `Command { std: "docker" "start" "5ff28d43428b6d9c79bbbd239438ef96c268e140be2902b690c023abad8fcda7", kill_on_drop: false }`
[INFO] running `Command { std: "docker" "inspect" "5ff28d43428b6d9c79bbbd239438ef96c268e140be2902b690c023abad8fcda7", kill_on_drop: false }`
[INFO] running `Command { std: "docker" "exec" "-e" "SOURCE_DIR=/opt/rustwide/workdir" "-e" "CARGO_HOME=/opt/rustwide/cargo-home" "-e" "RUSTUP_HOME=/opt/rustwide/rustup-home" "-e" "CARGO_TARGET_DIR=/opt/rustwide/target" "-w" "/opt/rustwide/workdir" "--user" "0:0" "5ff28d43428b6d9c79bbbd239438ef96c268e140be2902b690c023abad8fcda7" "/opt/rustwide/cargo-home/bin/cargo" "+1.100.0-beta.1" "metadata" "--no-deps" "--format-version=1", kill_on_drop: false }`
[INFO] running `Command { std: "docker" "inspect" "5ff28d43428b6d9c79bbbd239438ef96c268e140be2902b690c023abad8fcda7", kill_on_drop: false }`
[INFO] running `Command { std: "docker" "exec" "-e" "SOURCE_DIR=/opt/rustwide/workdir" "-e" "CARGO_HOME=/opt/rustwide/cargo-home" "-e" "RUSTUP_HOME=/opt/rustwide/rustup-home" "-e" "CARGO_TARGET_DIR=/opt/rustwide/target" "-e" "CARGO_INCREMENTAL=0" "-e" "RUST_BACKTRACE=full" "-e" "RUSTFLAGS=--cap-lints=warn" "-e" "RUSTDOCFLAGS=--cap-lints=warn" "-w" "/opt/rustwide/workdir" "--user" "0:0" "5ff28d43428b6d9c79bbbd239438ef96c268e140be2902b690c023abad8fcda7" "/opt/rustwide/cargo-home/bin/cargo" "+1.100.0-beta.1" "build" "--frozen" "--message-format=json" "--release", kill_on_drop: false }`
[INFO] [stderr]    Compiling packet-binser-derive v0.3.0 (/opt/rustwide/workdir)
[INFO] [stderr]     Finished `release` profile [optimized] target(s) in 1.61s
[INFO] running `Command { std: "docker" "inspect" "5ff28d43428b6d9c79bbbd239438ef96c268e140be2902b690c023abad8fcda7", kill_on_drop: false }`
[INFO] running `Command { std: "docker" "exec" "-e" "SOURCE_DIR=/opt/rustwide/workdir" "-e" "CARGO_HOME=/opt/rustwide/cargo-home" "-e" "RUSTUP_HOME=/opt/rustwide/rustup-home" "-e" "CARGO_TARGET_DIR=/opt/rustwide/target" "-e" "CARGO_INCREMENTAL=0" "-e" "RUST_BACKTRACE=full" "-e" "RUSTFLAGS=--cap-lints=warn" "-e" "RUSTDOCFLAGS=--cap-lints=warn" "-w" "/opt/rustwide/workdir" "--user" "0:0" "5ff28d43428b6d9c79bbbd239438ef96c268e140be2902b690c023abad8fcda7" "/opt/rustwide/cargo-home/bin/cargo" "+1.100.0-beta.1" "test" "--frozen" "--no-run" "--message-format=json" "--release", kill_on_drop: false }`
[INFO] [stderr]    Compiling unicode-ident v1.0.27
[INFO] [stderr]    Compiling packet-binser-derive v0.3.0 (/opt/rustwide/workdir)
[INFO] [stderr]    Compiling proc-macro2 v1.0.107
[INFO] [stderr]    Compiling quote v1.0.47
[INFO] [stderr]    Compiling syn v2.0.119
[INFO] [stdout] error[E0432]: unresolved import `packet_binser`
[INFO] [stdout]  --> tests/serialization.rs:3:5
[INFO] [stdout]   |
[INFO] [stdout] 3 | use packet_binser::Binser;
[INFO] [stdout]   |     ^^^^^^^^^^^^^ use of unresolved module or unlinked crate `packet_binser`
[INFO] [stdout]   |
[INFO] [stdout]   = help: if you wanted to use a crate named `packet_binser`, use `cargo add packet_binser` to add it to your `Cargo.toml`
[INFO] [stdout] 
[INFO] [stdout] 
[INFO] [stdout] error[E0433]: cannot find `packet_binser` in the list of imported crates
[INFO] [stdout]  --> tests/serialization.rs:6:10
[INFO] [stdout]   |
[INFO] [stdout] 6 | #[derive(Binser)]
[INFO] [stdout]   |          ^^^^^^ could not find `packet_binser` in the list of imported crates
[INFO] [stdout]   |
[INFO] [stdout]   = note: this error originates in the derive macro `Binser` (in Nightly builds, run with -Z macro-backtrace for more info)
[INFO] [stdout] 
[INFO] [stdout] 
[INFO] [stdout] error[E0433]: cannot find `packet_binser` in the list of imported crates
[INFO] [stdout]  --> tests/compiles.rs:3:10
[INFO] [stdout]   |
[INFO] [stdout] 3 | #[derive(Binser)]
[INFO] [stdout]   |          ^^^^^^ could not find `packet_binser` in the list of imported crates
[INFO] [stdout]   |
[INFO] [stdout]   = note: this error originates in the derive macro `Binser` (in Nightly builds, run with -Z macro-backtrace for more info)
[INFO] [stdout] 
[INFO] [stdout] 
[INFO] [stdout] error[E0433]: cannot find `packet_binser` in the list of imported crates
[INFO] [stdout]  --> tests/compiles.rs:8:10
[INFO] [stdout]   |
[INFO] [stdout] 8 | #[derive(Binser)]
[INFO] [stdout]   |          ^^^^^^ could not find `packet_binser` in the list of imported crates
[INFO] [stdout]   |
[INFO] [stdout]   = note: this error originates in the derive macro `Binser` (in Nightly builds, run with -Z macro-backtrace for more info)
[INFO] [stdout] 
[INFO] [stdout] 
[INFO] [stdout] error[E0433]: cannot find `packet_binser` in the list of imported crates
[INFO] [stdout]   --> tests/serialization.rs:13:10
[INFO] [stdout]    |
[INFO] [stdout] 13 | #[derive(Binser, Debug, PartialEq, Eq, PartialOrd, Ord)]
[INFO] [stdout]    |          ^^^^^^ could not find `packet_binser` in the list of imported crates
[INFO] [stdout]    |
[INFO] [stdout]    = note: this error originates in the derive macro `Binser` (in Nightly builds, run with -Z macro-backtrace for more info)
[INFO] [stdout] 
[INFO] [stdout] 
[INFO] [stdout] error[E0433]: cannot find `packet_binser` in the list of imported crates
[INFO] [stdout]   --> tests/serialization.rs:19:10
[INFO] [stdout]    |
[INFO] [stdout] 19 | #[derive(Binser, Debug, PartialEq, Eq, PartialOrd, Ord)]
[INFO] [stdout]    |          ^^^^^^ could not find `packet_binser` in the list of imported crates
[INFO] [stdout]    |
[INFO] [stdout]    = note: this error originates in the derive macro `Binser` (in Nightly builds, run with -Z macro-backtrace for more info)
[INFO] [stdout] 
[INFO] [stdout] 
[INFO] [stdout] error[E0433]: cannot find `packet_binser` in the list of imported crates
[INFO] [stdout]  --> tests/compiles.rs:8:10
[INFO] [stdout]   |
[INFO] [stdout] 8 | #[derive(Binser)]
[INFO] [stdout]   |          ^^^^^^ could not find `packet_binser` in the list of imported crates
[INFO] [stdout]   |
[INFO] [stdout]   = note: this error originates in the derive macro `Binser` (in Nightly builds, run with -Z macro-backtrace for more info)
[INFO] [stdout] help: consider importing one of these items
[INFO] [stdout]   |
[INFO] [stdout] 1 + use std::error::Error;
[INFO] [stdout]   |
[INFO] [stdout] 1 + use std::fmt::Error;
[INFO] [stdout]   |
[INFO] [stdout] 1 + use std::io::Error;
[INFO] [stdout]   |
[INFO] [stdout] 1 + use core::error::Error;
[INFO] [stdout]   |
[INFO] [stdout]   = and 1 other candidate
[INFO] [stdout] 
[INFO] [stdout] 
[INFO] [stdout] For more information about this error, try `rustc --explain E0433`.
[INFO] [stdout] 
[INFO] [stderr] error: could not compile `packet-binser-derive` (test "compiles") due to 3 previous errors
[INFO] [stderr] warning: build failed, waiting for other jobs to finish...
[INFO] [stdout] error[E0433]: cannot find `packet_binser` in the list of imported crates
[INFO] [stdout]   --> tests/serialization.rs:13:10
[INFO] [stdout]    |
[INFO] [stdout] 13 | #[derive(Binser, Debug, PartialEq, Eq, PartialOrd, Ord)]
[INFO] [stdout]    |          ^^^^^^ could not find `packet_binser` in the list of imported crates
[INFO] [stdout]    |
[INFO] [stdout]    = note: this error originates in the derive macro `Binser` (in Nightly builds, run with -Z macro-backtrace for more info)
[INFO] [stdout] help: consider importing one of these items
[INFO] [stdout]    |
[INFO] [stdout]  1 + use std::error::Error;
[INFO] [stdout]    |
[INFO] [stdout]  1 + use std::fmt::Error;
[INFO] [stdout]    |
[INFO] [stdout]  1 + use std::io::Error;
[INFO] [stdout]    |
[INFO] [stdout]  1 + use core::error::Error;
[INFO] [stdout]    |
[INFO] [stdout]    = and 1 other candidate
[INFO] [stdout] 
[INFO] [stdout] 
[INFO] [stdout] error[E0433]: cannot find `packet_binser` in the list of imported crates
[INFO] [stdout]   --> tests/serialization.rs:19:10
[INFO] [stdout]    |
[INFO] [stdout] 19 | #[derive(Binser, Debug, PartialEq, Eq, PartialOrd, Ord)]
[INFO] [stdout]    |          ^^^^^^ could not find `packet_binser` in the list of imported crates
[INFO] [stdout]    |
[INFO] [stdout]    = note: this error originates in the derive macro `Binser` (in Nightly builds, run with -Z macro-backtrace for more info)
[INFO] [stdout] help: consider importing one of these items
[INFO] [stdout]    |
[INFO] [stdout]  1 + use std::error::Error;
[INFO] [stdout]    |
[INFO] [stdout]  1 + use std::fmt::Error;
[INFO] [stdout]    |
[INFO] [stdout]  1 + use std::io::Error;
[INFO] [stdout]    |
[INFO] [stdout]  1 + use core::error::Error;
[INFO] [stdout]    |
[INFO] [stdout]    = and 1 other candidate
[INFO] [stdout] 
[INFO] [stdout] 
[INFO] [stdout] Some errors have detailed explanations: E0432, E0433.
[INFO] [stdout] 
[INFO] [stdout] For more information about an error, try `rustc --explain E0432`.
[INFO] [stdout] 
[INFO] [stderr] error: could not compile `packet-binser-derive` (test "serialization") due to 6 previous errors
[INFO] running `Command { std: "docker" "inspect" "5ff28d43428b6d9c79bbbd239438ef96c268e140be2902b690c023abad8fcda7", kill_on_drop: false }`
[INFO] running `Command { std: "docker" "rm" "-f" "5ff28d43428b6d9c79bbbd239438ef96c268e140be2902b690c023abad8fcda7", kill_on_drop: false }`
[INFO] [stdout] 5ff28d43428b6d9c79bbbd239438ef96c268e140be2902b690c023abad8fcda7
