[INFO] fetching crate p3-word-backend 0.9.0-rc.1...
[INFO] testing p3-word-backend-0.9.0-rc.1 against 1.100.0-beta.1+cargoflags=--release for beta-release-1.100-2
[INFO] extracting crate p3-word-backend 0.9.0-rc.1 into /workspace/builds/worker-4-tc2/source
[INFO] started tweaking crates.io crate p3-word-backend 0.9.0-rc.1
[INFO] removed 0 missing examples
[INFO] removed 0 missing tests
[INFO] finished tweaking crates.io crate p3-word-backend 0.9.0-rc.1
[INFO] tweaked toml for crates.io crate p3-word-backend 0.9.0-rc.1 written to /workspace/builds/worker-4-tc2/source/Cargo.toml
[INFO] validating manifest of crates.io crate p3-word-backend 0.9.0-rc.1 on toolchain 1.100.0-beta.1
[INFO] running `Command { std: CARGO_HOME="/workspace/cargo-home" RUSTUP_HOME="/workspace/rustup-home" "/workspace/cargo-home/bin/cargo" "+1.100.0-beta.1" "metadata" "--manifest-path" "Cargo.toml" "--no-deps", kill_on_drop: false }`
[INFO] crate crates.io crate p3-word-backend 0.9.0-rc.1 already has a lockfile, it will not be regenerated
[INFO] running `Command { std: CARGO_HOME="/workspace/cargo-home" RUSTUP_HOME="/workspace/rustup-home" "/workspace/cargo-home/bin/cargo" "+1.100.0-beta.1" "fetch" "--manifest-path" "Cargo.toml", kill_on_drop: false }`
[INFO] [stderr] warning: `package.homepage` is redundant with `package.repository`
[INFO] [stderr]    --> Cargo.toml:99:12
[INFO] [stderr]     |
[INFO] [stderr]  99 | homepage = "https://github.com/Plonky3/Plonky3"
[INFO] [stderr]     |            ^^^^^^^^^^^^^^^^^^^^^^^^^^^^^^^^^^^^
[INFO] [stderr] ...
[INFO] [stderr] 104 | repository = "https://github.com/Plonky3/Plonky3"
[INFO] [stderr]     |              ------------------------------------
[INFO] [stderr]     |
[INFO] [stderr]     = note: `cargo::redundant_homepage` is set to `warn` by default
[INFO] [stderr] help: consider removing `package.homepage`
[INFO] [stderr] warning: `p3-word-backend` (manifest) generated 1 warning
[INFO] running `Command { std: "docker" "create" "-v" "/var/lib/crater-agent-workspace/builds/worker-4-tc2/source:/opt/rustwide/workdir:ro,Z" "-v" "/var/lib/crater-agent-workspace/builds/worker-4-tc2/target:/opt/rustwide/target:rw,Z" "-v" "/var/lib/crater-agent-workspace/cargo-home:/opt/rustwide/cargo-home:ro,Z" "-v" "/var/lib/crater-agent-workspace/rustup-home:/opt/rustwide/rustup-home:ro,Z" "-m" "1610612736" "--network" "none" "ghcr.io/rust-lang/crates-build-env/linux@sha256:77db811e55d90add9212f6832c23229e3de5f1c1f9905e8cb07319ea15df73ac" "sleep" "infinity", kill_on_drop: false }`
[INFO] [stdout] 05f92e53c61278a34278021c1407726667e2ddc367cb6d548215f63654afd56f
[INFO] running `Command { std: "docker" "start" "05f92e53c61278a34278021c1407726667e2ddc367cb6d548215f63654afd56f", kill_on_drop: false }`
[INFO] running `Command { std: "docker" "inspect" "05f92e53c61278a34278021c1407726667e2ddc367cb6d548215f63654afd56f", kill_on_drop: false }`
[INFO] running `Command { std: "docker" "exec" "-e" "SOURCE_DIR=/opt/rustwide/workdir" "-e" "CARGO_HOME=/opt/rustwide/cargo-home" "-e" "RUSTUP_HOME=/opt/rustwide/rustup-home" "-e" "CARGO_TARGET_DIR=/opt/rustwide/target" "-w" "/opt/rustwide/workdir" "--user" "0:0" "05f92e53c61278a34278021c1407726667e2ddc367cb6d548215f63654afd56f" "/opt/rustwide/cargo-home/bin/cargo" "+1.100.0-beta.1" "metadata" "--no-deps" "--format-version=1", kill_on_drop: false }`
[INFO] running `Command { std: "docker" "inspect" "05f92e53c61278a34278021c1407726667e2ddc367cb6d548215f63654afd56f", kill_on_drop: false }`
[INFO] running `Command { std: "docker" "exec" "-e" "SOURCE_DIR=/opt/rustwide/workdir" "-e" "CARGO_HOME=/opt/rustwide/cargo-home" "-e" "RUSTUP_HOME=/opt/rustwide/rustup-home" "-e" "CARGO_TARGET_DIR=/opt/rustwide/target" "-e" "CARGO_INCREMENTAL=0" "-e" "RUST_BACKTRACE=full" "-e" "RUSTFLAGS=--cap-lints=warn" "-e" "RUSTDOCFLAGS=--cap-lints=warn" "-w" "/opt/rustwide/workdir" "--user" "0:0" "05f92e53c61278a34278021c1407726667e2ddc367cb6d548215f63654afd56f" "/opt/rustwide/cargo-home/bin/cargo" "+1.100.0-beta.1" "build" "--frozen" "--message-format=json" "--release", kill_on_drop: false }`
[INFO] [stderr] warning: `package.homepage` is redundant with `package.repository`
[INFO] [stderr]    --> Cargo.toml:99:12
[INFO] [stderr]     |
[INFO] [stderr]  99 | homepage = "https://github.com/Plonky3/Plonky3"
[INFO] [stderr]     |            ^^^^^^^^^^^^^^^^^^^^^^^^^^^^^^^^^^^^
[INFO] [stderr] ...
[INFO] [stderr] 104 | repository = "https://github.com/Plonky3/Plonky3"
[INFO] [stderr]     |              ------------------------------------
[INFO] [stderr]     |
[INFO] [stderr]     = note: `cargo::redundant_homepage` is set to `warn` by default
[INFO] [stderr] help: consider removing `package.homepage`
[INFO] [stderr] warning: `p3-word-backend` (manifest) generated 1 warning
[INFO] [stderr]    Compiling unicode-ident v1.0.26
[INFO] [stderr]    Compiling serde_core v1.0.229
[INFO] [stderr]    Compiling serde v1.0.229
[INFO] [stderr]    Compiling rand_core v0.10.1
[INFO] [stderr]    Compiling p3-maybe-rayon v0.9.0-rc.1
[INFO] [stderr]    Compiling tracing-core v0.1.36
[INFO] [stderr]    Compiling thiserror v2.0.21
[INFO] [stderr]    Compiling num-traits v0.2.19
[INFO] [stderr]    Compiling itertools v0.15.0
[INFO] [stderr]    Compiling crunchy v0.2.4
[INFO] [stderr]    Compiling tiny-keccak v2.0.2
[INFO] [stderr]    Compiling libm v0.2.16
[INFO] [stderr]    Compiling spin v0.12.3
[INFO] [stderr]    Compiling proc-macro2 v1.0.107
[INFO] [stderr]    Compiling chacha20 v0.10.2
[INFO] [stderr]    Compiling rand v0.10.3
[INFO] [stderr]    Compiling quote v1.0.47
[INFO] [stderr]    Compiling syn v3.0.7
[INFO] [stderr]    Compiling syn v2.0.119
[INFO] [stderr]    Compiling num-integer v0.1.47
[INFO] [stderr]    Compiling num-bigint v0.5.1
[INFO] [stderr]    Compiling serde_derive v1.0.229
[INFO] [stderr]    Compiling thiserror-impl v2.0.21
[INFO] [stderr]    Compiling p3-word v0.9.0-rc.1
[INFO] [stderr]    Compiling tracing-attributes v0.1.31
[INFO] [stderr]    Compiling tracing v0.1.44
[INFO] [stderr]    Compiling p3-util v0.9.0-rc.1
[INFO] [stderr]    Compiling p3-field v0.9.0-rc.1
[INFO] [stderr]    Compiling p3-matrix v0.9.0-rc.1
[INFO] [stderr]    Compiling p3-symmetric v0.9.0-rc.1
[INFO] [stderr]    Compiling p3-keccak v0.9.0-rc.1
[INFO] [stderr]    Compiling p3-challenger v0.9.0-rc.1
[INFO] [stderr]    Compiling p3-dft v0.9.0-rc.1
[INFO] [stderr]    Compiling p3-air v0.9.0-rc.1
[INFO] [stderr]    Compiling p3-multilinear-util v0.9.0-rc.1
[INFO] [stderr]    Compiling p3-binary-field v0.9.0-rc.1
[INFO] [stderr]    Compiling p3-commit v0.9.0-rc.1
[INFO] [stderr]    Compiling p3-zk-codes v0.9.0-rc.1
[INFO] [stderr]    Compiling p3-merkle-tree v0.9.0-rc.1
[INFO] [stderr]    Compiling p3-security v0.9.0-rc.1
[INFO] [stderr]    Compiling p3-sumcheck v0.9.0-rc.1
[INFO] [stderr]    Compiling p3-binary-dft v0.9.0-rc.1
[INFO] [stderr]    Compiling p3-whir v0.9.0-rc.1
[INFO] [stderr]    Compiling p3-binary-pcs v0.9.0-rc.1
[INFO] [stderr]    Compiling p3-word-backend v0.9.0-rc.1 (/opt/rustwide/workdir)
[INFO] [stderr]     Finished `release` profile [optimized] target(s) in 41.03s
[INFO] running `Command { std: "docker" "inspect" "05f92e53c61278a34278021c1407726667e2ddc367cb6d548215f63654afd56f", kill_on_drop: false }`
[INFO] running `Command { std: "docker" "exec" "-e" "SOURCE_DIR=/opt/rustwide/workdir" "-e" "CARGO_HOME=/opt/rustwide/cargo-home" "-e" "RUSTUP_HOME=/opt/rustwide/rustup-home" "-e" "CARGO_TARGET_DIR=/opt/rustwide/target" "-e" "CARGO_INCREMENTAL=0" "-e" "RUST_BACKTRACE=full" "-e" "RUSTFLAGS=--cap-lints=warn" "-e" "RUSTDOCFLAGS=--cap-lints=warn" "-w" "/opt/rustwide/workdir" "--user" "0:0" "05f92e53c61278a34278021c1407726667e2ddc367cb6d548215f63654afd56f" "/opt/rustwide/cargo-home/bin/cargo" "+1.100.0-beta.1" "test" "--frozen" "--no-run" "--message-format=json" "--release", kill_on_drop: false }`
[INFO] [stderr] warning: `package.homepage` is redundant with `package.repository`
[INFO] [stderr]    --> Cargo.toml:99:12
[INFO] [stderr]     |
[INFO] [stderr]  99 | homepage = "https://github.com/Plonky3/Plonky3"
[INFO] [stderr]     |            ^^^^^^^^^^^^^^^^^^^^^^^^^^^^^^^^^^^^
[INFO] [stderr] ...
[INFO] [stderr] 104 | repository = "https://github.com/Plonky3/Plonky3"
[INFO] [stderr]     |              ------------------------------------
[INFO] [stderr]     |
[INFO] [stderr]     = note: `cargo::redundant_homepage` is set to `warn` by default
[INFO] [stderr] help: consider removing `package.homepage`
[INFO] [stderr] warning: `p3-word-backend` (manifest) generated 1 warning
[INFO] [stderr]    Compiling syn v2.0.119
[INFO] [stderr]    Compiling either v1.19.0
[INFO] [stderr]    Compiling getrandom v0.4.3
[INFO] [stderr]    Compiling zerocopy v0.8.62
[INFO] [stderr]    Compiling find-msvc-tools v0.1.14
[INFO] [stderr]    Compiling serde v1.0.229
[INFO] [stderr]    Compiling serde_json v1.0.152
[INFO] [stderr]    Compiling num-integer v0.1.47
[INFO] [stderr]    Compiling clap_lex v1.1.1
[INFO] [stderr]    Compiling plotters v0.3.7
[INFO] [stderr]    Compiling page_size v0.6.0
[INFO] [stderr]    Compiling cobs v0.3.0
[INFO] [stderr]    Compiling rand_xorshift v0.5.0
[INFO] [stderr]    Compiling bitflags v2.13.2
[INFO] [stderr]    Compiling core_detect v1.0.0
[INFO] [stderr]    Compiling clap_builder v4.6.7
[INFO] [stderr]    Compiling cc v1.7.0
[INFO] [stderr]    Compiling itertools v0.15.0
[INFO] [stderr]    Compiling itertools v0.13.0
[INFO] [stderr]    Compiling rayon v1.12.0
[INFO] [stderr]    Compiling rand v0.10.3
[INFO] [stderr]    Compiling num-bigint v0.5.1
[INFO] [stderr]    Compiling proptest v1.12.0
[INFO] [stderr]    Compiling p3-util v0.9.0-rc.1
[INFO] [stderr]    Compiling postcard v1.1.3
[INFO] [stderr]    Compiling alloca v0.4.0
[INFO] [stderr]    Compiling tinytemplate v1.2.1
[INFO] [stderr]    Compiling criterion-plot v0.8.2
[INFO] [stderr]    Compiling clap v4.6.7
[INFO] [stderr]    Compiling tracing-attributes v0.1.31
[INFO] [stderr]    Compiling zerocopy-derive v0.8.62
[INFO] [stderr]    Compiling tracing v0.1.44
[INFO] [stderr]    Compiling p3-field v0.9.0-rc.1
[INFO] [stderr]    Compiling p3-matrix v0.9.0-rc.1
[INFO] [stderr]    Compiling p3-symmetric v0.9.0-rc.1
[INFO] [stderr]    Compiling p3-keccak v0.9.0-rc.1
[INFO] [stderr]    Compiling p3-challenger v0.9.0-rc.1
[INFO] [stderr]    Compiling p3-dft v0.9.0-rc.1
[INFO] [stderr]    Compiling p3-air v0.9.0-rc.1
[INFO] [stderr]    Compiling p3-multilinear-util v0.9.0-rc.1
[INFO] [stderr]    Compiling p3-binary-field v0.9.0-rc.1
[INFO] [stderr]    Compiling p3-commit v0.9.0-rc.1
[INFO] [stderr]    Compiling p3-zk-codes v0.9.0-rc.1
[INFO] [stderr]    Compiling p3-security v0.9.0-rc.1
[INFO] [stderr]    Compiling p3-merkle-tree v0.9.0-rc.1
[INFO] [stderr]    Compiling half v2.7.1
[INFO] [stderr]    Compiling ciborium-ll v0.2.2
[INFO] [stderr]    Compiling ciborium v0.2.2
[INFO] [stderr]    Compiling criterion v0.8.2
[INFO] [stderr]    Compiling p3-sumcheck v0.9.0-rc.1
[INFO] [stderr]    Compiling p3-binary-dft v0.9.0-rc.1
[INFO] [stderr]    Compiling p3-whir v0.9.0-rc.1
[INFO] [stderr]    Compiling p3-binary-pcs v0.9.0-rc.1
[INFO] [stderr]    Compiling p3-word-backend v0.9.0-rc.1 (/opt/rustwide/workdir)
[INFO] [stdout] error[E0432]: unresolved import `p3_keccak`
[INFO] [stdout]    --> src/integer_mul/mod.rs:689:9
[INFO] [stdout]     |
[INFO] [stdout] 689 |     use p3_keccak::Keccak256Hash;
[INFO] [stdout]     |         ^^^^^^^^^ use of unresolved module or unlinked crate `p3_keccak`
[INFO] [stdout]     |
[INFO] [stdout]     = help: if you wanted to use a crate named `p3_keccak`, use `cargo add p3_keccak` to add it to your `Cargo.toml`
[INFO] [stdout] 
[INFO] [stdout] 
[INFO] [stdout] error[E0432]: unresolved import `p3_keccak`
[INFO] [stdout]    --> src/proof/key.rs:257:9
[INFO] [stdout]     |
[INFO] [stdout] 257 |     use p3_keccak::Keccak256Hash;
[INFO] [stdout]     |         ^^^^^^^^^ use of unresolved module or unlinked crate `p3_keccak`
[INFO] [stdout]     |
[INFO] [stdout]     = help: if you wanted to use a crate named `p3_keccak`, use `cargo add p3_keccak` to add it to your `Cargo.toml`
[INFO] [stdout] 
[INFO] [stdout] 
[INFO] [stdout] error[E0432]: unresolved import `p3_merkle_tree`
[INFO] [stdout]    --> src/proof/key.rs:258:9
[INFO] [stdout]     |
[INFO] [stdout] 258 |     use p3_merkle_tree::MerkleTreeMmcs;
[INFO] [stdout]     |         ^^^^^^^^^^^^^^ use of unresolved module or unlinked crate `p3_merkle_tree`
[INFO] [stdout]     |
[INFO] [stdout]     = help: if you wanted to use a crate named `p3_merkle_tree`, use `cargo add p3_merkle_tree` to add it to your `Cargo.toml`
[INFO] [stdout] 
[INFO] [stdout] 
[INFO] [stdout] error[E0432]: unresolved import `p3_symmetric`
[INFO] [stdout]    --> src/proof/key.rs:259:9
[INFO] [stdout]     |
[INFO] [stdout] 259 |     use p3_symmetric::{CompressionFunctionFromHasher, SerializingHasher};
[INFO] [stdout]     |         ^^^^^^^^^^^^ use of unresolved module or unlinked crate `p3_symmetric`
[INFO] [stdout]     |
[INFO] [stdout]     = help: if you wanted to use a crate named `p3_symmetric`, use `cargo add p3_symmetric` to add it to your `Cargo.toml`
[INFO] [stdout] 
[INFO] [stdout] 
[INFO] [stdout] error[E0432]: unresolved import `p3_commit`
[INFO] [stdout]  --> src/proof/product_tests.rs:9:5
[INFO] [stdout]   |
[INFO] [stdout] 9 | use p3_commit::Mmcs;
[INFO] [stdout]   |     ^^^^^^^^^ use of unresolved module or unlinked crate `p3_commit`
[INFO] [stdout]   |
[INFO] [stdout]   = help: if you wanted to use a crate named `p3_commit`, use `cargo add p3_commit` to add it to your `Cargo.toml`
[INFO] [stdout] 
[INFO] [stdout] 
[INFO] [stdout] error[E0432]: unresolved import `p3_keccak`
[INFO] [stdout]   --> src/proof/product_tests.rs:11:5
[INFO] [stdout]    |
[INFO] [stdout] 11 | use p3_keccak::Keccak256Hash;
[INFO] [stdout]    |     ^^^^^^^^^ use of unresolved module or unlinked crate `p3_keccak`
[INFO] [stdout]    |
[INFO] [stdout]    = help: if you wanted to use a crate named `p3_keccak`, use `cargo add p3_keccak` to add it to your `Cargo.toml`
[INFO] [stdout] 
[INFO] [stdout] 
[INFO] [stdout] error[E0432]: unresolved import `p3_merkle_tree`
[INFO] [stdout]   --> src/proof/product_tests.rs:12:5
[INFO] [stdout]    |
[INFO] [stdout] 12 | use p3_merkle_tree::MerkleTreeMmcs;
[INFO] [stdout]    |     ^^^^^^^^^^^^^^ use of unresolved module or unlinked crate `p3_merkle_tree`
[INFO] [stdout]    |
[INFO] [stdout]    = help: if you wanted to use a crate named `p3_merkle_tree`, use `cargo add p3_merkle_tree` to add it to your `Cargo.toml`
[INFO] [stdout] 
[INFO] [stdout] 
[INFO] [stdout] error[E0432]: unresolved import `p3_symmetric`
[INFO] [stdout]   --> src/proof/product_tests.rs:13:5
[INFO] [stdout]    |
[INFO] [stdout] 13 | use p3_symmetric::{CompressionFunctionFromHasher, SerializingHasher};
[INFO] [stdout]    |     ^^^^^^^^^^^^ use of unresolved module or unlinked crate `p3_symmetric`
[INFO] [stdout]    |
[INFO] [stdout]    = help: if you wanted to use a crate named `p3_symmetric`, use `cargo add p3_symmetric` to add it to your `Cargo.toml`
[INFO] [stdout] 
[INFO] [stdout] 
[INFO] [stdout] error[E0432]: unresolved import `p3_keccak`
[INFO] [stdout]    --> src/proof/relation.rs:248:9
[INFO] [stdout]     |
[INFO] [stdout] 248 |     use p3_keccak::Keccak256Hash;
[INFO] [stdout]     |         ^^^^^^^^^ use of unresolved module or unlinked crate `p3_keccak`
[INFO] [stdout]     |
[INFO] [stdout]     = help: if you wanted to use a crate named `p3_keccak`, use `cargo add p3_keccak` to add it to your `Cargo.toml`
[INFO] [stdout] 
[INFO] [stdout] 
[INFO] [stdout] error[E0432]: unresolved import `p3_keccak`
[INFO] [stdout]    --> src/proof/transcript.rs:326:9
[INFO] [stdout]     |
[INFO] [stdout] 326 |     use p3_keccak::Keccak256Hash;
[INFO] [stdout]     |         ^^^^^^^^^ use of unresolved module or unlinked crate `p3_keccak`
[INFO] [stdout]     |
[INFO] [stdout]     = help: if you wanted to use a crate named `p3_keccak`, use `cargo add p3_keccak` to add it to your `Cargo.toml`
[INFO] [stdout] 
[INFO] [stdout] 
[INFO] [stdout] error[E0432]: unresolved import `p3_commit`
[INFO] [stdout]    --> src/proof/verifier.rs:154:9
[INFO] [stdout]     |
[INFO] [stdout] 154 |     use p3_commit::Mmcs;
[INFO] [stdout]     |         ^^^^^^^^^ use of unresolved module or unlinked crate `p3_commit`
[INFO] [stdout]     |
[INFO] [stdout]     = help: if you wanted to use a crate named `p3_commit`, use `cargo add p3_commit` to add it to your `Cargo.toml`
[INFO] [stdout] 
[INFO] [stdout] 
[INFO] [stdout] error[E0432]: unresolved import `p3_keccak`
[INFO] [stdout]    --> src/proof/verifier.rs:156:9
[INFO] [stdout]     |
[INFO] [stdout] 156 |     use p3_keccak::Keccak256Hash;
[INFO] [stdout]     |         ^^^^^^^^^ use of unresolved module or unlinked crate `p3_keccak`
[INFO] [stdout]     |
[INFO] [stdout]     = help: if you wanted to use a crate named `p3_keccak`, use `cargo add p3_keccak` to add it to your `Cargo.toml`
[INFO] [stdout] 
[INFO] [stdout] 
[INFO] [stdout] error[E0432]: unresolved import `p3_merkle_tree`
[INFO] [stdout]    --> src/proof/verifier.rs:157:9
[INFO] [stdout]     |
[INFO] [stdout] 157 |     use p3_merkle_tree::MerkleTreeMmcs;
[INFO] [stdout]     |         ^^^^^^^^^^^^^^ use of unresolved module or unlinked crate `p3_merkle_tree`
[INFO] [stdout]     |
[INFO] [stdout]     = help: if you wanted to use a crate named `p3_merkle_tree`, use `cargo add p3_merkle_tree` to add it to your `Cargo.toml`
[INFO] [stdout] 
[INFO] [stdout] 
[INFO] [stdout] error[E0432]: unresolved import `p3_symmetric`
[INFO] [stdout]    --> src/proof/verifier.rs:159:9
[INFO] [stdout]     |
[INFO] [stdout] 159 |     use p3_symmetric::{CompressionFunctionFromHasher, SerializingHasher};
[INFO] [stdout]     |         ^^^^^^^^^^^^ use of unresolved module or unlinked crate `p3_symmetric`
[INFO] [stdout]     |
[INFO] [stdout]     = help: if you wanted to use a crate named `p3_symmetric`, use `cargo add p3_symmetric` to add it to your `Cargo.toml`
[INFO] [stdout] 
[INFO] [stdout] 
[INFO] [stdout] error[E0432]: unresolved import `p3_keccak`
[INFO] [stdout]    --> src/shift/transcript.rs:411:9
[INFO] [stdout]     |
[INFO] [stdout] 411 |     use p3_keccak::Keccak256Hash;
[INFO] [stdout]     |         ^^^^^^^^^ use of unresolved module or unlinked crate `p3_keccak`
[INFO] [stdout]     |
[INFO] [stdout]     = help: if you wanted to use a crate named `p3_keccak`, use `cargo add p3_keccak` to add it to your `Cargo.toml`
[INFO] [stdout] 
[INFO] [stdout] 
[INFO] [stdout] error[E0432]: unresolved import `p3_keccak`
[INFO] [stdout]    --> src/shift/mod.rs:413:9
[INFO] [stdout]     |
[INFO] [stdout] 413 |     use p3_keccak::Keccak256Hash;
[INFO] [stdout]     |         ^^^^^^^^^ use of unresolved module or unlinked crate `p3_keccak`
[INFO] [stdout]     |
[INFO] [stdout]     = help: if you wanted to use a crate named `p3_keccak`, use `cargo add p3_keccak` to add it to your `Cargo.toml`
[INFO] [stdout] 
[INFO] [stdout] 
[INFO] [stdout] error[E0432]: unresolved import `p3_keccak`
[INFO] [stdout]   --> examples/component_scaling.rs:26:5
[INFO] [stdout]    |
[INFO] [stdout] 26 | use p3_keccak::Keccak256Hash;
[INFO] [stdout]    |     ^^^^^^^^^ use of unresolved module or unlinked crate `p3_keccak`
[INFO] [stdout]    |
[INFO] [stdout]    = help: if you wanted to use a crate named `p3_keccak`, use `cargo add p3_keccak` to add it to your `Cargo.toml`
[INFO] [stdout] 
[INFO] [stdout] 
[INFO] [stdout] error[E0432]: unresolved import `p3_merkle_tree`
[INFO] [stdout]   --> examples/component_scaling.rs:27:5
[INFO] [stdout]    |
[INFO] [stdout] 27 | use p3_merkle_tree::MerkleTreeMmcs;
[INFO] [stdout]    |     ^^^^^^^^^^^^^^ use of unresolved module or unlinked crate `p3_merkle_tree`
[INFO] [stdout]    |
[INFO] [stdout]    = help: if you wanted to use a crate named `p3_merkle_tree`, use `cargo add p3_merkle_tree` to add it to your `Cargo.toml`
[INFO] [stdout] 
[INFO] [stdout] 
[INFO] [stdout] error[E0432]: unresolved import `p3_symmetric`
[INFO] [stdout]   --> examples/component_scaling.rs:28:5
[INFO] [stdout]    |
[INFO] [stdout] 28 | use p3_symmetric::{CompressionFunctionFromHasher, SerializingHasher};
[INFO] [stdout]    |     ^^^^^^^^^^^^ use of unresolved module or unlinked crate `p3_symmetric`
[INFO] [stdout]    |
[INFO] [stdout]    = help: if you wanted to use a crate named `p3_symmetric`, use `cargo add p3_symmetric` to add it to your `Cargo.toml`
[INFO] [stdout] 
[INFO] [stdout] 
[INFO] [stdout] error[E0432]: unresolved import `p3_commit`
[INFO] [stdout]   --> tests/component_composition.rs:18:5
[INFO] [stdout]    |
[INFO] [stdout] 18 | use p3_commit::Mmcs;
[INFO] [stdout]    |     ^^^^^^^^^ use of unresolved module or unlinked crate `p3_commit`
[INFO] [stdout]    |
[INFO] [stdout]    = help: if you wanted to use a crate named `p3_commit`, use `cargo add p3_commit` to add it to your `Cargo.toml`
[INFO] [stdout] 
[INFO] [stdout] 
[INFO] [stdout] error[E0432]: unresolved import `p3_keccak`
[INFO] [stdout]   --> tests/component_composition.rs:19:5
[INFO] [stdout]    |
[INFO] [stdout] 19 | use p3_keccak::Keccak256Hash;
[INFO] [stdout]    |     ^^^^^^^^^ use of unresolved module or unlinked crate `p3_keccak`
[INFO] [stdout]    |
[INFO] [stdout]    = help: if you wanted to use a crate named `p3_keccak`, use `cargo add p3_keccak` to add it to your `Cargo.toml`
[INFO] [stdout] 
[INFO] [stdout] 
[INFO] [stdout] error[E0432]: unresolved import `p3_merkle_tree`
[INFO] [stdout]   --> tests/component_composition.rs:20:5
[INFO] [stdout]    |
[INFO] [stdout] 20 | use p3_merkle_tree::MerkleTreeMmcs;
[INFO] [stdout]    |     ^^^^^^^^^^^^^^ use of unresolved module or unlinked crate `p3_merkle_tree`
[INFO] [stdout]    |
[INFO] [stdout]    = help: if you wanted to use a crate named `p3_merkle_tree`, use `cargo add p3_merkle_tree` to add it to your `Cargo.toml`
[INFO] [stdout] 
[INFO] [stdout] 
[INFO] [stdout] error[E0432]: unresolved import `p3_symmetric`
[INFO] [stdout]   --> tests/component_composition.rs:22:5
[INFO] [stdout]    |
[INFO] [stdout] 22 | use p3_symmetric::{CompressionFunctionFromHasher, SerializingHasher};
[INFO] [stdout]    |     ^^^^^^^^^^^^ use of unresolved module or unlinked crate `p3_symmetric`
[INFO] [stdout]    |
[INFO] [stdout]    = help: if you wanted to use a crate named `p3_symmetric`, use `cargo add p3_symmetric` to add it to your `Cargo.toml`
[INFO] [stdout] 
[INFO] [stdout] 
[INFO] [stdout] For more information about this error, try `rustc --explain E0432`.
[INFO] [stdout] 
[INFO] [stderr] error: could not compile `p3-word-backend` (example "component_scaling") due to 3 previous errors
[INFO] [stderr] warning: build failed, waiting for other jobs to finish...
[INFO] [stdout] For more information about this error, try `rustc --explain E0432`.
[INFO] [stdout] 
[INFO] [stderr] error: could not compile `p3-word-backend` (test "component_composition") due to 4 previous errors
[INFO] [stdout] error[E0614]: type `integer_mul::error::IntegerMulError` cannot be dereferenced
[INFO] [stdout]    --> src/proof/product_tests.rs:433:74
[INFO] [stdout]     |
[INFO] [stdout] 433 |             matches!(&verdict, Err(WordProofError::IntegerMul(error)) if *error == expected),
[INFO] [stdout]     |                                                                          ^^^^^^ can't be dereferenced
[INFO] [stdout] 
[INFO] [stdout] 
[INFO] [stdout] Some errors have detailed explanations: E0432, E0614.
[INFO] [stdout] 
[INFO] [stdout] For more information about an error, try `rustc --explain E0432`.
[INFO] [stdout] 
[INFO] [stderr] error: could not compile `p3-word-backend` (lib test) due to 17 previous errors
[INFO] running `Command { std: "docker" "inspect" "05f92e53c61278a34278021c1407726667e2ddc367cb6d548215f63654afd56f", kill_on_drop: false }`
[INFO] running `Command { std: "docker" "rm" "-f" "05f92e53c61278a34278021c1407726667e2ddc367cb6d548215f63654afd56f", kill_on_drop: false }`
[INFO] [stdout] 05f92e53c61278a34278021c1407726667e2ddc367cb6d548215f63654afd56f
