[INFO] fetching crate p3-whir 0.9.0-rc.1...
[INFO] testing p3-whir-0.9.0-rc.1 against 1.99.0-beta.8+cargoflags=--release for beta-release-1.100-2
[INFO] extracting crate p3-whir 0.9.0-rc.1 into /workspace/builds/worker-1-tc1/source
[INFO] started tweaking crates.io crate p3-whir 0.9.0-rc.1
[INFO] removed 0 missing examples
[INFO] removed 0 missing tests
[INFO] finished tweaking crates.io crate p3-whir 0.9.0-rc.1
[INFO] tweaked toml for crates.io crate p3-whir 0.9.0-rc.1 written to /workspace/builds/worker-1-tc1/source/Cargo.toml
[INFO] validating manifest of crates.io crate p3-whir 0.9.0-rc.1 on toolchain 1.99.0-beta.8
[INFO] running `Command { std: CARGO_HOME="/workspace/cargo-home" RUSTUP_HOME="/workspace/rustup-home" "/workspace/cargo-home/bin/cargo" "+1.99.0-beta.8" "metadata" "--manifest-path" "Cargo.toml" "--no-deps", kill_on_drop: false }`
[INFO] crate crates.io crate p3-whir 0.9.0-rc.1 already has a lockfile, it will not be regenerated
[INFO] running `Command { std: CARGO_HOME="/workspace/cargo-home" RUSTUP_HOME="/workspace/rustup-home" "/workspace/cargo-home/bin/cargo" "+1.99.0-beta.8" "fetch" "--manifest-path" "Cargo.toml", kill_on_drop: false }`
[INFO] [stderr]     Updating crates.io index
[INFO] [stderr]  Downloading crates ...
[INFO] [stderr]   Downloaded p3-matrix v0.9.0-rc.1
[INFO] [stderr]   Downloaded p3-zk-codes v0.9.0-rc.1
[INFO] [stderr]   Downloaded tracing-forest v0.3.1
[INFO] [stderr]   Downloaded spin v0.12.3
[INFO] [stderr]   Downloaded p3-dft v0.9.0-rc.1
[INFO] [stderr]   Downloaded p3-commit v0.9.0-rc.1
[INFO] [stderr]   Downloaded p3-air v0.9.0-rc.1
[INFO] [stderr]   Downloaded p3-multilinear-util v0.9.0-rc.1
[INFO] [stderr]   Downloaded p3-security v0.9.0-rc.1
[INFO] [stderr]   Downloaded p3-merkle-tree v0.9.0-rc.1
[INFO] [stderr]   Downloaded p3-binary-field v0.9.0-rc.1
[INFO] [stderr]   Downloaded p3-sumcheck v0.9.0-rc.1
[INFO] running `Command { std: "docker" "create" "-v" "/var/lib/crater-agent-workspace/builds/worker-1-tc1/source:/opt/rustwide/workdir:ro,Z" "-v" "/var/lib/crater-agent-workspace/builds/worker-1-tc1/target:/opt/rustwide/target:rw,Z" "-v" "/var/lib/crater-agent-workspace/cargo-home:/opt/rustwide/cargo-home:ro,Z" "-v" "/var/lib/crater-agent-workspace/rustup-home:/opt/rustwide/rustup-home:ro,Z" "-m" "1610612736" "--network" "none" "ghcr.io/rust-lang/crates-build-env/linux@sha256:77db811e55d90add9212f6832c23229e3de5f1c1f9905e8cb07319ea15df73ac" "sleep" "infinity", kill_on_drop: false }`
[INFO] [stdout] 2316aef1a3dd965265efa6dc9c588058401eb872ab87316de857ce9a8a3ccbc4
[INFO] running `Command { std: "docker" "start" "2316aef1a3dd965265efa6dc9c588058401eb872ab87316de857ce9a8a3ccbc4", kill_on_drop: false }`
[INFO] running `Command { std: "docker" "inspect" "2316aef1a3dd965265efa6dc9c588058401eb872ab87316de857ce9a8a3ccbc4", kill_on_drop: false }`
[INFO] running `Command { std: "docker" "exec" "-e" "SOURCE_DIR=/opt/rustwide/workdir" "-e" "CARGO_HOME=/opt/rustwide/cargo-home" "-e" "RUSTUP_HOME=/opt/rustwide/rustup-home" "-e" "CARGO_TARGET_DIR=/opt/rustwide/target" "-w" "/opt/rustwide/workdir" "--user" "0:0" "2316aef1a3dd965265efa6dc9c588058401eb872ab87316de857ce9a8a3ccbc4" "/opt/rustwide/cargo-home/bin/cargo" "+1.99.0-beta.8" "metadata" "--no-deps" "--format-version=1", kill_on_drop: false }`
[INFO] running `Command { std: "docker" "inspect" "2316aef1a3dd965265efa6dc9c588058401eb872ab87316de857ce9a8a3ccbc4", kill_on_drop: false }`
[INFO] running `Command { std: "docker" "exec" "-e" "SOURCE_DIR=/opt/rustwide/workdir" "-e" "CARGO_HOME=/opt/rustwide/cargo-home" "-e" "RUSTUP_HOME=/opt/rustwide/rustup-home" "-e" "CARGO_TARGET_DIR=/opt/rustwide/target" "-e" "CARGO_INCREMENTAL=0" "-e" "RUST_BACKTRACE=full" "-e" "RUSTFLAGS=--cap-lints=warn" "-e" "RUSTDOCFLAGS=--cap-lints=warn" "-w" "/opt/rustwide/workdir" "--user" "0:0" "2316aef1a3dd965265efa6dc9c588058401eb872ab87316de857ce9a8a3ccbc4" "/opt/rustwide/cargo-home/bin/cargo" "+1.99.0-beta.8" "build" "--frozen" "--message-format=json" "--release", kill_on_drop: false }`
[INFO] [stderr]    Compiling serde_core v1.0.229
[INFO] [stderr]    Compiling serde v1.0.229
[INFO] [stderr]    Compiling rand_core v0.10.1
[INFO] [stderr]    Compiling cpufeatures v0.3.1
[INFO] [stderr]    Compiling cfg-if v1.0.5
[INFO] [stderr]    Compiling either v1.19.0
[INFO] [stderr]    Compiling p3-maybe-rayon v0.9.0-rc.1
[INFO] [stderr]    Compiling tracing-core v0.1.36
[INFO] [stderr]    Compiling thiserror v2.0.21
[INFO] [stderr]    Compiling num-traits v0.2.19
[INFO] [stderr]    Compiling crunchy v0.2.4
[INFO] [stderr]    Compiling tiny-keccak v2.0.2
[INFO] [stderr]    Compiling spin v0.12.3
[INFO] [stderr]    Compiling syn v3.0.7
[INFO] [stderr]    Compiling syn v2.0.119
[INFO] [stderr]    Compiling chacha20 v0.10.2
[INFO] [stderr]    Compiling itertools v0.15.0
[INFO] [stderr]    Compiling rand v0.10.3
[INFO] [stderr]    Compiling num-integer v0.1.47
[INFO] [stderr]    Compiling num-bigint v0.5.1
[INFO] [stderr]    Compiling serde_derive v1.0.229
[INFO] [stderr]    Compiling thiserror-impl v2.0.21
[INFO] [stderr]    Compiling tracing-attributes v0.1.31
[INFO] [stderr]    Compiling p3-util v0.9.0-rc.1
[INFO] [stderr]    Compiling tracing v0.1.44
[INFO] [stderr]    Compiling p3-field v0.9.0-rc.1
[INFO] [stderr]    Compiling p3-matrix v0.9.0-rc.1
[INFO] [stderr]    Compiling p3-symmetric v0.9.0-rc.1
[INFO] [stderr]    Compiling p3-keccak v0.9.0-rc.1
[INFO] [stderr]    Compiling p3-challenger v0.9.0-rc.1
[INFO] [stderr]    Compiling p3-dft v0.9.0-rc.1
[INFO] [stderr]    Compiling p3-air v0.9.0-rc.1
[INFO] [stderr]    Compiling p3-multilinear-util v0.9.0-rc.1
[INFO] [stderr]    Compiling p3-binary-field v0.9.0-rc.1
[INFO] [stderr]    Compiling p3-commit v0.9.0-rc.1
[INFO] [stderr]    Compiling p3-zk-codes v0.9.0-rc.1
[INFO] [stderr]    Compiling p3-security v0.9.0-rc.1
[INFO] [stderr]    Compiling p3-merkle-tree v0.9.0-rc.1
[INFO] [stderr]    Compiling p3-sumcheck v0.9.0-rc.1
[INFO] [stderr]    Compiling p3-whir v0.9.0-rc.1 (/opt/rustwide/workdir)
[INFO] [stderr]     Finished `release` profile [optimized] target(s) in 36.67s
[INFO] running `Command { std: "docker" "inspect" "2316aef1a3dd965265efa6dc9c588058401eb872ab87316de857ce9a8a3ccbc4", kill_on_drop: false }`
[INFO] running `Command { std: "docker" "exec" "-e" "SOURCE_DIR=/opt/rustwide/workdir" "-e" "CARGO_HOME=/opt/rustwide/cargo-home" "-e" "RUSTUP_HOME=/opt/rustwide/rustup-home" "-e" "CARGO_TARGET_DIR=/opt/rustwide/target" "-e" "CARGO_INCREMENTAL=0" "-e" "RUST_BACKTRACE=full" "-e" "RUSTFLAGS=--cap-lints=warn" "-e" "RUSTDOCFLAGS=--cap-lints=warn" "-w" "/opt/rustwide/workdir" "--user" "0:0" "2316aef1a3dd965265efa6dc9c588058401eb872ab87316de857ce9a8a3ccbc4" "/opt/rustwide/cargo-home/bin/cargo" "+1.99.0-beta.8" "test" "--frozen" "--no-run" "--message-format=json" "--release", kill_on_drop: false }`
[INFO] [stderr]    Compiling libc v0.2.190
[INFO] [stderr]    Compiling either v1.19.0
[INFO] [stderr]    Compiling getrandom v0.4.3
[INFO] [stderr]    Compiling num-traits v0.2.19
[INFO] [stderr]    Compiling crossbeam-utils v0.8.23
[INFO] [stderr]    Compiling zerocopy v0.8.62
[INFO] [stderr]    Compiling crossbeam-epoch v0.9.21
[INFO] [stderr]    Compiling regex-automata v0.4.18
[INFO] [stderr]    Compiling syn v3.0.7
[INFO] [stderr]    Compiling syn v2.0.119
[INFO] [stderr]    Compiling find-msvc-tools v0.1.14
[INFO] [stderr]    Compiling crossbeam-deque v0.8.8
[INFO] [stderr]    Compiling utf8parse v0.2.2
[INFO] [stderr]    Compiling colorchoice v1.0.5
[INFO] [stderr]    Compiling anstyle v1.0.14
[INFO] [stderr]    Compiling serde_json v1.0.152
[INFO] [stderr]    Compiling anstyle-parse v1.0.0
[INFO] [stderr]    Compiling is_terminal_polyfill v1.70.2
[INFO] [stderr]    Compiling anstyle-query v1.1.5
[INFO] [stderr]    Compiling lazy_static v1.5.1
[INFO] [stderr]    Compiling strsim v0.11.1
[INFO] [stderr]    Compiling plotters-backend v0.3.7
[INFO] [stderr]    Compiling anstream v1.0.0
[INFO] [stderr]    Compiling ciborium-io v0.2.2
[INFO] [stderr]    Compiling clap_lex v1.1.1
[INFO] [stderr]    Compiling sharded-slab v0.1.7
[INFO] [stderr]    Compiling thread_local v1.1.10
[INFO] [stderr]    Compiling cc v1.7.0
[INFO] [stderr]    Compiling itertools v0.15.0
[INFO] [stderr]    Compiling itertools v0.13.0
[INFO] [stderr]    Compiling plotters-svg v0.3.7
[INFO] [stderr]    Compiling cast v0.3.0
[INFO] [stderr]    Compiling clap_builder v4.6.7
[INFO] [stderr]    Compiling smallvec v1.16.3
[INFO] [stderr]    Compiling rand_xorshift v0.5.0
[INFO] [stderr]    Compiling oorandom v11.1.5
[INFO] [stderr]    Compiling bitflags v2.13.2
[INFO] [stderr]    Compiling ansi_term v0.12.1
[INFO] [stderr]    Compiling core_detect v1.0.0
[INFO] [stderr]    Compiling rayon-core v1.13.0
[INFO] [stderr]    Compiling anes v0.1.6
[INFO] [stderr]    Compiling num-integer v0.1.47
[INFO] [stderr]    Compiling plotters v0.3.7
[INFO] [stderr]    Compiling num-bigint v0.5.1
[INFO] [stderr]    Compiling rayon v1.12.0
[INFO] [stderr]    Compiling page_size v0.6.0
[INFO] [stderr]    Compiling rand v0.10.3
[INFO] [stderr]    Compiling alloca v0.4.0
[INFO] [stderr]    Compiling criterion-plot v0.8.2
[INFO] [stderr]    Compiling proptest v1.12.0
[INFO] [stderr]    Compiling serde_derive v1.0.229
[INFO] [stderr]    Compiling thiserror-impl v2.0.21
[INFO] [stderr]    Compiling clap_derive v4.6.7
[INFO] [stderr]    Compiling thiserror v2.0.21
[INFO] [stderr]    Compiling matchers v0.2.0
[INFO] [stderr]    Compiling cobs v0.3.0
[INFO] [stderr]    Compiling regex v1.13.1
[INFO] [stderr]    Compiling tracing-attributes v0.1.31
[INFO] [stderr]    Compiling zerocopy-derive v0.8.62
[INFO] [stderr]    Compiling clap v4.6.7
[INFO] [stderr]    Compiling serde v1.0.229
[INFO] [stderr]    Compiling tracing v0.1.44
[INFO] [stderr]    Compiling tracing-subscriber v0.3.23
[INFO] [stderr]    Compiling p3-util v0.9.0-rc.1
[INFO] [stderr]    Compiling tinytemplate v1.2.1
[INFO] [stderr]    Compiling postcard v1.1.3
[INFO] [stderr]    Compiling p3-field v0.9.0-rc.1
[INFO] [stderr]    Compiling tracing-forest v0.3.1
[INFO] [stderr]    Compiling p3-matrix v0.9.0-rc.1
[INFO] [stderr]    Compiling p3-symmetric v0.9.0-rc.1
[INFO] [stderr]    Compiling p3-keccak v0.9.0-rc.1
[INFO] [stderr]    Compiling p3-challenger v0.9.0-rc.1
[INFO] [stderr]    Compiling p3-dft v0.9.0-rc.1
[INFO] [stderr]    Compiling p3-air v0.9.0-rc.1
[INFO] [stderr]    Compiling p3-multilinear-util v0.9.0-rc.1
[INFO] [stderr]    Compiling p3-binary-field v0.9.0-rc.1
[INFO] [stderr]    Compiling p3-commit v0.9.0-rc.1
[INFO] [stderr]    Compiling p3-zk-codes v0.9.0-rc.1
[INFO] [stderr]    Compiling p3-security v0.9.0-rc.1
[INFO] [stderr]    Compiling p3-merkle-tree v0.9.0-rc.1
[INFO] [stderr]    Compiling half v2.7.1
[INFO] [stderr]    Compiling ciborium-ll v0.2.2
[INFO] [stderr]    Compiling ciborium v0.2.2
[INFO] [stderr]    Compiling p3-sumcheck v0.9.0-rc.1
[INFO] [stderr]    Compiling criterion v0.8.2
[INFO] [stderr]    Compiling p3-whir v0.9.0-rc.1 (/opt/rustwide/workdir)
[INFO] [stdout] error[E0432]: unresolved import `p3_commit::testing`
[INFO] [stdout]   --> src/pcs/zk/tests.rs:9:16
[INFO] [stdout]    |
[INFO] [stdout]  9 | use p3_commit::testing::assert_multilinear_commit_contract;
[INFO] [stdout]    |                ^^^^^^^ could not find `testing` in `p3_commit`
[INFO] [stdout]    |
[INFO] [stdout] note: found an item that was configured out
[INFO] [stdout]   --> /opt/rustwide/cargo-home/registry/src/index.crates.io-1949cf8c6b5b557f/p3-commit-0.9.0-rc.1/src/lib.rs:14:9
[INFO] [stdout]    |
[INFO] [stdout] 13 | #[cfg(any(test, feature = "test-utils"))]
[INFO] [stdout]    |          ------------------------------ the item is gated here
[INFO] [stdout] 14 | pub mod testing;
[INFO] [stdout]    |         ^^^^^^^
[INFO] [stdout] 
[INFO] [stdout] 
[INFO] [stdout] error[E0432]: unresolved import `p3_commit::testing`
[INFO] [stdout]   --> src/pcs/tests.rs:10:16
[INFO] [stdout]    |
[INFO] [stdout] 10 | use p3_commit::testing::assert_multilinear_commit_contract;
[INFO] [stdout]    |                ^^^^^^^ could not find `testing` in `p3_commit`
[INFO] [stdout]    |
[INFO] [stdout] note: found an item that was configured out
[INFO] [stdout]   --> /opt/rustwide/cargo-home/registry/src/index.crates.io-1949cf8c6b5b557f/p3-commit-0.9.0-rc.1/src/lib.rs:14:9
[INFO] [stdout]    |
[INFO] [stdout] 13 | #[cfg(any(test, feature = "test-utils"))]
[INFO] [stdout]    |          ------------------------------ the item is gated here
[INFO] [stdout] 14 | pub mod testing;
[INFO] [stdout]    |         ^^^^^^^
[INFO] [stdout] 
[INFO] [stdout] 
[INFO] [stdout] error[E0432]: unresolved import `p3_sumcheck::test_util`
[INFO] [stdout]   --> src/pcs/tests.rs:18:18
[INFO] [stdout]    |
[INFO] [stdout] 18 | use p3_sumcheck::test_util::{random_table_specs, table_specs_to_tables};
[INFO] [stdout]    |                  ^^^^^^^^^ could not find `test_util` in `p3_sumcheck`
[INFO] [stdout]    |
[INFO] [stdout] note: found an item that was configured out
[INFO] [stdout]   --> /opt/rustwide/cargo-home/registry/src/index.crates.io-1949cf8c6b5b557f/p3-sumcheck-0.9.0-rc.1/src/lib.rs:44:9
[INFO] [stdout]    |
[INFO] [stdout] 43 | #[cfg(any(test, feature = "test-util"))]
[INFO] [stdout]    |          ----------------------------- the item is gated here
[INFO] [stdout] 44 | pub mod test_util;
[INFO] [stdout]    |         ^^^^^^^^^
[INFO] [stdout] 
[INFO] [stdout] 
[INFO] [stdout] error[E0432]: unresolved import `p3_challenger::testing`
[INFO] [stdout]     --> src/transcript/zk.rs:1732:24
[INFO] [stdout]      |
[INFO] [stdout] 1732 |     use p3_challenger::testing::{assert_seeds_pairwise_distinct, pow_difficulties, seed_digest};
[INFO] [stdout]      |                        ^^^^^^^ could not find `testing` in `p3_challenger`
[INFO] [stdout]      |
[INFO] [stdout] note: found an item that was configured out
[INFO] [stdout]     --> /opt/rustwide/cargo-home/registry/src/index.crates.io-1949cf8c6b5b557f/p3-challenger-0.9.0-rc.1/src/lib.rs:21:9
[INFO] [stdout]      |
[INFO] [stdout]   20 | #[cfg(any(test, feature = "test-utils"))]
[INFO] [stdout]      |          ------------------------------ the item is gated here
[INFO] [stdout]   21 | pub mod testing;
[INFO] [stdout]      |         ^^^^^^^
[INFO] [stdout] 
[INFO] [stdout] 
[INFO] [stdout] error[E0432]: unresolved import `p3_challenger::testing`
[INFO] [stdout]     --> src/transcript/mod.rs:1129:24
[INFO] [stdout]      |
[INFO] [stdout] 1129 |     use p3_challenger::testing::pow_difficulties;
[INFO] [stdout]      |                        ^^^^^^^ could not find `testing` in `p3_challenger`
[INFO] [stdout]      |
[INFO] [stdout] note: found an item that was configured out
[INFO] [stdout]     --> /opt/rustwide/cargo-home/registry/src/index.crates.io-1949cf8c6b5b557f/p3-challenger-0.9.0-rc.1/src/lib.rs:21:9
[INFO] [stdout]      |
[INFO] [stdout]   20 | #[cfg(any(test, feature = "test-utils"))]
[INFO] [stdout]      |          ------------------------------ the item is gated here
[INFO] [stdout]   21 | pub mod testing;
[INFO] [stdout]      |         ^^^^^^^
[INFO] [stdout] 
[INFO] [stdout] 
[INFO] [stdout] error[E0432]: unresolved import `p3_baby_bear`
[INFO] [stdout]    --> src/parameters/whir.rs:984:9
[INFO] [stdout]     |
[INFO] [stdout] 984 |     use p3_baby_bear::{BabyBear, Poseidon2BabyBear};
[INFO] [stdout]     |         ^^^^^^^^^^^^ use of unresolved module or unlinked crate `p3_baby_bear`
[INFO] [stdout]     |
[INFO] [stdout]     = help: if you wanted to use a crate named `p3_baby_bear`, use `cargo add p3_baby_bear` to add it to your `Cargo.toml`
[INFO] [stdout] 
[INFO] [stdout] 
[INFO] [stdout] error[E0432]: unresolved import `p3_baby_bear`
[INFO] [stdout]    --> src/pcs/proof.rs:172:9
[INFO] [stdout]     |
[INFO] [stdout] 172 |     use p3_baby_bear::{BabyBear, Poseidon2BabyBear};
[INFO] [stdout]     |         ^^^^^^^^^^^^ use of unresolved module or unlinked crate `p3_baby_bear`
[INFO] [stdout]     |
[INFO] [stdout]     = help: if you wanted to use a crate named `p3_baby_bear`, use `cargo add p3_baby_bear` to add it to your `Cargo.toml`
[INFO] [stdout] 
[INFO] [stdout] 
[INFO] [stdout] error[E0432]: unresolved import `p3_baby_bear`
[INFO] [stdout]    --> src/pcs/security.rs:133:9
[INFO] [stdout]     |
[INFO] [stdout] 133 |     use p3_baby_bear::{BabyBear, Poseidon2BabyBear};
[INFO] [stdout]     |         ^^^^^^^^^^^^ use of unresolved module or unlinked crate `p3_baby_bear`
[INFO] [stdout]     |
[INFO] [stdout]     = help: if you wanted to use a crate named `p3_baby_bear`, use `cargo add p3_baby_bear` to add it to your `Cargo.toml`
[INFO] [stdout] 
[INFO] [stdout] 
[INFO] [stdout] error[E0432]: unresolved import `p3_koala_bear`
[INFO] [stdout]    --> src/pcs/utils.rs:141:9
[INFO] [stdout]     |
[INFO] [stdout] 141 |     use p3_koala_bear::{KoalaBear, Poseidon2KoalaBear};
[INFO] [stdout]     |         ^^^^^^^^^^^^^ use of unresolved module or unlinked crate `p3_koala_bear`
[INFO] [stdout]     |
[INFO] [stdout]     = help: if you wanted to use a crate named `p3_koala_bear`, use `cargo add p3_koala_bear` to add it to your `Cargo.toml`
[INFO] [stdout] 
[INFO] [stdout] 
[INFO] [stdout] error[E0432]: unresolved import `p3_baby_bear`
[INFO] [stdout]   --> src/pcs/zk/base_case/tests.rs:10:5
[INFO] [stdout]    |
[INFO] [stdout] 10 | use p3_baby_bear::{BabyBear, Poseidon2BabyBear};
[INFO] [stdout]    |     ^^^^^^^^^^^^ use of unresolved module or unlinked crate `p3_baby_bear`
[INFO] [stdout]    |
[INFO] [stdout]    = help: if you wanted to use a crate named `p3_baby_bear`, use `cargo add p3_baby_bear` to add it to your `Cargo.toml`
[INFO] [stdout] 
[INFO] [stdout] 
[INFO] [stdout] error[E0432]: unresolved import `p3_baby_bear`
[INFO] [stdout]    --> src/pcs/zk/code_switch.rs:166:9
[INFO] [stdout]     |
[INFO] [stdout] 166 |     use p3_baby_bear::BabyBear;
[INFO] [stdout]     |         ^^^^^^^^^^^^ use of unresolved module or unlinked crate `p3_baby_bear`
[INFO] [stdout]     |
[INFO] [stdout]     = help: if you wanted to use a crate named `p3_baby_bear`, use `cargo add p3_baby_bear` to add it to your `Cargo.toml`
[INFO] [stdout] 
[INFO] [stdout] 
[INFO] [stdout] error[E0432]: unresolved import `p3_baby_bear`
[INFO] [stdout]    --> src/pcs/zk/committer.rs:160:9
[INFO] [stdout]     |
[INFO] [stdout] 160 |     use p3_baby_bear::BabyBear;
[INFO] [stdout]     |         ^^^^^^^^^^^^ use of unresolved module or unlinked crate `p3_baby_bear`
[INFO] [stdout]     |
[INFO] [stdout]     = help: if you wanted to use a crate named `p3_baby_bear`, use `cargo add p3_baby_bear` to add it to your `Cargo.toml`
[INFO] [stdout] 
[INFO] [stdout] 
[INFO] [stdout] error[E0432]: unresolved import `p3_baby_bear`
[INFO] [stdout]    --> src/pcs/zk/config.rs:476:9
[INFO] [stdout]     |
[INFO] [stdout] 476 |     use p3_baby_bear::{BabyBear, Poseidon2BabyBear};
[INFO] [stdout]     |         ^^^^^^^^^^^^ use of unresolved module or unlinked crate `p3_baby_bear`
[INFO] [stdout]     |
[INFO] [stdout]     = help: if you wanted to use a crate named `p3_baby_bear`, use `cargo add p3_baby_bear` to add it to your `Cargo.toml`
[INFO] [stdout] 
[INFO] [stdout] 
[INFO] [stdout] error[E0432]: unresolved import `p3_baby_bear`
[INFO] [stdout]   --> src/pcs/zk/constraint/masks.rs:78:9
[INFO] [stdout]    |
[INFO] [stdout] 78 |     use p3_baby_bear::BabyBear;
[INFO] [stdout]    |         ^^^^^^^^^^^^ use of unresolved module or unlinked crate `p3_baby_bear`
[INFO] [stdout]    |
[INFO] [stdout]    = help: if you wanted to use a crate named `p3_baby_bear`, use `cargo add p3_baby_bear` to add it to your `Cargo.toml`
[INFO] [stdout] 
[INFO] [stdout] 
[INFO] [stdout] error[E0432]: unresolved import `p3_baby_bear`
[INFO] [stdout]    --> src/pcs/zk/constraint/source.rs:180:9
[INFO] [stdout]     |
[INFO] [stdout] 180 |     use p3_baby_bear::BabyBear;
[INFO] [stdout]     |         ^^^^^^^^^^^^ use of unresolved module or unlinked crate `p3_baby_bear`
[INFO] [stdout]     |
[INFO] [stdout]     = help: if you wanted to use a crate named `p3_baby_bear`, use `cargo add p3_baby_bear` to add it to your `Cargo.toml`
[INFO] [stdout] 
[INFO] [stdout] 
[INFO] [stdout] error[E0432]: unresolved import `p3_koala_bear`
[INFO] [stdout]   --> src/pcs/zk/security.rs:79:9
[INFO] [stdout]    |
[INFO] [stdout] 79 |     use p3_koala_bear::{KoalaBear, Poseidon2KoalaBear};
[INFO] [stdout]    |         ^^^^^^^^^^^^^ use of unresolved module or unlinked crate `p3_koala_bear`
[INFO] [stdout]    |
[INFO] [stdout]    = help: if you wanted to use a crate named `p3_koala_bear`, use `cargo add p3_koala_bear` to add it to your `Cargo.toml`
[INFO] [stdout] 
[INFO] [stdout] 
[INFO] [stdout] error[E0432]: unresolved import `p3_baby_bear`
[INFO] [stdout]  --> src/pcs/zk/tests.rs:6:5
[INFO] [stdout]   |
[INFO] [stdout] 6 | use p3_baby_bear::{BabyBear, Poseidon2BabyBear};
[INFO] [stdout]   |     ^^^^^^^^^^^^ use of unresolved module or unlinked crate `p3_baby_bear`
[INFO] [stdout]   |
[INFO] [stdout]   = help: if you wanted to use a crate named `p3_baby_bear`, use `cargo add p3_baby_bear` to add it to your `Cargo.toml`
[INFO] [stdout] 
[INFO] [stdout] 
[INFO] [stdout] error[E0432]: unresolved import `p3_baby_bear`
[INFO] [stdout]  --> src/pcs/tests.rs:7:5
[INFO] [stdout]   |
[INFO] [stdout] 7 | use p3_baby_bear::{BabyBear, Poseidon2BabyBear};
[INFO] [stdout]   |     ^^^^^^^^^^^^ use of unresolved module or unlinked crate `p3_baby_bear`
[INFO] [stdout]   |
[INFO] [stdout]   = help: if you wanted to use a crate named `p3_baby_bear`, use `cargo add p3_baby_bear` to add it to your `Cargo.toml`
[INFO] [stdout] 
[INFO] [stdout] 
[INFO] [stdout] error[E0432]: unresolved import `p3_keccak`
[INFO] [stdout]   --> src/pcs/tests.rs:14:5
[INFO] [stdout]    |
[INFO] [stdout] 14 | use p3_keccak::Keccak256Hash;
[INFO] [stdout]    |     ^^^^^^^^^ use of unresolved module or unlinked crate `p3_keccak`
[INFO] [stdout]    |
[INFO] [stdout]    = help: if you wanted to use a crate named `p3_keccak`, use `cargo add p3_keccak` to add it to your `Cargo.toml`
[INFO] [stdout] 
[INFO] [stdout] 
[INFO] [stdout] error[E0432]: unresolved import `p3_keccak`
[INFO] [stdout]     --> src/pcs/tests.rs:1507:9
[INFO] [stdout]      |
[INFO] [stdout] 1507 |     use p3_keccak::{Keccak256Hash, KeccakF};
[INFO] [stdout]      |         ^^^^^^^^^ use of unresolved module or unlinked crate `p3_keccak`
[INFO] [stdout]      |
[INFO] [stdout]      = help: if you wanted to use a crate named `p3_keccak`, use `cargo add p3_keccak` to add it to your `Cargo.toml`
[INFO] [stdout] 
[INFO] [stdout] 
[INFO] [stdout] error[E0432]: unresolved import `p3_koala_bear`
[INFO] [stdout]     --> src/pcs/tests.rs:1508:9
[INFO] [stdout]      |
[INFO] [stdout] 1508 |     use p3_koala_bear::KoalaBear;
[INFO] [stdout]      |         ^^^^^^^^^^^^^ use of unresolved module or unlinked crate `p3_koala_bear`
[INFO] [stdout]      |
[INFO] [stdout]      = help: if you wanted to use a crate named `p3_koala_bear`, use `cargo add p3_koala_bear` to add it to your `Cargo.toml`
[INFO] [stdout] 
[INFO] [stdout] 
[INFO] [stdout] error[E0432]: unresolved import `p3_baby_bear`
[INFO] [stdout]     --> src/transcript/zk.rs:1730:9
[INFO] [stdout]      |
[INFO] [stdout] 1730 |     use p3_baby_bear::{BabyBear, Poseidon2BabyBear};
[INFO] [stdout]      |         ^^^^^^^^^^^^ use of unresolved module or unlinked crate `p3_baby_bear`
[INFO] [stdout]      |
[INFO] [stdout]      = help: if you wanted to use a crate named `p3_baby_bear`, use `cargo add p3_baby_bear` to add it to your `Cargo.toml`
[INFO] [stdout] 
[INFO] [stdout] 
[INFO] [stdout] error[E0432]: unresolved import `p3_baby_bear`
[INFO] [stdout]     --> src/transcript/mod.rs:1127:9
[INFO] [stdout]      |
[INFO] [stdout] 1127 |     use p3_baby_bear::{BabyBear, Poseidon2BabyBear};
[INFO] [stdout]      |         ^^^^^^^^^^^^ use of unresolved module or unlinked crate `p3_baby_bear`
[INFO] [stdout]      |
[INFO] [stdout]      = help: if you wanted to use a crate named `p3_baby_bear`, use `cargo add p3_baby_bear` to add it to your `Cargo.toml`
[INFO] [stdout] 
[INFO] [stdout] 
[INFO] [stdout] error[E0432]: unresolved import `p3_keccak`
[INFO] [stdout]     --> src/transcript/mod.rs:1133:9
[INFO] [stdout]      |
[INFO] [stdout] 1133 |     use p3_keccak::Keccak256Hash;
[INFO] [stdout]      |         ^^^^^^^^^ use of unresolved module or unlinked crate `p3_keccak`
[INFO] [stdout]      |
[INFO] [stdout]      = help: if you wanted to use a crate named `p3_keccak`, use `cargo add p3_keccak` to add it to your `Cargo.toml`
[INFO] [stdout] 
[INFO] [stdout] 
[INFO] [stdout] error[E0432]: unresolved import `p3_baby_bear`
[INFO] [stdout]    --> src/utils.rs:177:9
[INFO] [stdout]     |
[INFO] [stdout] 177 |     use p3_baby_bear::BabyBear;
[INFO] [stdout]     |         ^^^^^^^^^^^^ use of unresolved module or unlinked crate `p3_baby_bear`
[INFO] [stdout]     |
[INFO] [stdout]     = help: if you wanted to use a crate named `p3_baby_bear`, use `cargo add p3_baby_bear` to add it to your `Cargo.toml`
[INFO] [stdout] 
[INFO] [stdout] 
[INFO] [stdout] error[E0432]: unresolved import `p3_koala_bear`
[INFO] [stdout]    --> src/utils.rs:180:9
[INFO] [stdout]     |
[INFO] [stdout] 180 |     use p3_koala_bear::KoalaBear;
[INFO] [stdout]     |         ^^^^^^^^^^^^^ use of unresolved module or unlinked crate `p3_koala_bear`
[INFO] [stdout]     |
[INFO] [stdout]     = help: if you wanted to use a crate named `p3_koala_bear`, use `cargo add p3_koala_bear` to add it to your `Cargo.toml`
[INFO] [stdout] 
[INFO] [stdout] 
[INFO] [stdout] error[E0432]: unresolved import `p3_baby_bear`
[INFO] [stdout]  --> tests/jagged_pcs.rs:3:5
[INFO] [stdout]   |
[INFO] [stdout] 3 | use p3_baby_bear::{BabyBear, Poseidon2BabyBear};
[INFO] [stdout]   |     ^^^^^^^^^^^^ use of unresolved module or unlinked crate `p3_baby_bear`
[INFO] [stdout]   |
[INFO] [stdout]   = help: if you wanted to use a crate named `p3_baby_bear`, use `cargo add p3_baby_bear` to add it to your `Cargo.toml`
[INFO] [stdout] 
[INFO] [stdout] 
[INFO] [stdout] error[E0432]: unresolved import `p3_koala_bear`
[INFO] [stdout]   --> examples/whir.rs:16:5
[INFO] [stdout]    |
[INFO] [stdout] 16 | use p3_koala_bear::{KoalaBear, Poseidon2KoalaBear};
[INFO] [stdout]    |     ^^^^^^^^^^^^^ use of unresolved module or unlinked crate `p3_koala_bear`
[INFO] [stdout]    |
[INFO] [stdout]    = help: if you wanted to use a crate named `p3_koala_bear`, use `cargo add p3_koala_bear` to add it to your `Cargo.toml`
[INFO] [stdout] 
[INFO] [stdout] 
[INFO] [stdout] For more information about this error, try `rustc --explain E0432`.
[INFO] [stdout] 
[INFO] [stderr] error: could not compile `p3-whir` (example "whir") due to 1 previous error
[INFO] [stderr] warning: build failed, waiting for other jobs to finish...
[INFO] [stdout] For more information about this error, try `rustc --explain E0432`.
[INFO] [stdout] 
[INFO] [stderr] error: could not compile `p3-whir` (test "jagged_pcs") due to 1 previous error
[INFO] [stdout] For more information about this error, try `rustc --explain E0432`.
[INFO] [stdout] 
[INFO] [stderr] error: could not compile `p3-whir` (lib test) due to 26 previous errors
[INFO] running `Command { std: "docker" "inspect" "2316aef1a3dd965265efa6dc9c588058401eb872ab87316de857ce9a8a3ccbc4", kill_on_drop: false }`
[INFO] running `Command { std: "docker" "rm" "-f" "2316aef1a3dd965265efa6dc9c588058401eb872ab87316de857ce9a8a3ccbc4", kill_on_drop: false }`
[INFO] [stdout] 2316aef1a3dd965265efa6dc9c588058401eb872ab87316de857ce9a8a3ccbc4
