[INFO] fetching crate p3-uni-stark 0.9.0-rc.1...
[INFO] testing p3-uni-stark-0.9.0-rc.1 against 1.100.0-beta.1+cargoflags=--release for beta-release-1.100-2
[INFO] extracting crate p3-uni-stark 0.9.0-rc.1 into /workspace/builds/worker-0-tc2/source
[INFO] started tweaking crates.io crate p3-uni-stark 0.9.0-rc.1
[INFO] removed 0 missing tests
[INFO] finished tweaking crates.io crate p3-uni-stark 0.9.0-rc.1
[INFO] tweaked toml for crates.io crate p3-uni-stark 0.9.0-rc.1 written to /workspace/builds/worker-0-tc2/source/Cargo.toml
[INFO] validating manifest of crates.io crate p3-uni-stark 0.9.0-rc.1 on toolchain 1.100.0-beta.1
[INFO] running `Command { std: CARGO_HOME="/workspace/cargo-home" RUSTUP_HOME="/workspace/rustup-home" "/workspace/cargo-home/bin/cargo" "+1.100.0-beta.1" "metadata" "--manifest-path" "Cargo.toml" "--no-deps", kill_on_drop: false }`
[INFO] crate crates.io crate p3-uni-stark 0.9.0-rc.1 already has a lockfile, it will not be regenerated
[INFO] running `Command { std: CARGO_HOME="/workspace/cargo-home" RUSTUP_HOME="/workspace/rustup-home" "/workspace/cargo-home/bin/cargo" "+1.100.0-beta.1" "fetch" "--manifest-path" "Cargo.toml", kill_on_drop: false }`
[INFO] [stderr] warning: `package.homepage` is redundant with `package.repository`
[INFO] [stderr]    --> Cargo.toml:104:12
[INFO] [stderr]     |
[INFO] [stderr] 104 | homepage = "https://github.com/Plonky3/Plonky3"
[INFO] [stderr]     |            ^^^^^^^^^^^^^^^^^^^^^^^^^^^^^^^^^^^^
[INFO] [stderr] ...
[INFO] [stderr] 109 | repository = "https://github.com/Plonky3/Plonky3"
[INFO] [stderr]     |              ------------------------------------
[INFO] [stderr]     |
[INFO] [stderr]     = note: `cargo::redundant_homepage` is set to `warn` by default
[INFO] [stderr] help: consider removing `package.homepage`
[INFO] [stderr] warning: `p3-uni-stark` (manifest) generated 1 warning
[INFO] running `Command { std: "docker" "create" "-v" "/var/lib/crater-agent-workspace/builds/worker-0-tc2/source:/opt/rustwide/workdir:ro,Z" "-v" "/var/lib/crater-agent-workspace/builds/worker-0-tc2/target:/opt/rustwide/target:rw,Z" "-v" "/var/lib/crater-agent-workspace/cargo-home:/opt/rustwide/cargo-home:ro,Z" "-v" "/var/lib/crater-agent-workspace/rustup-home:/opt/rustwide/rustup-home:ro,Z" "-m" "1610612736" "--network" "none" "ghcr.io/rust-lang/crates-build-env/linux@sha256:77db811e55d90add9212f6832c23229e3de5f1c1f9905e8cb07319ea15df73ac" "sleep" "infinity", kill_on_drop: false }`
[INFO] [stdout] db29d26a59f69b0f1467a6ab81f556e0e2f684861fec4b84fecf35b8bde9322a
[INFO] running `Command { std: "docker" "start" "db29d26a59f69b0f1467a6ab81f556e0e2f684861fec4b84fecf35b8bde9322a", kill_on_drop: false }`
[INFO] running `Command { std: "docker" "inspect" "db29d26a59f69b0f1467a6ab81f556e0e2f684861fec4b84fecf35b8bde9322a", kill_on_drop: false }`
[INFO] running `Command { std: "docker" "exec" "-e" "SOURCE_DIR=/opt/rustwide/workdir" "-e" "CARGO_HOME=/opt/rustwide/cargo-home" "-e" "RUSTUP_HOME=/opt/rustwide/rustup-home" "-e" "CARGO_TARGET_DIR=/opt/rustwide/target" "-w" "/opt/rustwide/workdir" "--user" "0:0" "db29d26a59f69b0f1467a6ab81f556e0e2f684861fec4b84fecf35b8bde9322a" "/opt/rustwide/cargo-home/bin/cargo" "+1.100.0-beta.1" "metadata" "--no-deps" "--format-version=1", kill_on_drop: false }`
[INFO] running `Command { std: "docker" "inspect" "db29d26a59f69b0f1467a6ab81f556e0e2f684861fec4b84fecf35b8bde9322a", kill_on_drop: false }`
[INFO] running `Command { std: "docker" "exec" "-e" "SOURCE_DIR=/opt/rustwide/workdir" "-e" "CARGO_HOME=/opt/rustwide/cargo-home" "-e" "RUSTUP_HOME=/opt/rustwide/rustup-home" "-e" "CARGO_TARGET_DIR=/opt/rustwide/target" "-e" "CARGO_INCREMENTAL=0" "-e" "RUST_BACKTRACE=full" "-e" "RUSTFLAGS=--cap-lints=warn" "-e" "RUSTDOCFLAGS=--cap-lints=warn" "-w" "/opt/rustwide/workdir" "--user" "0:0" "db29d26a59f69b0f1467a6ab81f556e0e2f684861fec4b84fecf35b8bde9322a" "/opt/rustwide/cargo-home/bin/cargo" "+1.100.0-beta.1" "build" "--frozen" "--message-format=json" "--release", kill_on_drop: false }`
[INFO] [stderr] warning: `package.homepage` is redundant with `package.repository`
[INFO] [stderr]    --> Cargo.toml:104:12
[INFO] [stderr]     |
[INFO] [stderr] 104 | homepage = "https://github.com/Plonky3/Plonky3"
[INFO] [stderr]     |            ^^^^^^^^^^^^^^^^^^^^^^^^^^^^^^^^^^^^
[INFO] [stderr] ...
[INFO] [stderr] 109 | repository = "https://github.com/Plonky3/Plonky3"
[INFO] [stderr]     |              ------------------------------------
[INFO] [stderr]     |
[INFO] [stderr]     = note: `cargo::redundant_homepage` is set to `warn` by default
[INFO] [stderr] help: consider removing `package.homepage`
[INFO] [stderr] warning: `p3-uni-stark` (manifest) generated 1 warning
[INFO] [stderr]    Compiling unicode-ident v1.0.26
[INFO] [stderr]    Compiling serde_core v1.0.229
[INFO] [stderr]    Compiling serde v1.0.229
[INFO] [stderr]    Compiling paste v1.0.15
[INFO] [stderr]    Compiling either v1.19.0
[INFO] [stderr]    Compiling num-traits v0.2.19
[INFO] [stderr]    Compiling p3-maybe-rayon v0.9.0-rc.1
[INFO] [stderr]    Compiling tracing-core v0.1.36
[INFO] [stderr]    Compiling proc-macro2 v1.0.107
[INFO] [stderr]    Compiling rand v0.10.3
[INFO] [stderr]    Compiling thiserror v2.0.21
[INFO] [stderr]    Compiling itertools v0.15.0
[INFO] [stderr]    Compiling crunchy v0.2.4
[INFO] [stderr]    Compiling lock_api v0.4.14
[INFO] [stderr]    Compiling quote v1.0.47
[INFO] [stderr]    Compiling tiny-keccak v2.0.2
[INFO] [stderr]    Compiling syn v3.0.7
[INFO] [stderr]    Compiling syn v2.0.119
[INFO] [stderr]    Compiling spin v0.12.3
[INFO] [stderr]    Compiling cpufeatures v0.3.1
[INFO] [stderr]    Compiling num-integer v0.1.47
[INFO] [stderr]    Compiling num-bigint v0.5.1
[INFO] [stderr]    Compiling serde_derive v1.0.229
[INFO] [stderr]    Compiling thiserror-impl v2.0.21
[INFO] [stderr]    Compiling tracing-attributes v0.1.31
[INFO] [stderr]    Compiling p3-util v0.9.0-rc.1
[INFO] [stderr]    Compiling tracing v0.1.44
[INFO] [stderr]    Compiling p3-field v0.9.0-rc.1
[INFO] [stderr]    Compiling p3-matrix v0.9.0-rc.1
[INFO] [stderr]    Compiling p3-symmetric v0.9.0-rc.1
[INFO] [stderr]    Compiling p3-keccak v0.9.0-rc.1
[INFO] [stderr]    Compiling p3-dft v0.9.0-rc.1
[INFO] [stderr]    Compiling p3-air v0.9.0-rc.1
[INFO] [stderr]    Compiling p3-challenger v0.9.0-rc.1
[INFO] [stderr]    Compiling p3-commit v0.9.0-rc.1
[INFO] [stderr]    Compiling p3-security v0.9.0-rc.1
[INFO] [stderr]    Compiling p3-uni-stark v0.9.0-rc.1 (/opt/rustwide/workdir)
[INFO] [stderr]     Finished `release` profile [optimized] target(s) in 40.22s
[INFO] running `Command { std: "docker" "inspect" "db29d26a59f69b0f1467a6ab81f556e0e2f684861fec4b84fecf35b8bde9322a", kill_on_drop: false }`
[INFO] running `Command { std: "docker" "exec" "-e" "SOURCE_DIR=/opt/rustwide/workdir" "-e" "CARGO_HOME=/opt/rustwide/cargo-home" "-e" "RUSTUP_HOME=/opt/rustwide/rustup-home" "-e" "CARGO_TARGET_DIR=/opt/rustwide/target" "-e" "CARGO_INCREMENTAL=0" "-e" "RUST_BACKTRACE=full" "-e" "RUSTFLAGS=--cap-lints=warn" "-e" "RUSTDOCFLAGS=--cap-lints=warn" "-w" "/opt/rustwide/workdir" "--user" "0:0" "db29d26a59f69b0f1467a6ab81f556e0e2f684861fec4b84fecf35b8bde9322a" "/opt/rustwide/cargo-home/bin/cargo" "+1.100.0-beta.1" "test" "--frozen" "--no-run" "--message-format=json" "--release", kill_on_drop: false }`
[INFO] [stderr] warning: `package.homepage` is redundant with `package.repository`
[INFO] [stderr]    --> Cargo.toml:104:12
[INFO] [stderr]     |
[INFO] [stderr] 104 | homepage = "https://github.com/Plonky3/Plonky3"
[INFO] [stderr]     |            ^^^^^^^^^^^^^^^^^^^^^^^^^^^^^^^^^^^^
[INFO] [stderr] ...
[INFO] [stderr] 109 | repository = "https://github.com/Plonky3/Plonky3"
[INFO] [stderr]     |              ------------------------------------
[INFO] [stderr]     |
[INFO] [stderr]     = note: `cargo::redundant_homepage` is set to `warn` by default
[INFO] [stderr] help: consider removing `package.homepage`
[INFO] [stderr] warning: `p3-uni-stark` (manifest) generated 1 warning
[INFO] [stderr]    Compiling serde_core v1.0.229
[INFO] [stderr]    Compiling chacha20 v0.10.2
[INFO] [stderr]    Compiling serde_json v1.0.152
[INFO] [stderr]    Compiling cobs v0.3.0
[INFO] [stderr]    Compiling memchr v2.8.3
[INFO] [stderr]    Compiling rand v0.10.3
[INFO] [stderr]    Compiling serde v1.0.229
[INFO] [stderr]    Compiling p3-util v0.9.0-rc.1
[INFO] [stderr]    Compiling postcard v1.1.3
[INFO] [stderr]    Compiling p3-field v0.9.0-rc.1
[INFO] [stderr]    Compiling p3-matrix v0.9.0-rc.1
[INFO] [stderr]    Compiling p3-symmetric v0.9.0-rc.1
[INFO] [stderr]    Compiling p3-keccak v0.9.0-rc.1
[INFO] [stderr]    Compiling p3-challenger v0.9.0-rc.1
[INFO] [stderr]    Compiling p3-dft v0.9.0-rc.1
[INFO] [stderr]    Compiling p3-air v0.9.0-rc.1
[INFO] [stderr]    Compiling p3-commit v0.9.0-rc.1
[INFO] [stderr]    Compiling p3-security v0.9.0-rc.1
[INFO] [stderr]    Compiling p3-uni-stark v0.9.0-rc.1 (/opt/rustwide/workdir)
[INFO] [stdout] error[E0432]: unresolved import `p3_challenger::testing`
[INFO] [stdout]    --> src/transcript.rs:718:24
[INFO] [stdout]     |
[INFO] [stdout] 718 |     use p3_challenger::testing::{
[INFO] [stdout]     |                        ^^^^^^^ could not find `testing` in `p3_challenger`
[INFO] [stdout]     |
[INFO] [stdout] note: found an item that was configured out
[INFO] [stdout]    --> /opt/rustwide/cargo-home/registry/src/index.crates.io-1949cf8c6b5b557f/p3-challenger-0.9.0-rc.1/src/lib.rs:21:9
[INFO] [stdout]     |
[INFO] [stdout]  20 | #[cfg(any(test, feature = "test-utils"))]
[INFO] [stdout]     |          ------------------------------ the item is gated here
[INFO] [stdout]  21 | pub mod testing;
[INFO] [stdout]     |         ^^^^^^^
[INFO] [stdout] 
[INFO] [stdout] 
[INFO] [stdout] error[E0432]: unresolved import `p3_baby_bear`
[INFO] [stdout]    --> src/proof.rs:213:9
[INFO] [stdout]     |
[INFO] [stdout] 213 |     use p3_baby_bear::BabyBear;
[INFO] [stdout]     |         ^^^^^^^^^^^^ use of unresolved module or unlinked crate `p3_baby_bear`
[INFO] [stdout]     |
[INFO] [stdout]     = help: if you wanted to use a crate named `p3_baby_bear`, use `cargo add p3_baby_bear` to add it to your `Cargo.toml`
[INFO] [stdout] 
[INFO] [stdout] 
[INFO] [stdout] error[E0432]: unresolved import `p3_baby_bear`
[INFO] [stdout]    --> src/security.rs:607:9
[INFO] [stdout]     |
[INFO] [stdout] 607 |     use p3_baby_bear::BabyBear;
[INFO] [stdout]     |         ^^^^^^^^^^^^ use of unresolved module or unlinked crate `p3_baby_bear`
[INFO] [stdout]     |
[INFO] [stdout]     = help: if you wanted to use a crate named `p3_baby_bear`, use `cargo add p3_baby_bear` to add it to your `Cargo.toml`
[INFO] [stdout] 
[INFO] [stdout] 
[INFO] [stdout] error[E0432]: unresolved import `p3_baby_bear`
[INFO] [stdout]    --> src/symbolic.rs:107:9
[INFO] [stdout]     |
[INFO] [stdout] 107 |     use p3_baby_bear::BabyBear;
[INFO] [stdout]     |         ^^^^^^^^^^^^ use of unresolved module or unlinked crate `p3_baby_bear`
[INFO] [stdout]     |
[INFO] [stdout]     = help: if you wanted to use a crate named `p3_baby_bear`, use `cargo add p3_baby_bear` to add it to your `Cargo.toml`
[INFO] [stdout] 
[INFO] [stdout] 
[INFO] [stdout] error[E0432]: unresolved import `p3_baby_bear`
[INFO] [stdout]    --> src/transcript.rs:717:9
[INFO] [stdout]     |
[INFO] [stdout] 717 |     use p3_baby_bear::{BabyBear, Poseidon2BabyBear};
[INFO] [stdout]     |         ^^^^^^^^^^^^ use of unresolved module or unlinked crate `p3_baby_bear`
[INFO] [stdout]     |
[INFO] [stdout]     = help: if you wanted to use a crate named `p3_baby_bear`, use `cargo add p3_baby_bear` to add it to your `Cargo.toml`
[INFO] [stdout] 
[INFO] [stdout] 
[INFO] [stdout] warning: unused import: `p3_field::PrimeCharacteristicRing`
[INFO] [stdout]    --> src/security.rs:608:9
[INFO] [stdout]     |
[INFO] [stdout] 608 |     use p3_field::PrimeCharacteristicRing;
[INFO] [stdout]     |         ^^^^^^^^^^^^^^^^^^^^^^^^^^^^^^^^^
[INFO] [stdout]     |
[INFO] [stdout]     = note: `#[warn(unused_imports)]` (part of `#[warn(unused)]`) on by default
[INFO] [stdout] 
[INFO] [stdout] 
[INFO] [stdout] error[E0432]: unresolved import `p3_baby_bear`
[INFO] [stdout]  --> tests/periodic_column_shape.rs:4:5
[INFO] [stdout]   |
[INFO] [stdout] 4 | use p3_baby_bear::{BabyBear, Poseidon2BabyBear};
[INFO] [stdout]   |     ^^^^^^^^^^^^ use of unresolved module or unlinked crate `p3_baby_bear`
[INFO] [stdout]   |
[INFO] [stdout]   = help: if you wanted to use a crate named `p3_baby_bear`, use `cargo add p3_baby_bear` to add it to your `Cargo.toml`
[INFO] [stdout] 
[INFO] [stdout] 
[INFO] [stdout] error[E0432]: unresolved import `p3_dft`
[INFO] [stdout]  --> tests/periodic_column_shape.rs:7:5
[INFO] [stdout]   |
[INFO] [stdout] 7 | use p3_dft::Radix2DitParallel;
[INFO] [stdout]   |     ^^^^^^ use of unresolved module or unlinked crate `p3_dft`
[INFO] [stdout]   |
[INFO] [stdout]   = help: if you wanted to use a crate named `p3_dft`, use `cargo add p3_dft` to add it to your `Cargo.toml`
[INFO] [stdout] 
[INFO] [stdout] 
[INFO] [stdout] error[E0432]: unresolved import `p3_baby_bear`
[INFO] [stdout]   --> tests/transcript_binding.rs:15:5
[INFO] [stdout]    |
[INFO] [stdout] 15 | use p3_baby_bear::{BabyBear, Poseidon2BabyBear};
[INFO] [stdout]    |     ^^^^^^^^^^^^ use of unresolved module or unlinked crate `p3_baby_bear`
[INFO] [stdout]    |
[INFO] [stdout]    = help: if you wanted to use a crate named `p3_baby_bear`, use `cargo add p3_baby_bear` to add it to your `Cargo.toml`
[INFO] [stdout] 
[INFO] [stdout] 
[INFO] [stdout] error[E0432]: unresolved import `p3_fri`
[INFO] [stdout]   --> tests/periodic_column_shape.rs:10:5
[INFO] [stdout]    |
[INFO] [stdout] 10 | use p3_fri::{FriParameters, TwoAdicFriPcs};
[INFO] [stdout]    |     ^^^^^^ use of unresolved module or unlinked crate `p3_fri`
[INFO] [stdout]    |
[INFO] [stdout] help: there is a crate or module with a similar name
[INFO] [stdout]    |
[INFO] [stdout] 10 - use p3_fri::{FriParameters, TwoAdicFriPcs};
[INFO] [stdout] 10 + use p3_air::{FriParameters, TwoAdicFriPcs};
[INFO] [stdout]    |
[INFO] [stdout] 
[INFO] [stdout] 
[INFO] [stdout] error[E0432]: unresolved import `p3_merkle_tree`
[INFO] [stdout]   --> tests/periodic_column_shape.rs:12:5
[INFO] [stdout]    |
[INFO] [stdout] 12 | use p3_merkle_tree::MerkleTreeMmcs;
[INFO] [stdout]    |     ^^^^^^^^^^^^^^ use of unresolved module or unlinked crate `p3_merkle_tree`
[INFO] [stdout]    |
[INFO] [stdout]    = help: if you wanted to use a crate named `p3_merkle_tree`, use `cargo add p3_merkle_tree` to add it to your `Cargo.toml`
[INFO] [stdout] 
[INFO] [stdout] 
[INFO] [stdout] error[E0432]: unresolved import `p3_symmetric`
[INFO] [stdout]   --> tests/periodic_column_shape.rs:13:5
[INFO] [stdout]    |
[INFO] [stdout] 13 | use p3_symmetric::{PaddingFreeSponge, TruncatedPermutation};
[INFO] [stdout]    |     ^^^^^^^^^^^^ use of unresolved module or unlinked crate `p3_symmetric`
[INFO] [stdout]    |
[INFO] [stdout]    = help: if you wanted to use a crate named `p3_symmetric`, use `cargo add p3_symmetric` to add it to your `Cargo.toml`
[INFO] [stdout] 
[INFO] [stdout] 
[INFO] [stdout] error[E0432]: unresolved import `p3_dft`
[INFO] [stdout]   --> tests/transcript_binding.rs:18:5
[INFO] [stdout]    |
[INFO] [stdout] 18 | use p3_dft::Radix2DitParallel;
[INFO] [stdout]    |     ^^^^^^ use of unresolved module or unlinked crate `p3_dft`
[INFO] [stdout]    |
[INFO] [stdout]    = help: if you wanted to use a crate named `p3_dft`, use `cargo add p3_dft` to add it to your `Cargo.toml`
[INFO] [stdout] 
[INFO] [stdout] 
[INFO] [stdout] error[E0432]: unresolved import `p3_fri`
[INFO] [stdout]   --> tests/transcript_binding.rs:21:5
[INFO] [stdout]    |
[INFO] [stdout] 21 | use p3_fri::{FriParameters, HidingFriPcs, TwoAdicFriPcs};
[INFO] [stdout]    |     ^^^^^^ use of unresolved module or unlinked crate `p3_fri`
[INFO] [stdout]    |
[INFO] [stdout] help: there is a crate or module with a similar name
[INFO] [stdout]    |
[INFO] [stdout] 21 - use p3_fri::{FriParameters, HidingFriPcs, TwoAdicFriPcs};
[INFO] [stdout] 21 + use p3_air::{FriParameters, HidingFriPcs, TwoAdicFriPcs};
[INFO] [stdout]    |
[INFO] [stdout] 
[INFO] [stdout] 
[INFO] [stdout] error[E0432]: unresolved import `p3_keccak`
[INFO] [stdout]   --> tests/transcript_binding.rs:22:5
[INFO] [stdout]    |
[INFO] [stdout] 22 | use p3_keccak::{Keccak256Hash, KeccakF};
[INFO] [stdout]    |     ^^^^^^^^^ use of unresolved module or unlinked crate `p3_keccak`
[INFO] [stdout]    |
[INFO] [stdout]    = help: if you wanted to use a crate named `p3_keccak`, use `cargo add p3_keccak` to add it to your `Cargo.toml`
[INFO] [stdout] 
[INFO] [stdout] 
[INFO] [stdout] error[E0432]: unresolved import `p3_merkle_tree`
[INFO] [stdout]   --> tests/transcript_binding.rs:24:5
[INFO] [stdout]    |
[INFO] [stdout] 24 | use p3_merkle_tree::{MerkleTreeHidingMmcs, MerkleTreeMmcs};
[INFO] [stdout]    |     ^^^^^^^^^^^^^^ use of unresolved module or unlinked crate `p3_merkle_tree`
[INFO] [stdout]    |
[INFO] [stdout]    = help: if you wanted to use a crate named `p3_merkle_tree`, use `cargo add p3_merkle_tree` to add it to your `Cargo.toml`
[INFO] [stdout] 
[INFO] [stdout] 
[INFO] [stdout] error[E0432]: unresolved import `p3_symmetric`
[INFO] [stdout]   --> tests/transcript_binding.rs:25:5
[INFO] [stdout]    |
[INFO] [stdout] 25 | use p3_symmetric::{
[INFO] [stdout]    |     ^^^^^^^^^^^^ use of unresolved module or unlinked crate `p3_symmetric`
[INFO] [stdout]    |
[INFO] [stdout]    = help: if you wanted to use a crate named `p3_symmetric`, use `cargo add p3_symmetric` to add it to your `Cargo.toml`
[INFO] [stdout] 
[INFO] [stdout] 
[INFO] [stdout] error[E0432]: unresolved import `p3_baby_bear`
[INFO] [stdout]  --> tests/periodic_air.rs:6:5
[INFO] [stdout]   |
[INFO] [stdout] 6 | use p3_baby_bear::{BabyBear, Poseidon2BabyBear};
[INFO] [stdout]   |     ^^^^^^^^^^^^ use of unresolved module or unlinked crate `p3_baby_bear`
[INFO] [stdout]   |
[INFO] [stdout]   = help: if you wanted to use a crate named `p3_baby_bear`, use `cargo add p3_baby_bear` to add it to your `Cargo.toml`
[INFO] [stdout] 
[INFO] [stdout] 
[INFO] [stdout] error[E0432]: unresolved import `p3_circle`
[INFO] [stdout]  --> tests/periodic_air.rs:8:5
[INFO] [stdout]   |
[INFO] [stdout] 8 | use p3_circle::CirclePcs;
[INFO] [stdout]   |     ^^^^^^^^^ use of unresolved module or unlinked crate `p3_circle`
[INFO] [stdout]   |
[INFO] [stdout]   = help: if you wanted to use a crate named `p3_circle`, use `cargo add p3_circle` to add it to your `Cargo.toml`
[INFO] [stdout] 
[INFO] [stdout] 
[INFO] [stdout] error[E0432]: unresolved import `p3_dft`
[INFO] [stdout]   --> tests/periodic_air.rs:10:5
[INFO] [stdout]    |
[INFO] [stdout] 10 | use p3_dft::Radix2DitParallel;
[INFO] [stdout]    |     ^^^^^^ use of unresolved module or unlinked crate `p3_dft`
[INFO] [stdout]    |
[INFO] [stdout]    = help: if you wanted to use a crate named `p3_dft`, use `cargo add p3_dft` to add it to your `Cargo.toml`
[INFO] [stdout] 
[INFO] [stdout] 
[INFO] [stdout] error[E0432]: unresolved import `p3_fri`
[INFO] [stdout]   --> tests/periodic_air.rs:13:5
[INFO] [stdout]    |
[INFO] [stdout] 13 | use p3_fri::{FriParameters, HidingFriPcs, TwoAdicFriPcs};
[INFO] [stdout]    |     ^^^^^^ use of unresolved module or unlinked crate `p3_fri`
[INFO] [stdout]    |
[INFO] [stdout] help: there is a crate or module with a similar name
[INFO] [stdout]    |
[INFO] [stdout] 13 - use p3_fri::{FriParameters, HidingFriPcs, TwoAdicFriPcs};
[INFO] [stdout] 13 + use p3_air::{FriParameters, HidingFriPcs, TwoAdicFriPcs};
[INFO] [stdout]    |
[INFO] [stdout] 
[INFO] [stdout] 
[INFO] [stdout] error[E0432]: unresolved import `p3_merkle_tree`
[INFO] [stdout]   --> tests/periodic_air.rs:15:5
[INFO] [stdout]    |
[INFO] [stdout] 15 | use p3_merkle_tree::{MerkleTreeHidingMmcs, MerkleTreeMmcs};
[INFO] [stdout]    |     ^^^^^^^^^^^^^^ use of unresolved module or unlinked crate `p3_merkle_tree`
[INFO] [stdout]    |
[INFO] [stdout]    = help: if you wanted to use a crate named `p3_merkle_tree`, use `cargo add p3_merkle_tree` to add it to your `Cargo.toml`
[INFO] [stdout] 
[INFO] [stdout] 
[INFO] [stdout] error[E0432]: unresolved import `p3_mersenne_31`
[INFO] [stdout]   --> tests/periodic_air.rs:16:5
[INFO] [stdout]    |
[INFO] [stdout] 16 | use p3_mersenne_31::Mersenne31;
[INFO] [stdout]    |     ^^^^^^^^^^^^^^ use of unresolved module or unlinked crate `p3_mersenne_31`
[INFO] [stdout]    |
[INFO] [stdout]    = help: if you wanted to use a crate named `p3_mersenne_31`, use `cargo add p3_mersenne_31` to add it to your `Cargo.toml`
[INFO] [stdout] 
[INFO] [stdout] 
[INFO] [stdout] error[E0432]: unresolved import `p3_symmetric`
[INFO] [stdout]   --> tests/periodic_air.rs:17:5
[INFO] [stdout]    |
[INFO] [stdout] 17 | use p3_symmetric::{
[INFO] [stdout]    |     ^^^^^^^^^^^^ use of unresolved module or unlinked crate `p3_symmetric`
[INFO] [stdout]    |
[INFO] [stdout]    = help: if you wanted to use a crate named `p3_symmetric`, use `cargo add p3_symmetric` to add it to your `Cargo.toml`
[INFO] [stdout] 
[INFO] [stdout] 
[INFO] [stdout] error[E0432]: unresolved import `p3_baby_bear`
[INFO] [stdout]  --> tests/no_next_row.rs:2:5
[INFO] [stdout]   |
[INFO] [stdout] 2 | use p3_baby_bear::{BabyBear, Poseidon2BabyBear};
[INFO] [stdout]   |     ^^^^^^^^^^^^ use of unresolved module or unlinked crate `p3_baby_bear`
[INFO] [stdout]   |
[INFO] [stdout]   = help: if you wanted to use a crate named `p3_baby_bear`, use `cargo add p3_baby_bear` to add it to your `Cargo.toml`
[INFO] [stdout] 
[INFO] [stdout] 
[INFO] [stdout] error[E0432]: unresolved import `p3_dft`
[INFO] [stdout]  --> tests/no_next_row.rs:5:5
[INFO] [stdout]   |
[INFO] [stdout] 5 | use p3_dft::Radix2DitParallel;
[INFO] [stdout]   |     ^^^^^^ use of unresolved module or unlinked crate `p3_dft`
[INFO] [stdout]   |
[INFO] [stdout]   = help: if you wanted to use a crate named `p3_dft`, use `cargo add p3_dft` to add it to your `Cargo.toml`
[INFO] [stdout] 
[INFO] [stdout] 
[INFO] [stdout] error[E0432]: unresolved import `p3_fri`
[INFO] [stdout]  --> tests/no_next_row.rs:8:5
[INFO] [stdout]   |
[INFO] [stdout] 8 | use p3_fri::TwoAdicFriPcs;
[INFO] [stdout]   |     ^^^^^^ use of unresolved module or unlinked crate `p3_fri`
[INFO] [stdout]   |
[INFO] [stdout] help: there is a crate or module with a similar name
[INFO] [stdout]   |
[INFO] [stdout] 8 - use p3_fri::TwoAdicFriPcs;
[INFO] [stdout] 8 + use p3_air::TwoAdicFriPcs;
[INFO] [stdout]   |
[INFO] [stdout] 
[INFO] [stdout] 
[INFO] [stdout] error[E0432]: unresolved import `p3_merkle_tree`
[INFO] [stdout]   --> tests/no_next_row.rs:10:5
[INFO] [stdout]    |
[INFO] [stdout] 10 | use p3_merkle_tree::MerkleTreeMmcs;
[INFO] [stdout]    |     ^^^^^^^^^^^^^^ use of unresolved module or unlinked crate `p3_merkle_tree`
[INFO] [stdout]    |
[INFO] [stdout]    = help: if you wanted to use a crate named `p3_merkle_tree`, use `cargo add p3_merkle_tree` to add it to your `Cargo.toml`
[INFO] [stdout] 
[INFO] [stdout] 
[INFO] [stdout] error[E0432]: unresolved import `p3_symmetric`
[INFO] [stdout]   --> tests/no_next_row.rs:11:5
[INFO] [stdout]    |
[INFO] [stdout] 11 | use p3_symmetric::{PaddingFreeSponge, TruncatedPermutation};
[INFO] [stdout]    |     ^^^^^^^^^^^^ use of unresolved module or unlinked crate `p3_symmetric`
[INFO] [stdout]    |
[INFO] [stdout]    = help: if you wanted to use a crate named `p3_symmetric`, use `cargo add p3_symmetric` to add it to your `Cargo.toml`
[INFO] [stdout] 
[INFO] [stdout] 
[INFO] [stdout] error[E0432]: unresolved import `p3_baby_bear`
[INFO] [stdout]  --> tests/stir_fibonacci.rs:7:5
[INFO] [stdout]   |
[INFO] [stdout] 7 | use p3_baby_bear::{BabyBear, Poseidon2BabyBear};
[INFO] [stdout]   |     ^^^^^^^^^^^^ use of unresolved module or unlinked crate `p3_baby_bear`
[INFO] [stdout]   |
[INFO] [stdout]   = help: if you wanted to use a crate named `p3_baby_bear`, use `cargo add p3_baby_bear` to add it to your `Cargo.toml`
[INFO] [stdout] 
[INFO] [stdout] 
[INFO] [stdout] error[E0432]: unresolved import `p3_dft`
[INFO] [stdout]   --> tests/stir_fibonacci.rs:10:5
[INFO] [stdout]    |
[INFO] [stdout] 10 | use p3_dft::Radix2DitParallel;
[INFO] [stdout]    |     ^^^^^^ use of unresolved module or unlinked crate `p3_dft`
[INFO] [stdout]    |
[INFO] [stdout]    = help: if you wanted to use a crate named `p3_dft`, use `cargo add p3_dft` to add it to your `Cargo.toml`
[INFO] [stdout] 
[INFO] [stdout] 
[INFO] [stdout] error[E0432]: unresolved import `p3_merkle_tree`
[INFO] [stdout]   --> tests/stir_fibonacci.rs:14:5
[INFO] [stdout]    |
[INFO] [stdout] 14 | use p3_merkle_tree::MerkleTreeMmcs;
[INFO] [stdout]    |     ^^^^^^^^^^^^^^ use of unresolved module or unlinked crate `p3_merkle_tree`
[INFO] [stdout]    |
[INFO] [stdout]    = help: if you wanted to use a crate named `p3_merkle_tree`, use `cargo add p3_merkle_tree` to add it to your `Cargo.toml`
[INFO] [stdout] 
[INFO] [stdout] 
[INFO] [stdout] error[E0432]: unresolved import `p3_stir`
[INFO] [stdout]   --> tests/stir_fibonacci.rs:15:5
[INFO] [stdout]    |
[INFO] [stdout] 15 | use p3_stir::{SecurityAssumption, StirParameters, TwoAdicStirPcs};
[INFO] [stdout]    |     ^^^^^^^ use of unresolved module or unlinked crate `p3_stir`
[INFO] [stdout]    |
[INFO] [stdout] help: there is a crate or module with a similar name
[INFO] [stdout]    |
[INFO] [stdout] 15 - use p3_stir::{SecurityAssumption, StirParameters, TwoAdicStirPcs};
[INFO] [stdout] 15 + use p3_air::{SecurityAssumption, StirParameters, TwoAdicStirPcs};
[INFO] [stdout]    |
[INFO] [stdout] 
[INFO] [stdout] 
[INFO] [stdout] error[E0432]: unresolved import `p3_symmetric`
[INFO] [stdout]   --> tests/stir_fibonacci.rs:16:5
[INFO] [stdout]    |
[INFO] [stdout] 16 | use p3_symmetric::{PaddingFreeSponge, TruncatedPermutation};
[INFO] [stdout]    |     ^^^^^^^^^^^^ use of unresolved module or unlinked crate `p3_symmetric`
[INFO] [stdout]    |
[INFO] [stdout]    = help: if you wanted to use a crate named `p3_symmetric`, use `cargo add p3_symmetric` to add it to your `Cargo.toml`
[INFO] [stdout] 
[INFO] [stdout] 
[INFO] [stdout] error[E0432]: unresolved import `p3_commit::testing`
[INFO] [stdout]   --> tests/mul_air.rs:12:16
[INFO] [stdout]    |
[INFO] [stdout] 12 | use p3_commit::testing::TrivialPcs;
[INFO] [stdout]    |                ^^^^^^^ could not find `testing` in `p3_commit`
[INFO] [stdout]    |
[INFO] [stdout] note: found an item that was configured out
[INFO] [stdout]   --> /opt/rustwide/cargo-home/registry/src/index.crates.io-1949cf8c6b5b557f/p3-commit-0.9.0-rc.1/src/lib.rs:14:9
[INFO] [stdout]    |
[INFO] [stdout] 13 | #[cfg(any(test, feature = "test-utils"))]
[INFO] [stdout]    |          ------------------------------ the item is gated here
[INFO] [stdout] 14 | pub mod testing;
[INFO] [stdout]    |         ^^^^^^^
[INFO] [stdout] 
[INFO] [stdout] 
[INFO] [stdout] error[E0432]: unresolved import `p3_baby_bear`
[INFO] [stdout]  --> tests/mul_air.rs:6:5
[INFO] [stdout]   |
[INFO] [stdout] 6 | use p3_baby_bear::{BabyBear, Poseidon2BabyBear};
[INFO] [stdout]   |     ^^^^^^^^^^^^ use of unresolved module or unlinked crate `p3_baby_bear`
[INFO] [stdout]   |
[INFO] [stdout]   = help: if you wanted to use a crate named `p3_baby_bear`, use `cargo add p3_baby_bear` to add it to your `Cargo.toml`
[INFO] [stdout] 
[INFO] [stdout] 
[INFO] [stdout] error[E0432]: unresolved import `p3_circle`
[INFO] [stdout]   --> tests/mul_air.rs:10:5
[INFO] [stdout]    |
[INFO] [stdout] 10 | use p3_circle::CirclePcs;
[INFO] [stdout]    |     ^^^^^^^^^ use of unresolved module or unlinked crate `p3_circle`
[INFO] [stdout]    |
[INFO] [stdout]    = help: if you wanted to use a crate named `p3_circle`, use `cargo add p3_circle` to add it to your `Cargo.toml`
[INFO] [stdout] 
[INFO] [stdout] 
[INFO] [stdout] error[E0432]: unresolved import `p3_dft`
[INFO] [stdout]   --> tests/mul_air.rs:13:5
[INFO] [stdout]    |
[INFO] [stdout] 13 | use p3_dft::Radix2DitParallel;
[INFO] [stdout]    |     ^^^^^^ use of unresolved module or unlinked crate `p3_dft`
[INFO] [stdout]    |
[INFO] [stdout]    = help: if you wanted to use a crate named `p3_dft`, use `cargo add p3_dft` to add it to your `Cargo.toml`
[INFO] [stdout] 
[INFO] [stdout] 
[INFO] [stdout] error[E0432]: unresolved import `p3_fri`
[INFO] [stdout]   --> tests/mul_air.rs:16:5
[INFO] [stdout]    |
[INFO] [stdout] 16 | use p3_fri::{FriParameters, HidingFriPcs, TwoAdicFriPcs};
[INFO] [stdout]    |     ^^^^^^ use of unresolved module or unlinked crate `p3_fri`
[INFO] [stdout]    |
[INFO] [stdout] help: there is a crate or module with a similar name
[INFO] [stdout]    |
[INFO] [stdout] 16 - use p3_fri::{FriParameters, HidingFriPcs, TwoAdicFriPcs};
[INFO] [stdout] 16 + use p3_air::{FriParameters, HidingFriPcs, TwoAdicFriPcs};
[INFO] [stdout]    |
[INFO] [stdout] 
[INFO] [stdout] 
[INFO] [stdout] error[E0432]: unresolved import `p3_keccak`
[INFO] [stdout]   --> tests/mul_air.rs:17:5
[INFO] [stdout]    |
[INFO] [stdout] 17 | use p3_keccak::Keccak256Hash;
[INFO] [stdout]    |     ^^^^^^^^^ use of unresolved module or unlinked crate `p3_keccak`
[INFO] [stdout]    |
[INFO] [stdout]    = help: if you wanted to use a crate named `p3_keccak`, use `cargo add p3_keccak` to add it to your `Cargo.toml`
[INFO] [stdout] 
[INFO] [stdout] 
[INFO] [stdout] error[E0432]: unresolved import `p3_merkle_tree`
[INFO] [stdout]   --> tests/mul_air.rs:19:5
[INFO] [stdout]    |
[INFO] [stdout] 19 | use p3_merkle_tree::{MerkleTreeHidingMmcs, MerkleTreeMmcs};
[INFO] [stdout]    |     ^^^^^^^^^^^^^^ use of unresolved module or unlinked crate `p3_merkle_tree`
[INFO] [stdout]    |
[INFO] [stdout]    = help: if you wanted to use a crate named `p3_merkle_tree`, use `cargo add p3_merkle_tree` to add it to your `Cargo.toml`
[INFO] [stdout] 
[INFO] [stdout] 
[INFO] [stdout] error[E0432]: unresolved import `p3_mersenne_31`
[INFO] [stdout]   --> tests/mul_air.rs:20:5
[INFO] [stdout]    |
[INFO] [stdout] 20 | use p3_mersenne_31::Mersenne31;
[INFO] [stdout]    |     ^^^^^^^^^^^^^^ use of unresolved module or unlinked crate `p3_mersenne_31`
[INFO] [stdout]    |
[INFO] [stdout]    = help: if you wanted to use a crate named `p3_mersenne_31`, use `cargo add p3_mersenne_31` to add it to your `Cargo.toml`
[INFO] [stdout] 
[INFO] [stdout] 
[INFO] [stdout] error[E0432]: unresolved import `p3_baby_bear`
[INFO] [stdout]  --> tests/mul_fib_pair.rs:4:5
[INFO] [stdout]   |
[INFO] [stdout] 4 | use p3_baby_bear::{BabyBear, Poseidon2BabyBear};
[INFO] [stdout]   |     ^^^^^^^^^^^^ use of unresolved module or unlinked crate `p3_baby_bear`
[INFO] [stdout]   |
[INFO] [stdout]   = help: if you wanted to use a crate named `p3_baby_bear`, use `cargo add p3_baby_bear` to add it to your `Cargo.toml`
[INFO] [stdout] 
[INFO] [stdout] 
[INFO] [stdout] error[E0432]: unresolved import `p3_dft`
[INFO] [stdout]  --> tests/mul_fib_pair.rs:7:5
[INFO] [stdout]   |
[INFO] [stdout] 7 | use p3_dft::Radix2DitParallel;
[INFO] [stdout]   |     ^^^^^^ use of unresolved module or unlinked crate `p3_dft`
[INFO] [stdout]   |
[INFO] [stdout]   = help: if you wanted to use a crate named `p3_dft`, use `cargo add p3_dft` to add it to your `Cargo.toml`
[INFO] [stdout] 
[INFO] [stdout] 
[INFO] [stdout] error[E0432]: unresolved import `p3_fri`
[INFO] [stdout]   --> tests/mul_fib_pair.rs:10:5
[INFO] [stdout]    |
[INFO] [stdout] 10 | use p3_fri::{FriParameters, HidingFriPcs, TwoAdicFriPcs};
[INFO] [stdout]    |     ^^^^^^ use of unresolved module or unlinked crate `p3_fri`
[INFO] [stdout]    |
[INFO] [stdout] help: there is a crate or module with a similar name
[INFO] [stdout]    |
[INFO] [stdout] 10 - use p3_fri::{FriParameters, HidingFriPcs, TwoAdicFriPcs};
[INFO] [stdout] 10 + use p3_air::{FriParameters, HidingFriPcs, TwoAdicFriPcs};
[INFO] [stdout]    |
[INFO] [stdout] 
[INFO] [stdout] 
[INFO] [stdout] error[E0432]: unresolved import `p3_merkle_tree`
[INFO] [stdout]   --> tests/mul_fib_pair.rs:12:5
[INFO] [stdout]    |
[INFO] [stdout] 12 | use p3_merkle_tree::{MerkleTreeHidingMmcs, MerkleTreeMmcs};
[INFO] [stdout]    |     ^^^^^^^^^^^^^^ use of unresolved module or unlinked crate `p3_merkle_tree`
[INFO] [stdout]    |
[INFO] [stdout]    = help: if you wanted to use a crate named `p3_merkle_tree`, use `cargo add p3_merkle_tree` to add it to your `Cargo.toml`
[INFO] [stdout] 
[INFO] [stdout] 
[INFO] [stdout] error[E0432]: unresolved import `p3_symmetric`
[INFO] [stdout]   --> tests/mul_fib_pair.rs:13:5
[INFO] [stdout]    |
[INFO] [stdout] 13 | use p3_symmetric::{PaddingFreeSponge, TruncatedPermutation};
[INFO] [stdout]    |     ^^^^^^^^^^^^ use of unresolved module or unlinked crate `p3_symmetric`
[INFO] [stdout]    |
[INFO] [stdout]    = help: if you wanted to use a crate named `p3_symmetric`, use `cargo add p3_symmetric` to add it to your `Cargo.toml`
[INFO] [stdout] 
[INFO] [stdout] 
[INFO] [stdout] error[E0432]: unresolved import `p3_symmetric`
[INFO] [stdout]   --> tests/mul_air.rs:21:5
[INFO] [stdout]    |
[INFO] [stdout] 21 | use p3_symmetric::{
[INFO] [stdout]    |     ^^^^^^^^^^^^ use of unresolved module or unlinked crate `p3_symmetric`
[INFO] [stdout]    |
[INFO] [stdout]    = help: if you wanted to use a crate named `p3_symmetric`, use `cargo add p3_symmetric` to add it to your `Cargo.toml`
[INFO] [stdout] 
[INFO] [stdout] 
[INFO] [stdout] For more information about this error, try `rustc --explain E0432`.
[INFO] [stdout] 
[INFO] [stderr] error: could not compile `p3-uni-stark` (test "periodic_column_shape") due to 5 previous errors
[INFO] [stderr] warning: build failed, waiting for other jobs to finish...
[INFO] [stdout] warning: unused import: `PrimeCharacteristicRing`
[INFO] [stdout]   --> tests/stir_fibonacci.rs:12:23
[INFO] [stdout]    |
[INFO] [stdout] 12 | use p3_field::{Field, PrimeCharacteristicRing, PrimeField64};
[INFO] [stdout]    |                       ^^^^^^^^^^^^^^^^^^^^^^^
[INFO] [stdout]    |
[INFO] [stdout]    = note: `#[warn(unused_imports)]` (part of `#[warn(unused)]`) on by default
[INFO] [stdout] 
[INFO] [stdout] 
[INFO] [stdout] For more information about this error, try `rustc --explain E0432`.
[INFO] [stdout] 
[INFO] [stdout] error[E0433]: cannot find module or crate `p3_keccak` in this scope
[INFO] [stdout]   --> tests/transcript_binding.rs:99:11
[INFO] [stdout]    |
[INFO] [stdout] 99 |     [Val; p3_keccak::VECTOR_LEN],
[INFO] [stdout]    |           ^^^^^^^^^ use of unresolved module or unlinked crate `p3_keccak`
[INFO] [stdout]    |
[INFO] [stdout]    = help: if you wanted to use a crate named `p3_keccak`, use `cargo add p3_keccak` to add it to your `Cargo.toml`
[INFO] [stdout] 
[INFO] [stdout] 
[INFO] [stderr] error: could not compile `p3-uni-stark` (test "stir_fibonacci") due to 5 previous errors; 1 warning emitted
[INFO] [stdout] error[E0433]: cannot find module or crate `p3_keccak` in this scope
[INFO] [stdout]    --> tests/transcript_binding.rs:100:11
[INFO] [stdout]     |
[INFO] [stdout] 100 |     [u64; p3_keccak::VECTOR_LEN],
[INFO] [stdout]     |           ^^^^^^^^^ use of unresolved module or unlinked crate `p3_keccak`
[INFO] [stdout]     |
[INFO] [stdout]     = help: if you wanted to use a crate named `p3_keccak`, use `cargo add p3_keccak` to add it to your `Cargo.toml`
[INFO] [stdout] 
[INFO] [stdout] 
[INFO] [stderr] error: could not compile `p3-uni-stark` (test "transcript_binding") due to 8 previous errors
[INFO] [stdout] Some errors have detailed explanations: E0432, E0433.
[INFO] [stdout] 
[INFO] [stdout] For more information about an error, try `rustc --explain E0432`.
[INFO] [stdout] 
[INFO] [stdout] For more information about this error, try `rustc --explain E0432`.
[INFO] [stdout] 
[INFO] [stderr] error: could not compile `p3-uni-stark` (lib test) due to 5 previous errors; 1 warning emitted
[INFO] [stdout] error[E0433]: cannot find module or crate `p3_fri` in this scope
[INFO] [stdout]   --> tests/no_next_row.rs:70:22
[INFO] [stdout]    |
[INFO] [stdout] 70 |     let fri_params = p3_fri::FriParameters {
[INFO] [stdout]    |                      ^^^^^^ use of unresolved module or unlinked crate `p3_fri`
[INFO] [stdout]    |
[INFO] [stdout] help: there is a crate or module with a similar name
[INFO] [stdout]    |
[INFO] [stdout] 70 -     let fri_params = p3_fri::FriParameters {
[INFO] [stdout] 70 +     let fri_params = p3_air::FriParameters {
[INFO] [stdout]    |
[INFO] [stdout] 
[INFO] [stdout] 
[INFO] [stderr] error: could not compile `p3-uni-stark` (test "no_next_row") due to 6 previous errors
[INFO] [stdout] Some errors have detailed explanations: E0432, E0433.
[INFO] [stdout] 
[INFO] [stdout] For more information about an error, try `rustc --explain E0432`.
[INFO] [stdout] 
[INFO] [stdout] For more information about this error, try `rustc --explain E0432`.
[INFO] [stdout] 
[INFO] [stderr] error: could not compile `p3-uni-stark` (test "mul_fib_pair") due to 5 previous errors
[INFO] [stdout] error[E0433]: cannot find module or crate `p3_keccak` in this scope
[INFO] [stdout]    --> tests/periodic_air.rs:174:21
[INFO] [stdout]     |
[INFO] [stdout] 174 |     type ByteHash = p3_keccak::Keccak256Hash;
[INFO] [stdout]     |                     ^^^^^^^^^ use of unresolved module or unlinked crate `p3_keccak`
[INFO] [stdout]     |
[INFO] [stdout]     = help: if you wanted to use a crate named `p3_keccak`, use `cargo add p3_keccak` to add it to your `Cargo.toml`
[INFO] [stdout] 
[INFO] [stdout] 
[INFO] [stdout] Some errors have detailed explanations: E0432, E0433.
[INFO] [stdout] 
[INFO] [stdout] For more information about an error, try `rustc --explain E0432`.
[INFO] [stdout] 
[INFO] [stderr] error: could not compile `p3-uni-stark` (test "periodic_air") due to 8 previous errors
[INFO] [stdout] For more information about this error, try `rustc --explain E0432`.
[INFO] [stdout] 
[INFO] [stderr] error: could not compile `p3-uni-stark` (test "mul_air") due to 9 previous errors
[INFO] running `Command { std: "docker" "inspect" "db29d26a59f69b0f1467a6ab81f556e0e2f684861fec4b84fecf35b8bde9322a", kill_on_drop: false }`
[INFO] running `Command { std: "docker" "rm" "-f" "db29d26a59f69b0f1467a6ab81f556e0e2f684861fec4b84fecf35b8bde9322a", kill_on_drop: false }`
[INFO] [stdout] db29d26a59f69b0f1467a6ab81f556e0e2f684861fec4b84fecf35b8bde9322a
