[INFO] fetching crate p3-sha256-air 0.9.0-rc.1...
[INFO] testing p3-sha256-air-0.9.0-rc.1 against 1.99.0-beta.8+cargoflags=--release for beta-release-1.100-2
[INFO] extracting crate p3-sha256-air 0.9.0-rc.1 into /workspace/builds/worker-7-tc1/source
[INFO] started tweaking crates.io crate p3-sha256-air 0.9.0-rc.1
[INFO] finished tweaking crates.io crate p3-sha256-air 0.9.0-rc.1
[INFO] tweaked toml for crates.io crate p3-sha256-air 0.9.0-rc.1 written to /workspace/builds/worker-7-tc1/source/Cargo.toml
[INFO] validating manifest of crates.io crate p3-sha256-air 0.9.0-rc.1 on toolchain 1.99.0-beta.8
[INFO] running `Command { std: CARGO_HOME="/workspace/cargo-home" RUSTUP_HOME="/workspace/rustup-home" "/workspace/cargo-home/bin/cargo" "+1.99.0-beta.8" "metadata" "--manifest-path" "Cargo.toml" "--no-deps", kill_on_drop: false }`
[INFO] crate crates.io crate p3-sha256-air 0.9.0-rc.1 already has a lockfile, it will not be regenerated
[INFO] running `Command { std: CARGO_HOME="/workspace/cargo-home" RUSTUP_HOME="/workspace/rustup-home" "/workspace/cargo-home/bin/cargo" "+1.99.0-beta.8" "fetch" "--manifest-path" "Cargo.toml", kill_on_drop: false }`
[INFO] [stderr]     Updating crates.io index
[INFO] [stderr]  Downloading crates ...
[INFO] [stderr]   Downloaded p3-matrix v0.9.0-rc.1
[INFO] [stderr]   Downloaded p3-maybe-rayon v0.9.0-rc.1
[INFO] [stderr]   Downloaded rand_xorshift v0.5.0
[INFO] [stderr]   Downloaded p3-util v0.9.0-rc.1
[INFO] [stderr]   Downloaded p3-air v0.9.0-rc.1
[INFO] [stderr]   Downloaded p3-field v0.9.0-rc.1
[INFO] [stderr]   Downloaded zerocopy-derive v0.8.62
[INFO] [stderr]   Downloaded cc v1.7.0
[INFO] [stderr]   Downloaded serde_json v1.0.152
[INFO] [stderr]   Downloaded proptest v1.12.0
[INFO] [stderr]   Downloaded syn v3.0.7
[INFO] [stderr]   Downloaded zerocopy v0.8.62
[INFO] running `Command { std: "docker" "create" "-v" "/var/lib/crater-agent-workspace/builds/worker-7-tc1/source:/opt/rustwide/workdir:ro,Z" "-v" "/var/lib/crater-agent-workspace/builds/worker-7-tc1/target:/opt/rustwide/target:rw,Z" "-v" "/var/lib/crater-agent-workspace/cargo-home:/opt/rustwide/cargo-home:ro,Z" "-v" "/var/lib/crater-agent-workspace/rustup-home:/opt/rustwide/rustup-home:ro,Z" "-m" "1610612736" "--network" "none" "ghcr.io/rust-lang/crates-build-env/linux@sha256:77db811e55d90add9212f6832c23229e3de5f1c1f9905e8cb07319ea15df73ac" "sleep" "infinity", kill_on_drop: false }`
[INFO] [stdout] 69f7ad775dd26d9dff28b066a5c19b0cae663050df72a565074d51565a5975f0
[INFO] running `Command { std: "docker" "start" "69f7ad775dd26d9dff28b066a5c19b0cae663050df72a565074d51565a5975f0", kill_on_drop: false }`
[INFO] running `Command { std: "docker" "inspect" "69f7ad775dd26d9dff28b066a5c19b0cae663050df72a565074d51565a5975f0", kill_on_drop: false }`
[INFO] running `Command { std: "docker" "exec" "-e" "SOURCE_DIR=/opt/rustwide/workdir" "-e" "CARGO_HOME=/opt/rustwide/cargo-home" "-e" "RUSTUP_HOME=/opt/rustwide/rustup-home" "-e" "CARGO_TARGET_DIR=/opt/rustwide/target" "-w" "/opt/rustwide/workdir" "--user" "0:0" "69f7ad775dd26d9dff28b066a5c19b0cae663050df72a565074d51565a5975f0" "/opt/rustwide/cargo-home/bin/cargo" "+1.99.0-beta.8" "metadata" "--no-deps" "--format-version=1", kill_on_drop: false }`
[INFO] running `Command { std: "docker" "inspect" "69f7ad775dd26d9dff28b066a5c19b0cae663050df72a565074d51565a5975f0", kill_on_drop: false }`
[INFO] running `Command { std: "docker" "exec" "-e" "SOURCE_DIR=/opt/rustwide/workdir" "-e" "CARGO_HOME=/opt/rustwide/cargo-home" "-e" "RUSTUP_HOME=/opt/rustwide/rustup-home" "-e" "CARGO_TARGET_DIR=/opt/rustwide/target" "-e" "CARGO_INCREMENTAL=0" "-e" "RUST_BACKTRACE=full" "-e" "RUSTFLAGS=--cap-lints=warn" "-e" "RUSTDOCFLAGS=--cap-lints=warn" "-w" "/opt/rustwide/workdir" "--user" "0:0" "69f7ad775dd26d9dff28b066a5c19b0cae663050df72a565074d51565a5975f0" "/opt/rustwide/cargo-home/bin/cargo" "+1.99.0-beta.8" "build" "--frozen" "--message-format=json" "--release", kill_on_drop: false }`
[INFO] [stderr]    Compiling unicode-ident v1.0.26
[INFO] [stderr]    Compiling serde_core v1.0.229
[INFO] [stderr]    Compiling serde v1.0.229
[INFO] [stderr]    Compiling tracing-core v0.1.36
[INFO] [stderr]    Compiling p3-maybe-rayon v0.9.0-rc.1
[INFO] [stderr]    Compiling either v1.19.0
[INFO] [stderr]    Compiling thiserror v2.0.21
[INFO] [stderr]    Compiling rand v0.10.3
[INFO] [stderr]    Compiling num-traits v0.2.19
[INFO] [stderr]    Compiling itertools v0.15.0
[INFO] [stderr]    Compiling proc-macro2 v1.0.107
[INFO] [stderr]    Compiling quote v1.0.47
[INFO] [stderr]    Compiling syn v3.0.7
[INFO] [stderr]    Compiling syn v2.0.119
[INFO] [stderr]    Compiling num-integer v0.1.47
[INFO] [stderr]    Compiling num-bigint v0.5.1
[INFO] [stderr]    Compiling serde_derive v1.0.229
[INFO] [stderr]    Compiling thiserror-impl v2.0.21
[INFO] [stderr]    Compiling tracing-attributes v0.1.31
[INFO] [stderr]    Compiling p3-util v0.9.0-rc.1
[INFO] [stderr]    Compiling tracing v0.1.44
[INFO] [stderr]    Compiling p3-field v0.9.0-rc.1
[INFO] [stderr]    Compiling p3-matrix v0.9.0-rc.1
[INFO] [stderr]    Compiling p3-air v0.9.0-rc.1
[INFO] [stderr]    Compiling p3-sha256-air v0.9.0-rc.1 (/opt/rustwide/workdir)
[INFO] [stderr]     Finished `release` profile [optimized] target(s) in 21.00s
[INFO] running `Command { std: "docker" "inspect" "69f7ad775dd26d9dff28b066a5c19b0cae663050df72a565074d51565a5975f0", kill_on_drop: false }`
[INFO] running `Command { std: "docker" "exec" "-e" "SOURCE_DIR=/opt/rustwide/workdir" "-e" "CARGO_HOME=/opt/rustwide/cargo-home" "-e" "RUSTUP_HOME=/opt/rustwide/rustup-home" "-e" "CARGO_TARGET_DIR=/opt/rustwide/target" "-e" "CARGO_INCREMENTAL=0" "-e" "RUST_BACKTRACE=full" "-e" "RUSTFLAGS=--cap-lints=warn" "-e" "RUSTDOCFLAGS=--cap-lints=warn" "-w" "/opt/rustwide/workdir" "--user" "0:0" "69f7ad775dd26d9dff28b066a5c19b0cae663050df72a565074d51565a5975f0" "/opt/rustwide/cargo-home/bin/cargo" "+1.99.0-beta.8" "test" "--frozen" "--no-run" "--message-format=json" "--release", kill_on_drop: false }`
[INFO] [stderr]    Compiling syn v2.0.119
[INFO] [stderr]    Compiling libc v0.2.190
[INFO] [stderr]    Compiling either v1.19.0
[INFO] [stderr]    Compiling zerocopy v0.8.62
[INFO] [stderr]    Compiling cc v1.7.0
[INFO] [stderr]    Compiling serde_json v1.0.152
[INFO] [stderr]    Compiling serde v1.0.229
[INFO] [stderr]    Compiling clap_lex v1.1.1
[INFO] [stderr]    Compiling num-integer v0.1.47
[INFO] [stderr]    Compiling regex-automata v0.4.18
[INFO] [stderr]    Compiling chacha20 v0.10.2
[INFO] [stderr]    Compiling digest v0.11.3
[INFO] [stderr]    Compiling plotters v0.3.7
[INFO] [stderr]    Compiling rand_xorshift v0.5.0
[INFO] [stderr]    Compiling clap_builder v4.6.7
[INFO] [stderr]    Compiling sha2 v0.11.0
[INFO] [stderr]    Compiling itertools v0.15.0
[INFO] [stderr]    Compiling itertools v0.13.0
[INFO] [stderr]    Compiling rayon v1.12.0
[INFO] [stderr]    Compiling num-bigint v0.5.1
[INFO] [stderr]    Compiling p3-util v0.9.0-rc.1
[INFO] [stderr]    Compiling alloca v0.4.0
[INFO] [stderr]    Compiling getrandom v0.4.3
[INFO] [stderr]    Compiling page_size v0.6.0
[INFO] [stderr]    Compiling tinytemplate v1.2.1
[INFO] [stderr]    Compiling rand v0.10.3
[INFO] [stderr]    Compiling regex v1.13.1
[INFO] [stderr]    Compiling criterion-plot v0.8.2
[INFO] [stderr]    Compiling clap v4.6.7
[INFO] [stderr]    Compiling proptest v1.12.0
[INFO] [stderr]    Compiling tracing-attributes v0.1.31
[INFO] [stderr]    Compiling zerocopy-derive v0.8.62
[INFO] [stderr]    Compiling tracing v0.1.44
[INFO] [stderr]    Compiling p3-field v0.9.0-rc.1
[INFO] [stderr]    Compiling p3-matrix v0.9.0-rc.1
[INFO] [stderr]    Compiling p3-air v0.9.0-rc.1
[INFO] [stderr]    Compiling p3-sha256-air v0.9.0-rc.1 (/opt/rustwide/workdir)
[INFO] [stderr]    Compiling half v2.7.1
[INFO] [stderr]    Compiling ciborium-ll v0.2.2
[INFO] [stderr]    Compiling ciborium v0.2.2
[INFO] [stderr]    Compiling criterion v0.8.2
[INFO] [stdout] error[E0432]: unresolved import `p3_baby_bear`
[INFO] [stdout]   --> src/binary/tests.rs:10:5
[INFO] [stdout]    |
[INFO] [stdout] 10 | use p3_baby_bear::BabyBear;
[INFO] [stdout]    |     ^^^^^^^^^^^^ use of unresolved module or unlinked crate `p3_baby_bear`
[INFO] [stdout]    |
[INFO] [stdout]    = help: if you wanted to use a crate named `p3_baby_bear`, use `cargo add p3_baby_bear` to add it to your `Cargo.toml`
[INFO] [stdout] 
[INFO] [stdout] 
[INFO] [stdout] error[E0432]: unresolved import `p3_binary_field`
[INFO] [stdout]   --> src/binary/tests.rs:11:5
[INFO] [stdout]    |
[INFO] [stdout] 11 | use p3_binary_field::BinaryField128;
[INFO] [stdout]    |     ^^^^^^^^^^^^^^^ use of unresolved module or unlinked crate `p3_binary_field`
[INFO] [stdout]    |
[INFO] [stdout]    = help: if you wanted to use a crate named `p3_binary_field`, use `cargo add p3_binary_field` to add it to your `Cargo.toml`
[INFO] [stdout] 
[INFO] [stdout] 
[INFO] [stdout] error[E0432]: unresolved import `p3_baby_bear`
[INFO] [stdout]   --> src/lib.rs:81:9
[INFO] [stdout]    |
[INFO] [stdout] 81 |     use p3_baby_bear::BabyBear;
[INFO] [stdout]    |         ^^^^^^^^^^^^ use of unresolved module or unlinked crate `p3_baby_bear`
[INFO] [stdout]    |
[INFO] [stdout]    = help: if you wanted to use a crate named `p3_baby_bear`, use `cargo add p3_baby_bear` to add it to your `Cargo.toml`
[INFO] [stdout] 
[INFO] [stdout] 
[INFO] [stdout] error[E0432]: unresolved import `p3_challenger`
[INFO] [stdout]   --> src/lib.rs:82:9
[INFO] [stdout]    |
[INFO] [stdout] 82 |     use p3_challenger::{HashChallenger, SerializingChallenger32};
[INFO] [stdout]    |         ^^^^^^^^^^^^^ use of unresolved module or unlinked crate `p3_challenger`
[INFO] [stdout]    |
[INFO] [stdout]    = help: if you wanted to use a crate named `p3_challenger`, use `cargo add p3_challenger` to add it to your `Cargo.toml`
[INFO] [stdout] 
[INFO] [stdout] 
[INFO] [stdout] error[E0432]: unresolved import `p3_commit`
[INFO] [stdout]   --> src/lib.rs:83:9
[INFO] [stdout]    |
[INFO] [stdout] 83 |     use p3_commit::ExtensionMmcs;
[INFO] [stdout]    |         ^^^^^^^^^ use of unresolved module or unlinked crate `p3_commit`
[INFO] [stdout]    |
[INFO] [stdout]    = help: if you wanted to use a crate named `p3_commit`, use `cargo add p3_commit` to add it to your `Cargo.toml`
[INFO] [stdout] 
[INFO] [stdout] 
[INFO] [stdout] error[E0432]: unresolved import `p3_fri`
[INFO] [stdout]   --> src/lib.rs:86:9
[INFO] [stdout]    |
[INFO] [stdout] 86 |     use p3_fri::{FriParameters, TwoAdicFriPcs};
[INFO] [stdout]    |         ^^^^^^ use of unresolved module or unlinked crate `p3_fri`
[INFO] [stdout]    |
[INFO] [stdout] help: there is a crate or module with a similar name
[INFO] [stdout]    |
[INFO] [stdout] 86 -     use p3_fri::{FriParameters, TwoAdicFriPcs};
[INFO] [stdout] 86 +     use p3_air::{FriParameters, TwoAdicFriPcs};
[INFO] [stdout]    |
[INFO] [stdout] 
[INFO] [stdout] 
[INFO] [stdout] error[E0432]: unresolved import `p3_keccak`
[INFO] [stdout]   --> src/lib.rs:87:9
[INFO] [stdout]    |
[INFO] [stdout] 87 |     use p3_keccak::{Keccak256Hash, KeccakF};
[INFO] [stdout]    |         ^^^^^^^^^ use of unresolved module or unlinked crate `p3_keccak`
[INFO] [stdout]    |
[INFO] [stdout]    = help: if you wanted to use a crate named `p3_keccak`, use `cargo add p3_keccak` to add it to your `Cargo.toml`
[INFO] [stdout] 
[INFO] [stdout] 
[INFO] [stdout] error[E0432]: unresolved import `p3_merkle_tree`
[INFO] [stdout]   --> src/lib.rs:88:9
[INFO] [stdout]    |
[INFO] [stdout] 88 |     use p3_merkle_tree::MerkleTreeMmcs;
[INFO] [stdout]    |         ^^^^^^^^^^^^^^ use of unresolved module or unlinked crate `p3_merkle_tree`
[INFO] [stdout]    |
[INFO] [stdout]    = help: if you wanted to use a crate named `p3_merkle_tree`, use `cargo add p3_merkle_tree` to add it to your `Cargo.toml`
[INFO] [stdout] 
[INFO] [stdout] 
[INFO] [stdout] error[E0432]: unresolved import `p3_symmetric`
[INFO] [stdout]   --> src/lib.rs:89:9
[INFO] [stdout]    |
[INFO] [stdout] 89 |     use p3_symmetric::{CompressionFunctionFromHasher, PaddingFreeSponge, SerializingHasher};
[INFO] [stdout]    |         ^^^^^^^^^^^^ use of unresolved module or unlinked crate `p3_symmetric`
[INFO] [stdout]    |
[INFO] [stdout]    = help: if you wanted to use a crate named `p3_symmetric`, use `cargo add p3_symmetric` to add it to your `Cargo.toml`
[INFO] [stdout] 
[INFO] [stdout] 
[INFO] [stdout] error[E0432]: unresolved import `p3_uni_stark`
[INFO] [stdout]   --> src/lib.rs:90:9
[INFO] [stdout]    |
[INFO] [stdout] 90 |     use p3_uni_stark::{StarkConfig, prove, verify};
[INFO] [stdout]    |         ^^^^^^^^^^^^ use of unresolved module or unlinked crate `p3_uni_stark`
[INFO] [stdout]    |
[INFO] [stdout]    = help: if you wanted to use a crate named `p3_uni_stark`, use `cargo add p3_uni_stark` to add it to your `Cargo.toml`
[INFO] [stdout] 
[INFO] [stdout] 
[INFO] [stdout] error[E0433]: cannot find module or crate `p3_dft` in this scope
[INFO] [stdout]    --> src/lib.rs:400:19
[INFO] [stdout]     |
[INFO] [stdout] 400 |         let dft = p3_dft::Radix2Bowers;
[INFO] [stdout]     |                   ^^^^^^ use of unresolved module or unlinked crate `p3_dft`
[INFO] [stdout]     |
[INFO] [stdout]     = help: if you wanted to use a crate named `p3_dft`, use `cargo add p3_dft` to add it to your `Cargo.toml`
[INFO] [stdout] 
[INFO] [stdout] 
[INFO] [stdout] error[E0433]: cannot find module or crate `p3_keccak` in this scope
[INFO] [stdout]    --> src/lib.rs:378:17
[INFO] [stdout]     |
[INFO] [stdout] 378 |             [F; p3_keccak::VECTOR_LEN],
[INFO] [stdout]     |                 ^^^^^^^^^ use of unresolved module or unlinked crate `p3_keccak`
[INFO] [stdout]     |
[INFO] [stdout]     = help: if you wanted to use a crate named `p3_keccak`, use `cargo add p3_keccak` to add it to your `Cargo.toml`
[INFO] [stdout] 
[INFO] [stdout] 
[INFO] [stdout] error[E0433]: cannot find module or crate `p3_keccak` in this scope
[INFO] [stdout]    --> src/lib.rs:379:19
[INFO] [stdout]     |
[INFO] [stdout] 379 |             [u64; p3_keccak::VECTOR_LEN],
[INFO] [stdout]     |                   ^^^^^^^^^ use of unresolved module or unlinked crate `p3_keccak`
[INFO] [stdout]     |
[INFO] [stdout]     = help: if you wanted to use a crate named `p3_keccak`, use `cargo add p3_keccak` to add it to your `Cargo.toml`
[INFO] [stdout] 
[INFO] [stdout] 
[INFO] [stdout] Some errors have detailed explanations: E0432, E0433.
[INFO] [stdout] 
[INFO] [stdout] For more information about an error, try `rustc --explain E0432`.
[INFO] [stdout] 
[INFO] [stderr] error: could not compile `p3-sha256-air` (lib test) due to 13 previous errors
[INFO] running `Command { std: "docker" "inspect" "69f7ad775dd26d9dff28b066a5c19b0cae663050df72a565074d51565a5975f0", kill_on_drop: false }`
[INFO] running `Command { std: "docker" "rm" "-f" "69f7ad775dd26d9dff28b066a5c19b0cae663050df72a565074d51565a5975f0", kill_on_drop: false }`
[INFO] [stdout] 69f7ad775dd26d9dff28b066a5c19b0cae663050df72a565074d51565a5975f0
