[INFO] fetching crate p3-poseidon1-air 0.9.0-rc.1...
[INFO] testing p3-poseidon1-air-0.9.0-rc.1 against 1.100.0-beta.1+cargoflags=--release for beta-release-1.100-2
[INFO] extracting crate p3-poseidon1-air 0.9.0-rc.1 into /workspace/builds/worker-2-tc2/source
[INFO] started tweaking crates.io crate p3-poseidon1-air 0.9.0-rc.1
[INFO] removed 0 missing examples
[INFO] finished tweaking crates.io crate p3-poseidon1-air 0.9.0-rc.1
[INFO] tweaked toml for crates.io crate p3-poseidon1-air 0.9.0-rc.1 written to /workspace/builds/worker-2-tc2/source/Cargo.toml
[INFO] validating manifest of crates.io crate p3-poseidon1-air 0.9.0-rc.1 on toolchain 1.100.0-beta.1
[INFO] running `Command { std: CARGO_HOME="/workspace/cargo-home" RUSTUP_HOME="/workspace/rustup-home" "/workspace/cargo-home/bin/cargo" "+1.100.0-beta.1" "metadata" "--manifest-path" "Cargo.toml" "--no-deps", kill_on_drop: false }`
[INFO] crate crates.io crate p3-poseidon1-air 0.9.0-rc.1 already has a lockfile, it will not be regenerated
[INFO] running `Command { std: CARGO_HOME="/workspace/cargo-home" RUSTUP_HOME="/workspace/rustup-home" "/workspace/cargo-home/bin/cargo" "+1.100.0-beta.1" "fetch" "--manifest-path" "Cargo.toml", kill_on_drop: false }`
[INFO] [stderr] warning: `package.homepage` is redundant with `package.repository`
[INFO] [stderr]    --> Cargo.toml:97:12
[INFO] [stderr]     |
[INFO] [stderr]  97 | homepage = "https://github.com/Plonky3/Plonky3"
[INFO] [stderr]     |            ^^^^^^^^^^^^^^^^^^^^^^^^^^^^^^^^^^^^
[INFO] [stderr] ...
[INFO] [stderr] 102 | repository = "https://github.com/Plonky3/Plonky3"
[INFO] [stderr]     |              ------------------------------------
[INFO] [stderr]     |
[INFO] [stderr]     = note: `cargo::redundant_homepage` is set to `warn` by default
[INFO] [stderr] help: consider removing `package.homepage`
[INFO] [stderr] warning: `p3-poseidon1-air` (manifest) generated 1 warning
[INFO] running `Command { std: "docker" "create" "-v" "/var/lib/crater-agent-workspace/builds/worker-2-tc2/source:/opt/rustwide/workdir:ro,Z" "-v" "/var/lib/crater-agent-workspace/builds/worker-2-tc2/target:/opt/rustwide/target:rw,Z" "-v" "/var/lib/crater-agent-workspace/cargo-home:/opt/rustwide/cargo-home:ro,Z" "-v" "/var/lib/crater-agent-workspace/rustup-home:/opt/rustwide/rustup-home:ro,Z" "-m" "1610612736" "--network" "none" "ghcr.io/rust-lang/crates-build-env/linux@sha256:77db811e55d90add9212f6832c23229e3de5f1c1f9905e8cb07319ea15df73ac" "sleep" "infinity", kill_on_drop: false }`
[INFO] [stdout] a6fd441575c4cedf8b0af4923d58a66433a08dccd9fa8d36a24f863f455ed085
[INFO] running `Command { std: "docker" "start" "a6fd441575c4cedf8b0af4923d58a66433a08dccd9fa8d36a24f863f455ed085", kill_on_drop: false }`
[INFO] running `Command { std: "docker" "inspect" "a6fd441575c4cedf8b0af4923d58a66433a08dccd9fa8d36a24f863f455ed085", kill_on_drop: false }`
[INFO] running `Command { std: "docker" "exec" "-e" "SOURCE_DIR=/opt/rustwide/workdir" "-e" "CARGO_HOME=/opt/rustwide/cargo-home" "-e" "RUSTUP_HOME=/opt/rustwide/rustup-home" "-e" "CARGO_TARGET_DIR=/opt/rustwide/target" "-w" "/opt/rustwide/workdir" "--user" "0:0" "a6fd441575c4cedf8b0af4923d58a66433a08dccd9fa8d36a24f863f455ed085" "/opt/rustwide/cargo-home/bin/cargo" "+1.100.0-beta.1" "metadata" "--no-deps" "--format-version=1", kill_on_drop: false }`
[INFO] running `Command { std: "docker" "inspect" "a6fd441575c4cedf8b0af4923d58a66433a08dccd9fa8d36a24f863f455ed085", kill_on_drop: false }`
[INFO] running `Command { std: "docker" "exec" "-e" "SOURCE_DIR=/opt/rustwide/workdir" "-e" "CARGO_HOME=/opt/rustwide/cargo-home" "-e" "RUSTUP_HOME=/opt/rustwide/rustup-home" "-e" "CARGO_TARGET_DIR=/opt/rustwide/target" "-e" "CARGO_INCREMENTAL=0" "-e" "RUST_BACKTRACE=full" "-e" "RUSTFLAGS=--cap-lints=warn" "-e" "RUSTDOCFLAGS=--cap-lints=warn" "-w" "/opt/rustwide/workdir" "--user" "0:0" "a6fd441575c4cedf8b0af4923d58a66433a08dccd9fa8d36a24f863f455ed085" "/opt/rustwide/cargo-home/bin/cargo" "+1.100.0-beta.1" "build" "--frozen" "--message-format=json" "--release", kill_on_drop: false }`
[INFO] [stderr] warning: `package.homepage` is redundant with `package.repository`
[INFO] [stderr]    --> Cargo.toml:97:12
[INFO] [stderr]     |
[INFO] [stderr]  97 | homepage = "https://github.com/Plonky3/Plonky3"
[INFO] [stderr]     |            ^^^^^^^^^^^^^^^^^^^^^^^^^^^^^^^^^^^^
[INFO] [stderr] ...
[INFO] [stderr] 102 | repository = "https://github.com/Plonky3/Plonky3"
[INFO] [stderr]     |              ------------------------------------
[INFO] [stderr]     |
[INFO] [stderr]     = note: `cargo::redundant_homepage` is set to `warn` by default
[INFO] [stderr] help: consider removing `package.homepage`
[INFO] [stderr] warning: `p3-poseidon1-air` (manifest) generated 1 warning
[INFO] [stderr]    Compiling serde_core v1.0.229
[INFO] [stderr]    Compiling serde v1.0.229
[INFO] [stderr]    Compiling either v1.19.0
[INFO] [stderr]    Compiling p3-maybe-rayon v0.9.0-rc.1
[INFO] [stderr]    Compiling tracing-core v0.1.36
[INFO] [stderr]    Compiling thiserror v2.0.21
[INFO] [stderr]    Compiling rand v0.10.3
[INFO] [stderr]    Compiling num-traits v0.2.19
[INFO] [stderr]    Compiling spin v0.12.3
[INFO] [stderr]    Compiling syn v3.0.7
[INFO] [stderr]    Compiling itertools v0.15.0
[INFO] [stderr]    Compiling tracing v0.1.44
[INFO] [stderr]    Compiling num-integer v0.1.47
[INFO] [stderr]    Compiling num-bigint v0.5.1
[INFO] [stderr]    Compiling serde_derive v1.0.229
[INFO] [stderr]    Compiling thiserror-impl v2.0.21
[INFO] [stderr]    Compiling p3-util v0.9.0-rc.1
[INFO] [stderr]    Compiling p3-field v0.9.0-rc.1
[INFO] [stderr]    Compiling p3-matrix v0.9.0-rc.1
[INFO] [stderr]    Compiling p3-symmetric v0.9.0-rc.1
[INFO] [stderr]    Compiling p3-dft v0.9.0-rc.1
[INFO] [stderr]    Compiling p3-air v0.9.0-rc.1
[INFO] [stderr]    Compiling p3-mds v0.9.0-rc.1
[INFO] [stderr]    Compiling p3-poseidon1 v0.9.0-rc.1
[INFO] [stderr]    Compiling p3-poseidon1-air v0.9.0-rc.1 (/opt/rustwide/workdir)
[INFO] [stderr]     Finished `release` profile [optimized] target(s) in 18.22s
[INFO] running `Command { std: "docker" "inspect" "a6fd441575c4cedf8b0af4923d58a66433a08dccd9fa8d36a24f863f455ed085", kill_on_drop: false }`
[INFO] running `Command { std: "docker" "exec" "-e" "SOURCE_DIR=/opt/rustwide/workdir" "-e" "CARGO_HOME=/opt/rustwide/cargo-home" "-e" "RUSTUP_HOME=/opt/rustwide/rustup-home" "-e" "CARGO_TARGET_DIR=/opt/rustwide/target" "-e" "CARGO_INCREMENTAL=0" "-e" "RUST_BACKTRACE=full" "-e" "RUSTFLAGS=--cap-lints=warn" "-e" "RUSTDOCFLAGS=--cap-lints=warn" "-w" "/opt/rustwide/workdir" "--user" "0:0" "a6fd441575c4cedf8b0af4923d58a66433a08dccd9fa8d36a24f863f455ed085" "/opt/rustwide/cargo-home/bin/cargo" "+1.100.0-beta.1" "test" "--frozen" "--no-run" "--message-format=json" "--release", kill_on_drop: false }`
[INFO] [stderr] warning: `package.homepage` is redundant with `package.repository`
[INFO] [stderr]    --> Cargo.toml:97:12
[INFO] [stderr]     |
[INFO] [stderr]  97 | homepage = "https://github.com/Plonky3/Plonky3"
[INFO] [stderr]     |            ^^^^^^^^^^^^^^^^^^^^^^^^^^^^^^^^^^^^
[INFO] [stderr] ...
[INFO] [stderr] 102 | repository = "https://github.com/Plonky3/Plonky3"
[INFO] [stderr]     |              ------------------------------------
[INFO] [stderr]     |
[INFO] [stderr]     = note: `cargo::redundant_homepage` is set to `warn` by default
[INFO] [stderr] help: consider removing `package.homepage`
[INFO] [stderr] warning: `p3-poseidon1-air` (manifest) generated 1 warning
[INFO] [stderr]    Compiling syn v2.0.119
[INFO] [stderr]    Compiling itertools v0.15.0
[INFO] [stderr]    Compiling zerocopy v0.8.62
[INFO] [stderr]    Compiling thiserror v2.0.21
[INFO] [stderr]    Compiling regex-automata v0.4.18
[INFO] [stderr]    Compiling serde v1.0.229
[INFO] [stderr]    Compiling tikv-jemalloc-sys v0.7.1+5.3.1-0-g81034ce1f1373e37dc865038e1bc8eeecf559ce8
[INFO] [stderr]    Compiling alloca v0.4.0
[INFO] [stderr]    Compiling num-integer v0.1.47
[INFO] [stderr]    Compiling sharded-slab v0.1.7
[INFO] [stderr]    Compiling tracing-log v0.2.0
[INFO] [stderr]    Compiling serde_json v1.0.152
[INFO] [stderr]    Compiling clap_builder v4.6.7
[INFO] [stderr]    Compiling thread_local v1.1.10
[INFO] [stderr]    Compiling itertools v0.13.0
[INFO] [stderr]    Compiling smallvec v1.16.3
[INFO] [stderr]    Compiling plotters v0.3.7
[INFO] [stderr]    Compiling rayon v1.12.0
[INFO] [stderr]    Compiling page_size v0.6.0
[INFO] [stderr]    Compiling ansi_term v0.12.1
[INFO] [stderr]    Compiling num-bigint v0.5.1
[INFO] [stderr]    Compiling p3-util v0.9.0-rc.1
[INFO] [stderr]    Compiling tinytemplate v1.2.1
[INFO] [stderr]    Compiling criterion-plot v0.8.2
[INFO] [stderr]    Compiling clap v4.6.7
[INFO] [stderr]    Compiling matchers v0.2.0
[INFO] [stderr]    Compiling regex v1.13.1
[INFO] [stderr]    Compiling tracing-attributes v0.1.31
[INFO] [stderr]    Compiling zerocopy-derive v0.8.62
[INFO] [stderr]    Compiling tracing v0.1.44
[INFO] [stderr]    Compiling p3-field v0.9.0-rc.1
[INFO] [stderr]    Compiling tracing-subscriber v0.3.23
[INFO] [stderr]    Compiling p3-matrix v0.9.0-rc.1
[INFO] [stderr]    Compiling p3-symmetric v0.9.0-rc.1
[INFO] [stderr]    Compiling tracing-forest v0.3.1
[INFO] [stderr]    Compiling p3-dft v0.9.0-rc.1
[INFO] [stderr]    Compiling p3-air v0.9.0-rc.1
[INFO] [stderr]    Compiling p3-mds v0.9.0-rc.1
[INFO] [stderr]    Compiling p3-poseidon1 v0.9.0-rc.1
[INFO] [stderr]    Compiling p3-poseidon1-air v0.9.0-rc.1 (/opt/rustwide/workdir)
[INFO] [stderr]    Compiling half v2.7.1
[INFO] [stderr]    Compiling ciborium-ll v0.2.2
[INFO] [stderr]    Compiling ciborium v0.2.2
[INFO] [stderr]    Compiling criterion v0.8.2
[INFO] [stderr]    Compiling tikv-jemallocator v0.7.0
[INFO] [stdout] error[E0432]: unresolved import `p3_baby_bear`
[INFO] [stdout]  --> examples/prove_poseidon1_baby_bear_keccak.rs:5:5
[INFO] [stdout]   |
[INFO] [stdout] 5 | use p3_baby_bear::{
[INFO] [stdout]   |     ^^^^^^^^^^^^ use of unresolved module or unlinked crate `p3_baby_bear`
[INFO] [stdout]   |
[INFO] [stdout]   = help: if you wanted to use a crate named `p3_baby_bear`, use `cargo add p3_baby_bear` to add it to your `Cargo.toml`
[INFO] [stdout] 
[INFO] [stdout] 
[INFO] [stdout] error[E0432]: unresolved import `p3_challenger`
[INFO] [stdout]  --> examples/prove_poseidon1_baby_bear_keccak.rs:9:5
[INFO] [stdout]   |
[INFO] [stdout] 9 | use p3_challenger::{HashChallenger, SerializingChallenger32};
[INFO] [stdout]   |     ^^^^^^^^^^^^^ use of unresolved module or unlinked crate `p3_challenger`
[INFO] [stdout]   |
[INFO] [stdout]   = help: if you wanted to use a crate named `p3_challenger`, use `cargo add p3_challenger` to add it to your `Cargo.toml`
[INFO] [stdout] 
[INFO] [stdout] 
[INFO] [stdout] error[E0432]: unresolved import `p3_commit`
[INFO] [stdout]   --> examples/prove_poseidon1_baby_bear_keccak.rs:10:5
[INFO] [stdout]    |
[INFO] [stdout] 10 | use p3_commit::ExtensionMmcs;
[INFO] [stdout]    |     ^^^^^^^^^ use of unresolved module or unlinked crate `p3_commit`
[INFO] [stdout]    |
[INFO] [stdout]    = help: if you wanted to use a crate named `p3_commit`, use `cargo add p3_commit` to add it to your `Cargo.toml`
[INFO] [stdout] 
[INFO] [stdout] 
[INFO] [stdout] error[E0432]: unresolved import `p3_fri`
[INFO] [stdout]   --> examples/prove_poseidon1_baby_bear_keccak.rs:12:5
[INFO] [stdout]    |
[INFO] [stdout] 12 | use p3_fri::{FriParameters, TwoAdicFriPcs};
[INFO] [stdout]    |     ^^^^^^ use of unresolved module or unlinked crate `p3_fri`
[INFO] [stdout]    |
[INFO] [stdout] help: there is a crate or module with a similar name
[INFO] [stdout]    |
[INFO] [stdout] 12 - use p3_fri::{FriParameters, TwoAdicFriPcs};
[INFO] [stdout] 12 + use p3_air::{FriParameters, TwoAdicFriPcs};
[INFO] [stdout]    |
[INFO] [stdout] 
[INFO] [stdout] 
[INFO] [stdout] error[E0432]: unresolved import `p3_keccak`
[INFO] [stdout]   --> examples/prove_poseidon1_baby_bear_keccak.rs:13:5
[INFO] [stdout]    |
[INFO] [stdout] 13 | use p3_keccak::{Keccak256Hash, KeccakF};
[INFO] [stdout]    |     ^^^^^^^^^ use of unresolved module or unlinked crate `p3_keccak`
[INFO] [stdout]    |
[INFO] [stdout]    = help: if you wanted to use a crate named `p3_keccak`, use `cargo add p3_keccak` to add it to your `Cargo.toml`
[INFO] [stdout] 
[INFO] [stdout] 
[INFO] [stdout] error[E0432]: unresolved import `p3_merkle_tree`
[INFO] [stdout]   --> examples/prove_poseidon1_baby_bear_keccak.rs:14:5
[INFO] [stdout]    |
[INFO] [stdout] 14 | use p3_merkle_tree::MerkleTreeMmcs;
[INFO] [stdout]    |     ^^^^^^^^^^^^^^ use of unresolved module or unlinked crate `p3_merkle_tree`
[INFO] [stdout]    |
[INFO] [stdout]    = help: if you wanted to use a crate named `p3_merkle_tree`, use `cargo add p3_merkle_tree` to add it to your `Cargo.toml`
[INFO] [stdout] 
[INFO] [stdout] 
[INFO] [stdout] error[E0432]: unresolved import `p3_monty_31`
[INFO] [stdout]   --> examples/prove_poseidon1_baby_bear_keccak.rs:15:5
[INFO] [stdout]    |
[INFO] [stdout] 15 | use p3_monty_31::MDSUtils;
[INFO] [stdout]    |     ^^^^^^^^^^^ use of unresolved module or unlinked crate `p3_monty_31`
[INFO] [stdout]    |
[INFO] [stdout]    = help: if you wanted to use a crate named `p3_monty_31`, use `cargo add p3_monty_31` to add it to your `Cargo.toml`
[INFO] [stdout] 
[INFO] [stdout] 
[INFO] [stdout] error[E0432]: unresolved import `p3_symmetric`
[INFO] [stdout]   --> examples/prove_poseidon1_baby_bear_keccak.rs:18:5
[INFO] [stdout]    |
[INFO] [stdout] 18 | use p3_symmetric::{CompressionFunctionFromHasher, PaddingFreeSponge, SerializingHasher};
[INFO] [stdout]    |     ^^^^^^^^^^^^ use of unresolved module or unlinked crate `p3_symmetric`
[INFO] [stdout]    |
[INFO] [stdout]    = help: if you wanted to use a crate named `p3_symmetric`, use `cargo add p3_symmetric` to add it to your `Cargo.toml`
[INFO] [stdout] 
[INFO] [stdout] 
[INFO] [stdout] error[E0432]: unresolved import `p3_uni_stark`
[INFO] [stdout]   --> examples/prove_poseidon1_baby_bear_keccak.rs:19:5
[INFO] [stdout]    |
[INFO] [stdout] 19 | use p3_uni_stark::{StarkConfig, prove, verify};
[INFO] [stdout]    |     ^^^^^^^^^^^^ use of unresolved module or unlinked crate `p3_uni_stark`
[INFO] [stdout]    |
[INFO] [stdout]    = help: if you wanted to use a crate named `p3_uni_stark`, use `cargo add p3_uni_stark` to add it to your `Cargo.toml`
[INFO] [stdout] 
[INFO] [stdout] 
[INFO] [stdout] error[E0432]: unresolved import `p3_baby_bear`
[INFO] [stdout]   --> src/lib.rs:83:9
[INFO] [stdout]    |
[INFO] [stdout] 83 |     use p3_baby_bear::{
[INFO] [stdout]    |         ^^^^^^^^^^^^ use of unresolved module or unlinked crate `p3_baby_bear`
[INFO] [stdout]    |
[INFO] [stdout]    = help: if you wanted to use a crate named `p3_baby_bear`, use `cargo add p3_baby_bear` to add it to your `Cargo.toml`
[INFO] [stdout] 
[INFO] [stdout] 
[INFO] [stdout] error[E0432]: unresolved import `p3_challenger`
[INFO] [stdout]   --> src/lib.rs:88:9
[INFO] [stdout]    |
[INFO] [stdout] 88 |     use p3_challenger::{HashChallenger, SerializingChallenger32};
[INFO] [stdout]    |         ^^^^^^^^^^^^^ use of unresolved module or unlinked crate `p3_challenger`
[INFO] [stdout]    |
[INFO] [stdout]    = help: if you wanted to use a crate named `p3_challenger`, use `cargo add p3_challenger` to add it to your `Cargo.toml`
[INFO] [stdout] 
[INFO] [stdout] 
[INFO] [stdout] error[E0432]: unresolved import `p3_commit`
[INFO] [stdout]   --> src/lib.rs:89:9
[INFO] [stdout]    |
[INFO] [stdout] 89 |     use p3_commit::ExtensionMmcs;
[INFO] [stdout]    |         ^^^^^^^^^ use of unresolved module or unlinked crate `p3_commit`
[INFO] [stdout]    |
[INFO] [stdout]    = help: if you wanted to use a crate named `p3_commit`, use `cargo add p3_commit` to add it to your `Cargo.toml`
[INFO] [stdout] 
[INFO] [stdout] 
[INFO] [stdout] error[E0432]: unresolved import `p3_fri`
[INFO] [stdout]   --> src/lib.rs:91:9
[INFO] [stdout]    |
[INFO] [stdout] 91 |     use p3_fri::{FriParameters, TwoAdicFriPcs};
[INFO] [stdout]    |         ^^^^^^ use of unresolved module or unlinked crate `p3_fri`
[INFO] [stdout]    |
[INFO] [stdout] help: there is a crate or module with a similar name
[INFO] [stdout]    |
[INFO] [stdout] 91 -     use p3_fri::{FriParameters, TwoAdicFriPcs};
[INFO] [stdout] 91 +     use p3_air::{FriParameters, TwoAdicFriPcs};
[INFO] [stdout]    |
[INFO] [stdout] 
[INFO] [stdout] 
[INFO] [stdout] error[E0432]: unresolved import `p3_keccak`
[INFO] [stdout]   --> src/lib.rs:92:9
[INFO] [stdout]    |
[INFO] [stdout] 92 |     use p3_keccak::{Keccak256Hash, KeccakF};
[INFO] [stdout]    |         ^^^^^^^^^ use of unresolved module or unlinked crate `p3_keccak`
[INFO] [stdout]    |
[INFO] [stdout]    = help: if you wanted to use a crate named `p3_keccak`, use `cargo add p3_keccak` to add it to your `Cargo.toml`
[INFO] [stdout] 
[INFO] [stdout] 
[INFO] [stdout] error[E0432]: unresolved import `p3_merkle_tree`
[INFO] [stdout]   --> src/lib.rs:94:9
[INFO] [stdout]    |
[INFO] [stdout] 94 |     use p3_merkle_tree::MerkleTreeMmcs;
[INFO] [stdout]    |         ^^^^^^^^^^^^^^ use of unresolved module or unlinked crate `p3_merkle_tree`
[INFO] [stdout]    |
[INFO] [stdout]    = help: if you wanted to use a crate named `p3_merkle_tree`, use `cargo add p3_merkle_tree` to add it to your `Cargo.toml`
[INFO] [stdout] 
[INFO] [stdout] 
[INFO] [stdout] error[E0432]: unresolved import `p3_monty_31`
[INFO] [stdout]   --> src/lib.rs:95:9
[INFO] [stdout]    |
[INFO] [stdout] 95 |     use p3_monty_31::MDSUtils;
[INFO] [stdout]    |         ^^^^^^^^^^^ use of unresolved module or unlinked crate `p3_monty_31`
[INFO] [stdout]    |
[INFO] [stdout]    = help: if you wanted to use a crate named `p3_monty_31`, use `cargo add p3_monty_31` to add it to your `Cargo.toml`
[INFO] [stdout] 
[INFO] [stdout] 
[INFO] [stdout] error[E0432]: unresolved import `p3_symmetric`
[INFO] [stdout]   --> src/lib.rs:97:9
[INFO] [stdout]    |
[INFO] [stdout] 97 |     use p3_symmetric::{
[INFO] [stdout]    |         ^^^^^^^^^^^^ use of unresolved module or unlinked crate `p3_symmetric`
[INFO] [stdout]    |
[INFO] [stdout]    = help: if you wanted to use a crate named `p3_symmetric`, use `cargo add p3_symmetric` to add it to your `Cargo.toml`
[INFO] [stdout] 
[INFO] [stdout] 
[INFO] [stdout] error[E0432]: unresolved import `p3_uni_stark`
[INFO] [stdout]    --> src/lib.rs:100:9
[INFO] [stdout]     |
[INFO] [stdout] 100 |     use p3_uni_stark::{StarkConfig, prove, verify};
[INFO] [stdout]     |         ^^^^^^^^^^^^ use of unresolved module or unlinked crate `p3_uni_stark`
[INFO] [stdout]     |
[INFO] [stdout]     = help: if you wanted to use a crate named `p3_uni_stark`, use `cargo add p3_uni_stark` to add it to your `Cargo.toml`
[INFO] [stdout] 
[INFO] [stdout] 
[INFO] [stdout] error[E0433]: cannot find module or crate `p3_dft` in this scope
[INFO] [stdout]    --> src/lib.rs:316:19
[INFO] [stdout]     |
[INFO] [stdout] 316 |         let dft = p3_dft::Radix2Bowers;
[INFO] [stdout]     |                   ^^^^^^ use of unresolved module or unlinked crate `p3_dft`
[INFO] [stdout]     |
[INFO] [stdout]     = help: if you wanted to use a crate named `p3_dft`, use `cargo add p3_dft` to add it to your `Cargo.toml`
[INFO] [stdout] 
[INFO] [stdout] 
[INFO] [stdout] error[E0433]: cannot find module or crate `p3_keccak` in this scope
[INFO] [stdout]    --> src/lib.rs:292:19
[INFO] [stdout]     |
[INFO] [stdout] 292 |             [Val; p3_keccak::VECTOR_LEN],
[INFO] [stdout]     |                   ^^^^^^^^^ use of unresolved module or unlinked crate `p3_keccak`
[INFO] [stdout]     |
[INFO] [stdout]     = help: if you wanted to use a crate named `p3_keccak`, use `cargo add p3_keccak` to add it to your `Cargo.toml`
[INFO] [stdout] 
[INFO] [stdout] 
[INFO] [stdout] error[E0433]: cannot find module or crate `p3_keccak` in this scope
[INFO] [stdout]    --> src/lib.rs:293:19
[INFO] [stdout]     |
[INFO] [stdout] 293 |             [u64; p3_keccak::VECTOR_LEN],
[INFO] [stdout]     |                   ^^^^^^^^^ use of unresolved module or unlinked crate `p3_keccak`
[INFO] [stdout]     |
[INFO] [stdout]     = help: if you wanted to use a crate named `p3_keccak`, use `cargo add p3_keccak` to add it to your `Cargo.toml`
[INFO] [stdout] 
[INFO] [stdout] 
[INFO] [stdout] error[E0433]: cannot find module or crate `p3_keccak` in this scope
[INFO] [stdout]   --> examples/prove_poseidon1_baby_bear_keccak.rs:95:15
[INFO] [stdout]    |
[INFO] [stdout] 95 |         [Val; p3_keccak::VECTOR_LEN],
[INFO] [stdout]    |               ^^^^^^^^^ use of unresolved module or unlinked crate `p3_keccak`
[INFO] [stdout]    |
[INFO] [stdout]    = help: if you wanted to use a crate named `p3_keccak`, use `cargo add p3_keccak` to add it to your `Cargo.toml`
[INFO] [stdout] 
[INFO] [stdout] 
[INFO] [stdout] error[E0433]: cannot find module or crate `p3_keccak` in this scope
[INFO] [stdout]   --> examples/prove_poseidon1_baby_bear_keccak.rs:96:15
[INFO] [stdout]    |
[INFO] [stdout] 96 |         [u64; p3_keccak::VECTOR_LEN],
[INFO] [stdout]    |               ^^^^^^^^^ use of unresolved module or unlinked crate `p3_keccak`
[INFO] [stdout]    |
[INFO] [stdout]    = help: if you wanted to use a crate named `p3_keccak`, use `cargo add p3_keccak` to add it to your `Cargo.toml`
[INFO] [stdout] 
[INFO] [stdout] 
[INFO] [stdout] error[E0433]: cannot find module or crate `p3_dft` in this scope
[INFO] [stdout]   --> examples/prove_poseidon1_baby_bear_keccak.rs:52:12
[INFO] [stdout]    |
[INFO] [stdout] 52 | type Dft = p3_dft::Radix2Bowers;
[INFO] [stdout]    |            ^^^^^^ use of unresolved module or unlinked crate `p3_dft`
[INFO] [stdout]    |
[INFO] [stdout]    = help: if you wanted to use a crate named `p3_dft`, use `cargo add p3_dft` to add it to your `Cargo.toml`
[INFO] [stdout] 
[INFO] [stdout] 
[INFO] [stdout] Some errors have detailed explanations: E0432, E0433.
[INFO] [stdout] 
[INFO] [stdout] For more information about an error, try `rustc --explain E0432`.
[INFO] [stdout] 
[INFO] [stdout] Some errors have detailed explanations: E0432, E0433.
[INFO] [stdout] 
[INFO] [stdout] For more information about an error, try `rustc --explain E0432`.
[INFO] [stdout] 
[INFO] [stderr] error: could not compile `p3-poseidon1-air` (lib test) due to 12 previous errors
[INFO] [stderr] warning: build failed, waiting for other jobs to finish...
[INFO] [stderr] error: could not compile `p3-poseidon1-air` (example "prove_poseidon1_baby_bear_keccak") due to 12 previous errors
[INFO] running `Command { std: "docker" "inspect" "a6fd441575c4cedf8b0af4923d58a66433a08dccd9fa8d36a24f863f455ed085", kill_on_drop: false }`
[INFO] running `Command { std: "docker" "rm" "-f" "a6fd441575c4cedf8b0af4923d58a66433a08dccd9fa8d36a24f863f455ed085", kill_on_drop: false }`
[INFO] [stdout] a6fd441575c4cedf8b0af4923d58a66433a08dccd9fa8d36a24f863f455ed085
