[INFO] fetching crate p3-matrix 0.9.0-rc.1...
[INFO] testing p3-matrix-0.9.0-rc.1 against 1.100.0-beta.1+cargoflags=--release for beta-release-1.100-2
[INFO] extracting crate p3-matrix 0.9.0-rc.1 into /workspace/builds/worker-1-tc2/source
[INFO] started tweaking crates.io crate p3-matrix 0.9.0-rc.1
[INFO] finished tweaking crates.io crate p3-matrix 0.9.0-rc.1
[INFO] tweaked toml for crates.io crate p3-matrix 0.9.0-rc.1 written to /workspace/builds/worker-1-tc2/source/Cargo.toml
[INFO] validating manifest of crates.io crate p3-matrix 0.9.0-rc.1 on toolchain 1.100.0-beta.1
[INFO] running `Command { std: CARGO_HOME="/workspace/cargo-home" RUSTUP_HOME="/workspace/rustup-home" "/workspace/cargo-home/bin/cargo" "+1.100.0-beta.1" "metadata" "--manifest-path" "Cargo.toml" "--no-deps", kill_on_drop: false }`
[INFO] crate crates.io crate p3-matrix 0.9.0-rc.1 already has a lockfile, it will not be regenerated
[INFO] running `Command { std: CARGO_HOME="/workspace/cargo-home" RUSTUP_HOME="/workspace/rustup-home" "/workspace/cargo-home/bin/cargo" "+1.100.0-beta.1" "fetch" "--manifest-path" "Cargo.toml", kill_on_drop: false }`
[INFO] [stderr] warning: `package.homepage` is redundant with `package.repository`
[INFO] [stderr]    --> Cargo.toml:114:12
[INFO] [stderr]     |
[INFO] [stderr] 114 | homepage = "https://github.com/Plonky3/Plonky3"
[INFO] [stderr]     |            ^^^^^^^^^^^^^^^^^^^^^^^^^^^^^^^^^^^^
[INFO] [stderr] ...
[INFO] [stderr] 119 | repository = "https://github.com/Plonky3/Plonky3"
[INFO] [stderr]     |              ------------------------------------
[INFO] [stderr]     |
[INFO] [stderr]     = note: `cargo::redundant_homepage` is set to `warn` by default
[INFO] [stderr] help: consider removing `package.homepage`
[INFO] [stderr] warning: `p3-matrix` (manifest) generated 1 warning
[INFO] running `Command { std: "docker" "create" "-v" "/var/lib/crater-agent-workspace/builds/worker-1-tc2/source:/opt/rustwide/workdir:ro,Z" "-v" "/var/lib/crater-agent-workspace/builds/worker-1-tc2/target:/opt/rustwide/target:rw,Z" "-v" "/var/lib/crater-agent-workspace/cargo-home:/opt/rustwide/cargo-home:ro,Z" "-v" "/var/lib/crater-agent-workspace/rustup-home:/opt/rustwide/rustup-home:ro,Z" "-m" "1610612736" "--network" "none" "ghcr.io/rust-lang/crates-build-env/linux@sha256:77db811e55d90add9212f6832c23229e3de5f1c1f9905e8cb07319ea15df73ac" "sleep" "infinity", kill_on_drop: false }`
[INFO] [stdout] 843b660bdb71ff59ce6631d37ab76776c97dbb578ba89c189e8dcd4f6ba7f382
[INFO] running `Command { std: "docker" "start" "843b660bdb71ff59ce6631d37ab76776c97dbb578ba89c189e8dcd4f6ba7f382", kill_on_drop: false }`
[INFO] running `Command { std: "docker" "inspect" "843b660bdb71ff59ce6631d37ab76776c97dbb578ba89c189e8dcd4f6ba7f382", kill_on_drop: false }`
[INFO] running `Command { std: "docker" "exec" "-e" "SOURCE_DIR=/opt/rustwide/workdir" "-e" "CARGO_HOME=/opt/rustwide/cargo-home" "-e" "RUSTUP_HOME=/opt/rustwide/rustup-home" "-e" "CARGO_TARGET_DIR=/opt/rustwide/target" "-w" "/opt/rustwide/workdir" "--user" "0:0" "843b660bdb71ff59ce6631d37ab76776c97dbb578ba89c189e8dcd4f6ba7f382" "/opt/rustwide/cargo-home/bin/cargo" "+1.100.0-beta.1" "metadata" "--no-deps" "--format-version=1", kill_on_drop: false }`
[INFO] running `Command { std: "docker" "inspect" "843b660bdb71ff59ce6631d37ab76776c97dbb578ba89c189e8dcd4f6ba7f382", kill_on_drop: false }`
[INFO] running `Command { std: "docker" "exec" "-e" "SOURCE_DIR=/opt/rustwide/workdir" "-e" "CARGO_HOME=/opt/rustwide/cargo-home" "-e" "RUSTUP_HOME=/opt/rustwide/rustup-home" "-e" "CARGO_TARGET_DIR=/opt/rustwide/target" "-e" "CARGO_INCREMENTAL=0" "-e" "RUST_BACKTRACE=full" "-e" "RUSTFLAGS=--cap-lints=warn" "-e" "RUSTDOCFLAGS=--cap-lints=warn" "-w" "/opt/rustwide/workdir" "--user" "0:0" "843b660bdb71ff59ce6631d37ab76776c97dbb578ba89c189e8dcd4f6ba7f382" "/opt/rustwide/cargo-home/bin/cargo" "+1.100.0-beta.1" "build" "--frozen" "--message-format=json" "--release", kill_on_drop: false }`
[INFO] [stderr] warning: `package.homepage` is redundant with `package.repository`
[INFO] [stderr]    --> Cargo.toml:114:12
[INFO] [stderr]     |
[INFO] [stderr] 114 | homepage = "https://github.com/Plonky3/Plonky3"
[INFO] [stderr]     |            ^^^^^^^^^^^^^^^^^^^^^^^^^^^^^^^^^^^^
[INFO] [stderr] ...
[INFO] [stderr] 119 | repository = "https://github.com/Plonky3/Plonky3"
[INFO] [stderr]     |              ------------------------------------
[INFO] [stderr]     |
[INFO] [stderr]     = note: `cargo::redundant_homepage` is set to `warn` by default
[INFO] [stderr] help: consider removing `package.homepage`
[INFO] [stderr] warning: `p3-matrix` (manifest) generated 1 warning
[INFO] [stderr]    Compiling serde_core v1.0.229
[INFO] [stderr]    Compiling serde v1.0.229
[INFO] [stderr]    Compiling tracing-core v0.1.36
[INFO] [stderr]    Compiling p3-maybe-rayon v0.9.0-rc.1
[INFO] [stderr]    Compiling num-traits v0.2.19
[INFO] [stderr]    Compiling itertools v0.15.0
[INFO] [stderr]    Compiling rand v0.10.3
[INFO] [stderr]    Compiling syn v3.0.7
[INFO] [stderr]    Compiling tracing v0.1.44
[INFO] [stderr]    Compiling num-integer v0.1.47
[INFO] [stderr]    Compiling num-bigint v0.5.1
[INFO] [stderr]    Compiling serde_derive v1.0.229
[INFO] [stderr]    Compiling p3-util v0.9.0-rc.1
[INFO] [stderr]    Compiling p3-field v0.9.0-rc.1
[INFO] [stderr]    Compiling p3-matrix v0.9.0-rc.1 (/opt/rustwide/workdir)
[INFO] [stderr]     Finished `release` profile [optimized] target(s) in 10.63s
[INFO] running `Command { std: "docker" "inspect" "843b660bdb71ff59ce6631d37ab76776c97dbb578ba89c189e8dcd4f6ba7f382", kill_on_drop: false }`
[INFO] running `Command { std: "docker" "exec" "-e" "SOURCE_DIR=/opt/rustwide/workdir" "-e" "CARGO_HOME=/opt/rustwide/cargo-home" "-e" "RUSTUP_HOME=/opt/rustwide/rustup-home" "-e" "CARGO_TARGET_DIR=/opt/rustwide/target" "-e" "CARGO_INCREMENTAL=0" "-e" "RUST_BACKTRACE=full" "-e" "RUSTFLAGS=--cap-lints=warn" "-e" "RUSTDOCFLAGS=--cap-lints=warn" "-w" "/opt/rustwide/workdir" "--user" "0:0" "843b660bdb71ff59ce6631d37ab76776c97dbb578ba89c189e8dcd4f6ba7f382" "/opt/rustwide/cargo-home/bin/cargo" "+1.100.0-beta.1" "test" "--frozen" "--no-run" "--message-format=json" "--release", kill_on_drop: false }`
[INFO] [stderr] warning: `package.homepage` is redundant with `package.repository`
[INFO] [stderr]    --> Cargo.toml:114:12
[INFO] [stderr]     |
[INFO] [stderr] 114 | homepage = "https://github.com/Plonky3/Plonky3"
[INFO] [stderr]     |            ^^^^^^^^^^^^^^^^^^^^^^^^^^^^^^^^^^^^
[INFO] [stderr] ...
[INFO] [stderr] 119 | repository = "https://github.com/Plonky3/Plonky3"
[INFO] [stderr]     |              ------------------------------------
[INFO] [stderr]     |
[INFO] [stderr]     = note: `cargo::redundant_homepage` is set to `warn` by default
[INFO] [stderr] help: consider removing `package.homepage`
[INFO] [stderr] warning: `p3-matrix` (manifest) generated 1 warning
[INFO] [stderr]    Compiling either v1.19.0
[INFO] [stderr]    Compiling zerocopy v0.8.62
[INFO] [stderr]    Compiling cc v1.7.0
[INFO] [stderr]    Compiling serde_json v1.0.152
[INFO] [stderr]    Compiling clap_lex v1.1.1
[INFO] [stderr]    Compiling syn v2.0.119
[INFO] [stderr]    Compiling getrandom v0.4.3
[INFO] [stderr]    Compiling num-integer v0.1.47
[INFO] [stderr]    Compiling regex-automata v0.4.18
[INFO] [stderr]    Compiling cpufeatures v0.3.1
[INFO] [stderr]    Compiling serde v1.0.229
[INFO] [stderr]    Compiling page_size v0.6.0
[INFO] [stderr]    Compiling rand_xorshift v0.5.0
[INFO] [stderr]    Compiling plotters v0.3.7
[INFO] [stderr]    Compiling unarray v0.1.4
[INFO] [stderr]    Compiling chacha20 v0.10.2
[INFO] [stderr]    Compiling clap_builder v4.6.7
[INFO] [stderr]    Compiling rand v0.10.3
[INFO] [stderr]    Compiling num-bigint v0.5.1
[INFO] [stderr]    Compiling itertools v0.15.0
[INFO] [stderr]    Compiling itertools v0.13.0
[INFO] [stderr]    Compiling rayon v1.12.0
[INFO] [stderr]    Compiling proptest v1.12.0
[INFO] [stderr]    Compiling p3-util v0.9.0-rc.1
[INFO] [stderr]    Compiling tinytemplate v1.2.1
[INFO] [stderr]    Compiling alloca v0.4.0
[INFO] [stderr]    Compiling clap v4.6.7
[INFO] [stderr]    Compiling regex v1.13.1
[INFO] [stderr]    Compiling criterion-plot v0.8.2
[INFO] [stderr]    Compiling zerocopy-derive v0.8.62
[INFO] [stderr]    Compiling tracing-attributes v0.1.31
[INFO] [stderr]    Compiling tracing v0.1.44
[INFO] [stderr]    Compiling p3-field v0.9.0-rc.1
[INFO] [stderr]    Compiling p3-matrix v0.9.0-rc.1 (/opt/rustwide/workdir)
[INFO] [stderr]    Compiling half v2.7.1
[INFO] [stderr]    Compiling ciborium-ll v0.2.2
[INFO] [stderr]    Compiling ciborium v0.2.2
[INFO] [stderr]    Compiling criterion v0.8.2
[INFO] [stdout] error[E0432]: unresolved import `p3_baby_bear`
[INFO] [stdout]    --> src/dense.rs:983:9
[INFO] [stdout]     |
[INFO] [stdout] 983 |     use p3_baby_bear::BabyBear;
[INFO] [stdout]     |         ^^^^^^^^^^^^ use of unresolved module or unlinked crate `p3_baby_bear`
[INFO] [stdout]     |
[INFO] [stdout]     = help: if you wanted to use a crate named `p3_baby_bear`, use `cargo add p3_baby_bear` to add it to your `Cargo.toml`
[INFO] [stdout] 
[INFO] [stdout] 
[INFO] [stdout] error[E0432]: unresolved import `p3_baby_bear`
[INFO] [stdout]    --> src/extension.rs:168:9
[INFO] [stdout]     |
[INFO] [stdout] 168 |     use p3_baby_bear::BabyBear;
[INFO] [stdout]     |         ^^^^^^^^^^^^ use of unresolved module or unlinked crate `p3_baby_bear`
[INFO] [stdout]     |
[INFO] [stdout]     = help: if you wanted to use a crate named `p3_baby_bear`, use `cargo add p3_baby_bear` to add it to your `Cargo.toml`
[INFO] [stdout] 
[INFO] [stdout] 
[INFO] [stdout] error[E0432]: unresolved import `p3_goldilocks`
[INFO] [stdout]    --> src/extension.rs:171:9
[INFO] [stdout]     |
[INFO] [stdout] 171 |     use p3_goldilocks::Goldilocks;
[INFO] [stdout]     |         ^^^^^^^^^^^^^ use of unresolved module or unlinked crate `p3_goldilocks`
[INFO] [stdout]     |
[INFO] [stdout]     = help: if you wanted to use a crate named `p3_goldilocks`, use `cargo add p3_goldilocks` to add it to your `Cargo.toml`
[INFO] [stdout] 
[INFO] [stdout] 
[INFO] [stdout] error[E0432]: unresolved import `p3_mersenne_31`
[INFO] [stdout]    --> src/extension.rs:172:9
[INFO] [stdout]     |
[INFO] [stdout] 172 |     use p3_mersenne_31::Mersenne31;
[INFO] [stdout]     |         ^^^^^^^^^^^^^^ use of unresolved module or unlinked crate `p3_mersenne_31`
[INFO] [stdout]     |
[INFO] [stdout]     = help: if you wanted to use a crate named `p3_mersenne_31`, use `cargo add p3_mersenne_31` to add it to your `Cargo.toml`
[INFO] [stdout] 
[INFO] [stdout] 
[INFO] [stdout] error[E0432]: unresolved import `p3_baby_bear`
[INFO] [stdout]    --> src/interpolation.rs:534:9
[INFO] [stdout]     |
[INFO] [stdout] 534 |     use p3_baby_bear::BabyBear;
[INFO] [stdout]     |         ^^^^^^^^^^^^ use of unresolved module or unlinked crate `p3_baby_bear`
[INFO] [stdout]     |
[INFO] [stdout]     = help: if you wanted to use a crate named `p3_baby_bear`, use `cargo add p3_baby_bear` to add it to your `Cargo.toml`
[INFO] [stdout] 
[INFO] [stdout] 
[INFO] [stdout] error[E0432]: unresolved import `p3_baby_bear`
[INFO] [stdout]    --> src/row_index_mapped.rs:240:9
[INFO] [stdout]     |
[INFO] [stdout] 240 |     use p3_baby_bear::BabyBear;
[INFO] [stdout]     |         ^^^^^^^^^^^^ use of unresolved module or unlinked crate `p3_baby_bear`
[INFO] [stdout]     |
[INFO] [stdout]     = help: if you wanted to use a crate named `p3_baby_bear`, use `cargo add p3_baby_bear` to add it to your `Cargo.toml`
[INFO] [stdout] 
[INFO] [stdout] 
[INFO] [stdout] error[E0432]: unresolved import `p3_goldilocks`
[INFO] [stdout]    --> src/row_index_mapped.rs:242:9
[INFO] [stdout]     |
[INFO] [stdout] 242 |     use p3_goldilocks::Goldilocks;
[INFO] [stdout]     |         ^^^^^^^^^^^^^ use of unresolved module or unlinked crate `p3_goldilocks`
[INFO] [stdout]     |
[INFO] [stdout]     = help: if you wanted to use a crate named `p3_goldilocks`, use `cargo add p3_goldilocks` to add it to your `Cargo.toml`
[INFO] [stdout] 
[INFO] [stdout] 
[INFO] [stdout] error[E0432]: unresolved import `p3_baby_bear`
[INFO] [stdout]    --> src/lib.rs:713:9
[INFO] [stdout]     |
[INFO] [stdout] 713 |     use p3_baby_bear::BabyBear;
[INFO] [stdout]     |         ^^^^^^^^^^^^ use of unresolved module or unlinked crate `p3_baby_bear`
[INFO] [stdout]     |
[INFO] [stdout]     = help: if you wanted to use a crate named `p3_baby_bear`, use `cargo add p3_baby_bear` to add it to your `Cargo.toml`
[INFO] [stdout] 
[INFO] [stdout] 
[INFO] [stdout] error[E0432]: unresolved import `p3_goldilocks`
[INFO] [stdout]    --> src/lib.rs:716:9
[INFO] [stdout]     |
[INFO] [stdout] 716 |     use p3_goldilocks::Goldilocks;
[INFO] [stdout]     |         ^^^^^^^^^^^^^ use of unresolved module or unlinked crate `p3_goldilocks`
[INFO] [stdout]     |
[INFO] [stdout]     = help: if you wanted to use a crate named `p3_goldilocks`, use `cargo add p3_goldilocks` to add it to your `Cargo.toml`
[INFO] [stdout] 
[INFO] [stdout] 
[INFO] [stdout] error[E0432]: unresolved import `p3_mersenne_31`
[INFO] [stdout]    --> src/lib.rs:717:9
[INFO] [stdout]     |
[INFO] [stdout] 717 |     use p3_mersenne_31::{Mersenne31, QM31};
[INFO] [stdout]     |         ^^^^^^^^^^^^^^ use of unresolved module or unlinked crate `p3_mersenne_31`
[INFO] [stdout]     |
[INFO] [stdout]     = help: if you wanted to use a crate named `p3_mersenne_31`, use `cargo add p3_mersenne_31` to add it to your `Cargo.toml`
[INFO] [stdout] 
[INFO] [stdout] 
[INFO] [stdout] error[E0432]: unresolved import `p3_baby_bear`
[INFO] [stdout]     --> src/dense.rs:1399:13
[INFO] [stdout]      |
[INFO] [stdout] 1399 |         use p3_baby_bear::BabyBear;
[INFO] [stdout]      |             ^^^^^^^^^^^^ use of unresolved module or unlinked crate `p3_baby_bear`
[INFO] [stdout]      |
[INFO] [stdout]      = help: if you wanted to use a crate named `p3_baby_bear`, use `cargo add p3_baby_bear` to add it to your `Cargo.toml`
[INFO] [stdout] 
[INFO] [stdout] 
[INFO] [stdout] error[E0432]: unresolved import `p3_baby_bear`
[INFO] [stdout]     --> src/dense.rs:2097:13
[INFO] [stdout]      |
[INFO] [stdout] 2097 |         use p3_baby_bear::BabyBear;
[INFO] [stdout]      |             ^^^^^^^^^^^^ use of unresolved module or unlinked crate `p3_baby_bear`
[INFO] [stdout]      |
[INFO] [stdout]      = help: if you wanted to use a crate named `p3_baby_bear`, use `cargo add p3_baby_bear` to add it to your `Cargo.toml`
[INFO] [stdout] 
[INFO] [stdout] 
[INFO] [stdout] error[E0432]: unresolved import `p3_baby_bear`
[INFO] [stdout]    --> src/horizontally_truncated.rs:472:13
[INFO] [stdout]     |
[INFO] [stdout] 472 |         use p3_baby_bear::BabyBear;
[INFO] [stdout]     |             ^^^^^^^^^^^^ use of unresolved module or unlinked crate `p3_baby_bear`
[INFO] [stdout]     |
[INFO] [stdout]     = help: if you wanted to use a crate named `p3_baby_bear`, use `cargo add p3_baby_bear` to add it to your `Cargo.toml`
[INFO] [stdout] 
[INFO] [stdout] 
[INFO] [stdout] error[E0432]: unresolved import `p3_baby_bear`
[INFO] [stdout]    --> src/horizontally_truncated.rs:495:13
[INFO] [stdout]     |
[INFO] [stdout] 495 |         use p3_baby_bear::BabyBear;
[INFO] [stdout]     |             ^^^^^^^^^^^^ use of unresolved module or unlinked crate `p3_baby_bear`
[INFO] [stdout]     |
[INFO] [stdout]     = help: if you wanted to use a crate named `p3_baby_bear`, use `cargo add p3_baby_bear` to add it to your `Cargo.toml`
[INFO] [stdout] 
[INFO] [stdout] 
[INFO] [stdout] error[E0432]: unresolved import `p3_baby_bear`
[INFO] [stdout]    --> src/stack.rs:435:13
[INFO] [stdout]     |
[INFO] [stdout] 435 |         use p3_baby_bear::BabyBear;
[INFO] [stdout]     |             ^^^^^^^^^^^^ use of unresolved module or unlinked crate `p3_baby_bear`
[INFO] [stdout]     |
[INFO] [stdout]     = help: if you wanted to use a crate named `p3_baby_bear`, use `cargo add p3_baby_bear` to add it to your `Cargo.toml`
[INFO] [stdout] 
[INFO] [stdout] 
[INFO] [stdout] error[E0432]: unresolved import `p3_baby_bear`
[INFO] [stdout]    --> src/stack.rs:466:13
[INFO] [stdout]     |
[INFO] [stdout] 466 |         use p3_baby_bear::BabyBear;
[INFO] [stdout]     |             ^^^^^^^^^^^^ use of unresolved module or unlinked crate `p3_baby_bear`
[INFO] [stdout]     |
[INFO] [stdout]     = help: if you wanted to use a crate named `p3_baby_bear`, use `cargo add p3_baby_bear` to add it to your `Cargo.toml`
[INFO] [stdout] 
[INFO] [stdout] 
[INFO] [stdout] warning: unused import: `PrimeCharacteristicRing`
[INFO] [stdout]    --> src/dense.rs:984:32
[INFO] [stdout]     |
[INFO] [stdout] 984 |     use p3_field::{FieldArray, PrimeCharacteristicRing};
[INFO] [stdout]     |                                ^^^^^^^^^^^^^^^^^^^^^^^
[INFO] [stdout]     |
[INFO] [stdout]     = note: `#[warn(unused_imports)]` (part of `#[warn(unused)]`) on by default
[INFO] [stdout] 
[INFO] [stdout] 
[INFO] [stdout] For more information about this error, try `rustc --explain E0432`.
[INFO] [stdout] 
[INFO] [stderr] error: could not compile `p3-matrix` (lib test) due to 16 previous errors; 1 warning emitted
[INFO] running `Command { std: "docker" "inspect" "843b660bdb71ff59ce6631d37ab76776c97dbb578ba89c189e8dcd4f6ba7f382", kill_on_drop: false }`
[INFO] running `Command { std: "docker" "rm" "-f" "843b660bdb71ff59ce6631d37ab76776c97dbb578ba89c189e8dcd4f6ba7f382", kill_on_drop: false }`
[INFO] [stdout] 843b660bdb71ff59ce6631d37ab76776c97dbb578ba89c189e8dcd4f6ba7f382
