[INFO] fetching crate p3-goldilocks 0.9.0-rc.1...
[INFO] testing p3-goldilocks-0.9.0-rc.1 against 1.100.0-beta.1+cargoflags=--release for beta-release-1.100-2
[INFO] extracting crate p3-goldilocks 0.9.0-rc.1 into /workspace/builds/worker-0-tc2/source
[INFO] started tweaking crates.io crate p3-goldilocks 0.9.0-rc.1
[INFO] removed 0 missing examples
[INFO] finished tweaking crates.io crate p3-goldilocks 0.9.0-rc.1
[INFO] tweaked toml for crates.io crate p3-goldilocks 0.9.0-rc.1 written to /workspace/builds/worker-0-tc2/source/Cargo.toml
[INFO] validating manifest of crates.io crate p3-goldilocks 0.9.0-rc.1 on toolchain 1.100.0-beta.1
[INFO] running `Command { std: CARGO_HOME="/workspace/cargo-home" RUSTUP_HOME="/workspace/rustup-home" "/workspace/cargo-home/bin/cargo" "+1.100.0-beta.1" "metadata" "--manifest-path" "Cargo.toml" "--no-deps", kill_on_drop: false }`
[INFO] crate crates.io crate p3-goldilocks 0.9.0-rc.1 already has a lockfile, it will not be regenerated
[INFO] running `Command { std: CARGO_HOME="/workspace/cargo-home" RUSTUP_HOME="/workspace/rustup-home" "/workspace/cargo-home/bin/cargo" "+1.100.0-beta.1" "fetch" "--manifest-path" "Cargo.toml", kill_on_drop: false }`
[INFO] [stderr] warning: `package.homepage` is redundant with `package.repository`
[INFO] [stderr]    --> Cargo.toml:120:12
[INFO] [stderr]     |
[INFO] [stderr] 120 | homepage = "https://github.com/Plonky3/Plonky3"
[INFO] [stderr]     |            ^^^^^^^^^^^^^^^^^^^^^^^^^^^^^^^^^^^^
[INFO] [stderr] ...
[INFO] [stderr] 125 | repository = "https://github.com/Plonky3/Plonky3"
[INFO] [stderr]     |              ------------------------------------
[INFO] [stderr]     |
[INFO] [stderr]     = note: `cargo::redundant_homepage` is set to `warn` by default
[INFO] [stderr] help: consider removing `package.homepage`
[INFO] [stderr] warning: `p3-goldilocks` (manifest) generated 1 warning
[INFO] running `Command { std: "docker" "create" "-v" "/var/lib/crater-agent-workspace/builds/worker-0-tc2/source:/opt/rustwide/workdir:ro,Z" "-v" "/var/lib/crater-agent-workspace/builds/worker-0-tc2/target:/opt/rustwide/target:rw,Z" "-v" "/var/lib/crater-agent-workspace/cargo-home:/opt/rustwide/cargo-home:ro,Z" "-v" "/var/lib/crater-agent-workspace/rustup-home:/opt/rustwide/rustup-home:ro,Z" "-m" "1610612736" "--network" "none" "ghcr.io/rust-lang/crates-build-env/linux@sha256:77db811e55d90add9212f6832c23229e3de5f1c1f9905e8cb07319ea15df73ac" "sleep" "infinity", kill_on_drop: false }`
[INFO] [stdout] 1fb90e9f6e0c2ae9acf42825748d1cf4a940f327e0a53e2c370047e5e6ce819d
[INFO] running `Command { std: "docker" "start" "1fb90e9f6e0c2ae9acf42825748d1cf4a940f327e0a53e2c370047e5e6ce819d", kill_on_drop: false }`
[INFO] running `Command { std: "docker" "inspect" "1fb90e9f6e0c2ae9acf42825748d1cf4a940f327e0a53e2c370047e5e6ce819d", kill_on_drop: false }`
[INFO] running `Command { std: "docker" "exec" "-e" "SOURCE_DIR=/opt/rustwide/workdir" "-e" "CARGO_HOME=/opt/rustwide/cargo-home" "-e" "RUSTUP_HOME=/opt/rustwide/rustup-home" "-e" "CARGO_TARGET_DIR=/opt/rustwide/target" "-w" "/opt/rustwide/workdir" "--user" "0:0" "1fb90e9f6e0c2ae9acf42825748d1cf4a940f327e0a53e2c370047e5e6ce819d" "/opt/rustwide/cargo-home/bin/cargo" "+1.100.0-beta.1" "metadata" "--no-deps" "--format-version=1", kill_on_drop: false }`
[INFO] running `Command { std: "docker" "inspect" "1fb90e9f6e0c2ae9acf42825748d1cf4a940f327e0a53e2c370047e5e6ce819d", kill_on_drop: false }`
[INFO] running `Command { std: "docker" "exec" "-e" "SOURCE_DIR=/opt/rustwide/workdir" "-e" "CARGO_HOME=/opt/rustwide/cargo-home" "-e" "RUSTUP_HOME=/opt/rustwide/rustup-home" "-e" "CARGO_TARGET_DIR=/opt/rustwide/target" "-e" "CARGO_INCREMENTAL=0" "-e" "RUST_BACKTRACE=full" "-e" "RUSTFLAGS=--cap-lints=warn" "-e" "RUSTDOCFLAGS=--cap-lints=warn" "-w" "/opt/rustwide/workdir" "--user" "0:0" "1fb90e9f6e0c2ae9acf42825748d1cf4a940f327e0a53e2c370047e5e6ce819d" "/opt/rustwide/cargo-home/bin/cargo" "+1.100.0-beta.1" "build" "--frozen" "--message-format=json" "--release", kill_on_drop: false }`
[INFO] [stderr] warning: `package.homepage` is redundant with `package.repository`
[INFO] [stderr]    --> Cargo.toml:120:12
[INFO] [stderr]     |
[INFO] [stderr] 120 | homepage = "https://github.com/Plonky3/Plonky3"
[INFO] [stderr]     |            ^^^^^^^^^^^^^^^^^^^^^^^^^^^^^^^^^^^^
[INFO] [stderr] ...
[INFO] [stderr] 125 | repository = "https://github.com/Plonky3/Plonky3"
[INFO] [stderr]     |              ------------------------------------
[INFO] [stderr]     |
[INFO] [stderr]     = note: `cargo::redundant_homepage` is set to `warn` by default
[INFO] [stderr] help: consider removing `package.homepage`
[INFO] [stderr] warning: `p3-goldilocks` (manifest) generated 1 warning
[INFO] [stderr]    Compiling serde_core v1.0.229
[INFO] [stderr]    Compiling serde v1.0.229
[INFO] [stderr]    Compiling either v1.19.0
[INFO] [stderr]    Compiling num-traits v0.2.19
[INFO] [stderr]    Compiling p3-maybe-rayon v0.9.0-rc.1
[INFO] [stderr]    Compiling syn v3.0.7
[INFO] [stderr]    Compiling rand v0.10.3
[INFO] [stderr]    Compiling tracing v0.1.44
[INFO] [stderr]    Compiling thiserror v2.0.21
[INFO] [stderr]    Compiling itertools v0.15.0
[INFO] [stderr]    Compiling num-integer v0.1.47
[INFO] [stderr]    Compiling num-bigint v0.5.1
[INFO] [stderr]    Compiling serde_derive v1.0.229
[INFO] [stderr]    Compiling thiserror-impl v2.0.21
[INFO] [stderr]    Compiling p3-util v0.9.0-rc.1
[INFO] [stderr]    Compiling p3-field v0.9.0-rc.1
[INFO] [stderr]    Compiling p3-matrix v0.9.0-rc.1
[INFO] [stderr]    Compiling p3-symmetric v0.9.0-rc.1
[INFO] [stderr]    Compiling p3-dft v0.9.0-rc.1
[INFO] [stderr]    Compiling p3-mds v0.9.0-rc.1
[INFO] [stderr]    Compiling p3-poseidon2 v0.9.0-rc.1
[INFO] [stderr]    Compiling p3-poseidon1 v0.9.0-rc.1
[INFO] [stderr]    Compiling p3-goldilocks v0.9.0-rc.1 (/opt/rustwide/workdir)
[INFO] [stderr]     Finished `release` profile [optimized] target(s) in 28.09s
[INFO] running `Command { std: "docker" "inspect" "1fb90e9f6e0c2ae9acf42825748d1cf4a940f327e0a53e2c370047e5e6ce819d", kill_on_drop: false }`
[INFO] running `Command { std: "docker" "exec" "-e" "SOURCE_DIR=/opt/rustwide/workdir" "-e" "CARGO_HOME=/opt/rustwide/cargo-home" "-e" "RUSTUP_HOME=/opt/rustwide/rustup-home" "-e" "CARGO_TARGET_DIR=/opt/rustwide/target" "-e" "CARGO_INCREMENTAL=0" "-e" "RUST_BACKTRACE=full" "-e" "RUSTFLAGS=--cap-lints=warn" "-e" "RUSTDOCFLAGS=--cap-lints=warn" "-w" "/opt/rustwide/workdir" "--user" "0:0" "1fb90e9f6e0c2ae9acf42825748d1cf4a940f327e0a53e2c370047e5e6ce819d" "/opt/rustwide/cargo-home/bin/cargo" "+1.100.0-beta.1" "test" "--frozen" "--no-run" "--message-format=json" "--release", kill_on_drop: false }`
[INFO] [stderr] warning: `package.homepage` is redundant with `package.repository`
[INFO] [stderr]    --> Cargo.toml:120:12
[INFO] [stderr]     |
[INFO] [stderr] 120 | homepage = "https://github.com/Plonky3/Plonky3"
[INFO] [stderr]     |            ^^^^^^^^^^^^^^^^^^^^^^^^^^^^^^^^^^^^
[INFO] [stderr] ...
[INFO] [stderr] 125 | repository = "https://github.com/Plonky3/Plonky3"
[INFO] [stderr]     |              ------------------------------------
[INFO] [stderr]     |
[INFO] [stderr]     = note: `cargo::redundant_homepage` is set to `warn` by default
[INFO] [stderr] help: consider removing `package.homepage`
[INFO] [stderr] warning: `p3-goldilocks` (manifest) generated 1 warning
[INFO] [stderr]    Compiling itertools v0.15.0
[INFO] [stderr]    Compiling num-integer v0.1.47
[INFO] [stderr]    Compiling serde v1.0.229
[INFO] [stderr]    Compiling rand v0.10.3
[INFO] [stderr]    Compiling tracing v0.1.44
[INFO] [stderr]    Compiling cc v1.7.0
[INFO] [stderr]    Compiling serde_json v1.0.152
[INFO] [stderr]    Compiling half v2.7.1
[INFO] [stderr]    Compiling regex-automata v0.4.18
[INFO] [stderr]    Compiling num-bigint v0.5.1
[INFO] [stderr]    Compiling ciborium-ll v0.2.2
[INFO] [stderr]    Compiling p3-util v0.9.0-rc.1
[INFO] [stderr]    Compiling itertools v0.13.0
[INFO] [stderr]    Compiling ciborium v0.2.2
[INFO] [stderr]    Compiling rayon v1.12.0
[INFO] [stderr]    Compiling tinytemplate v1.2.1
[INFO] [stderr]    Compiling alloca v0.4.0
[INFO] [stderr]    Compiling p3-field v0.9.0-rc.1
[INFO] [stderr]    Compiling plotters v0.3.7
[INFO] [stderr]    Compiling criterion-plot v0.8.2
[INFO] [stderr]    Compiling regex v1.13.1
[INFO] [stderr]    Compiling page_size v0.6.0
[INFO] [stderr]    Compiling rand_xorshift v0.5.0
[INFO] [stderr]    Compiling proptest v1.12.0
[INFO] [stderr]    Compiling p3-matrix v0.9.0-rc.1
[INFO] [stderr]    Compiling p3-symmetric v0.9.0-rc.1
[INFO] [stderr]    Compiling criterion v0.8.2
[INFO] [stderr]    Compiling p3-dft v0.9.0-rc.1
[INFO] [stderr]    Compiling p3-mds v0.9.0-rc.1
[INFO] [stderr]    Compiling p3-poseidon1 v0.9.0-rc.1
[INFO] [stderr]    Compiling p3-poseidon2 v0.9.0-rc.1
[INFO] [stderr]    Compiling p3-goldilocks v0.9.0-rc.1 (/opt/rustwide/workdir)
[INFO] [stdout] error[E0432]: unresolved import `p3_field_testing`
[INFO] [stdout]    --> src/extension.rs:180:9
[INFO] [stdout]     |
[INFO] [stdout] 180 |     use p3_field_testing::{
[INFO] [stdout]     |         ^^^^^^^^^^^^^^^^ use of unresolved module or unlinked crate `p3_field_testing`
[INFO] [stdout]     |
[INFO] [stdout]     = help: if you wanted to use a crate named `p3_field_testing`, use `cargo add p3_field_testing` to add it to your `Cargo.toml`
[INFO] [stdout] 
[INFO] [stdout] 
[INFO] [stdout] error[E0432]: unresolved import `p3_field_testing`
[INFO] [stdout]    --> src/extension.rs:240:9
[INFO] [stdout]     |
[INFO] [stdout] 240 |     use p3_field_testing::{
[INFO] [stdout]     |         ^^^^^^^^^^^^^^^^ use of unresolved module or unlinked crate `p3_field_testing`
[INFO] [stdout]     |
[INFO] [stdout]     = help: if you wanted to use a crate named `p3_field_testing`, use `cargo add p3_field_testing` to add it to your `Cargo.toml`
[INFO] [stdout] 
[INFO] [stdout] 
[INFO] [stdout] error[E0432]: unresolved import `p3_field_testing`
[INFO] [stdout]    --> src/extension.rs:332:9
[INFO] [stdout]     |
[INFO] [stdout] 332 |     use p3_field_testing::{
[INFO] [stdout]     |         ^^^^^^^^^^^^^^^^ use of unresolved module or unlinked crate `p3_field_testing`
[INFO] [stdout]     |
[INFO] [stdout]     = help: if you wanted to use a crate named `p3_field_testing`, use `cargo add p3_field_testing` to add it to your `Cargo.toml`
[INFO] [stdout] 
[INFO] [stdout] 
[INFO] [stdout] error[E0432]: unresolved import `p3_field_testing`
[INFO] [stdout]    --> src/goldilocks.rs:937:9
[INFO] [stdout]     |
[INFO] [stdout] 937 |     use p3_field_testing::{
[INFO] [stdout]     |         ^^^^^^^^^^^^^^^^ use of unresolved module or unlinked crate `p3_field_testing`
[INFO] [stdout]     |
[INFO] [stdout]     = help: if you wanted to use a crate named `p3_field_testing`, use `cargo add p3_field_testing` to add it to your `Cargo.toml`
[INFO] [stdout] 
[INFO] [stdout] 
[INFO] [stdout] error[E0433]: cannot find module or crate `p3_field_testing` in this scope
[INFO] [stdout]    --> src/extension.rs:231:5
[INFO] [stdout]     |
[INFO] [stdout] 231 |     p3_field_testing::test_packed_binomial_extension_division!(F, 2);
[INFO] [stdout]     |     ^^^^^^^^^^^^^^^^ use of unresolved module or unlinked crate `p3_field_testing`
[INFO] [stdout] 
[INFO] [stdout] 
[INFO] [stdout] error[E0433]: cannot find module or crate `p3_field_testing` in this scope
[INFO] [stdout]    --> src/extension.rs:384:5
[INFO] [stdout]     |
[INFO] [stdout] 384 |     p3_field_testing::test_packed_binomial_extension_division!(F, 5);
[INFO] [stdout]     |     ^^^^^^^^^^^^^^^^ use of unresolved module or unlinked crate `p3_field_testing`
[INFO] [stdout] 
[INFO] [stdout] 
[INFO] [stdout] Some errors have detailed explanations: E0432, E0433.
[INFO] [stdout] 
[INFO] [stdout] For more information about an error, try `rustc --explain E0432`.
[INFO] [stdout] 
[INFO] [stderr] error: could not compile `p3-goldilocks` (lib test) due to 6 previous errors
[INFO] running `Command { std: "docker" "inspect" "1fb90e9f6e0c2ae9acf42825748d1cf4a940f327e0a53e2c370047e5e6ce819d", kill_on_drop: false }`
[INFO] running `Command { std: "docker" "rm" "-f" "1fb90e9f6e0c2ae9acf42825748d1cf4a940f327e0a53e2c370047e5e6ce819d", kill_on_drop: false }`
[INFO] [stdout] 1fb90e9f6e0c2ae9acf42825748d1cf4a940f327e0a53e2c370047e5e6ce819d
