[INFO] fetching crate p3-fri 0.9.0-rc.1...
[INFO] testing p3-fri-0.9.0-rc.1 against 1.100.0-beta.1+cargoflags=--release for beta-release-1.100-2
[INFO] extracting crate p3-fri 0.9.0-rc.1 into /workspace/builds/worker-5-tc2/source
[INFO] started tweaking crates.io crate p3-fri 0.9.0-rc.1
[INFO] removed 0 missing tests
[INFO] finished tweaking crates.io crate p3-fri 0.9.0-rc.1
[INFO] tweaked toml for crates.io crate p3-fri 0.9.0-rc.1 written to /workspace/builds/worker-5-tc2/source/Cargo.toml
[INFO] validating manifest of crates.io crate p3-fri 0.9.0-rc.1 on toolchain 1.100.0-beta.1
[INFO] running `Command { std: CARGO_HOME="/workspace/cargo-home" RUSTUP_HOME="/workspace/rustup-home" "/workspace/cargo-home/bin/cargo" "+1.100.0-beta.1" "metadata" "--manifest-path" "Cargo.toml" "--no-deps", kill_on_drop: false }`
[INFO] crate crates.io crate p3-fri 0.9.0-rc.1 already has a lockfile, it will not be regenerated
[INFO] running `Command { std: CARGO_HOME="/workspace/cargo-home" RUSTUP_HOME="/workspace/rustup-home" "/workspace/cargo-home/bin/cargo" "+1.100.0-beta.1" "fetch" "--manifest-path" "Cargo.toml", kill_on_drop: false }`
[INFO] [stderr] warning: `package.homepage` is redundant with `package.repository`
[INFO] [stderr]    --> Cargo.toml:112:12
[INFO] [stderr]     |
[INFO] [stderr] 112 | homepage = "https://github.com/Plonky3/Plonky3"
[INFO] [stderr]     |            ^^^^^^^^^^^^^^^^^^^^^^^^^^^^^^^^^^^^
[INFO] [stderr] ...
[INFO] [stderr] 117 | repository = "https://github.com/Plonky3/Plonky3"
[INFO] [stderr]     |              ------------------------------------
[INFO] [stderr]     |
[INFO] [stderr]     = note: `cargo::redundant_homepage` is set to `warn` by default
[INFO] [stderr] help: consider removing `package.homepage`
[INFO] [stderr] warning: `p3-fri` (manifest) generated 1 warning
[INFO] running `Command { std: "docker" "create" "-v" "/var/lib/crater-agent-workspace/builds/worker-5-tc2/source:/opt/rustwide/workdir:ro,Z" "-v" "/var/lib/crater-agent-workspace/builds/worker-5-tc2/target:/opt/rustwide/target:rw,Z" "-v" "/var/lib/crater-agent-workspace/cargo-home:/opt/rustwide/cargo-home:ro,Z" "-v" "/var/lib/crater-agent-workspace/rustup-home:/opt/rustwide/rustup-home:ro,Z" "-m" "1610612736" "--network" "none" "ghcr.io/rust-lang/crates-build-env/linux@sha256:77db811e55d90add9212f6832c23229e3de5f1c1f9905e8cb07319ea15df73ac" "sleep" "infinity", kill_on_drop: false }`
[INFO] [stdout] 672738e654b699cbf8e79a203c93338511b5eea857fe8fbd5184ea4f83abab23
[INFO] running `Command { std: "docker" "start" "672738e654b699cbf8e79a203c93338511b5eea857fe8fbd5184ea4f83abab23", kill_on_drop: false }`
[INFO] running `Command { std: "docker" "inspect" "672738e654b699cbf8e79a203c93338511b5eea857fe8fbd5184ea4f83abab23", kill_on_drop: false }`
[INFO] running `Command { std: "docker" "exec" "-e" "SOURCE_DIR=/opt/rustwide/workdir" "-e" "CARGO_HOME=/opt/rustwide/cargo-home" "-e" "RUSTUP_HOME=/opt/rustwide/rustup-home" "-e" "CARGO_TARGET_DIR=/opt/rustwide/target" "-w" "/opt/rustwide/workdir" "--user" "0:0" "672738e654b699cbf8e79a203c93338511b5eea857fe8fbd5184ea4f83abab23" "/opt/rustwide/cargo-home/bin/cargo" "+1.100.0-beta.1" "metadata" "--no-deps" "--format-version=1", kill_on_drop: false }`
[INFO] running `Command { std: "docker" "inspect" "672738e654b699cbf8e79a203c93338511b5eea857fe8fbd5184ea4f83abab23", kill_on_drop: false }`
[INFO] running `Command { std: "docker" "exec" "-e" "SOURCE_DIR=/opt/rustwide/workdir" "-e" "CARGO_HOME=/opt/rustwide/cargo-home" "-e" "RUSTUP_HOME=/opt/rustwide/rustup-home" "-e" "CARGO_TARGET_DIR=/opt/rustwide/target" "-e" "CARGO_INCREMENTAL=0" "-e" "RUST_BACKTRACE=full" "-e" "RUSTFLAGS=--cap-lints=warn" "-e" "RUSTDOCFLAGS=--cap-lints=warn" "-w" "/opt/rustwide/workdir" "--user" "0:0" "672738e654b699cbf8e79a203c93338511b5eea857fe8fbd5184ea4f83abab23" "/opt/rustwide/cargo-home/bin/cargo" "+1.100.0-beta.1" "build" "--frozen" "--message-format=json" "--release", kill_on_drop: false }`
[INFO] [stderr] warning: `package.homepage` is redundant with `package.repository`
[INFO] [stderr]    --> Cargo.toml:112:12
[INFO] [stderr]     |
[INFO] [stderr] 112 | homepage = "https://github.com/Plonky3/Plonky3"
[INFO] [stderr]     |            ^^^^^^^^^^^^^^^^^^^^^^^^^^^^^^^^^^^^
[INFO] [stderr] ...
[INFO] [stderr] 117 | repository = "https://github.com/Plonky3/Plonky3"
[INFO] [stderr]     |              ------------------------------------
[INFO] [stderr]     |
[INFO] [stderr]     = note: `cargo::redundant_homepage` is set to `warn` by default
[INFO] [stderr] help: consider removing `package.homepage`
[INFO] [stderr] warning: `p3-fri` (manifest) generated 1 warning
[INFO] [stderr]    Compiling serde_core v1.0.229
[INFO] [stderr]    Compiling serde v1.0.229
[INFO] [stderr]    Compiling either v1.19.0
[INFO] [stderr]    Compiling p3-maybe-rayon v0.9.0-rc.1
[INFO] [stderr]    Compiling tracing-core v0.1.36
[INFO] [stderr]    Compiling thiserror v2.0.21
[INFO] [stderr]    Compiling tiny-keccak v2.0.2
[INFO] [stderr]    Compiling rand v0.10.3
[INFO] [stderr]    Compiling spin v0.12.3
[INFO] [stderr]    Compiling syn v3.0.7
[INFO] [stderr]    Compiling syn v2.0.119
[INFO] [stderr]    Compiling num-integer v0.1.47
[INFO] [stderr]    Compiling itertools v0.15.0
[INFO] [stderr]    Compiling num-bigint v0.5.1
[INFO] [stderr]    Compiling serde_derive v1.0.229
[INFO] [stderr]    Compiling thiserror-impl v2.0.21
[INFO] [stderr]    Compiling tracing-attributes v0.1.31
[INFO] [stderr]    Compiling tracing v0.1.44
[INFO] [stderr]    Compiling p3-util v0.9.0-rc.1
[INFO] [stderr]    Compiling p3-field v0.9.0-rc.1
[INFO] [stderr]    Compiling p3-matrix v0.9.0-rc.1
[INFO] [stderr]    Compiling p3-symmetric v0.9.0-rc.1
[INFO] [stderr]    Compiling p3-keccak v0.9.0-rc.1
[INFO] [stderr]    Compiling p3-challenger v0.9.0-rc.1
[INFO] [stderr]    Compiling p3-dft v0.9.0-rc.1
[INFO] [stderr]    Compiling p3-air v0.9.0-rc.1
[INFO] [stderr]    Compiling p3-commit v0.9.0-rc.1
[INFO] [stderr]    Compiling p3-security v0.9.0-rc.1
[INFO] [stderr]    Compiling p3-fri v0.9.0-rc.1 (/opt/rustwide/workdir)
[INFO] [stderr]     Finished `release` profile [optimized] target(s) in 21.04s
[INFO] running `Command { std: "docker" "inspect" "672738e654b699cbf8e79a203c93338511b5eea857fe8fbd5184ea4f83abab23", kill_on_drop: false }`
[INFO] running `Command { std: "docker" "exec" "-e" "SOURCE_DIR=/opt/rustwide/workdir" "-e" "CARGO_HOME=/opt/rustwide/cargo-home" "-e" "RUSTUP_HOME=/opt/rustwide/rustup-home" "-e" "CARGO_TARGET_DIR=/opt/rustwide/target" "-e" "CARGO_INCREMENTAL=0" "-e" "RUST_BACKTRACE=full" "-e" "RUSTFLAGS=--cap-lints=warn" "-e" "RUSTDOCFLAGS=--cap-lints=warn" "-w" "/opt/rustwide/workdir" "--user" "0:0" "672738e654b699cbf8e79a203c93338511b5eea857fe8fbd5184ea4f83abab23" "/opt/rustwide/cargo-home/bin/cargo" "+1.100.0-beta.1" "test" "--frozen" "--no-run" "--message-format=json" "--release", kill_on_drop: false }`
[INFO] [stderr] warning: `package.homepage` is redundant with `package.repository`
[INFO] [stderr]    --> Cargo.toml:112:12
[INFO] [stderr]     |
[INFO] [stderr] 112 | homepage = "https://github.com/Plonky3/Plonky3"
[INFO] [stderr]     |            ^^^^^^^^^^^^^^^^^^^^^^^^^^^^^^^^^^^^
[INFO] [stderr] ...
[INFO] [stderr] 117 | repository = "https://github.com/Plonky3/Plonky3"
[INFO] [stderr]     |              ------------------------------------
[INFO] [stderr]     |
[INFO] [stderr]     = note: `cargo::redundant_homepage` is set to `warn` by default
[INFO] [stderr] help: consider removing `package.homepage`
[INFO] [stderr] warning: `p3-fri` (manifest) generated 1 warning
[INFO] [stderr]    Compiling itertools v0.15.0
[INFO] [stderr]    Compiling syn v2.0.119
[INFO] [stderr]    Compiling cc v1.7.0
[INFO] [stderr]    Compiling serde_json v1.0.152
[INFO] [stderr]    Compiling serde v1.0.229
[INFO] [stderr]    Compiling num-integer v0.1.47
[INFO] [stderr]    Compiling clap_builder v4.6.7
[INFO] [stderr]    Compiling itertools v0.13.0
[INFO] [stderr]    Compiling page_size v0.6.0
[INFO] [stderr]    Compiling plotters v0.3.7
[INFO] [stderr]    Compiling num-bigint v0.5.1
[INFO] [stderr]    Compiling p3-util v0.9.0-rc.1
[INFO] [stderr]    Compiling tinytemplate v1.2.1
[INFO] [stderr]    Compiling alloca v0.4.0
[INFO] [stderr]    Compiling criterion-plot v0.8.2
[INFO] [stderr]    Compiling clap v4.6.7
[INFO] [stderr]    Compiling tracing-attributes v0.1.31
[INFO] [stderr]    Compiling zerocopy-derive v0.8.62
[INFO] [stderr]    Compiling tracing v0.1.44
[INFO] [stderr]    Compiling p3-field v0.9.0-rc.1
[INFO] [stderr]    Compiling zerocopy v0.8.62
[INFO] [stderr]    Compiling p3-matrix v0.9.0-rc.1
[INFO] [stderr]    Compiling p3-symmetric v0.9.0-rc.1
[INFO] [stderr]    Compiling p3-keccak v0.9.0-rc.1
[INFO] [stderr]    Compiling p3-dft v0.9.0-rc.1
[INFO] [stderr]    Compiling p3-air v0.9.0-rc.1
[INFO] [stderr]    Compiling p3-challenger v0.9.0-rc.1
[INFO] [stderr]    Compiling p3-commit v0.9.0-rc.1
[INFO] [stderr]    Compiling p3-security v0.9.0-rc.1
[INFO] [stderr]    Compiling p3-fri v0.9.0-rc.1 (/opt/rustwide/workdir)
[INFO] [stderr]    Compiling half v2.7.1
[INFO] [stderr]    Compiling ciborium-ll v0.2.2
[INFO] [stderr]    Compiling ciborium v0.2.2
[INFO] [stderr]    Compiling criterion v0.8.2
[INFO] [stdout] error[E0432]: unresolved import `p3_baby_bear`
[INFO] [stdout]  --> tests/fri.rs:1:5
[INFO] [stdout]   |
[INFO] [stdout] 1 | use p3_baby_bear::{BabyBear, Poseidon2BabyBear};
[INFO] [stdout]   |     ^^^^^^^^^^^^ use of unresolved module or unlinked crate `p3_baby_bear`
[INFO] [stdout]   |
[INFO] [stdout]   = help: if you wanted to use a crate named `p3_baby_bear`, use `cargo add p3_baby_bear` to add it to your `Cargo.toml`
[INFO] [stdout] 
[INFO] [stdout] 
[INFO] [stdout] error[E0432]: unresolved import `p3_merkle_tree`
[INFO] [stdout]   --> tests/fri.rs:10:5
[INFO] [stdout]    |
[INFO] [stdout] 10 | use p3_merkle_tree::MerkleTreeMmcs;
[INFO] [stdout]    |     ^^^^^^^^^^^^^^ use of unresolved module or unlinked crate `p3_merkle_tree`
[INFO] [stdout]    |
[INFO] [stdout]    = help: if you wanted to use a crate named `p3_merkle_tree`, use `cargo add p3_merkle_tree` to add it to your `Cargo.toml`
[INFO] [stdout] 
[INFO] [stdout] 
[INFO] [stdout] error[E0432]: unresolved import `p3_symmetric`
[INFO] [stdout]   --> tests/fri.rs:11:5
[INFO] [stdout]    |
[INFO] [stdout] 11 | use p3_symmetric::{PaddingFreeSponge, TruncatedPermutation};
[INFO] [stdout]    |     ^^^^^^^^^^^^ use of unresolved module or unlinked crate `p3_symmetric`
[INFO] [stdout]    |
[INFO] [stdout]    = help: if you wanted to use a crate named `p3_symmetric`, use `cargo add p3_symmetric` to add it to your `Cargo.toml`
[INFO] [stdout] 
[INFO] [stdout] 
[INFO] [stdout] error[E0432]: unresolved import `p3_baby_bear`
[INFO] [stdout]  --> tests/pcs.rs:2:5
[INFO] [stdout]   |
[INFO] [stdout] 2 | use p3_baby_bear::{BabyBear, Poseidon2BabyBear};
[INFO] [stdout]   |     ^^^^^^^^^^^^ use of unresolved module or unlinked crate `p3_baby_bear`
[INFO] [stdout]   |
[INFO] [stdout]   = help: if you wanted to use a crate named `p3_baby_bear`, use `cargo add p3_baby_bear` to add it to your `Cargo.toml`
[INFO] [stdout] 
[INFO] [stdout] 
[INFO] [stdout] error[E0432]: unresolved import `p3_commit::testing`
[INFO] [stdout]   --> tests/pcs.rs:4:16
[INFO] [stdout]    |
[INFO] [stdout]  4 | use p3_commit::testing::assert_pcs_opening_contract;
[INFO] [stdout]    |                ^^^^^^^ could not find `testing` in `p3_commit`
[INFO] [stdout]    |
[INFO] [stdout] note: found an item that was configured out
[INFO] [stdout]   --> /opt/rustwide/cargo-home/registry/src/index.crates.io-1949cf8c6b5b557f/p3-commit-0.9.0-rc.1/src/lib.rs:14:9
[INFO] [stdout]    |
[INFO] [stdout] 13 | #[cfg(any(test, feature = "test-utils"))]
[INFO] [stdout]    |          ------------------------------ the item is gated here
[INFO] [stdout] 14 | pub mod testing;
[INFO] [stdout]    |         ^^^^^^^
[INFO] [stdout] 
[INFO] [stdout] 
[INFO] [stdout] error[E0432]: unresolved import `p3_merkle_tree`
[INFO] [stdout]   --> tests/pcs.rs:11:5
[INFO] [stdout]    |
[INFO] [stdout] 11 | use p3_merkle_tree::MerkleTreeMmcs;
[INFO] [stdout]    |     ^^^^^^^^^^^^^^ use of unresolved module or unlinked crate `p3_merkle_tree`
[INFO] [stdout]    |
[INFO] [stdout]    = help: if you wanted to use a crate named `p3_merkle_tree`, use `cargo add p3_merkle_tree` to add it to your `Cargo.toml`
[INFO] [stdout] 
[INFO] [stdout] 
[INFO] [stdout] error[E0432]: unresolved import `p3_symmetric`
[INFO] [stdout]   --> tests/pcs.rs:12:5
[INFO] [stdout]    |
[INFO] [stdout] 12 | use p3_symmetric::{PaddingFreeSponge, TruncatedPermutation};
[INFO] [stdout]    |     ^^^^^^^^^^^^ use of unresolved module or unlinked crate `p3_symmetric`
[INFO] [stdout]    |
[INFO] [stdout]    = help: if you wanted to use a crate named `p3_symmetric`, use `cargo add p3_symmetric` to add it to your `Cargo.toml`
[INFO] [stdout] 
[INFO] [stdout] 
[INFO] [stdout] error[E0432]: unresolved import `p3_circle`
[INFO] [stdout]    --> tests/pcs.rs:496:9
[INFO] [stdout]     |
[INFO] [stdout] 496 |     use p3_circle::CirclePcs;
[INFO] [stdout]     |         ^^^^^^^^^ use of unresolved module or unlinked crate `p3_circle`
[INFO] [stdout]     |
[INFO] [stdout]     = help: if you wanted to use a crate named `p3_circle`, use `cargo add p3_circle` to add it to your `Cargo.toml`
[INFO] [stdout] 
[INFO] [stdout] 
[INFO] [stdout] error[E0432]: unresolved import `p3_keccak`
[INFO] [stdout]    --> tests/pcs.rs:497:9
[INFO] [stdout]     |
[INFO] [stdout] 497 |     use p3_keccak::Keccak256Hash;
[INFO] [stdout]     |         ^^^^^^^^^ use of unresolved module or unlinked crate `p3_keccak`
[INFO] [stdout]     |
[INFO] [stdout]     = help: if you wanted to use a crate named `p3_keccak`, use `cargo add p3_keccak` to add it to your `Cargo.toml`
[INFO] [stdout] 
[INFO] [stdout] 
[INFO] [stdout] error[E0432]: unresolved import `p3_mersenne_31`
[INFO] [stdout]    --> tests/pcs.rs:498:9
[INFO] [stdout]     |
[INFO] [stdout] 498 |     use p3_mersenne_31::Mersenne31;
[INFO] [stdout]     |         ^^^^^^^^^^^^^^ use of unresolved module or unlinked crate `p3_mersenne_31`
[INFO] [stdout]     |
[INFO] [stdout]     = help: if you wanted to use a crate named `p3_mersenne_31`, use `cargo add p3_mersenne_31` to add it to your `Cargo.toml`
[INFO] [stdout] 
[INFO] [stdout] 
[INFO] [stdout] error[E0432]: unresolved import `p3_symmetric`
[INFO] [stdout]    --> tests/pcs.rs:499:9
[INFO] [stdout]     |
[INFO] [stdout] 499 |     use p3_symmetric::{CompressionFunctionFromHasher, SerializingHasher};
[INFO] [stdout]     |         ^^^^^^^^^^^^ use of unresolved module or unlinked crate `p3_symmetric`
[INFO] [stdout]     |
[INFO] [stdout]     = help: if you wanted to use a crate named `p3_symmetric`, use `cargo add p3_symmetric` to add it to your `Cargo.toml`
[INFO] [stdout] 
[INFO] [stdout] 
[INFO] [stdout] error[E0432]: unresolved import `p3_challenger::testing`
[INFO] [stdout]    --> src/pcs_transcript.rs:547:24
[INFO] [stdout]     |
[INFO] [stdout] 547 |     use p3_challenger::testing::{
[INFO] [stdout]     |                        ^^^^^^^ could not find `testing` in `p3_challenger`
[INFO] [stdout]     |
[INFO] [stdout] note: found an item that was configured out
[INFO] [stdout]    --> /opt/rustwide/cargo-home/registry/src/index.crates.io-1949cf8c6b5b557f/p3-challenger-0.9.0-rc.1/src/lib.rs:21:9
[INFO] [stdout]     |
[INFO] [stdout]  20 | #[cfg(any(test, feature = "test-utils"))]
[INFO] [stdout]     |          ------------------------------ the item is gated here
[INFO] [stdout]  21 | pub mod testing;
[INFO] [stdout]     |         ^^^^^^^
[INFO] [stdout] 
[INFO] [stdout] 
[INFO] [stdout] error[E0432]: unresolved import `p3_challenger::testing`
[INFO] [stdout]    --> src/transcript.rs:646:24
[INFO] [stdout]     |
[INFO] [stdout] 646 |     use p3_challenger::testing::{
[INFO] [stdout]     |                        ^^^^^^^ could not find `testing` in `p3_challenger`
[INFO] [stdout]     |
[INFO] [stdout] note: found an item that was configured out
[INFO] [stdout]    --> /opt/rustwide/cargo-home/registry/src/index.crates.io-1949cf8c6b5b557f/p3-challenger-0.9.0-rc.1/src/lib.rs:21:9
[INFO] [stdout]     |
[INFO] [stdout]  20 | #[cfg(any(test, feature = "test-utils"))]
[INFO] [stdout]     |          ------------------------------ the item is gated here
[INFO] [stdout]  21 | pub mod testing;
[INFO] [stdout]     |         ^^^^^^^
[INFO] [stdout] 
[INFO] [stdout] 
[INFO] [stdout] error[E0432]: unresolved import `p3_baby_bear`
[INFO] [stdout]    --> src/hiding_pcs.rs:797:9
[INFO] [stdout]     |
[INFO] [stdout] 797 |     use p3_baby_bear::{BabyBear, Poseidon2BabyBear};
[INFO] [stdout]     |         ^^^^^^^^^^^^ use of unresolved module or unlinked crate `p3_baby_bear`
[INFO] [stdout]     |
[INFO] [stdout]     = help: if you wanted to use a crate named `p3_baby_bear`, use `cargo add p3_baby_bear` to add it to your `Cargo.toml`
[INFO] [stdout] 
[INFO] [stdout] 
[INFO] [stdout] error[E0432]: unresolved import `p3_merkle_tree`
[INFO] [stdout]    --> src/hiding_pcs.rs:803:9
[INFO] [stdout]     |
[INFO] [stdout] 803 |     use p3_merkle_tree::MerkleTreeMmcs;
[INFO] [stdout]     |         ^^^^^^^^^^^^^^ use of unresolved module or unlinked crate `p3_merkle_tree`
[INFO] [stdout]     |
[INFO] [stdout]     = help: if you wanted to use a crate named `p3_merkle_tree`, use `cargo add p3_merkle_tree` to add it to your `Cargo.toml`
[INFO] [stdout] 
[INFO] [stdout] 
[INFO] [stdout] error[E0432]: unresolved import `p3_symmetric`
[INFO] [stdout]    --> src/hiding_pcs.rs:804:9
[INFO] [stdout]     |
[INFO] [stdout] 804 |     use p3_symmetric::{PaddingFreeSponge, TruncatedPermutation};
[INFO] [stdout]     |         ^^^^^^^^^^^^ use of unresolved module or unlinked crate `p3_symmetric`
[INFO] [stdout]     |
[INFO] [stdout]     = help: if you wanted to use a crate named `p3_symmetric`, use `cargo add p3_symmetric` to add it to your `Cargo.toml`
[INFO] [stdout] 
[INFO] [stdout] 
[INFO] [stdout] error[E0432]: unresolved import `p3_baby_bear`
[INFO] [stdout]    --> src/pcs_transcript.rs:546:9
[INFO] [stdout]     |
[INFO] [stdout] 546 |     use p3_baby_bear::{BabyBear, Poseidon2BabyBear};
[INFO] [stdout]     |         ^^^^^^^^^^^^ use of unresolved module or unlinked crate `p3_baby_bear`
[INFO] [stdout]     |
[INFO] [stdout]     = help: if you wanted to use a crate named `p3_baby_bear`, use `cargo add p3_baby_bear` to add it to your `Cargo.toml`
[INFO] [stdout] 
[INFO] [stdout] 
[INFO] [stdout] error[E0432]: unresolved import `p3_baby_bear`
[INFO] [stdout]    --> src/periodic.rs:255:9
[INFO] [stdout]     |
[INFO] [stdout] 255 |     use p3_baby_bear::BabyBear;
[INFO] [stdout]     |         ^^^^^^^^^^^^ use of unresolved module or unlinked crate `p3_baby_bear`
[INFO] [stdout]     |
[INFO] [stdout]     = help: if you wanted to use a crate named `p3_baby_bear`, use `cargo add p3_baby_bear` to add it to your `Cargo.toml`
[INFO] [stdout] 
[INFO] [stdout] 
[INFO] [stdout] error[E0432]: unresolved import `p3_baby_bear`
[INFO] [stdout]    --> src/transcript.rs:643:9
[INFO] [stdout]     |
[INFO] [stdout] 643 |     use p3_baby_bear::{BabyBear, Poseidon2BabyBear};
[INFO] [stdout]     |         ^^^^^^^^^^^^ use of unresolved module or unlinked crate `p3_baby_bear`
[INFO] [stdout]     |
[INFO] [stdout]     = help: if you wanted to use a crate named `p3_baby_bear`, use `cargo add p3_baby_bear` to add it to your `Cargo.toml`
[INFO] [stdout] 
[INFO] [stdout] 
[INFO] [stdout] error[E0432]: unresolved import `p3_baby_bear`
[INFO] [stdout]     --> src/two_adic_pcs.rs:1100:9
[INFO] [stdout]      |
[INFO] [stdout] 1100 |     use p3_baby_bear::{BabyBear, Poseidon2BabyBear};
[INFO] [stdout]      |         ^^^^^^^^^^^^ use of unresolved module or unlinked crate `p3_baby_bear`
[INFO] [stdout]      |
[INFO] [stdout]      = help: if you wanted to use a crate named `p3_baby_bear`, use `cargo add p3_baby_bear` to add it to your `Cargo.toml`
[INFO] [stdout] 
[INFO] [stdout] 
[INFO] [stdout] error[E0432]: unresolved import `p3_goldilocks`
[INFO] [stdout]     --> src/two_adic_pcs.rs:1106:9
[INFO] [stdout]      |
[INFO] [stdout] 1106 |     use p3_goldilocks::Goldilocks;
[INFO] [stdout]      |         ^^^^^^^^^^^^^ use of unresolved module or unlinked crate `p3_goldilocks`
[INFO] [stdout]      |
[INFO] [stdout]      = help: if you wanted to use a crate named `p3_goldilocks`, use `cargo add p3_goldilocks` to add it to your `Cargo.toml`
[INFO] [stdout] 
[INFO] [stdout] 
[INFO] [stdout] error[E0432]: unresolved import `p3_merkle_tree`
[INFO] [stdout]     --> src/two_adic_pcs.rs:1108:9
[INFO] [stdout]      |
[INFO] [stdout] 1108 |     use p3_merkle_tree::MerkleTreeMmcs;
[INFO] [stdout]      |         ^^^^^^^^^^^^^^ use of unresolved module or unlinked crate `p3_merkle_tree`
[INFO] [stdout]      |
[INFO] [stdout]      = help: if you wanted to use a crate named `p3_merkle_tree`, use `cargo add p3_merkle_tree` to add it to your `Cargo.toml`
[INFO] [stdout] 
[INFO] [stdout] 
[INFO] [stdout] error[E0432]: unresolved import `p3_symmetric`
[INFO] [stdout]     --> src/two_adic_pcs.rs:1109:9
[INFO] [stdout]      |
[INFO] [stdout] 1109 |     use p3_symmetric::{PaddingFreeSponge, TruncatedPermutation};
[INFO] [stdout]      |         ^^^^^^^^^^^^ use of unresolved module or unlinked crate `p3_symmetric`
[INFO] [stdout]      |
[INFO] [stdout]      = help: if you wanted to use a crate named `p3_symmetric`, use `cargo add p3_symmetric` to add it to your `Cargo.toml`
[INFO] [stdout] 
[INFO] [stdout] 
[INFO] [stdout] error[E0432]: unresolved import `p3_baby_bear`
[INFO] [stdout]     --> src/verifier.rs:1425:9
[INFO] [stdout]      |
[INFO] [stdout] 1425 |     use p3_baby_bear::{BabyBear, Poseidon2BabyBear};
[INFO] [stdout]      |         ^^^^^^^^^^^^ use of unresolved module or unlinked crate `p3_baby_bear`
[INFO] [stdout]      |
[INFO] [stdout]      = help: if you wanted to use a crate named `p3_baby_bear`, use `cargo add p3_baby_bear` to add it to your `Cargo.toml`
[INFO] [stdout] 
[INFO] [stdout] 
[INFO] [stdout] error[E0432]: unresolved import `p3_merkle_tree`
[INFO] [stdout]     --> src/verifier.rs:1432:9
[INFO] [stdout]      |
[INFO] [stdout] 1432 |     use p3_merkle_tree::{MerkleTreeError, MerkleTreeMmcs};
[INFO] [stdout]      |         ^^^^^^^^^^^^^^ use of unresolved module or unlinked crate `p3_merkle_tree`
[INFO] [stdout]      |
[INFO] [stdout]      = help: if you wanted to use a crate named `p3_merkle_tree`, use `cargo add p3_merkle_tree` to add it to your `Cargo.toml`
[INFO] [stdout] 
[INFO] [stdout] 
[INFO] [stdout] error[E0432]: unresolved import `p3_symmetric`
[INFO] [stdout]     --> src/verifier.rs:1433:9
[INFO] [stdout]      |
[INFO] [stdout] 1433 |     use p3_symmetric::{PaddingFreeSponge, TruncatedPermutation};
[INFO] [stdout]      |         ^^^^^^^^^^^^ use of unresolved module or unlinked crate `p3_symmetric`
[INFO] [stdout]      |
[INFO] [stdout]      = help: if you wanted to use a crate named `p3_symmetric`, use `cargo add p3_symmetric` to add it to your `Cargo.toml`
[INFO] [stdout] 
[INFO] [stdout] 
[INFO] [stdout] For more information about this error, try `rustc --explain E0432`.
[INFO] [stdout] 
[INFO] [stderr] error: could not compile `p3-fri` (test "fri") due to 3 previous errors
[INFO] [stderr] warning: build failed, waiting for other jobs to finish...
[INFO] [stdout] For more information about this error, try `rustc --explain E0432`.
[INFO] [stdout] 
[INFO] [stderr] error: could not compile `p3-fri` (test "pcs") due to 8 previous errors
[INFO] [stdout] For more information about this error, try `rustc --explain E0432`.
[INFO] [stdout] 
[INFO] [stderr] error: could not compile `p3-fri` (lib test) due to 15 previous errors
[INFO] running `Command { std: "docker" "inspect" "672738e654b699cbf8e79a203c93338511b5eea857fe8fbd5184ea4f83abab23", kill_on_drop: false }`
[INFO] running `Command { std: "docker" "rm" "-f" "672738e654b699cbf8e79a203c93338511b5eea857fe8fbd5184ea4f83abab23", kill_on_drop: false }`
[INFO] [stdout] 672738e654b699cbf8e79a203c93338511b5eea857fe8fbd5184ea4f83abab23
