[INFO] fetching crate p3-dft 0.9.0-rc.1...
[INFO] testing p3-dft-0.9.0-rc.1 against 1.100.0-beta.1+cargoflags=--release for beta-release-1.100-2
[INFO] extracting crate p3-dft 0.9.0-rc.1 into /workspace/builds/worker-1-tc2/source
[INFO] started tweaking crates.io crate p3-dft 0.9.0-rc.1
[INFO] removed 0 missing tests
[INFO] finished tweaking crates.io crate p3-dft 0.9.0-rc.1
[INFO] tweaked toml for crates.io crate p3-dft 0.9.0-rc.1 written to /workspace/builds/worker-1-tc2/source/Cargo.toml
[INFO] validating manifest of crates.io crate p3-dft 0.9.0-rc.1 on toolchain 1.100.0-beta.1
[INFO] running `Command { std: CARGO_HOME="/workspace/cargo-home" RUSTUP_HOME="/workspace/rustup-home" "/workspace/cargo-home/bin/cargo" "+1.100.0-beta.1" "metadata" "--manifest-path" "Cargo.toml" "--no-deps", kill_on_drop: false }`
[INFO] crate crates.io crate p3-dft 0.9.0-rc.1 already has a lockfile, it will not be regenerated
[INFO] running `Command { std: CARGO_HOME="/workspace/cargo-home" RUSTUP_HOME="/workspace/rustup-home" "/workspace/cargo-home/bin/cargo" "+1.100.0-beta.1" "fetch" "--manifest-path" "Cargo.toml", kill_on_drop: false }`
[INFO] [stderr] warning: `package.homepage` is redundant with `package.repository`
[INFO] [stderr]   --> Cargo.toml:93:12
[INFO] [stderr]    |
[INFO] [stderr] 93 | homepage = "https://github.com/Plonky3/Plonky3"
[INFO] [stderr]    |            ^^^^^^^^^^^^^^^^^^^^^^^^^^^^^^^^^^^^
[INFO] [stderr] ...
[INFO] [stderr] 98 | repository = "https://github.com/Plonky3/Plonky3"
[INFO] [stderr]    |              ------------------------------------
[INFO] [stderr]    |
[INFO] [stderr]    = note: `cargo::redundant_homepage` is set to `warn` by default
[INFO] [stderr] help: consider removing `package.homepage`
[INFO] [stderr] warning: `p3-dft` (manifest) generated 1 warning
[INFO] running `Command { std: "docker" "create" "-v" "/var/lib/crater-agent-workspace/builds/worker-1-tc2/source:/opt/rustwide/workdir:ro,Z" "-v" "/var/lib/crater-agent-workspace/builds/worker-1-tc2/target:/opt/rustwide/target:rw,Z" "-v" "/var/lib/crater-agent-workspace/cargo-home:/opt/rustwide/cargo-home:ro,Z" "-v" "/var/lib/crater-agent-workspace/rustup-home:/opt/rustwide/rustup-home:ro,Z" "-m" "1610612736" "--network" "none" "ghcr.io/rust-lang/crates-build-env/linux@sha256:77db811e55d90add9212f6832c23229e3de5f1c1f9905e8cb07319ea15df73ac" "sleep" "infinity", kill_on_drop: false }`
[INFO] [stdout] 3fa63d83b70820b1eec1f05b494673700a73f8a7f81a32aa19b216d2a2394a7f
[INFO] running `Command { std: "docker" "start" "3fa63d83b70820b1eec1f05b494673700a73f8a7f81a32aa19b216d2a2394a7f", kill_on_drop: false }`
[INFO] running `Command { std: "docker" "inspect" "3fa63d83b70820b1eec1f05b494673700a73f8a7f81a32aa19b216d2a2394a7f", kill_on_drop: false }`
[INFO] running `Command { std: "docker" "exec" "-e" "SOURCE_DIR=/opt/rustwide/workdir" "-e" "CARGO_HOME=/opt/rustwide/cargo-home" "-e" "RUSTUP_HOME=/opt/rustwide/rustup-home" "-e" "CARGO_TARGET_DIR=/opt/rustwide/target" "-w" "/opt/rustwide/workdir" "--user" "0:0" "3fa63d83b70820b1eec1f05b494673700a73f8a7f81a32aa19b216d2a2394a7f" "/opt/rustwide/cargo-home/bin/cargo" "+1.100.0-beta.1" "metadata" "--no-deps" "--format-version=1", kill_on_drop: false }`
[INFO] running `Command { std: "docker" "inspect" "3fa63d83b70820b1eec1f05b494673700a73f8a7f81a32aa19b216d2a2394a7f", kill_on_drop: false }`
[INFO] running `Command { std: "docker" "exec" "-e" "SOURCE_DIR=/opt/rustwide/workdir" "-e" "CARGO_HOME=/opt/rustwide/cargo-home" "-e" "RUSTUP_HOME=/opt/rustwide/rustup-home" "-e" "CARGO_TARGET_DIR=/opt/rustwide/target" "-e" "CARGO_INCREMENTAL=0" "-e" "RUST_BACKTRACE=full" "-e" "RUSTFLAGS=--cap-lints=warn" "-e" "RUSTDOCFLAGS=--cap-lints=warn" "-w" "/opt/rustwide/workdir" "--user" "0:0" "3fa63d83b70820b1eec1f05b494673700a73f8a7f81a32aa19b216d2a2394a7f" "/opt/rustwide/cargo-home/bin/cargo" "+1.100.0-beta.1" "build" "--frozen" "--message-format=json" "--release", kill_on_drop: false }`
[INFO] [stderr] warning: `package.homepage` is redundant with `package.repository`
[INFO] [stderr]   --> Cargo.toml:93:12
[INFO] [stderr]    |
[INFO] [stderr] 93 | homepage = "https://github.com/Plonky3/Plonky3"
[INFO] [stderr]    |            ^^^^^^^^^^^^^^^^^^^^^^^^^^^^^^^^^^^^
[INFO] [stderr] ...
[INFO] [stderr] 98 | repository = "https://github.com/Plonky3/Plonky3"
[INFO] [stderr]    |              ------------------------------------
[INFO] [stderr]    |
[INFO] [stderr]    = note: `cargo::redundant_homepage` is set to `warn` by default
[INFO] [stderr] help: consider removing `package.homepage`
[INFO] [stderr] warning: `p3-dft` (manifest) generated 1 warning
[INFO] [stderr]    Compiling serde_core v1.0.229
[INFO] [stderr]    Compiling serde v1.0.229
[INFO] [stderr]    Compiling p3-maybe-rayon v0.9.0-rc.1
[INFO] [stderr]    Compiling either v1.19.0
[INFO] [stderr]    Compiling rand v0.10.3
[INFO] [stderr]    Compiling num-traits v0.2.19
[INFO] [stderr]    Compiling spin v0.12.3
[INFO] [stderr]    Compiling syn v3.0.7
[INFO] [stderr]    Compiling syn v2.0.119
[INFO] [stderr]    Compiling itertools v0.15.0
[INFO] [stderr]    Compiling num-integer v0.1.47
[INFO] [stderr]    Compiling num-bigint v0.5.1
[INFO] [stderr]    Compiling serde_derive v1.0.229
[INFO] [stderr]    Compiling tracing-attributes v0.1.31
[INFO] [stderr]    Compiling p3-util v0.9.0-rc.1
[INFO] [stderr]    Compiling tracing v0.1.44
[INFO] [stderr]    Compiling p3-field v0.9.0-rc.1
[INFO] [stderr]    Compiling p3-matrix v0.9.0-rc.1
[INFO] [stderr]    Compiling p3-dft v0.9.0-rc.1 (/opt/rustwide/workdir)
[INFO] [stderr]     Finished `release` profile [optimized] target(s) in 15.59s
[INFO] running `Command { std: "docker" "inspect" "3fa63d83b70820b1eec1f05b494673700a73f8a7f81a32aa19b216d2a2394a7f", kill_on_drop: false }`
[INFO] running `Command { std: "docker" "exec" "-e" "SOURCE_DIR=/opt/rustwide/workdir" "-e" "CARGO_HOME=/opt/rustwide/cargo-home" "-e" "RUSTUP_HOME=/opt/rustwide/rustup-home" "-e" "CARGO_TARGET_DIR=/opt/rustwide/target" "-e" "CARGO_INCREMENTAL=0" "-e" "RUST_BACKTRACE=full" "-e" "RUSTFLAGS=--cap-lints=warn" "-e" "RUSTDOCFLAGS=--cap-lints=warn" "-w" "/opt/rustwide/workdir" "--user" "0:0" "3fa63d83b70820b1eec1f05b494673700a73f8a7f81a32aa19b216d2a2394a7f" "/opt/rustwide/cargo-home/bin/cargo" "+1.100.0-beta.1" "test" "--frozen" "--no-run" "--message-format=json" "--release", kill_on_drop: false }`
[INFO] [stderr] warning: `package.homepage` is redundant with `package.repository`
[INFO] [stderr]   --> Cargo.toml:93:12
[INFO] [stderr]    |
[INFO] [stderr] 93 | homepage = "https://github.com/Plonky3/Plonky3"
[INFO] [stderr]    |            ^^^^^^^^^^^^^^^^^^^^^^^^^^^^^^^^^^^^
[INFO] [stderr] ...
[INFO] [stderr] 98 | repository = "https://github.com/Plonky3/Plonky3"
[INFO] [stderr]    |              ------------------------------------
[INFO] [stderr]    |
[INFO] [stderr]    = note: `cargo::redundant_homepage` is set to `warn` by default
[INFO] [stderr] help: consider removing `package.homepage`
[INFO] [stderr] warning: `p3-dft` (manifest) generated 1 warning
[INFO] [stderr]    Compiling zerocopy v0.8.62
[INFO] [stderr]    Compiling serde_json v1.0.152
[INFO] [stderr]    Compiling cc v1.7.0
[INFO] [stderr]    Compiling itertools v0.15.0
[INFO] [stderr]    Compiling zerocopy-derive v0.8.62
[INFO] [stderr]    Compiling serde v1.0.229
[INFO] [stderr]    Compiling rand v0.10.3
[INFO] [stderr]    Compiling num-integer v0.1.47
[INFO] [stderr]    Compiling clap_lex v1.1.1
[INFO] [stderr]    Compiling regex-automata v0.4.18
[INFO] [stderr]    Compiling plotters v0.3.7
[INFO] [stderr]    Compiling criterion-plot v0.8.2
[INFO] [stderr]    Compiling rayon v1.12.0
[INFO] [stderr]    Compiling page_size v0.6.0
[INFO] [stderr]    Compiling rand_xorshift v0.5.0
[INFO] [stderr]    Compiling core_detect v1.0.0
[INFO] [stderr]    Compiling clap_builder v4.6.7
[INFO] [stderr]    Compiling num-bigint v0.5.1
[INFO] [stderr]    Compiling p3-util v0.9.0-rc.1
[INFO] [stderr]    Compiling proptest v1.12.0
[INFO] [stderr]    Compiling alloca v0.4.0
[INFO] [stderr]    Compiling tinytemplate v1.2.1
[INFO] [stderr]    Compiling regex v1.13.1
[INFO] [stderr]    Compiling p3-field v0.9.0-rc.1
[INFO] [stderr]    Compiling clap v4.6.7
[INFO] [stderr]    Compiling p3-matrix v0.9.0-rc.1
[INFO] [stderr]    Compiling p3-dft v0.9.0-rc.1 (/opt/rustwide/workdir)
[INFO] [stderr]    Compiling half v2.7.1
[INFO] [stderr]    Compiling ciborium-ll v0.2.2
[INFO] [stderr]    Compiling ciborium v0.2.2
[INFO] [stderr]    Compiling criterion v0.8.2
[INFO] [stdout] error[E0432]: unresolved import `p3_baby_bear`
[INFO] [stdout]  --> tests/lde_blocks.rs:5:5
[INFO] [stdout]   |
[INFO] [stdout] 5 | use p3_baby_bear::BabyBear;
[INFO] [stdout]   |     ^^^^^^^^^^^^ use of unresolved module or unlinked crate `p3_baby_bear`
[INFO] [stdout]   |
[INFO] [stdout]   = help: if you wanted to use a crate named `p3_baby_bear`, use `cargo add p3_baby_bear` to add it to your `Cargo.toml`
[INFO] [stdout] 
[INFO] [stdout] 
[INFO] [stdout] error[E0432]: unresolved import `p3_goldilocks`
[INFO] [stdout]  --> tests/lde_blocks.rs:8:5
[INFO] [stdout]   |
[INFO] [stdout] 8 | use p3_goldilocks::Goldilocks;
[INFO] [stdout]   |     ^^^^^^^^^^^^^ use of unresolved module or unlinked crate `p3_goldilocks`
[INFO] [stdout]   |
[INFO] [stdout]   = help: if you wanted to use a crate named `p3_goldilocks`, use `cargo add p3_goldilocks` to add it to your `Cargo.toml`
[INFO] [stdout] 
[INFO] [stdout] 
[INFO] [stdout] error[E0432]: unresolved import `p3_baby_bear`
[INFO] [stdout]   --> src/naive.rs:36:9
[INFO] [stdout]    |
[INFO] [stdout] 36 |     use p3_baby_bear::BabyBear;
[INFO] [stdout]    |         ^^^^^^^^^^^^ use of unresolved module or unlinked crate `p3_baby_bear`
[INFO] [stdout]    |
[INFO] [stdout]    = help: if you wanted to use a crate named `p3_baby_bear`, use `cargo add p3_baby_bear` to add it to your `Cargo.toml`
[INFO] [stdout] 
[INFO] [stdout] 
[INFO] [stdout] error[E0432]: unresolved import `p3_goldilocks`
[INFO] [stdout]   --> src/naive.rs:38:9
[INFO] [stdout]    |
[INFO] [stdout] 38 |     use p3_goldilocks::Goldilocks;
[INFO] [stdout]    |         ^^^^^^^^^^^^^ use of unresolved module or unlinked crate `p3_goldilocks`
[INFO] [stdout]    |
[INFO] [stdout]    = help: if you wanted to use a crate named `p3_goldilocks`, use `cargo add p3_goldilocks` to add it to your `Cargo.toml`
[INFO] [stdout] 
[INFO] [stdout] 
[INFO] [stdout] error[E0432]: unresolved import `p3_baby_bear`
[INFO] [stdout]    --> src/radix_2_dit_parallel.rs:825:9
[INFO] [stdout]     |
[INFO] [stdout] 825 |     use p3_baby_bear::BabyBear;
[INFO] [stdout]     |         ^^^^^^^^^^^^ use of unresolved module or unlinked crate `p3_baby_bear`
[INFO] [stdout]     |
[INFO] [stdout]     = help: if you wanted to use a crate named `p3_baby_bear`, use `cargo add p3_baby_bear` to add it to your `Cargo.toml`
[INFO] [stdout] 
[INFO] [stdout] 
[INFO] [stdout] error[E0432]: unresolved import `p3_baby_bear`
[INFO] [stdout]   --> src/util.rs:58:9
[INFO] [stdout]    |
[INFO] [stdout] 58 |     use p3_baby_bear::BabyBear;
[INFO] [stdout]    |         ^^^^^^^^^^^^ use of unresolved module or unlinked crate `p3_baby_bear`
[INFO] [stdout]    |
[INFO] [stdout]    = help: if you wanted to use a crate named `p3_baby_bear`, use `cargo add p3_baby_bear` to add it to your `Cargo.toml`
[INFO] [stdout] 
[INFO] [stdout] 
[INFO] [stdout] error[E0432]: unresolved import `p3_baby_bear`
[INFO] [stdout]  --> tests/testing.rs:9:5
[INFO] [stdout]   |
[INFO] [stdout] 9 | use p3_baby_bear::BabyBear;
[INFO] [stdout]   |     ^^^^^^^^^^^^ use of unresolved module or unlinked crate `p3_baby_bear`
[INFO] [stdout]   |
[INFO] [stdout]   = help: if you wanted to use a crate named `p3_baby_bear`, use `cargo add p3_baby_bear` to add it to your `Cargo.toml`
[INFO] [stdout] 
[INFO] [stdout] 
[INFO] [stdout] error[E0432]: unresolved import `p3_goldilocks`
[INFO] [stdout]   --> tests/testing.rs:16:5
[INFO] [stdout]    |
[INFO] [stdout] 16 | use p3_goldilocks::Goldilocks;
[INFO] [stdout]    |     ^^^^^^^^^^^^^ use of unresolved module or unlinked crate `p3_goldilocks`
[INFO] [stdout]    |
[INFO] [stdout]    = help: if you wanted to use a crate named `p3_goldilocks`, use `cargo add p3_goldilocks` to add it to your `Cargo.toml`
[INFO] [stdout] 
[INFO] [stdout] 
[INFO] [stdout] warning: unused import: `PrimeCharacteristicRing`
[INFO] [stdout]  --> tests/lde_blocks.rs:7:23
[INFO] [stdout]   |
[INFO] [stdout] 7 | use p3_field::{Field, PrimeCharacteristicRing, TwoAdicField};
[INFO] [stdout]   |                       ^^^^^^^^^^^^^^^^^^^^^^^
[INFO] [stdout]   |
[INFO] [stdout]   = note: `#[warn(unused_imports)]` (part of `#[warn(unused)]`) on by default
[INFO] [stdout] 
[INFO] [stdout] 
[INFO] [stdout] warning: unused import: `Field`
[INFO] [stdout]  --> tests/lde_blocks.rs:7:16
[INFO] [stdout]   |
[INFO] [stdout] 7 | use p3_field::{Field, PrimeCharacteristicRing, TwoAdicField};
[INFO] [stdout]   |                ^^^^^
[INFO] [stdout] 
[INFO] [stdout] 
[INFO] [stdout] For more information about this error, try `rustc --explain E0432`.
[INFO] [stdout] 
[INFO] [stderr] error: could not compile `p3-dft` (test "lde_blocks") due to 2 previous errors; 2 warnings emitted
[INFO] [stderr] warning: build failed, waiting for other jobs to finish...
[INFO] [stdout] For more information about this error, try `rustc --explain E0432`.
[INFO] [stdout] 
[INFO] [stderr] error: could not compile `p3-dft` (test "testing") due to 2 previous errors
[INFO] [stdout] For more information about this error, try `rustc --explain E0432`.
[INFO] [stdout] 
[INFO] [stderr] error: could not compile `p3-dft` (lib test) due to 4 previous errors
[INFO] running `Command { std: "docker" "inspect" "3fa63d83b70820b1eec1f05b494673700a73f8a7f81a32aa19b216d2a2394a7f", kill_on_drop: false }`
[INFO] running `Command { std: "docker" "rm" "-f" "3fa63d83b70820b1eec1f05b494673700a73f8a7f81a32aa19b216d2a2394a7f", kill_on_drop: false }`
[INFO] [stdout] 3fa63d83b70820b1eec1f05b494673700a73f8a7f81a32aa19b216d2a2394a7f
