[INFO] fetching crate p3-bn254 0.9.0-rc.1...
[INFO] testing p3-bn254-0.9.0-rc.1 against 1.99.0-beta.8+cargoflags=--release for beta-release-1.100-2
[INFO] extracting crate p3-bn254 0.9.0-rc.1 into /workspace/builds/worker-3-tc1/source
[INFO] started tweaking crates.io crate p3-bn254 0.9.0-rc.1
[INFO] finished tweaking crates.io crate p3-bn254 0.9.0-rc.1
[INFO] tweaked toml for crates.io crate p3-bn254 0.9.0-rc.1 written to /workspace/builds/worker-3-tc1/source/Cargo.toml
[INFO] validating manifest of crates.io crate p3-bn254 0.9.0-rc.1 on toolchain 1.99.0-beta.8
[INFO] running `Command { std: CARGO_HOME="/workspace/cargo-home" RUSTUP_HOME="/workspace/rustup-home" "/workspace/cargo-home/bin/cargo" "+1.99.0-beta.8" "metadata" "--manifest-path" "Cargo.toml" "--no-deps", kill_on_drop: false }`
[INFO] crate crates.io crate p3-bn254 0.9.0-rc.1 already has a lockfile, it will not be regenerated
[INFO] running `Command { std: CARGO_HOME="/workspace/cargo-home" RUSTUP_HOME="/workspace/rustup-home" "/workspace/cargo-home/bin/cargo" "+1.99.0-beta.8" "fetch" "--manifest-path" "Cargo.toml", kill_on_drop: false }`
[INFO] [stderr]     Updating crates.io index
[INFO] [stderr]  Downloading crates ...
[INFO] [stderr]   Downloaded rand_xorshift v0.5.0
[INFO] [stderr]   Downloaded p3-maybe-rayon v0.9.0-rc.1
[INFO] [stderr]   Downloaded p3-util v0.9.0-rc.1
[INFO] [stderr]   Downloaded p3-symmetric v0.9.0-rc.1
[INFO] [stderr]   Downloaded p3-mds v0.9.0-rc.1
[INFO] [stderr]   Downloaded p3-dft v0.9.0-rc.1
[INFO] [stderr]   Downloaded p3-poseidon2 v0.9.0-rc.1
[INFO] [stderr]   Downloaded p3-matrix v0.9.0-rc.1
[INFO] [stderr]   Downloaded serde_json v1.0.152
[INFO] [stderr]   Downloaded p3-field v0.9.0-rc.1
[INFO] [stderr]   Downloaded cc v1.7.0
[INFO] [stderr]   Downloaded proptest v1.12.0
[INFO] running `Command { std: "docker" "create" "-v" "/var/lib/crater-agent-workspace/builds/worker-3-tc1/source:/opt/rustwide/workdir:ro,Z" "-v" "/var/lib/crater-agent-workspace/builds/worker-3-tc1/target:/opt/rustwide/target:rw,Z" "-v" "/var/lib/crater-agent-workspace/cargo-home:/opt/rustwide/cargo-home:ro,Z" "-v" "/var/lib/crater-agent-workspace/rustup-home:/opt/rustwide/rustup-home:ro,Z" "-m" "1610612736" "--network" "none" "ghcr.io/rust-lang/crates-build-env/linux@sha256:77db811e55d90add9212f6832c23229e3de5f1c1f9905e8cb07319ea15df73ac" "sleep" "infinity", kill_on_drop: false }`
[INFO] [stdout] afb8333f7a6d104af9813bbbbe7687b268ed7a2e3339680c9f375513e27da10d
[INFO] running `Command { std: "docker" "start" "afb8333f7a6d104af9813bbbbe7687b268ed7a2e3339680c9f375513e27da10d", kill_on_drop: false }`
[INFO] running `Command { std: "docker" "inspect" "afb8333f7a6d104af9813bbbbe7687b268ed7a2e3339680c9f375513e27da10d", kill_on_drop: false }`
[INFO] running `Command { std: "docker" "exec" "-e" "SOURCE_DIR=/opt/rustwide/workdir" "-e" "CARGO_HOME=/opt/rustwide/cargo-home" "-e" "RUSTUP_HOME=/opt/rustwide/rustup-home" "-e" "CARGO_TARGET_DIR=/opt/rustwide/target" "-w" "/opt/rustwide/workdir" "--user" "0:0" "afb8333f7a6d104af9813bbbbe7687b268ed7a2e3339680c9f375513e27da10d" "/opt/rustwide/cargo-home/bin/cargo" "+1.99.0-beta.8" "metadata" "--no-deps" "--format-version=1", kill_on_drop: false }`
[INFO] running `Command { std: "docker" "inspect" "afb8333f7a6d104af9813bbbbe7687b268ed7a2e3339680c9f375513e27da10d", kill_on_drop: false }`
[INFO] running `Command { std: "docker" "exec" "-e" "SOURCE_DIR=/opt/rustwide/workdir" "-e" "CARGO_HOME=/opt/rustwide/cargo-home" "-e" "RUSTUP_HOME=/opt/rustwide/rustup-home" "-e" "CARGO_TARGET_DIR=/opt/rustwide/target" "-e" "CARGO_INCREMENTAL=0" "-e" "RUST_BACKTRACE=full" "-e" "RUSTFLAGS=--cap-lints=warn" "-e" "RUSTDOCFLAGS=--cap-lints=warn" "-w" "/opt/rustwide/workdir" "--user" "0:0" "afb8333f7a6d104af9813bbbbe7687b268ed7a2e3339680c9f375513e27da10d" "/opt/rustwide/cargo-home/bin/cargo" "+1.99.0-beta.8" "build" "--frozen" "--message-format=json" "--release", kill_on_drop: false }`
[INFO] [stderr]    Compiling syn v3.0.7
[INFO] [stderr]    Compiling num-traits v0.2.19
[INFO] [stderr]    Compiling serde_core v1.0.229
[INFO] [stderr]    Compiling serde v1.0.229
[INFO] [stderr]    Compiling syn v2.0.119
[INFO] [stderr]    Compiling p3-maybe-rayon v0.9.0-rc.1
[INFO] [stderr]    Compiling either v1.19.0
[INFO] [stderr]    Compiling tracing-core v0.1.36
[INFO] [stderr]    Compiling thiserror v2.0.21
[INFO] [stderr]    Compiling rand v0.10.3
[INFO] [stderr]    Compiling spin v0.12.3
[INFO] [stderr]    Compiling itertools v0.15.0
[INFO] [stderr]    Compiling num-integer v0.1.47
[INFO] [stderr]    Compiling num-bigint v0.5.1
[INFO] [stderr]    Compiling serde_derive v1.0.229
[INFO] [stderr]    Compiling thiserror-impl v2.0.21
[INFO] [stderr]    Compiling p3-util v0.9.0-rc.1
[INFO] [stderr]    Compiling tracing-attributes v0.1.31
[INFO] [stderr]    Compiling tracing v0.1.44
[INFO] [stderr]    Compiling p3-field v0.9.0-rc.1
[INFO] [stderr]    Compiling p3-matrix v0.9.0-rc.1
[INFO] [stderr]    Compiling p3-symmetric v0.9.0-rc.1
[INFO] [stderr]    Compiling p3-dft v0.9.0-rc.1
[INFO] [stderr]    Compiling p3-mds v0.9.0-rc.1
[INFO] [stderr]    Compiling p3-poseidon2 v0.9.0-rc.1
[INFO] [stderr]    Compiling p3-bn254 v0.9.0-rc.1 (/opt/rustwide/workdir)
[INFO] [stderr]     Finished `release` profile [optimized] target(s) in 19.19s
[INFO] running `Command { std: "docker" "inspect" "afb8333f7a6d104af9813bbbbe7687b268ed7a2e3339680c9f375513e27da10d", kill_on_drop: false }`
[INFO] running `Command { std: "docker" "exec" "-e" "SOURCE_DIR=/opt/rustwide/workdir" "-e" "CARGO_HOME=/opt/rustwide/cargo-home" "-e" "RUSTUP_HOME=/opt/rustwide/rustup-home" "-e" "CARGO_TARGET_DIR=/opt/rustwide/target" "-e" "CARGO_INCREMENTAL=0" "-e" "RUST_BACKTRACE=full" "-e" "RUSTFLAGS=--cap-lints=warn" "-e" "RUSTDOCFLAGS=--cap-lints=warn" "-w" "/opt/rustwide/workdir" "--user" "0:0" "afb8333f7a6d104af9813bbbbe7687b268ed7a2e3339680c9f375513e27da10d" "/opt/rustwide/cargo-home/bin/cargo" "+1.99.0-beta.8" "test" "--frozen" "--no-run" "--message-format=json" "--release", kill_on_drop: false }`
[INFO] [stderr]    Compiling libc v0.2.190
[INFO] [stderr]    Compiling serde v1.0.229
[INFO] [stderr]    Compiling itertools v0.15.0
[INFO] [stderr]    Compiling zerocopy v0.8.62
[INFO] [stderr]    Compiling syn v2.0.119
[INFO] [stderr]    Compiling cc v1.7.0
[INFO] [stderr]    Compiling serde_json v1.0.152
[INFO] [stderr]    Compiling num-bigint v0.5.1
[INFO] [stderr]    Compiling clap_builder v4.6.7
[INFO] [stderr]    Compiling regex-automata v0.4.18
[INFO] [stderr]    Compiling itertools v0.13.0
[INFO] [stderr]    Compiling chacha20 v0.10.2
[INFO] [stderr]    Compiling rand_xorshift v0.5.0
[INFO] [stderr]    Compiling anes v0.1.6
[INFO] [stderr]    Compiling p3-util v0.9.0-rc.1
[INFO] [stderr]    Compiling tinytemplate v1.2.1
[INFO] [stderr]    Compiling criterion-plot v0.8.2
[INFO] [stderr]    Compiling alloca v0.4.0
[INFO] [stderr]    Compiling getrandom v0.4.3
[INFO] [stderr]    Compiling page_size v0.6.0
[INFO] [stderr]    Compiling rand v0.10.3
[INFO] [stderr]    Compiling proptest v1.12.0
[INFO] [stderr]    Compiling regex v1.13.1
[INFO] [stderr]    Compiling clap v4.6.7
[INFO] [stderr]    Compiling tracing-attributes v0.1.31
[INFO] [stderr]    Compiling zerocopy-derive v0.8.62
[INFO] [stderr]    Compiling tracing v0.1.44
[INFO] [stderr]    Compiling p3-field v0.9.0-rc.1
[INFO] [stderr]    Compiling p3-matrix v0.9.0-rc.1
[INFO] [stderr]    Compiling p3-symmetric v0.9.0-rc.1
[INFO] [stderr]    Compiling p3-dft v0.9.0-rc.1
[INFO] [stderr]    Compiling p3-mds v0.9.0-rc.1
[INFO] [stderr]    Compiling p3-poseidon2 v0.9.0-rc.1
[INFO] [stderr]    Compiling p3-bn254 v0.9.0-rc.1 (/opt/rustwide/workdir)
[INFO] [stderr]    Compiling half v2.7.1
[INFO] [stderr]    Compiling ciborium-ll v0.2.2
[INFO] [stderr]    Compiling ciborium v0.2.2
[INFO] [stderr]    Compiling criterion v0.8.2
[INFO] [stdout] error[E0433]: cannot find module or crate `zkhash` in this scope
[INFO] [stdout]    --> src/poseidon2.rs:138:9
[INFO] [stdout]     |
[INFO] [stdout] 138 |     use zkhash::ark_ff::{BigInteger, PrimeField as ark_PrimeField};
[INFO] [stdout]     |         ^^^^^^ use of unresolved module or unlinked crate `zkhash`
[INFO] [stdout]     |
[INFO] [stdout]     = help: if you wanted to use a crate named `zkhash`, use `cargo add zkhash` to add it to your `Cargo.toml`
[INFO] [stdout] 
[INFO] [stdout] 
[INFO] [stdout] error[E0433]: cannot find module or crate `zkhash` in this scope
[INFO] [stdout]    --> src/poseidon2.rs:139:9
[INFO] [stdout]     |
[INFO] [stdout] 139 |     use zkhash::fields::bn256::FpBN256 as ark_FpBN256;
[INFO] [stdout]     |         ^^^^^^ use of unresolved module or unlinked crate `zkhash`
[INFO] [stdout]     |
[INFO] [stdout]     = help: if you wanted to use a crate named `zkhash`, use `cargo add zkhash` to add it to your `Cargo.toml`
[INFO] [stdout] 
[INFO] [stdout] 
[INFO] [stdout] error[E0433]: cannot find module or crate `zkhash` in this scope
[INFO] [stdout]    --> src/poseidon2.rs:140:9
[INFO] [stdout]     |
[INFO] [stdout] 140 |     use zkhash::poseidon2::poseidon2::Poseidon2 as Poseidon2Ref;
[INFO] [stdout]     |         ^^^^^^ use of unresolved module or unlinked crate `zkhash`
[INFO] [stdout]     |
[INFO] [stdout]     = help: if you wanted to use a crate named `zkhash`, use `cargo add zkhash` to add it to your `Cargo.toml`
[INFO] [stdout] 
[INFO] [stdout] 
[INFO] [stdout] error[E0433]: cannot find module or crate `zkhash` in this scope
[INFO] [stdout]    --> src/poseidon2.rs:141:9
[INFO] [stdout]     |
[INFO] [stdout] 141 |     use zkhash::poseidon2::poseidon2_instance_bn256::{POSEIDON2_BN256_PARAMS, RC3};
[INFO] [stdout]     |         ^^^^^^ use of unresolved module or unlinked crate `zkhash`
[INFO] [stdout]     |
[INFO] [stdout]     = help: if you wanted to use a crate named `zkhash`, use `cargo add zkhash` to add it to your `Cargo.toml`
[INFO] [stdout] 
[INFO] [stdout] 
[INFO] [stdout] error[E0432]: unresolved import `p3_field_testing`
[INFO] [stdout]    --> src/bn254.rs:580:9
[INFO] [stdout]     |
[INFO] [stdout] 580 |     use p3_field_testing::{test_field, test_field_json_serialization, test_prime_field};
[INFO] [stdout]     |         ^^^^^^^^^^^^^^^^ use of unresolved module or unlinked crate `p3_field_testing`
[INFO] [stdout]     |
[INFO] [stdout]     = help: if you wanted to use a crate named `p3_field_testing`, use `cargo add p3_field_testing` to add it to your `Cargo.toml`
[INFO] [stdout] 
[INFO] [stdout] 
[INFO] [stdout] Some errors have detailed explanations: E0432, E0433.
[INFO] [stdout] 
[INFO] [stderr] error: could not compile `p3-bn254` (lib test) due to 5 previous errors
[INFO] [stdout] For more information about an error, try `rustc --explain E0432`.
[INFO] [stdout] 
[INFO] running `Command { std: "docker" "inspect" "afb8333f7a6d104af9813bbbbe7687b268ed7a2e3339680c9f375513e27da10d", kill_on_drop: false }`
[INFO] running `Command { std: "docker" "rm" "-f" "afb8333f7a6d104af9813bbbbe7687b268ed7a2e3339680c9f375513e27da10d", kill_on_drop: false }`
[INFO] [stdout] afb8333f7a6d104af9813bbbbe7687b268ed7a2e3339680c9f375513e27da10d
