[INFO] fetching crate p3-binary-field 0.9.0-rc.1...
[INFO] testing p3-binary-field-0.9.0-rc.1 against 1.99.0-beta.8+cargoflags=--release for beta-release-1.100-2
[INFO] extracting crate p3-binary-field 0.9.0-rc.1 into /workspace/builds/worker-7-tc1/source
[INFO] started tweaking crates.io crate p3-binary-field 0.9.0-rc.1
[INFO] removed 0 missing tests
[INFO] finished tweaking crates.io crate p3-binary-field 0.9.0-rc.1
[INFO] tweaked toml for crates.io crate p3-binary-field 0.9.0-rc.1 written to /workspace/builds/worker-7-tc1/source/Cargo.toml
[INFO] validating manifest of crates.io crate p3-binary-field 0.9.0-rc.1 on toolchain 1.99.0-beta.8
[INFO] running `Command { std: CARGO_HOME="/workspace/cargo-home" RUSTUP_HOME="/workspace/rustup-home" "/workspace/cargo-home/bin/cargo" "+1.99.0-beta.8" "metadata" "--manifest-path" "Cargo.toml" "--no-deps", kill_on_drop: false }`
[INFO] crate crates.io crate p3-binary-field 0.9.0-rc.1 already has a lockfile, it will not be regenerated
[INFO] running `Command { std: CARGO_HOME="/workspace/cargo-home" RUSTUP_HOME="/workspace/rustup-home" "/workspace/cargo-home/bin/cargo" "+1.99.0-beta.8" "fetch" "--manifest-path" "Cargo.toml", kill_on_drop: false }`
[INFO] [stderr]     Updating crates.io index
[INFO] [stderr]  Downloading crates ...
[INFO] [stderr]   Downloaded rand_xorshift v0.5.0
[INFO] [stderr]   Downloaded p3-maybe-rayon v0.9.0-rc.1
[INFO] [stderr]   Downloaded p3-symmetric v0.9.0-rc.1
[INFO] [stderr]   Downloaded p3-util v0.9.0-rc.1
[INFO] [stderr]   Downloaded proptest v1.12.0
[INFO] [stderr]   Downloaded p3-keccak v0.9.0-rc.1
[INFO] [stderr]   Downloaded p3-field v0.9.0-rc.1
[INFO] [stderr]   Downloaded p3-challenger v0.9.0-rc.1
[INFO] [stderr]   Downloaded cc v1.7.0
[INFO] [stderr]   Downloaded zerocopy-derive v0.8.62
[INFO] [stderr]   Downloaded serde_json v1.0.152
[INFO] [stderr]   Downloaded itertools v0.15.0
[INFO] [stderr]   Downloaded zerocopy v0.8.62
[INFO] [stderr]   Downloaded syn v3.0.7
[INFO] running `Command { std: "docker" "create" "-v" "/var/lib/crater-agent-workspace/builds/worker-7-tc1/source:/opt/rustwide/workdir:ro,Z" "-v" "/var/lib/crater-agent-workspace/builds/worker-7-tc1/target:/opt/rustwide/target:rw,Z" "-v" "/var/lib/crater-agent-workspace/cargo-home:/opt/rustwide/cargo-home:ro,Z" "-v" "/var/lib/crater-agent-workspace/rustup-home:/opt/rustwide/rustup-home:ro,Z" "-m" "1610612736" "--network" "none" "ghcr.io/rust-lang/crates-build-env/linux@sha256:77db811e55d90add9212f6832c23229e3de5f1c1f9905e8cb07319ea15df73ac" "sleep" "infinity", kill_on_drop: false }`
[INFO] [stdout] 295495fd449358f44705eeaee57abdf744c99314ab60d0c75f1124f05dfbe58e
[INFO] running `Command { std: "docker" "start" "295495fd449358f44705eeaee57abdf744c99314ab60d0c75f1124f05dfbe58e", kill_on_drop: false }`
[INFO] running `Command { std: "docker" "inspect" "295495fd449358f44705eeaee57abdf744c99314ab60d0c75f1124f05dfbe58e", kill_on_drop: false }`
[INFO] running `Command { std: "docker" "exec" "-e" "SOURCE_DIR=/opt/rustwide/workdir" "-e" "CARGO_HOME=/opt/rustwide/cargo-home" "-e" "RUSTUP_HOME=/opt/rustwide/rustup-home" "-e" "CARGO_TARGET_DIR=/opt/rustwide/target" "-w" "/opt/rustwide/workdir" "--user" "0:0" "295495fd449358f44705eeaee57abdf744c99314ab60d0c75f1124f05dfbe58e" "/opt/rustwide/cargo-home/bin/cargo" "+1.99.0-beta.8" "metadata" "--no-deps" "--format-version=1", kill_on_drop: false }`
[INFO] running `Command { std: "docker" "inspect" "295495fd449358f44705eeaee57abdf744c99314ab60d0c75f1124f05dfbe58e", kill_on_drop: false }`
[INFO] running `Command { std: "docker" "exec" "-e" "SOURCE_DIR=/opt/rustwide/workdir" "-e" "CARGO_HOME=/opt/rustwide/cargo-home" "-e" "RUSTUP_HOME=/opt/rustwide/rustup-home" "-e" "CARGO_TARGET_DIR=/opt/rustwide/target" "-e" "CARGO_INCREMENTAL=0" "-e" "RUST_BACKTRACE=full" "-e" "RUSTFLAGS=--cap-lints=warn" "-e" "RUSTDOCFLAGS=--cap-lints=warn" "-w" "/opt/rustwide/workdir" "--user" "0:0" "295495fd449358f44705eeaee57abdf744c99314ab60d0c75f1124f05dfbe58e" "/opt/rustwide/cargo-home/bin/cargo" "+1.99.0-beta.8" "build" "--frozen" "--message-format=json" "--release", kill_on_drop: false }`
[INFO] [stderr]    Compiling unicode-ident v1.0.26
[INFO] [stderr]    Compiling serde_core v1.0.229
[INFO] [stderr]    Compiling serde v1.0.229
[INFO] [stderr]    Compiling p3-maybe-rayon v0.9.0-rc.1
[INFO] [stderr]    Compiling either v1.19.0
[INFO] [stderr]    Compiling rand_core v0.10.1
[INFO] [stderr]    Compiling tracing-core v0.1.36
[INFO] [stderr]    Compiling thiserror v2.0.21
[INFO] [stderr]    Compiling tiny-keccak v2.0.2
[INFO] [stderr]    Compiling cpufeatures v0.3.1
[INFO] [stderr]    Compiling num-traits v0.2.19
[INFO] [stderr]    Compiling crunchy v0.2.4
[INFO] [stderr]    Compiling proc-macro2 v1.0.107
[INFO] [stderr]    Compiling rand v0.10.3
[INFO] [stderr]    Compiling itertools v0.15.0
[INFO] [stderr]    Compiling quote v1.0.47
[INFO] [stderr]    Compiling syn v3.0.7
[INFO] [stderr]    Compiling syn v2.0.119
[INFO] [stderr]    Compiling num-integer v0.1.47
[INFO] [stderr]    Compiling num-bigint v0.5.1
[INFO] [stderr]    Compiling serde_derive v1.0.229
[INFO] [stderr]    Compiling thiserror-impl v2.0.21
[INFO] [stderr]    Compiling p3-util v0.9.0-rc.1
[INFO] [stderr]    Compiling tracing-attributes v0.1.31
[INFO] [stderr]    Compiling tracing v0.1.44
[INFO] [stderr]    Compiling p3-field v0.9.0-rc.1
[INFO] [stderr]    Compiling p3-symmetric v0.9.0-rc.1
[INFO] [stderr]    Compiling p3-keccak v0.9.0-rc.1
[INFO] [stderr]    Compiling p3-challenger v0.9.0-rc.1
[INFO] [stderr]    Compiling p3-binary-field v0.9.0-rc.1 (/opt/rustwide/workdir)
[INFO] [stderr]     Finished `release` profile [optimized] target(s) in 25.86s
[INFO] running `Command { std: "docker" "inspect" "295495fd449358f44705eeaee57abdf744c99314ab60d0c75f1124f05dfbe58e", kill_on_drop: false }`
[INFO] running `Command { std: "docker" "exec" "-e" "SOURCE_DIR=/opt/rustwide/workdir" "-e" "CARGO_HOME=/opt/rustwide/cargo-home" "-e" "RUSTUP_HOME=/opt/rustwide/rustup-home" "-e" "CARGO_TARGET_DIR=/opt/rustwide/target" "-e" "CARGO_INCREMENTAL=0" "-e" "RUST_BACKTRACE=full" "-e" "RUSTFLAGS=--cap-lints=warn" "-e" "RUSTDOCFLAGS=--cap-lints=warn" "-w" "/opt/rustwide/workdir" "--user" "0:0" "295495fd449358f44705eeaee57abdf744c99314ab60d0c75f1124f05dfbe58e" "/opt/rustwide/cargo-home/bin/cargo" "+1.99.0-beta.8" "test" "--frozen" "--no-run" "--message-format=json" "--release", kill_on_drop: false }`
[INFO] [stderr]    Compiling serde_core v1.0.229
[INFO] [stderr]    Compiling cfg-if v1.0.5
[INFO] [stderr]    Compiling libc v0.2.190
[INFO] [stderr]    Compiling serde v1.0.229
[INFO] [stderr]    Compiling either v1.19.0
[INFO] [stderr]    Compiling getrandom v0.4.3
[INFO] [stderr]    Compiling crossbeam-utils v0.8.23
[INFO] [stderr]    Compiling zerocopy v0.8.62
[INFO] [stderr]    Compiling num-traits v0.2.19
[INFO] [stderr]    Compiling crossbeam-epoch v0.9.21
[INFO] [stderr]    Compiling zmij v1.0.23
[INFO] [stderr]    Compiling crossbeam-deque v0.8.8
[INFO] [stderr]    Compiling syn v2.0.119
[INFO] [stderr]    Compiling shlex v2.0.1
[INFO] [stderr]    Compiling find-msvc-tools v0.1.14
[INFO] [stderr]    Compiling serde_json v1.0.152
[INFO] [stderr]    Compiling rayon-core v1.13.0
[INFO] [stderr]    Compiling regex-syntax v0.8.11
[INFO] [stderr]    Compiling memchr v2.8.3
[INFO] [stderr]    Compiling anstyle v1.0.14
[INFO] [stderr]    Compiling plotters-backend v0.3.7
[INFO] [stderr]    Compiling cc v1.7.0
[INFO] [stderr]    Compiling itoa v1.0.18
[INFO] [stderr]    Compiling ciborium-io v0.2.2
[INFO] [stderr]    Compiling clap_lex v1.1.1
[INFO] [stderr]    Compiling itertools v0.15.0
[INFO] [stderr]    Compiling itertools v0.13.0
[INFO] [stderr]    Compiling cast v0.3.0
[INFO] [stderr]    Compiling chacha20 v0.10.2
[INFO] [stderr]    Compiling plotters-svg v0.3.7
[INFO] [stderr]    Compiling clap_builder v4.6.7
[INFO] [stderr]    Compiling cobs v0.3.0
[INFO] [stderr]    Compiling rand_xorshift v0.5.0
[INFO] [stderr]    Compiling core_detect v1.0.0
[INFO] [stderr]    Compiling oorandom v11.1.5
[INFO] [stderr]    Compiling unarray v0.1.4
[INFO] [stderr]    Compiling anes v0.1.6
[INFO] [stderr]    Compiling bitflags v2.13.2
[INFO] [stderr]    Compiling num-integer v0.1.47
[INFO] [stderr]    Compiling plotters v0.3.7
[INFO] [stderr]    Compiling num-bigint v0.5.1
[INFO] [stderr]    Compiling page_size v0.6.0
[INFO] [stderr]    Compiling alloca v0.4.0
[INFO] [stderr]    Compiling rayon v1.12.0
[INFO] [stderr]    Compiling rand v0.10.3
[INFO] [stderr]    Compiling criterion-plot v0.8.2
[INFO] [stderr]    Compiling regex-automata v0.4.18
[INFO] [stderr]    Compiling proptest v1.12.0
[INFO] [stderr]    Compiling clap v4.6.7
[INFO] [stderr]    Compiling p3-util v0.9.0-rc.1
[INFO] [stderr]    Compiling postcard v1.1.3
[INFO] [stderr]    Compiling tracing-attributes v0.1.31
[INFO] [stderr]    Compiling zerocopy-derive v0.8.62
[INFO] [stderr]    Compiling tinytemplate v1.2.1
[INFO] [stderr]    Compiling regex v1.13.1
[INFO] [stderr]    Compiling tracing v0.1.44
[INFO] [stderr]    Compiling p3-field v0.9.0-rc.1
[INFO] [stderr]    Compiling p3-symmetric v0.9.0-rc.1
[INFO] [stderr]    Compiling p3-keccak v0.9.0-rc.1
[INFO] [stderr]    Compiling p3-challenger v0.9.0-rc.1
[INFO] [stderr]    Compiling p3-binary-field v0.9.0-rc.1 (/opt/rustwide/workdir)
[INFO] [stderr]    Compiling half v2.7.1
[INFO] [stderr]    Compiling ciborium-ll v0.2.2
[INFO] [stderr]    Compiling ciborium v0.2.2
[INFO] [stderr]    Compiling criterion v0.8.2
[INFO] [stdout] error[E0432]: unresolved import `p3_field_testing`
[INFO] [stdout]   --> tests/field.rs:20:9
[INFO] [stdout]    |
[INFO] [stdout] 20 |     use p3_field_testing::generate_from_int_tests;
[INFO] [stdout]    |         ^^^^^^^^^^^^^^^^ use of unresolved module or unlinked crate `p3_field_testing`
[INFO] [stdout]    |
[INFO] [stdout]    = help: if you wanted to use a crate named `p3_field_testing`, use `cargo add p3_field_testing` to add it to your `Cargo.toml`
[INFO] [stdout] 
[INFO] [stdout] 
[INFO] [stdout] error[E0432]: unresolved import `p3_field_testing`
[INFO] [stdout]   --> tests/field.rs:54:9
[INFO] [stdout]    |
[INFO] [stdout] 54 |     use p3_field_testing::test_binary_field;
[INFO] [stdout]    |         ^^^^^^^^^^^^^^^^ use of unresolved module or unlinked crate `p3_field_testing`
[INFO] [stdout]    |
[INFO] [stdout]    = help: if you wanted to use a crate named `p3_field_testing`, use `cargo add p3_field_testing` to add it to your `Cargo.toml`
[INFO] [stdout] 
[INFO] [stdout] 
[INFO] [stdout] error[E0432]: unresolved import `p3_field_testing`
[INFO] [stdout]   --> tests/field.rs:77:9
[INFO] [stdout]    |
[INFO] [stdout] 77 |     use p3_field_testing::test_binary_field;
[INFO] [stdout]    |         ^^^^^^^^^^^^^^^^ use of unresolved module or unlinked crate `p3_field_testing`
[INFO] [stdout]    |
[INFO] [stdout]    = help: if you wanted to use a crate named `p3_field_testing`, use `cargo add p3_field_testing` to add it to your `Cargo.toml`
[INFO] [stdout] 
[INFO] [stdout] 
[INFO] [stdout] error[E0432]: unresolved import `p3_field_testing`
[INFO] [stdout]    --> tests/field.rs:100:9
[INFO] [stdout]     |
[INFO] [stdout] 100 |     use p3_field_testing::test_binary_field;
[INFO] [stdout]     |         ^^^^^^^^^^^^^^^^ use of unresolved module or unlinked crate `p3_field_testing`
[INFO] [stdout]     |
[INFO] [stdout]     = help: if you wanted to use a crate named `p3_field_testing`, use `cargo add p3_field_testing` to add it to your `Cargo.toml`
[INFO] [stdout] 
[INFO] [stdout] 
[INFO] [stdout] error[E0432]: unresolved import `p3_field_testing`
[INFO] [stdout]    --> tests/field.rs:127:9
[INFO] [stdout]     |
[INFO] [stdout] 127 |     use p3_field_testing::test_binary_field;
[INFO] [stdout]     |         ^^^^^^^^^^^^^^^^ use of unresolved module or unlinked crate `p3_field_testing`
[INFO] [stdout]     |
[INFO] [stdout]     = help: if you wanted to use a crate named `p3_field_testing`, use `cargo add p3_field_testing` to add it to your `Cargo.toml`
[INFO] [stdout] 
[INFO] [stdout] 
[INFO] [stdout] error[E0432]: unresolved import `p3_field_testing`
[INFO] [stdout]    --> tests/field.rs:155:9
[INFO] [stdout]     |
[INFO] [stdout] 155 |     use p3_field_testing::test_binary_field;
[INFO] [stdout]     |         ^^^^^^^^^^^^^^^^ use of unresolved module or unlinked crate `p3_field_testing`
[INFO] [stdout]     |
[INFO] [stdout]     = help: if you wanted to use a crate named `p3_field_testing`, use `cargo add p3_field_testing` to add it to your `Cargo.toml`
[INFO] [stdout] 
[INFO] [stdout] 
[INFO] [stdout] error[E0432]: unresolved import `p3_field_testing`
[INFO] [stdout]    --> tests/field.rs:184:9
[INFO] [stdout]     |
[INFO] [stdout] 184 |     use p3_field_testing::test_binary_field;
[INFO] [stdout]     |         ^^^^^^^^^^^^^^^^ use of unresolved module or unlinked crate `p3_field_testing`
[INFO] [stdout]     |
[INFO] [stdout]     = help: if you wanted to use a crate named `p3_field_testing`, use `cargo add p3_field_testing` to add it to your `Cargo.toml`
[INFO] [stdout] 
[INFO] [stdout] 
[INFO] [stdout] error[E0432]: unresolved import `p3_field_testing`
[INFO] [stdout]    --> tests/field.rs:215:9
[INFO] [stdout]     |
[INFO] [stdout] 215 |     use p3_field_testing::test_binary_field;
[INFO] [stdout]     |         ^^^^^^^^^^^^^^^^ use of unresolved module or unlinked crate `p3_field_testing`
[INFO] [stdout]     |
[INFO] [stdout]     = help: if you wanted to use a crate named `p3_field_testing`, use `cargo add p3_field_testing` to add it to your `Cargo.toml`
[INFO] [stdout] 
[INFO] [stdout] 
[INFO] [stdout] error[E0432]: unresolved import `p3_field_testing`
[INFO] [stdout]    --> tests/field.rs:251:9
[INFO] [stdout]     |
[INFO] [stdout] 251 |     use p3_field_testing::test_binary_field;
[INFO] [stdout]     |         ^^^^^^^^^^^^^^^^ use of unresolved module or unlinked crate `p3_field_testing`
[INFO] [stdout]     |
[INFO] [stdout]     = help: if you wanted to use a crate named `p3_field_testing`, use `cargo add p3_field_testing` to add it to your `Cargo.toml`
[INFO] [stdout] 
[INFO] [stdout] 
[INFO] [stdout] error[E0432]: unresolved import `p3_field_testing`
[INFO] [stdout]    --> tests/field.rs:282:9
[INFO] [stdout]     |
[INFO] [stdout] 282 |     use p3_field_testing::{test_extension_field, test_frobenius};
[INFO] [stdout]     |         ^^^^^^^^^^^^^^^^ use of unresolved module or unlinked crate `p3_field_testing`
[INFO] [stdout]     |
[INFO] [stdout]     = help: if you wanted to use a crate named `p3_field_testing`, use `cargo add p3_field_testing` to add it to your `Cargo.toml`
[INFO] [stdout] 
[INFO] [stdout] 
[INFO] [stdout] error[E0432]: unresolved import `p3_field_testing`
[INFO] [stdout]    --> tests/field.rs:292:9
[INFO] [stdout]     |
[INFO] [stdout] 292 |     use p3_field_testing::{test_extension_field, test_frobenius};
[INFO] [stdout]     |         ^^^^^^^^^^^^^^^^ use of unresolved module or unlinked crate `p3_field_testing`
[INFO] [stdout]     |
[INFO] [stdout]     = help: if you wanted to use a crate named `p3_field_testing`, use `cargo add p3_field_testing` to add it to your `Cargo.toml`
[INFO] [stdout] 
[INFO] [stdout] 
[INFO] [stdout] error[E0432]: unresolved import `p3_field_testing`
[INFO] [stdout]    --> tests/field.rs:302:9
[INFO] [stdout]     |
[INFO] [stdout] 302 |     use p3_field_testing::{test_extension_field, test_frobenius};
[INFO] [stdout]     |         ^^^^^^^^^^^^^^^^ use of unresolved module or unlinked crate `p3_field_testing`
[INFO] [stdout]     |
[INFO] [stdout]     = help: if you wanted to use a crate named `p3_field_testing`, use `cargo add p3_field_testing` to add it to your `Cargo.toml`
[INFO] [stdout] 
[INFO] [stdout] 
[INFO] [stdout] error[E0432]: unresolved import `p3_field_testing`
[INFO] [stdout]    --> tests/field.rs:312:9
[INFO] [stdout]     |
[INFO] [stdout] 312 |     use p3_field_testing::{test_extension_field, test_frobenius};
[INFO] [stdout]     |         ^^^^^^^^^^^^^^^^ use of unresolved module or unlinked crate `p3_field_testing`
[INFO] [stdout]     |
[INFO] [stdout]     = help: if you wanted to use a crate named `p3_field_testing`, use `cargo add p3_field_testing` to add it to your `Cargo.toml`
[INFO] [stdout] 
[INFO] [stdout] 
[INFO] [stdout] error[E0432]: unresolved import `p3_field_testing`
[INFO] [stdout]    --> tests/field.rs:322:9
[INFO] [stdout]     |
[INFO] [stdout] 322 |     use p3_field_testing::{test_extension_field, test_frobenius};
[INFO] [stdout]     |         ^^^^^^^^^^^^^^^^ use of unresolved module or unlinked crate `p3_field_testing`
[INFO] [stdout]     |
[INFO] [stdout]     = help: if you wanted to use a crate named `p3_field_testing`, use `cargo add p3_field_testing` to add it to your `Cargo.toml`
[INFO] [stdout] 
[INFO] [stdout] 
[INFO] [stdout] error[E0432]: unresolved import `p3_field_testing`
[INFO] [stdout]    --> tests/field.rs:332:9
[INFO] [stdout]     |
[INFO] [stdout] 332 |     use p3_field_testing::{test_extension_field, test_frobenius};
[INFO] [stdout]     |         ^^^^^^^^^^^^^^^^ use of unresolved module or unlinked crate `p3_field_testing`
[INFO] [stdout]     |
[INFO] [stdout]     = help: if you wanted to use a crate named `p3_field_testing`, use `cargo add p3_field_testing` to add it to your `Cargo.toml`
[INFO] [stdout] 
[INFO] [stdout] 
[INFO] [stdout] error[E0432]: unresolved import `p3_field_testing`
[INFO] [stdout]    --> tests/field.rs:344:9
[INFO] [stdout]     |
[INFO] [stdout] 344 |     use p3_field_testing::test_binary_field;
[INFO] [stdout]     |         ^^^^^^^^^^^^^^^^ use of unresolved module or unlinked crate `p3_field_testing`
[INFO] [stdout]     |
[INFO] [stdout]     = help: if you wanted to use a crate named `p3_field_testing`, use `cargo add p3_field_testing` to add it to your `Cargo.toml`
[INFO] [stdout] 
[INFO] [stdout] 
[INFO] [stdout] error[E0432]: unresolved import `p3_field_testing`
[INFO] [stdout]    --> tests/field.rs:371:9
[INFO] [stdout]     |
[INFO] [stdout] 371 |     use p3_field_testing::test_binary_field;
[INFO] [stdout]     |         ^^^^^^^^^^^^^^^^ use of unresolved module or unlinked crate `p3_field_testing`
[INFO] [stdout]     |
[INFO] [stdout]     = help: if you wanted to use a crate named `p3_field_testing`, use `cargo add p3_field_testing` to add it to your `Cargo.toml`
[INFO] [stdout] 
[INFO] [stdout] 
[INFO] [stdout] error[E0432]: unresolved import `p3_field_testing`
[INFO] [stdout]    --> tests/field.rs:402:9
[INFO] [stdout]     |
[INFO] [stdout] 402 |     use p3_field_testing::test_binary_field;
[INFO] [stdout]     |         ^^^^^^^^^^^^^^^^ use of unresolved module or unlinked crate `p3_field_testing`
[INFO] [stdout]     |
[INFO] [stdout]     = help: if you wanted to use a crate named `p3_field_testing`, use `cargo add p3_field_testing` to add it to your `Cargo.toml`
[INFO] [stdout] 
[INFO] [stdout] 
[INFO] [stdout] error[E0432]: unresolved import `p3_field_testing`
[INFO] [stdout]    --> tests/field.rs:441:9
[INFO] [stdout]     |
[INFO] [stdout] 441 |     use p3_field_testing::{test_extension_field, test_frobenius};
[INFO] [stdout]     |         ^^^^^^^^^^^^^^^^ use of unresolved module or unlinked crate `p3_field_testing`
[INFO] [stdout]     |
[INFO] [stdout]     = help: if you wanted to use a crate named `p3_field_testing`, use `cargo add p3_field_testing` to add it to your `Cargo.toml`
[INFO] [stdout] 
[INFO] [stdout] 
[INFO] [stdout] error[E0432]: unresolved import `p3_field_testing`
[INFO] [stdout]    --> tests/field.rs:451:9
[INFO] [stdout]     |
[INFO] [stdout] 451 |     use p3_field_testing::{test_extension_field, test_frobenius};
[INFO] [stdout]     |         ^^^^^^^^^^^^^^^^ use of unresolved module or unlinked crate `p3_field_testing`
[INFO] [stdout]     |
[INFO] [stdout]     = help: if you wanted to use a crate named `p3_field_testing`, use `cargo add p3_field_testing` to add it to your `Cargo.toml`
[INFO] [stdout] 
[INFO] [stdout] 
[INFO] [stdout] error[E0432]: unresolved import `p3_field_testing`
[INFO] [stdout]    --> tests/field.rs:461:9
[INFO] [stdout]     |
[INFO] [stdout] 461 |     use p3_field_testing::{test_extension_field, test_frobenius};
[INFO] [stdout]     |         ^^^^^^^^^^^^^^^^ use of unresolved module or unlinked crate `p3_field_testing`
[INFO] [stdout]     |
[INFO] [stdout]     = help: if you wanted to use a crate named `p3_field_testing`, use `cargo add p3_field_testing` to add it to your `Cargo.toml`
[INFO] [stdout] 
[INFO] [stdout] 
[INFO] [stdout] error[E0432]: unresolved import `p3_field_testing`
[INFO] [stdout]    --> tests/field.rs:471:9
[INFO] [stdout]     |
[INFO] [stdout] 471 |     use p3_field_testing::{test_extension_field, test_frobenius};
[INFO] [stdout]     |         ^^^^^^^^^^^^^^^^ use of unresolved module or unlinked crate `p3_field_testing`
[INFO] [stdout]     |
[INFO] [stdout]     = help: if you wanted to use a crate named `p3_field_testing`, use `cargo add p3_field_testing` to add it to your `Cargo.toml`
[INFO] [stdout] 
[INFO] [stdout] 
[INFO] [stdout] error[E0432]: unresolved import `p3_field_testing`
[INFO] [stdout]    --> tests/field.rs:481:9
[INFO] [stdout]     |
[INFO] [stdout] 481 |     use p3_field_testing::{test_extension_field, test_frobenius};
[INFO] [stdout]     |         ^^^^^^^^^^^^^^^^ use of unresolved module or unlinked crate `p3_field_testing`
[INFO] [stdout]     |
[INFO] [stdout]     = help: if you wanted to use a crate named `p3_field_testing`, use `cargo add p3_field_testing` to add it to your `Cargo.toml`
[INFO] [stdout] 
[INFO] [stdout] 
[INFO] [stdout] warning: unused import: `p3_binary_field::Gf2`
[INFO] [stdout]   --> tests/field.rs:17:9
[INFO] [stdout]    |
[INFO] [stdout] 17 |     use p3_binary_field::Gf2;
[INFO] [stdout]    |         ^^^^^^^^^^^^^^^^^^^^
[INFO] [stdout]    |
[INFO] [stdout]    = note: `#[warn(unused_imports)]` (part of `#[warn(unused)]`) on by default
[INFO] [stdout] 
[INFO] [stdout] 
[INFO] [stdout] warning: unused import: `p3_field::PrimeCharacteristicRing`
[INFO] [stdout]   --> tests/field.rs:18:9
[INFO] [stdout]    |
[INFO] [stdout] 18 |     use p3_field::PrimeCharacteristicRing;
[INFO] [stdout]    |         ^^^^^^^^^^^^^^^^^^^^^^^^^^^^^^^^^
[INFO] [stdout] 
[INFO] [stdout] 
[INFO] [stdout] warning: unused import: `p3_field::integers::QuotientMap`
[INFO] [stdout]   --> tests/field.rs:19:9
[INFO] [stdout]    |
[INFO] [stdout] 19 |     use p3_field::integers::QuotientMap;
[INFO] [stdout]    |         ^^^^^^^^^^^^^^^^^^^^^^^^^^^^^^^
[INFO] [stdout] 
[INFO] [stdout] 
[INFO] [stdout] For more information about this error, try `rustc --explain E0432`.
[INFO] [stdout] 
[INFO] [stderr] error: could not compile `p3-binary-field` (test "field") due to 23 previous errors; 3 warnings emitted
[INFO] [stderr] warning: build failed, waiting for other jobs to finish...
[INFO] [stdout] error[E0432]: unresolved import `p3_challenger::testing`
[INFO] [stdout]   --> tests/transcript.rs:7:20
[INFO] [stdout]    |
[INFO] [stdout]  7 | use p3_challenger::testing::Recorder;
[INFO] [stdout]    |                    ^^^^^^^ could not find `testing` in `p3_challenger`
[INFO] [stdout]    |
[INFO] [stdout] note: found an item that was configured out
[INFO] [stdout]   --> /opt/rustwide/cargo-home/registry/src/index.crates.io-1949cf8c6b5b557f/p3-challenger-0.9.0-rc.1/src/lib.rs:21:9
[INFO] [stdout]    |
[INFO] [stdout] 20 | #[cfg(any(test, feature = "test-utils"))]
[INFO] [stdout]    |          ------------------------------ the item is gated here
[INFO] [stdout] 21 | pub mod testing;
[INFO] [stdout]    |         ^^^^^^^
[INFO] [stdout] 
[INFO] [stdout] 
[INFO] [stdout] error[E0432]: unresolved import `p3_keccak`
[INFO] [stdout]  --> tests/transcript.rs:8:5
[INFO] [stdout]   |
[INFO] [stdout] 8 | use p3_keccak::Keccak256Hash;
[INFO] [stdout]   |     ^^^^^^^^^ use of unresolved module or unlinked crate `p3_keccak`
[INFO] [stdout]   |
[INFO] [stdout]   = help: if you wanted to use a crate named `p3_keccak`, use `cargo add p3_keccak` to add it to your `Cargo.toml`
[INFO] [stdout] 
[INFO] [stdout] 
[INFO] [stdout] error[E0433]: cannot find module or crate `p3_field_testing` in this scope
[INFO] [stdout]   --> tests/ghash.rs:98:5
[INFO] [stdout]    |
[INFO] [stdout] 98 |     p3_field_testing::test_packed_vs_scalar_proptest::<Gf2>();
[INFO] [stdout]    |     ^^^^^^^^^^^^^^^^ use of unresolved module or unlinked crate `p3_field_testing`
[INFO] [stdout]    |
[INFO] [stdout]    = help: if you wanted to use a crate named `p3_field_testing`, use `cargo add p3_field_testing` to add it to your `Cargo.toml`
[INFO] [stdout] 
[INFO] [stdout] 
[INFO] [stdout] For more information about this error, try `rustc --explain E0433`.
[INFO] [stdout] 
[INFO] [stderr] error: could not compile `p3-binary-field` (test "ghash") due to 1 previous error
[INFO] [stdout] For more information about this error, try `rustc --explain E0432`.
[INFO] [stdout] 
[INFO] [stderr] error: could not compile `p3-binary-field` (test "transcript") due to 2 previous errors
[INFO] [stdout] error[E0432]: unresolved import `p3_challenger::testing`
[INFO] [stdout]    --> src/transcript.rs:160:24
[INFO] [stdout]     |
[INFO] [stdout] 160 |     use p3_challenger::testing::Recorder;
[INFO] [stdout]     |                        ^^^^^^^ could not find `testing` in `p3_challenger`
[INFO] [stdout]     |
[INFO] [stdout] note: found an item that was configured out
[INFO] [stdout]    --> /opt/rustwide/cargo-home/registry/src/index.crates.io-1949cf8c6b5b557f/p3-challenger-0.9.0-rc.1/src/lib.rs:21:9
[INFO] [stdout]     |
[INFO] [stdout]  20 | #[cfg(any(test, feature = "test-utils"))]
[INFO] [stdout]     |          ------------------------------ the item is gated here
[INFO] [stdout]  21 | pub mod testing;
[INFO] [stdout]     |         ^^^^^^^
[INFO] [stdout] 
[INFO] [stdout] 
[INFO] [stdout] error[E0432]: unresolved import `p3_keccak`
[INFO] [stdout]    --> src/challenger.rs:304:9
[INFO] [stdout]     |
[INFO] [stdout] 304 |     use p3_keccak::Keccak256Hash;
[INFO] [stdout]     |         ^^^^^^^^^ use of unresolved module or unlinked crate `p3_keccak`
[INFO] [stdout]     |
[INFO] [stdout]     = help: if you wanted to use a crate named `p3_keccak`, use `cargo add p3_keccak` to add it to your `Cargo.toml`
[INFO] [stdout] 
[INFO] [stdout] 
[INFO] [stdout] error[E0432]: unresolved import `p3_field_testing`
[INFO] [stdout]   --> src/subfield.rs:96:9
[INFO] [stdout]    |
[INFO] [stdout] 96 |     use p3_field_testing::test_has_subfield;
[INFO] [stdout]    |         ^^^^^^^^^^^^^^^^ use of unresolved module or unlinked crate `p3_field_testing`
[INFO] [stdout]    |
[INFO] [stdout]    = help: if you wanted to use a crate named `p3_field_testing`, use `cargo add p3_field_testing` to add it to your `Cargo.toml`
[INFO] [stdout] 
[INFO] [stdout] 
[INFO] [stdout] error[E0432]: unresolved import `p3_field_testing`
[INFO] [stdout]    --> src/aes/packed.rs:788:13
[INFO] [stdout]     |
[INFO] [stdout] 788 |         use p3_field_testing::test_packed_binary_field;
[INFO] [stdout]     |             ^^^^^^^^^^^^^^^^ use of unresolved module or unlinked crate `p3_field_testing`
[INFO] [stdout]     |
[INFO] [stdout]     = help: if you wanted to use a crate named `p3_field_testing`, use `cargo add p3_field_testing` to add it to your `Cargo.toml`
[INFO] [stdout] 
[INFO] [stdout] 
[INFO] [stdout] error[E0432]: unresolved import `p3_field_testing`
[INFO] [stdout]    --> src/aes/packed.rs:799:13
[INFO] [stdout]     |
[INFO] [stdout] 799 |         use p3_field_testing::test_packed_binary_field;
[INFO] [stdout]     |             ^^^^^^^^^^^^^^^^ use of unresolved module or unlinked crate `p3_field_testing`
[INFO] [stdout]     |
[INFO] [stdout]     = help: if you wanted to use a crate named `p3_field_testing`, use `cargo add p3_field_testing` to add it to your `Cargo.toml`
[INFO] [stdout] 
[INFO] [stdout] 
[INFO] [stdout] error[E0432]: unresolved import `p3_field_testing`
[INFO] [stdout]    --> src/aes/packed.rs:810:13
[INFO] [stdout]     |
[INFO] [stdout] 810 |         use p3_field_testing::test_packed_binary_field;
[INFO] [stdout]     |             ^^^^^^^^^^^^^^^^ use of unresolved module or unlinked crate `p3_field_testing`
[INFO] [stdout]     |
[INFO] [stdout]     = help: if you wanted to use a crate named `p3_field_testing`, use `cargo add p3_field_testing` to add it to your `Cargo.toml`
[INFO] [stdout] 
[INFO] [stdout] 
[INFO] [stdout] error[E0432]: unresolved import `p3_field_testing`
[INFO] [stdout]    --> src/bitslice/packing.rs:567:21
[INFO] [stdout]     |
[INFO] [stdout] 567 |                 use p3_field_testing::test_ring_with_eq_char2;
[INFO] [stdout]     |                     ^^^^^^^^^^^^^^^^ use of unresolved module or unlinked crate `p3_field_testing`
[INFO] [stdout] ...
[INFO] [stdout] 847 |     packing_tests!(x8, PackedGf2x8, u8, u8, 1, 8);
[INFO] [stdout]     |     --------------------------------------------- in this macro invocation
[INFO] [stdout]     |
[INFO] [stdout]     = help: if you wanted to use a crate named `p3_field_testing`, use `cargo add p3_field_testing` to add it to your `Cargo.toml`
[INFO] [stdout]     = note: this error originates in the macro `packing_tests` (in Nightly builds, run with -Z macro-backtrace for more info)
[INFO] [stdout] 
[INFO] [stdout] 
[INFO] [stdout] error[E0432]: unresolved import `p3_field_testing`
[INFO] [stdout]    --> src/bitslice/packing.rs:567:21
[INFO] [stdout]     |
[INFO] [stdout] 567 |                 use p3_field_testing::test_ring_with_eq_char2;
[INFO] [stdout]     |                     ^^^^^^^^^^^^^^^^ use of unresolved module or unlinked crate `p3_field_testing`
[INFO] [stdout] ...
[INFO] [stdout] 848 |     packing_tests!(x16, PackedGf2x16, u16, u16, 1, 16);
[INFO] [stdout]     |     -------------------------------------------------- in this macro invocation
[INFO] [stdout]     |
[INFO] [stdout]     = help: if you wanted to use a crate named `p3_field_testing`, use `cargo add p3_field_testing` to add it to your `Cargo.toml`
[INFO] [stdout]     = note: this error originates in the macro `packing_tests` (in Nightly builds, run with -Z macro-backtrace for more info)
[INFO] [stdout] 
[INFO] [stdout] 
[INFO] [stdout] error[E0432]: unresolved import `p3_field_testing`
[INFO] [stdout]    --> src/bitslice/packing.rs:567:21
[INFO] [stdout]     |
[INFO] [stdout] 567 |                 use p3_field_testing::test_ring_with_eq_char2;
[INFO] [stdout]     |                     ^^^^^^^^^^^^^^^^ use of unresolved module or unlinked crate `p3_field_testing`
[INFO] [stdout] ...
[INFO] [stdout] 849 |     packing_tests!(x32, PackedGf2x32, u32, u32, 1, 32);
[INFO] [stdout]     |     -------------------------------------------------- in this macro invocation
[INFO] [stdout]     |
[INFO] [stdout]     = help: if you wanted to use a crate named `p3_field_testing`, use `cargo add p3_field_testing` to add it to your `Cargo.toml`
[INFO] [stdout]     = note: this error originates in the macro `packing_tests` (in Nightly builds, run with -Z macro-backtrace for more info)
[INFO] [stdout] 
[INFO] [stdout] 
[INFO] [stdout] error[E0432]: unresolved import `p3_field_testing`
[INFO] [stdout]    --> src/bitslice/packing.rs:567:21
[INFO] [stdout]     |
[INFO] [stdout] 567 |                 use p3_field_testing::test_ring_with_eq_char2;
[INFO] [stdout]     |                     ^^^^^^^^^^^^^^^^ use of unresolved module or unlinked crate `p3_field_testing`
[INFO] [stdout] ...
[INFO] [stdout] 850 |     packing_tests!(x64, PackedGf2x64, u64, u64, 1, 64);
[INFO] [stdout]     |     -------------------------------------------------- in this macro invocation
[INFO] [stdout]     |
[INFO] [stdout]     = help: if you wanted to use a crate named `p3_field_testing`, use `cargo add p3_field_testing` to add it to your `Cargo.toml`
[INFO] [stdout]     = note: this error originates in the macro `packing_tests` (in Nightly builds, run with -Z macro-backtrace for more info)
[INFO] [stdout] 
[INFO] [stdout] 
[INFO] [stdout] error[E0432]: unresolved import `p3_field_testing`
[INFO] [stdout]    --> src/bitslice/packing.rs:567:21
[INFO] [stdout]     |
[INFO] [stdout] 567 |                 use p3_field_testing::test_ring_with_eq_char2;
[INFO] [stdout]     |                     ^^^^^^^^^^^^^^^^ use of unresolved module or unlinked crate `p3_field_testing`
[INFO] [stdout] ...
[INFO] [stdout] 851 |     packing_tests!(x128, PackedGf2x128, crate::M128, u64, 2, 128);
[INFO] [stdout]     |     ------------------------------------------------------------- in this macro invocation
[INFO] [stdout]     |
[INFO] [stdout]     = help: if you wanted to use a crate named `p3_field_testing`, use `cargo add p3_field_testing` to add it to your `Cargo.toml`
[INFO] [stdout]     = note: this error originates in the macro `packing_tests` (in Nightly builds, run with -Z macro-backtrace for more info)
[INFO] [stdout] 
[INFO] [stdout] 
[INFO] [stdout] error[E0432]: unresolved import `p3_field_testing`
[INFO] [stdout]    --> src/bitslice/packing.rs:567:21
[INFO] [stdout]     |
[INFO] [stdout] 567 |                 use p3_field_testing::test_ring_with_eq_char2;
[INFO] [stdout]     |                     ^^^^^^^^^^^^^^^^ use of unresolved module or unlinked crate `p3_field_testing`
[INFO] [stdout] ...
[INFO] [stdout] 852 |     packing_tests!(x256, PackedGf2x256, crate::M256, u64, 4, 256);
[INFO] [stdout]     |     ------------------------------------------------------------- in this macro invocation
[INFO] [stdout]     |
[INFO] [stdout]     = help: if you wanted to use a crate named `p3_field_testing`, use `cargo add p3_field_testing` to add it to your `Cargo.toml`
[INFO] [stdout]     = note: this error originates in the macro `packing_tests` (in Nightly builds, run with -Z macro-backtrace for more info)
[INFO] [stdout] 
[INFO] [stdout] 
[INFO] [stdout] error[E0432]: unresolved import `p3_field_testing`
[INFO] [stdout]    --> src/bitslice/packing.rs:567:21
[INFO] [stdout]     |
[INFO] [stdout] 567 |                 use p3_field_testing::test_ring_with_eq_char2;
[INFO] [stdout]     |                     ^^^^^^^^^^^^^^^^ use of unresolved module or unlinked crate `p3_field_testing`
[INFO] [stdout] ...
[INFO] [stdout] 853 |     packing_tests!(x512, PackedGf2x512, crate::M512, u64, 8, 512);
[INFO] [stdout]     |     ------------------------------------------------------------- in this macro invocation
[INFO] [stdout]     |
[INFO] [stdout]     = help: if you wanted to use a crate named `p3_field_testing`, use `cargo add p3_field_testing` to add it to your `Cargo.toml`
[INFO] [stdout]     = note: this error originates in the macro `packing_tests` (in Nightly builds, run with -Z macro-backtrace for more info)
[INFO] [stdout] 
[INFO] [stdout] 
[INFO] [stdout] error[E0433]: cannot find module or crate `p3_field_testing` in this scope
[INFO] [stdout]     --> src/tower.rs:1281:9
[INFO] [stdout]      |
[INFO] [stdout] 1281 |         p3_field_testing::test_into_stream::<BinaryField2>();
[INFO] [stdout]      |         ^^^^^^^^^^^^^^^^ use of unresolved module or unlinked crate `p3_field_testing`
[INFO] [stdout]      |
[INFO] [stdout]      = help: if you wanted to use a crate named `p3_field_testing`, use `cargo add p3_field_testing` to add it to your `Cargo.toml`
[INFO] [stdout] 
[INFO] [stdout] 
[INFO] [stdout] error[E0433]: cannot find module or crate `p3_field_testing` in this scope
[INFO] [stdout]     --> src/tower.rs:1282:9
[INFO] [stdout]      |
[INFO] [stdout] 1282 |         p3_field_testing::test_into_stream::<BinaryField4>();
[INFO] [stdout]      |         ^^^^^^^^^^^^^^^^ use of unresolved module or unlinked crate `p3_field_testing`
[INFO] [stdout]      |
[INFO] [stdout]      = help: if you wanted to use a crate named `p3_field_testing`, use `cargo add p3_field_testing` to add it to your `Cargo.toml`
[INFO] [stdout] 
[INFO] [stdout] 
[INFO] [stdout] error[E0433]: cannot find module or crate `p3_field_testing` in this scope
[INFO] [stdout]     --> src/tower.rs:1283:9
[INFO] [stdout]      |
[INFO] [stdout] 1283 |         p3_field_testing::test_into_stream::<BinaryField8>();
[INFO] [stdout]      |         ^^^^^^^^^^^^^^^^ use of unresolved module or unlinked crate `p3_field_testing`
[INFO] [stdout]      |
[INFO] [stdout]      = help: if you wanted to use a crate named `p3_field_testing`, use `cargo add p3_field_testing` to add it to your `Cargo.toml`
[INFO] [stdout] 
[INFO] [stdout] 
[INFO] [stdout] error[E0433]: cannot find module or crate `p3_field_testing` in this scope
[INFO] [stdout]     --> src/tower.rs:1284:9
[INFO] [stdout]      |
[INFO] [stdout] 1284 |         p3_field_testing::test_into_stream::<BinaryField16>();
[INFO] [stdout]      |         ^^^^^^^^^^^^^^^^ use of unresolved module or unlinked crate `p3_field_testing`
[INFO] [stdout]      |
[INFO] [stdout]      = help: if you wanted to use a crate named `p3_field_testing`, use `cargo add p3_field_testing` to add it to your `Cargo.toml`
[INFO] [stdout] 
[INFO] [stdout] 
[INFO] [stdout] error[E0433]: cannot find module or crate `p3_field_testing` in this scope
[INFO] [stdout]     --> src/tower.rs:1285:9
[INFO] [stdout]      |
[INFO] [stdout] 1285 |         p3_field_testing::test_into_stream::<BinaryField32>();
[INFO] [stdout]      |         ^^^^^^^^^^^^^^^^ use of unresolved module or unlinked crate `p3_field_testing`
[INFO] [stdout]      |
[INFO] [stdout]      = help: if you wanted to use a crate named `p3_field_testing`, use `cargo add p3_field_testing` to add it to your `Cargo.toml`
[INFO] [stdout] 
[INFO] [stdout] 
[INFO] [stdout] error[E0433]: cannot find module or crate `p3_field_testing` in this scope
[INFO] [stdout]     --> src/tower.rs:1286:9
[INFO] [stdout]      |
[INFO] [stdout] 1286 |         p3_field_testing::test_into_stream::<BinaryField64>();
[INFO] [stdout]      |         ^^^^^^^^^^^^^^^^ use of unresolved module or unlinked crate `p3_field_testing`
[INFO] [stdout]      |
[INFO] [stdout]      = help: if you wanted to use a crate named `p3_field_testing`, use `cargo add p3_field_testing` to add it to your `Cargo.toml`
[INFO] [stdout] 
[INFO] [stdout] 
[INFO] [stdout] error[E0433]: cannot find module or crate `p3_field_testing` in this scope
[INFO] [stdout]     --> src/tower.rs:1287:9
[INFO] [stdout]      |
[INFO] [stdout] 1287 |         p3_field_testing::test_into_stream::<BinaryField128>();
[INFO] [stdout]      |         ^^^^^^^^^^^^^^^^ use of unresolved module or unlinked crate `p3_field_testing`
[INFO] [stdout]      |
[INFO] [stdout]      = help: if you wanted to use a crate named `p3_field_testing`, use `cargo add p3_field_testing` to add it to your `Cargo.toml`
[INFO] [stdout] 
[INFO] [stdout] 
[INFO] [stdout] Some errors have detailed explanations: E0432, E0433.
[INFO] [stdout] 
[INFO] [stdout] For more information about an error, try `rustc --explain E0432`.
[INFO] [stdout] 
[INFO] [stderr] error: could not compile `p3-binary-field` (lib test) due to 20 previous errors
[INFO] running `Command { std: "docker" "inspect" "295495fd449358f44705eeaee57abdf744c99314ab60d0c75f1124f05dfbe58e", kill_on_drop: false }`
[INFO] running `Command { std: "docker" "rm" "-f" "295495fd449358f44705eeaee57abdf744c99314ab60d0c75f1124f05dfbe58e", kill_on_drop: false }`
[INFO] [stdout] 295495fd449358f44705eeaee57abdf744c99314ab60d0c75f1124f05dfbe58e
