[INFO] fetching crate p2panda-core 0.7.1...
[INFO] testing p2panda-core-0.7.1 against 1.99.0-beta.8+cargoflags=--release for beta-release-1.100-2
[INFO] extracting crate p2panda-core 0.7.1 into /workspace/builds/worker-5-tc1/source
[INFO] started tweaking crates.io crate p2panda-core 0.7.1
[INFO] removed 0 missing examples
[INFO] finished tweaking crates.io crate p2panda-core 0.7.1
[INFO] tweaked toml for crates.io crate p2panda-core 0.7.1 written to /workspace/builds/worker-5-tc1/source/Cargo.toml
[INFO] validating manifest of crates.io crate p2panda-core 0.7.1 on toolchain 1.99.0-beta.8
[INFO] running `Command { std: CARGO_HOME="/workspace/cargo-home" RUSTUP_HOME="/workspace/rustup-home" "/workspace/cargo-home/bin/cargo" "+1.99.0-beta.8" "metadata" "--manifest-path" "Cargo.toml" "--no-deps", kill_on_drop: false }`
[INFO] crate crates.io crate p2panda-core 0.7.1 already has a lockfile, it will not be regenerated
[INFO] running `Command { std: CARGO_HOME="/workspace/cargo-home" RUSTUP_HOME="/workspace/rustup-home" "/workspace/cargo-home/bin/cargo" "+1.99.0-beta.8" "fetch" "--manifest-path" "Cargo.toml", kill_on_drop: false }`
[INFO] [stderr]     Updating crates.io index
[INFO] [stderr]     Blocking waiting for file lock on package cache
[INFO] [stderr]  Downloading crates ...
[INFO] [stderr]   Downloaded mock_instant v0.6.1
[INFO] [stderr]   Downloaded cbor-core v0.10.1
[INFO] running `Command { std: "docker" "create" "-v" "/var/lib/crater-agent-workspace/builds/worker-5-tc1/source:/opt/rustwide/workdir:ro,Z" "-v" "/var/lib/crater-agent-workspace/builds/worker-5-tc1/target:/opt/rustwide/target:rw,Z" "-v" "/var/lib/crater-agent-workspace/cargo-home:/opt/rustwide/cargo-home:ro,Z" "-v" "/var/lib/crater-agent-workspace/rustup-home:/opt/rustwide/rustup-home:ro,Z" "-m" "1610612736" "--network" "none" "ghcr.io/rust-lang/crates-build-env/linux@sha256:77db811e55d90add9212f6832c23229e3de5f1c1f9905e8cb07319ea15df73ac" "sleep" "infinity", kill_on_drop: false }`
[INFO] [stdout] bebc262c7d7497d5ba40c34be7c0097f9e1337be7a50189d3056e258b9e297c4
[INFO] running `Command { std: "docker" "start" "bebc262c7d7497d5ba40c34be7c0097f9e1337be7a50189d3056e258b9e297c4", kill_on_drop: false }`
[INFO] running `Command { std: "docker" "inspect" "bebc262c7d7497d5ba40c34be7c0097f9e1337be7a50189d3056e258b9e297c4", kill_on_drop: false }`
[INFO] running `Command { std: "docker" "exec" "-e" "SOURCE_DIR=/opt/rustwide/workdir" "-e" "CARGO_HOME=/opt/rustwide/cargo-home" "-e" "RUSTUP_HOME=/opt/rustwide/rustup-home" "-e" "CARGO_TARGET_DIR=/opt/rustwide/target" "-w" "/opt/rustwide/workdir" "--user" "0:0" "bebc262c7d7497d5ba40c34be7c0097f9e1337be7a50189d3056e258b9e297c4" "/opt/rustwide/cargo-home/bin/cargo" "+1.99.0-beta.8" "metadata" "--no-deps" "--format-version=1", kill_on_drop: false }`
[INFO] running `Command { std: "docker" "inspect" "bebc262c7d7497d5ba40c34be7c0097f9e1337be7a50189d3056e258b9e297c4", kill_on_drop: false }`
[INFO] running `Command { std: "docker" "exec" "-e" "SOURCE_DIR=/opt/rustwide/workdir" "-e" "CARGO_HOME=/opt/rustwide/cargo-home" "-e" "RUSTUP_HOME=/opt/rustwide/rustup-home" "-e" "CARGO_TARGET_DIR=/opt/rustwide/target" "-e" "CARGO_INCREMENTAL=0" "-e" "RUST_BACKTRACE=full" "-e" "RUSTFLAGS=--cap-lints=warn" "-e" "RUSTDOCFLAGS=--cap-lints=warn" "-w" "/opt/rustwide/workdir" "--user" "0:0" "bebc262c7d7497d5ba40c34be7c0097f9e1337be7a50189d3056e258b9e297c4" "/opt/rustwide/cargo-home/bin/cargo" "+1.99.0-beta.8" "build" "--frozen" "--message-format=json" "--release", kill_on_drop: false }`
[INFO] [stderr]    Compiling syn v2.0.118
[INFO] [stderr]    Compiling zerocopy v0.8.52
[INFO] [stderr]    Compiling cc v1.2.64
[INFO] [stderr]    Compiling arrayvec v0.7.6
[INFO] [stderr]    Compiling arrayref v0.3.9
[INFO] [stderr]    Compiling constant_time_eq v0.4.2
[INFO] [stderr]    Compiling getrandom v0.2.17
[INFO] [stderr]    Compiling digest v0.10.7
[INFO] [stderr]    Compiling rand_core v0.6.4
[INFO] [stderr]    Compiling sha2 v0.10.9
[INFO] [stderr]    Compiling blake3 v1.8.5
[INFO] [stderr]    Compiling serde_derive v1.0.228
[INFO] [stderr]    Compiling curve25519-dalek-derive v0.1.1
[INFO] [stderr]    Compiling thiserror-impl v2.0.18
[INFO] [stderr]    Compiling curve25519-dalek v4.1.3
[INFO] [stderr]    Compiling ed25519-dalek v2.2.0
[INFO] [stderr]    Compiling thiserror v2.0.18
[INFO] [stderr]    Compiling ppv-lite86 v0.2.21
[INFO] [stderr]    Compiling serde v1.0.228
[INFO] [stderr]    Compiling rand_chacha v0.3.1
[INFO] [stderr]    Compiling rand v0.8.6
[INFO] [stderr]    Compiling cbor-core v0.10.1
[INFO] [stderr]    Compiling hex v0.4.3
[INFO] [stderr]    Compiling p2panda-core v0.7.1 (/opt/rustwide/workdir)
[INFO] [stderr]     Finished `release` profile [optimized] target(s) in 16.85s
[INFO] running `Command { std: "docker" "inspect" "bebc262c7d7497d5ba40c34be7c0097f9e1337be7a50189d3056e258b9e297c4", kill_on_drop: false }`
[INFO] running `Command { std: "docker" "exec" "-e" "SOURCE_DIR=/opt/rustwide/workdir" "-e" "CARGO_HOME=/opt/rustwide/cargo-home" "-e" "RUSTUP_HOME=/opt/rustwide/rustup-home" "-e" "CARGO_TARGET_DIR=/opt/rustwide/target" "-e" "CARGO_INCREMENTAL=0" "-e" "RUST_BACKTRACE=full" "-e" "RUSTFLAGS=--cap-lints=warn" "-e" "RUSTDOCFLAGS=--cap-lints=warn" "-w" "/opt/rustwide/workdir" "--user" "0:0" "bebc262c7d7497d5ba40c34be7c0097f9e1337be7a50189d3056e258b9e297c4" "/opt/rustwide/cargo-home/bin/cargo" "+1.99.0-beta.8" "test" "--frozen" "--no-run" "--message-format=json" "--release", kill_on_drop: false }`
[INFO] [stderr]    Compiling memchr v2.8.2
[INFO] [stderr]    Compiling serde_json v1.0.150
[INFO] [stderr]    Compiling p2panda-core v0.7.1 (/opt/rustwide/workdir)
[INFO] [stdout] error[E0432]: unresolved import `tracing_subscriber`
[INFO] [stdout]  --> src/test_utils.rs:6:5
[INFO] [stdout]   |
[INFO] [stdout] 6 | use tracing_subscriber;
[INFO] [stdout]   |     ^^^^^^^^^^^^^^^^^^ no external crate `tracing_subscriber`
[INFO] [stdout] 
[INFO] [stdout] 
[INFO] [stdout] error[E0433]: cannot find module or crate `mock_instant` in this scope
[INFO] [stdout]   --> src/timestamp.rs:15:5
[INFO] [stdout]    |
[INFO] [stdout] 15 | use mock_instant::thread_local::{SystemTime, UNIX_EPOCH};
[INFO] [stdout]    |     ^^^^^^^^^^^^ use of unresolved module or unlinked crate `mock_instant`
[INFO] [stdout]    |
[INFO] [stdout]    = help: if you wanted to use a crate named `mock_instant`, use `cargo add mock_instant` to add it to your `Cargo.toml`
[INFO] [stdout] 
[INFO] [stdout] 
[INFO] [stdout] error[E0433]: cannot find module or crate `mock_instant` in this scope
[INFO] [stdout]    --> src/timestamp.rs:194:9
[INFO] [stdout]     |
[INFO] [stdout] 194 |     use mock_instant::thread_local::MockClock;
[INFO] [stdout]     |         ^^^^^^^^^^^^ use of unresolved module or unlinked crate `mock_instant`
[INFO] [stdout]     |
[INFO] [stdout]     = help: if you wanted to use a crate named `mock_instant`, use `cargo add mock_instant` to add it to your `Cargo.toml`
[INFO] [stdout] 
[INFO] [stdout] 
[INFO] [stdout] error[E0432]: unresolved import `mock_instant`
[INFO] [stdout]   --> src/timestamp.rs:13:5
[INFO] [stdout]    |
[INFO] [stdout] 13 | use mock_instant::SystemTimeError;
[INFO] [stdout]    |     ^^^^^^^^^^^^ use of unresolved module or unlinked crate `mock_instant`
[INFO] [stdout]    |
[INFO] [stdout]    = help: if you wanted to use a crate named `mock_instant`, use `cargo add mock_instant` to add it to your `Cargo.toml`
[INFO] [stdout] 
[INFO] [stdout] 
[INFO] [stdout] Some errors have detailed explanations: E0432, E0433.
[INFO] [stdout] 
[INFO] [stdout] For more information about an error, try `rustc --explain E0432`.
[INFO] [stdout] 
[INFO] [stderr] error: could not compile `p2panda-core` (lib test) due to 4 previous errors
[INFO] running `Command { std: "docker" "inspect" "bebc262c7d7497d5ba40c34be7c0097f9e1337be7a50189d3056e258b9e297c4", kill_on_drop: false }`
[INFO] running `Command { std: "docker" "rm" "-f" "bebc262c7d7497d5ba40c34be7c0097f9e1337be7a50189d3056e258b9e297c4", kill_on_drop: false }`
[INFO] [stdout] bebc262c7d7497d5ba40c34be7c0097f9e1337be7a50189d3056e258b9e297c4
