[INFO] fetching crate oxiz-sat 0.3.4...
[INFO] testing oxiz-sat-0.3.4 against 1.99.0-beta.8+cargoflags=--release for beta-release-1.100-2
[INFO] extracting crate oxiz-sat 0.3.4 into /workspace/builds/worker-0-tc1/source
[INFO] started tweaking crates.io crate oxiz-sat 0.3.4
[INFO] removed 0 missing examples
[INFO] removed 0 missing tests
[INFO] finished tweaking crates.io crate oxiz-sat 0.3.4
[INFO] tweaked toml for crates.io crate oxiz-sat 0.3.4 written to /workspace/builds/worker-0-tc1/source/Cargo.toml
[INFO] validating manifest of crates.io crate oxiz-sat 0.3.4 on toolchain 1.99.0-beta.8
[INFO] running `Command { std: CARGO_HOME="/workspace/cargo-home" RUSTUP_HOME="/workspace/rustup-home" "/workspace/cargo-home/bin/cargo" "+1.99.0-beta.8" "metadata" "--manifest-path" "Cargo.toml" "--no-deps", kill_on_drop: false }`
[INFO] crate crates.io crate oxiz-sat 0.3.4 already has a lockfile, it will not be regenerated
[INFO] running `Command { std: CARGO_HOME="/workspace/cargo-home" RUSTUP_HOME="/workspace/rustup-home" "/workspace/cargo-home/bin/cargo" "+1.99.0-beta.8" "fetch" "--manifest-path" "Cargo.toml", kill_on_drop: false }`
[INFO] [stderr]     Updating crates.io index
[INFO] [stderr]  Downloading crates ...
[INFO] [stderr]   Downloaded oxiz-time v0.3.4
[INFO] [stderr]   Downloaded wide v1.7.1
[INFO] [stderr]   Downloaded safe_arch v1.2.0
[INFO] [stderr]   Downloaded lasso v0.7.3
[INFO] [stderr]   Downloaded oxiz-core v0.3.4
[INFO] running `Command { std: "docker" "create" "-v" "/var/lib/crater-agent-workspace/builds/worker-0-tc1/source:/opt/rustwide/workdir:ro,Z" "-v" "/var/lib/crater-agent-workspace/builds/worker-0-tc1/target:/opt/rustwide/target:rw,Z" "-v" "/var/lib/crater-agent-workspace/cargo-home:/opt/rustwide/cargo-home:ro,Z" "-v" "/var/lib/crater-agent-workspace/rustup-home:/opt/rustwide/rustup-home:ro,Z" "-m" "1610612736" "--network" "none" "ghcr.io/rust-lang/crates-build-env/linux@sha256:77db811e55d90add9212f6832c23229e3de5f1c1f9905e8cb07319ea15df73ac" "sleep" "infinity", kill_on_drop: false }`
[INFO] [stdout] 49149f35a1df65c031ab66b93ca582f8b1433a6066216df37da99148117e5f07
[INFO] running `Command { std: "docker" "start" "49149f35a1df65c031ab66b93ca582f8b1433a6066216df37da99148117e5f07", kill_on_drop: false }`
[INFO] running `Command { std: "docker" "inspect" "49149f35a1df65c031ab66b93ca582f8b1433a6066216df37da99148117e5f07", kill_on_drop: false }`
[INFO] running `Command { std: "docker" "exec" "-e" "SOURCE_DIR=/opt/rustwide/workdir" "-e" "CARGO_HOME=/opt/rustwide/cargo-home" "-e" "RUSTUP_HOME=/opt/rustwide/rustup-home" "-e" "CARGO_TARGET_DIR=/opt/rustwide/target" "-w" "/opt/rustwide/workdir" "--user" "0:0" "49149f35a1df65c031ab66b93ca582f8b1433a6066216df37da99148117e5f07" "/opt/rustwide/cargo-home/bin/cargo" "+1.99.0-beta.8" "metadata" "--no-deps" "--format-version=1", kill_on_drop: false }`
[INFO] running `Command { std: "docker" "inspect" "49149f35a1df65c031ab66b93ca582f8b1433a6066216df37da99148117e5f07", kill_on_drop: false }`
[INFO] running `Command { std: "docker" "exec" "-e" "SOURCE_DIR=/opt/rustwide/workdir" "-e" "CARGO_HOME=/opt/rustwide/cargo-home" "-e" "RUSTUP_HOME=/opt/rustwide/rustup-home" "-e" "CARGO_TARGET_DIR=/opt/rustwide/target" "-e" "CARGO_INCREMENTAL=0" "-e" "RUST_BACKTRACE=full" "-e" "RUSTFLAGS=--cap-lints=warn" "-e" "RUSTDOCFLAGS=--cap-lints=warn" "-w" "/opt/rustwide/workdir" "--user" "0:0" "49149f35a1df65c031ab66b93ca582f8b1433a6066216df37da99148117e5f07" "/opt/rustwide/cargo-home/bin/cargo" "+1.99.0-beta.8" "build" "--frozen" "--message-format=json" "--release", kill_on_drop: false }`
[INFO] [stderr]    Compiling crossbeam-utils v0.8.23
[INFO] [stderr]    Compiling serde_core v1.0.229
[INFO] [stderr]    Compiling serde v1.0.229
[INFO] [stderr]    Compiling libc v0.2.190
[INFO] [stderr]    Compiling crossbeam-epoch v0.9.21
[INFO] [stderr]    Compiling crossbeam-deque v0.8.8
[INFO] [stderr]    Compiling ahash v0.8.12
[INFO] [stderr]    Compiling portable-atomic v1.15.0
[INFO] [stderr]    Compiling rayon-core v1.13.0
[INFO] [stderr]    Compiling syn v3.0.6
[INFO] [stderr]    Compiling num-integer v0.1.47
[INFO] [stderr]    Compiling portable-atomic-util v0.2.8
[INFO] [stderr]    Compiling hashbrown v0.14.5
[INFO] [stderr]    Compiling bytemuck v1.25.2
[INFO] [stderr]    Compiling thiserror v2.0.21
[INFO] [stderr]    Compiling safe_arch v1.2.0
[INFO] [stderr]    Compiling num-bigint v0.4.8
[INFO] [stderr]    Compiling either v1.19.0
[INFO] [stderr]    Compiling wide v1.7.1
[INFO] [stderr]    Compiling rustc-hash v2.1.3
[INFO] [stderr]    Compiling winnow v1.0.4
[INFO] [stderr]    Compiling oxiz-time v0.3.4
[INFO] [stderr]    Compiling bumpalo v3.20.3
[INFO] [stderr]    Compiling rayon v1.12.0
[INFO] [stderr]    Compiling thiserror-impl v2.0.21
[INFO] [stderr]    Compiling num-rational v0.4.2
[INFO] [stderr]    Compiling smallvec v1.16.2
[INFO] [stderr]    Compiling parking_lot_core v0.9.12
[INFO] [stderr]    Compiling dashmap v6.2.1
[INFO] [stderr]    Compiling parking_lot v0.12.5
[INFO] [stderr]    Compiling lasso v0.7.3
[INFO] [stderr]    Compiling oxiz-core v0.3.4
[INFO] [stderr]    Compiling oxiz-sat v0.3.4 (/opt/rustwide/workdir)
[INFO] [stderr]     Finished `release` profile [optimized] target(s) in 2m 41s
[INFO] running `Command { std: "docker" "inspect" "49149f35a1df65c031ab66b93ca582f8b1433a6066216df37da99148117e5f07", kill_on_drop: false }`
[INFO] running `Command { std: "docker" "exec" "-e" "SOURCE_DIR=/opt/rustwide/workdir" "-e" "CARGO_HOME=/opt/rustwide/cargo-home" "-e" "RUSTUP_HOME=/opt/rustwide/rustup-home" "-e" "CARGO_TARGET_DIR=/opt/rustwide/target" "-e" "CARGO_INCREMENTAL=0" "-e" "RUST_BACKTRACE=full" "-e" "RUSTFLAGS=--cap-lints=warn" "-e" "RUSTDOCFLAGS=--cap-lints=warn" "-w" "/opt/rustwide/workdir" "--user" "0:0" "49149f35a1df65c031ab66b93ca582f8b1433a6066216df37da99148117e5f07" "/opt/rustwide/cargo-home/bin/cargo" "+1.99.0-beta.8" "test" "--frozen" "--no-run" "--message-format=json" "--release", kill_on_drop: false }`
[INFO] [stderr]    Compiling serde v1.0.229
[INFO] [stderr]    Compiling getrandom v0.3.4
[INFO] [stderr]    Compiling rustix v1.1.5
[INFO] [stderr]    Compiling getrandom v0.4.3
[INFO] [stderr]    Compiling ppv-lite86 v0.2.21
[INFO] [stderr]    Compiling wait-timeout v0.2.1
[INFO] [stderr]    Compiling serde_json v1.0.151
[INFO] [stderr]    Compiling smallvec v1.16.2
[INFO] [stderr]    Compiling rand_core v0.9.5
[INFO] [stderr]    Compiling rand v0.9.5
[INFO] [stderr]    Compiling rand_xorshift v0.4.0
[INFO] [stderr]    Compiling rand_chacha v0.9.0
[INFO] [stderr]    Compiling parking_lot_core v0.9.12
[INFO] [stderr]    Compiling dashmap v6.2.1
[INFO] [stderr]    Compiling parking_lot v0.12.5
[INFO] [stderr]    Compiling lasso v0.7.3
[INFO] [stderr]    Compiling oxiz-core v0.3.4
[INFO] [stderr]    Compiling tempfile v3.27.0
[INFO] [stderr]    Compiling rusty-fork v0.3.1
[INFO] [stderr]    Compiling proptest v1.11.0
[INFO] [stderr]    Compiling oxiz-sat v0.3.4 (/opt/rustwide/workdir)
[INFO] [stdout] error[E0433]: cannot find module or crate `oxiz_proof` in this scope
[INFO] [stdout]   --> tests/pr26_lrat_proof_regressions.rs:28:5
[INFO] [stdout]    |
[INFO] [stdout] 28 | use oxiz_proof::lrat_check::check_lrat_proof;
[INFO] [stdout]    |     ^^^^^^^^^^ use of unresolved module or unlinked crate `oxiz_proof`
[INFO] [stdout]    |
[INFO] [stdout]    = help: if you wanted to use a crate named `oxiz_proof`, use `cargo add oxiz_proof` to add it to your `Cargo.toml`
[INFO] [stdout] 
[INFO] [stdout] 
[INFO] [stdout] error[E0433]: cannot find module or crate `oxiz_proof` in this scope
[INFO] [stdout]   --> tests/pop_proof_deletion_regressions.rs:71:5
[INFO] [stdout]    |
[INFO] [stdout] 71 | use oxiz_proof::lrat_check::check_lrat_proof;
[INFO] [stdout]    |     ^^^^^^^^^^ use of unresolved module or unlinked crate `oxiz_proof`
[INFO] [stdout]    |
[INFO] [stdout]    = help: if you wanted to use a crate named `oxiz_proof`, use `cargo add oxiz_proof` to add it to your `Cargo.toml`
[INFO] [stdout] 
[INFO] [stdout] 
[INFO] [stdout] For more information about this error, try `rustc --explain E0433`.
[INFO] [stdout] 
[INFO] [stderr] error: could not compile `oxiz-sat` (test "pop_proof_deletion_regressions") due to 1 previous error
[INFO] [stderr] warning: build failed, waiting for other jobs to finish...
[INFO] [stdout] error[E0433]: cannot find module or crate `oxiz_proof` in this scope
[INFO] [stdout]    --> tests/pr26_lrat_proof_regressions.rs:196:9
[INFO] [stdout]     |
[INFO] [stdout] 196 |         oxiz_proof::lrat_check::check_lrat_files(&cnf_path, &lrat_path).expect("check files");
[INFO] [stdout]     |         ^^^^^^^^^^ use of unresolved module or unlinked crate `oxiz_proof`
[INFO] [stdout]     |
[INFO] [stdout]     = help: if you wanted to use a crate named `oxiz_proof`, use `cargo add oxiz_proof` to add it to your `Cargo.toml`
[INFO] [stdout] 
[INFO] [stdout] 
[INFO] [stdout] For more information about this error, try `rustc --explain E0433`.
[INFO] [stdout] 
[INFO] [stderr] error: could not compile `oxiz-sat` (test "pr26_lrat_proof_regressions") due to 2 previous errors
[INFO] running `Command { std: "docker" "inspect" "49149f35a1df65c031ab66b93ca582f8b1433a6066216df37da99148117e5f07", kill_on_drop: false }`
[INFO] running `Command { std: "docker" "rm" "-f" "49149f35a1df65c031ab66b93ca582f8b1433a6066216df37da99148117e5f07", kill_on_drop: false }`
[INFO] [stdout] 49149f35a1df65c031ab66b93ca582f8b1433a6066216df37da99148117e5f07
