[INFO] fetching crate oxiui-compute-wgpu 0.2.2...
[INFO] testing oxiui-compute-wgpu-0.2.2 against 1.99.0-beta.8+cargoflags=--release for beta-release-1.100-2
[INFO] extracting crate oxiui-compute-wgpu 0.2.2 into /workspace/builds/worker-2-tc1/source
[INFO] started tweaking crates.io crate oxiui-compute-wgpu 0.2.2
[INFO] removed 0 missing examples
[INFO] finished tweaking crates.io crate oxiui-compute-wgpu 0.2.2
[INFO] tweaked toml for crates.io crate oxiui-compute-wgpu 0.2.2 written to /workspace/builds/worker-2-tc1/source/Cargo.toml
[INFO] validating manifest of crates.io crate oxiui-compute-wgpu 0.2.2 on toolchain 1.99.0-beta.8
[INFO] running `Command { std: CARGO_HOME="/workspace/cargo-home" RUSTUP_HOME="/workspace/rustup-home" "/workspace/cargo-home/bin/cargo" "+1.99.0-beta.8" "metadata" "--manifest-path" "Cargo.toml" "--no-deps", kill_on_drop: false }`
[INFO] crate crates.io crate oxiui-compute-wgpu 0.2.2 already has a lockfile, it will not be regenerated
[INFO] running `Command { std: CARGO_HOME="/workspace/cargo-home" RUSTUP_HOME="/workspace/rustup-home" "/workspace/cargo-home/bin/cargo" "+1.99.0-beta.8" "fetch" "--manifest-path" "Cargo.toml", kill_on_drop: false }`
[INFO] [stderr]  Downloading crates ...
[INFO] [stderr]   Downloaded pollster v1.0.1
[INFO] [stderr]   Downloaded wgpu v29.0.4
[INFO] running `Command { std: "docker" "create" "-v" "/var/lib/crater-agent-workspace/builds/worker-2-tc1/source:/opt/rustwide/workdir:ro,Z" "-v" "/var/lib/crater-agent-workspace/builds/worker-2-tc1/target:/opt/rustwide/target:rw,Z" "-v" "/var/lib/crater-agent-workspace/cargo-home:/opt/rustwide/cargo-home:ro,Z" "-v" "/var/lib/crater-agent-workspace/rustup-home:/opt/rustwide/rustup-home:ro,Z" "-m" "1610612736" "--network" "none" "ghcr.io/rust-lang/crates-build-env/linux@sha256:77db811e55d90add9212f6832c23229e3de5f1c1f9905e8cb07319ea15df73ac" "sleep" "infinity", kill_on_drop: false }`
[INFO] [stdout] cac1e8379a6b7d3197c474d676c18404ddcff06e20de262d5ead601bd43d54a5
[INFO] running `Command { std: "docker" "start" "cac1e8379a6b7d3197c474d676c18404ddcff06e20de262d5ead601bd43d54a5", kill_on_drop: false }`
[INFO] running `Command { std: "docker" "inspect" "cac1e8379a6b7d3197c474d676c18404ddcff06e20de262d5ead601bd43d54a5", kill_on_drop: false }`
[INFO] running `Command { std: "docker" "exec" "-e" "SOURCE_DIR=/opt/rustwide/workdir" "-e" "CARGO_HOME=/opt/rustwide/cargo-home" "-e" "RUSTUP_HOME=/opt/rustwide/rustup-home" "-e" "CARGO_TARGET_DIR=/opt/rustwide/target" "-w" "/opt/rustwide/workdir" "--user" "0:0" "cac1e8379a6b7d3197c474d676c18404ddcff06e20de262d5ead601bd43d54a5" "/opt/rustwide/cargo-home/bin/cargo" "+1.99.0-beta.8" "metadata" "--no-deps" "--format-version=1", kill_on_drop: false }`
[INFO] running `Command { std: "docker" "inspect" "cac1e8379a6b7d3197c474d676c18404ddcff06e20de262d5ead601bd43d54a5", kill_on_drop: false }`
[INFO] running `Command { std: "docker" "exec" "-e" "SOURCE_DIR=/opt/rustwide/workdir" "-e" "CARGO_HOME=/opt/rustwide/cargo-home" "-e" "RUSTUP_HOME=/opt/rustwide/rustup-home" "-e" "CARGO_TARGET_DIR=/opt/rustwide/target" "-e" "CARGO_INCREMENTAL=0" "-e" "RUST_BACKTRACE=full" "-e" "RUSTFLAGS=--cap-lints=warn" "-e" "RUSTDOCFLAGS=--cap-lints=warn" "-w" "/opt/rustwide/workdir" "--user" "0:0" "cac1e8379a6b7d3197c474d676c18404ddcff06e20de262d5ead601bd43d54a5" "/opt/rustwide/cargo-home/bin/cargo" "+1.99.0-beta.8" "build" "--frozen" "--message-format=json" "--release", kill_on_drop: false }`
[INFO] [stderr]    Compiling cfg_aliases v0.2.2
[INFO] [stderr]    Compiling thiserror v2.0.19
[INFO] [stderr]    Compiling num-traits v0.2.19
[INFO] [stderr]    Compiling libloading v0.8.9
[INFO] [stderr]    Compiling ash v0.38.0+1.3.281
[INFO] [stderr]    Compiling bit-vec v0.9.1
[INFO] [stderr]    Compiling codespan-reporting v0.13.1
[INFO] [stderr]    Compiling wayland-sys v0.31.11
[INFO] [stderr]    Compiling spirv v0.4.0+sdk-1.4.341.0
[INFO] [stderr]    Compiling indexmap v2.14.0
[INFO] [stderr]    Compiling rustc-hash v1.1.0
[INFO] [stderr]    Compiling zerocopy-derive v0.8.55
[INFO] [stderr]    Compiling bytemuck_derive v1.11.0
[INFO] [stderr]    Compiling smallvec v1.15.2
[INFO] [stderr]    Compiling hexf-parse v0.2.1
[INFO] [stderr]    Compiling unicode-ident v1.0.24
[INFO] [stderr]    Compiling naga v29.0.4
[INFO] [stderr]    Compiling raw-window-handle v0.6.2
[INFO] [stderr]    Compiling khronos-egl v6.0.0
[INFO] [stderr]    Compiling dlib v0.5.3
[INFO] [stderr]    Compiling hashbrown v0.15.5
[INFO] [stderr]    Compiling wgpu-hal v29.0.4
[INFO] [stderr]    Compiling parking_lot_core v0.9.12
[INFO] [stderr]    Compiling gpu-descriptor-types v0.2.0
[INFO] [stderr]    Compiling presser v0.3.1
[INFO] [stderr]    Compiling bit-set v0.9.1
[INFO] [stderr]    Compiling glow v0.17.0
[INFO] [stderr]    Compiling profiling v1.0.18
[INFO] [stderr]    Compiling renderdoc-sys v1.1.0
[INFO] [stderr]    Compiling wgpu-core v29.0.4
[INFO] [stderr]    Compiling litrs v1.0.0
[INFO] [stderr]    Compiling parking_lot v0.12.5
[INFO] [stderr]    Compiling wgpu v29.0.4
[INFO] [stderr]    Compiling pollster v1.0.1
[INFO] [stderr]    Compiling document-features v0.2.12
[INFO] [stderr]    Compiling ordered-float v5.3.0
[INFO] [stderr]    Compiling bytemuck v1.25.2
[INFO] [stderr]    Compiling wgpu-types v29.0.4
[INFO] [stderr]    Compiling gpu-descriptor v0.3.2
[INFO] [stderr]    Compiling zerocopy v0.8.55
[INFO] [stderr]    Compiling half v2.7.1
[INFO] [stderr]    Compiling gpu-allocator v0.28.0
[INFO] [stderr]    Compiling wgpu-naga-bridge v29.0.4
[INFO] [stderr]    Compiling wgpu-core-deps-windows-linux-android v29.0.4
[INFO] [stderr]    Compiling oxiui-compute-wgpu v0.2.2 (/opt/rustwide/workdir)
[INFO] [stderr]     Finished `release` profile [optimized] target(s) in 1m 32s
[INFO] running `Command { std: "docker" "inspect" "cac1e8379a6b7d3197c474d676c18404ddcff06e20de262d5ead601bd43d54a5", kill_on_drop: false }`
[INFO] running `Command { std: "docker" "exec" "-e" "SOURCE_DIR=/opt/rustwide/workdir" "-e" "CARGO_HOME=/opt/rustwide/cargo-home" "-e" "RUSTUP_HOME=/opt/rustwide/rustup-home" "-e" "CARGO_TARGET_DIR=/opt/rustwide/target" "-e" "CARGO_INCREMENTAL=0" "-e" "RUST_BACKTRACE=full" "-e" "RUSTFLAGS=--cap-lints=warn" "-e" "RUSTDOCFLAGS=--cap-lints=warn" "-w" "/opt/rustwide/workdir" "--user" "0:0" "cac1e8379a6b7d3197c474d676c18404ddcff06e20de262d5ead601bd43d54a5" "/opt/rustwide/cargo-home/bin/cargo" "+1.99.0-beta.8" "test" "--frozen" "--no-run" "--message-format=json" "--release", kill_on_drop: false }`
[INFO] [stderr]    Compiling num-traits v0.2.19
[INFO] [stderr]    Compiling cc v1.4.0
[INFO] [stderr]    Compiling serde v1.0.229
[INFO] [stderr]    Compiling itertools v0.13.0
[INFO] [stderr]    Compiling page_size v0.6.0
[INFO] [stderr]    Compiling clap_builder v4.6.5
[INFO] [stderr]    Compiling tinytemplate v1.2.1
[INFO] [stderr]    Compiling alloca v0.4.0
[INFO] [stderr]    Compiling half v2.7.1
[INFO] [stderr]    Compiling ordered-float v5.3.0
[INFO] [stderr]    Compiling plotters v0.3.7
[INFO] [stderr]    Compiling naga v29.0.4
[INFO] [stderr]    Compiling ciborium-ll v0.2.2
[INFO] [stderr]    Compiling ciborium v0.2.2
[INFO] [stderr]    Compiling criterion-plot v0.8.2
[INFO] [stderr]    Compiling clap v4.6.5
[INFO] [stderr]    Compiling criterion v0.8.2
[INFO] [stderr]    Compiling wgpu-naga-bridge v29.0.4
[INFO] [stderr]    Compiling wgpu-hal v29.0.4
[INFO] [stderr]    Compiling wgpu-core-deps-windows-linux-android v29.0.4
[INFO] [stderr]    Compiling wgpu-core v29.0.4
[INFO] [stderr]    Compiling wgpu v29.0.4
[INFO] [stderr]    Compiling oxiui-compute-wgpu v0.2.2 (/opt/rustwide/workdir)
[INFO] [stdout] error[E0433]: cannot find module or crate `oxiui_core` in this scope
[INFO] [stdout]    --> src/context.rs:472:9
[INFO] [stdout]     |
[INFO] [stdout] 472 |         oxiui_core::require_gpu!(ctx, ComputeContext::try_new());
[INFO] [stdout]     |         ^^^^^^^^^^ use of unresolved module or unlinked crate `oxiui_core`
[INFO] [stdout] 
[INFO] [stdout] 
[INFO] [stdout] error[E0433]: cannot find module or crate `oxiui_core` in this scope
[INFO] [stdout]    --> src/context.rs:481:9
[INFO] [stdout]     |
[INFO] [stdout] 481 |         oxiui_core::require_gpu!(
[INFO] [stdout]     |         ^^^^^^^^^^ use of unresolved module or unlinked crate `oxiui_core`
[INFO] [stdout] 
[INFO] [stdout] 
[INFO] [stdout] error[E0433]: cannot find module or crate `oxiui_core` in this scope
[INFO] [stdout]    --> src/context.rs:493:9
[INFO] [stdout]     |
[INFO] [stdout] 493 |         oxiui_core::require_gpu!(ctx, pollster::block_on(ComputeContext::new_async()).ok());
[INFO] [stdout]     |         ^^^^^^^^^^ use of unresolved module or unlinked crate `oxiui_core`
[INFO] [stdout] 
[INFO] [stdout] 
[INFO] [stdout] error[E0433]: cannot find module or crate `oxiui_core` in this scope
[INFO] [stdout]    --> src/context.rs:518:9
[INFO] [stdout]     |
[INFO] [stdout] 518 |         oxiui_core::require_gpu!(ctx, ComputeContext::try_new());
[INFO] [stdout]     |         ^^^^^^^^^^ use of unresolved module or unlinked crate `oxiui_core`
[INFO] [stdout] 
[INFO] [stdout] 
[INFO] [stdout] error[E0433]: cannot find module or crate `oxiui_core` in this scope
[INFO] [stdout]    --> src/context.rs:529:9
[INFO] [stdout]     |
[INFO] [stdout] 529 |         oxiui_core::require_gpu!(
[INFO] [stdout]     |         ^^^^^^^^^^ use of unresolved module or unlinked crate `oxiui_core`
[INFO] [stdout] 
[INFO] [stdout] 
[INFO] [stdout] error[E0433]: cannot find module or crate `oxiui_core` in this scope
[INFO] [stdout]    --> src/context.rs:543:9
[INFO] [stdout]     |
[INFO] [stdout] 543 |         oxiui_core::require_gpu!(ctx, ComputeContext::try_new());
[INFO] [stdout]     |         ^^^^^^^^^^ use of unresolved module or unlinked crate `oxiui_core`
[INFO] [stdout] 
[INFO] [stdout] 
[INFO] [stdout] error[E0433]: cannot find module or crate `oxiui_core` in this scope
[INFO] [stdout]    --> src/dispatch.rs:573:9
[INFO] [stdout]     |
[INFO] [stdout] 573 |         oxiui_core::require_gpu!(ctx, ComputeContext::try_new());
[INFO] [stdout]     |         ^^^^^^^^^^ use of unresolved module or unlinked crate `oxiui_core`
[INFO] [stdout] 
[INFO] [stdout] 
[INFO] [stdout] error[E0433]: cannot find module or crate `oxiui_core` in this scope
[INFO] [stdout]    --> src/dispatch.rs:584:9
[INFO] [stdout]     |
[INFO] [stdout] 584 |         oxiui_core::require_gpu!(ctx, ComputeContext::try_new());
[INFO] [stdout]     |         ^^^^^^^^^^ use of unresolved module or unlinked crate `oxiui_core`
[INFO] [stdout] 
[INFO] [stdout] 
[INFO] [stdout] error[E0433]: cannot find module or crate `oxiui_core` in this scope
[INFO] [stdout]    --> src/dispatch.rs:596:9
[INFO] [stdout]     |
[INFO] [stdout] 596 |         oxiui_core::require_gpu!(ctx, ComputeContext::try_new());
[INFO] [stdout]     |         ^^^^^^^^^^ use of unresolved module or unlinked crate `oxiui_core`
[INFO] [stdout] 
[INFO] [stdout] 
[INFO] [stdout] error[E0433]: cannot find module or crate `oxiui_core` in this scope
[INFO] [stdout]    --> src/dispatch.rs:604:9
[INFO] [stdout]     |
[INFO] [stdout] 604 |         oxiui_core::require_gpu!(ctx, ComputeContext::try_new());
[INFO] [stdout]     |         ^^^^^^^^^^ use of unresolved module or unlinked crate `oxiui_core`
[INFO] [stdout] 
[INFO] [stdout] 
[INFO] [stdout] error[E0433]: cannot find module or crate `oxiui_core` in this scope
[INFO] [stdout]    --> src/dispatch.rs:621:9
[INFO] [stdout]     |
[INFO] [stdout] 621 |         oxiui_core::require_gpu!(ctx, ComputeContext::try_new());
[INFO] [stdout]     |         ^^^^^^^^^^ use of unresolved module or unlinked crate `oxiui_core`
[INFO] [stdout] 
[INFO] [stdout] 
[INFO] [stdout] error[E0433]: cannot find module or crate `oxiui_core` in this scope
[INFO] [stdout]    --> src/integration/render_soft.rs:806:9
[INFO] [stdout]     |
[INFO] [stdout] 806 |         oxiui_core::require_gpu!(ctx, ComputeContext::try_new());
[INFO] [stdout]     |         ^^^^^^^^^^ use of unresolved module or unlinked crate `oxiui_core`
[INFO] [stdout] 
[INFO] [stdout] 
[INFO] [stdout] error[E0433]: cannot find module or crate `oxiui_core` in this scope
[INFO] [stdout]    --> src/integration/render_soft.rs:827:9
[INFO] [stdout]     |
[INFO] [stdout] 827 |         oxiui_core::require_gpu!(ctx, ComputeContext::try_new());
[INFO] [stdout]     |         ^^^^^^^^^^ use of unresolved module or unlinked crate `oxiui_core`
[INFO] [stdout] 
[INFO] [stdout] 
[INFO] [stdout] error[E0433]: cannot find module or crate `oxiui_core` in this scope
[INFO] [stdout]    --> src/integration/render_soft.rs:834:9
[INFO] [stdout]     |
[INFO] [stdout] 834 |         oxiui_core::require_gpu!(ctx, ComputeContext::try_new());
[INFO] [stdout]     |         ^^^^^^^^^^ use of unresolved module or unlinked crate `oxiui_core`
[INFO] [stdout] 
[INFO] [stdout] 
[INFO] [stdout] error[E0433]: cannot find module or crate `oxiui_core` in this scope
[INFO] [stdout]    --> src/integration/render_wgpu.rs:156:9
[INFO] [stdout]     |
[INFO] [stdout] 156 |         oxiui_core::require_gpu!(ctx, ComputeContext::try_new());
[INFO] [stdout]     |         ^^^^^^^^^^ use of unresolved module or unlinked crate `oxiui_core`
[INFO] [stdout] 
[INFO] [stdout] 
[INFO] [stdout] error[E0433]: cannot find module or crate `oxiui_core` in this scope
[INFO] [stdout]    --> src/integration/render_wgpu.rs:170:9
[INFO] [stdout]     |
[INFO] [stdout] 170 |         oxiui_core::require_gpu!(ctx, ComputeContext::try_new());
[INFO] [stdout]     |         ^^^^^^^^^^ use of unresolved module or unlinked crate `oxiui_core`
[INFO] [stdout] 
[INFO] [stdout] 
[INFO] [stdout] error[E0433]: cannot find module or crate `oxiui_core` in this scope
[INFO] [stdout]    --> src/integration/render_wgpu.rs:179:9
[INFO] [stdout]     |
[INFO] [stdout] 179 |         oxiui_core::require_gpu!(ctx, ComputeContext::try_new());
[INFO] [stdout]     |         ^^^^^^^^^^ use of unresolved module or unlinked crate `oxiui_core`
[INFO] [stdout] 
[INFO] [stdout] 
[INFO] [stdout] error[E0433]: cannot find module or crate `oxiui_core` in this scope
[INFO] [stdout]    --> src/integration/render_wgpu.rs:188:9
[INFO] [stdout]     |
[INFO] [stdout] 188 |         oxiui_core::require_gpu!(ctx, ComputeContext::try_new());
[INFO] [stdout]     |         ^^^^^^^^^^ use of unresolved module or unlinked crate `oxiui_core`
[INFO] [stdout] 
[INFO] [stdout] 
[INFO] [stdout] error[E0433]: cannot find module or crate `oxiui_core` in this scope
[INFO] [stdout]    --> src/integration/text.rs:413:9
[INFO] [stdout]     |
[INFO] [stdout] 413 |         oxiui_core::require_gpu!(ctx, ComputeContext::try_new());
[INFO] [stdout]     |         ^^^^^^^^^^ use of unresolved module or unlinked crate `oxiui_core`
[INFO] [stdout] 
[INFO] [stdout] 
[INFO] [stdout] error[E0433]: cannot find module or crate `oxiui_core` in this scope
[INFO] [stdout]    --> src/integration/text.rs:437:9
[INFO] [stdout]     |
[INFO] [stdout] 437 |         oxiui_core::require_gpu!(ctx, ComputeContext::try_new());
[INFO] [stdout]     |         ^^^^^^^^^^ use of unresolved module or unlinked crate `oxiui_core`
[INFO] [stdout] 
[INFO] [stdout] 
[INFO] [stdout] error[E0433]: cannot find module or crate `oxiui_core` in this scope
[INFO] [stdout]    --> src/pipeline.rs:565:9
[INFO] [stdout]     |
[INFO] [stdout] 565 |         oxiui_core::require_gpu!(ctx, ComputeContext::try_new());
[INFO] [stdout]     |         ^^^^^^^^^^ use of unresolved module or unlinked crate `oxiui_core`
[INFO] [stdout] 
[INFO] [stdout] 
[INFO] [stdout] error[E0433]: cannot find module or crate `oxiui_core` in this scope
[INFO] [stdout]    --> src/pipeline.rs:576:9
[INFO] [stdout]     |
[INFO] [stdout] 576 |         oxiui_core::require_gpu!(ctx, ComputeContext::try_new());
[INFO] [stdout]     |         ^^^^^^^^^^ use of unresolved module or unlinked crate `oxiui_core`
[INFO] [stdout] 
[INFO] [stdout] 
[INFO] [stdout] error[E0433]: cannot find module or crate `oxiui_core` in this scope
[INFO] [stdout]    --> src/pipeline.rs:599:9
[INFO] [stdout]     |
[INFO] [stdout] 599 |         oxiui_core::require_gpu!(ctx, ComputeContext::try_new());
[INFO] [stdout]     |         ^^^^^^^^^^ use of unresolved module or unlinked crate `oxiui_core`
[INFO] [stdout] 
[INFO] [stdout] 
[INFO] [stdout] error[E0433]: cannot find module or crate `oxiui_core` in this scope
[INFO] [stdout]    --> src/pipeline.rs:734:9
[INFO] [stdout]     |
[INFO] [stdout] 734 |         oxiui_core::require_gpu!(ctx, ComputeContext::try_new());
[INFO] [stdout]     |         ^^^^^^^^^^ use of unresolved module or unlinked crate `oxiui_core`
[INFO] [stdout] 
[INFO] [stdout] 
[INFO] [stdout] error[E0433]: cannot find module or crate `oxiui_core` in this scope
[INFO] [stdout]    --> src/wgsl.rs:784:9
[INFO] [stdout]     |
[INFO] [stdout] 784 |         oxiui_core::require_gpu!(ctx, crate::ComputeContext::try_new());
[INFO] [stdout]     |         ^^^^^^^^^^ use of unresolved module or unlinked crate `oxiui_core`
[INFO] [stdout] 
[INFO] [stdout] 
[INFO] [stdout] error[E0433]: cannot find module or crate `oxiui_core` in this scope
[INFO] [stdout]    --> src/wgsl.rs:790:9
[INFO] [stdout]     |
[INFO] [stdout] 790 |         oxiui_core::require_gpu!(ctx, crate::ComputeContext::try_new());
[INFO] [stdout]     |         ^^^^^^^^^^ use of unresolved module or unlinked crate `oxiui_core`
[INFO] [stdout] 
[INFO] [stdout] 
[INFO] [stdout] error[E0433]: cannot find module or crate `oxiui_core` in this scope
[INFO] [stdout]    --> src/wgsl.rs:806:9
[INFO] [stdout]     |
[INFO] [stdout] 806 |         oxiui_core::require_gpu!(ctx, crate::ComputeContext::try_new());
[INFO] [stdout]     |         ^^^^^^^^^^ use of unresolved module or unlinked crate `oxiui_core`
[INFO] [stdout] 
[INFO] [stdout] 
[INFO] [stdout] error[E0433]: cannot find module or crate `oxiui_core` in this scope
[INFO] [stdout]    --> src/wgsl.rs:869:9
[INFO] [stdout]     |
[INFO] [stdout] 869 |         oxiui_core::require_gpu!(ctx, crate::ComputeContext::try_new());
[INFO] [stdout]     |         ^^^^^^^^^^ use of unresolved module or unlinked crate `oxiui_core`
[INFO] [stdout] 
[INFO] [stdout] 
[INFO] [stdout] error[E0425]: cannot find value `ctx` in this scope
[INFO] [stdout]    --> src/context.rs:473:20
[INFO] [stdout]     |
[INFO] [stdout] 473 |         let info = ctx.adapter_info();
[INFO] [stdout]     |                    ^^^ not found in this scope
[INFO] [stdout] 
[INFO] [stdout] 
[INFO] [stdout] error[E0425]: cannot find value `ctx` in this scope
[INFO] [stdout]    --> src/context.rs:487:17
[INFO] [stdout]     |
[INFO] [stdout] 487 |         let _ = ctx;
[INFO] [stdout]     |                 ^^^ not found in this scope
[INFO] [stdout] 
[INFO] [stdout] 
[INFO] [stdout] error[E0425]: cannot find value `ctx` in this scope
[INFO] [stdout]    --> src/context.rs:494:17
[INFO] [stdout]     |
[INFO] [stdout] 494 |         let _ = ctx;
[INFO] [stdout]     |                 ^^^ not found in this scope
[INFO] [stdout] 
[INFO] [stdout] 
[INFO] [stdout] error[E0425]: cannot find value `ctx` in this scope
[INFO] [stdout]    --> src/context.rs:520:13
[INFO] [stdout]     |
[INFO] [stdout] 520 |             ctx.transfer_queue().is_none(),
[INFO] [stdout]     |             ^^^ not found in this scope
[INFO] [stdout] 
[INFO] [stdout] 
[INFO] [stdout] error[E0425]: cannot find value `ctx` in this scope
[INFO] [stdout]    --> src/context.rs:534:17
[INFO] [stdout]     |
[INFO] [stdout] 534 |         assert!(ctx.transfer_queue().is_none());
[INFO] [stdout]     |                 ^^^ not found in this scope
[INFO] [stdout] 
[INFO] [stdout] 
[INFO] [stdout] error[E0425]: cannot find value `ctx` in this scope
[INFO] [stdout]    --> src/context.rs:545:20
[INFO] [stdout]     |
[INFO] [stdout] 545 |         let info = ctx.adapter_info().clone();
[INFO] [stdout]     |                    ^^^ not found in this scope
[INFO] [stdout] 
[INFO] [stdout] 
[INFO] [stdout] error[E0425]: cannot find value `ctx` in this scope
[INFO] [stdout]    --> src/context.rs:548:48
[INFO] [stdout]     |
[INFO] [stdout] 548 |         let ctx2 = ComputeContext::from_device(ctx.device, ctx.queue, Some(info.clone()));
[INFO] [stdout]     |                                                ^^^ not found in this scope
[INFO] [stdout] 
[INFO] [stdout] 
[INFO] [stdout] error[E0425]: cannot find value `ctx` in this scope
[INFO] [stdout]    --> src/context.rs:548:60
[INFO] [stdout]     |
[INFO] [stdout] 548 |         let ctx2 = ComputeContext::from_device(ctx.device, ctx.queue, Some(info.clone()));
[INFO] [stdout]     |                                                            ^^^ not found in this scope
[INFO] [stdout] 
[INFO] [stdout] 
[INFO] [stdout] error[E0425]: cannot find value `ctx` in this scope
[INFO] [stdout]    --> src/dispatch.rs:574:34
[INFO] [stdout]     |
[INFO] [stdout] 574 |         let d = Dispatcher::new(&ctx);
[INFO] [stdout]     |                                  ^^^ not found in this scope
[INFO] [stdout] 
[INFO] [stdout] 
[INFO] [stdout] error[E0425]: cannot find value `ctx` in this scope
[INFO] [stdout]    --> src/dispatch.rs:585:34
[INFO] [stdout]     |
[INFO] [stdout] 585 |         let d = Dispatcher::new(&ctx);
[INFO] [stdout]     |                                  ^^^ not found in this scope
[INFO] [stdout] 
[INFO] [stdout] 
[INFO] [stdout] error[E0425]: cannot find value `ctx` in this scope
[INFO] [stdout]    --> src/dispatch.rs:597:34
[INFO] [stdout]     |
[INFO] [stdout] 597 |         let d = Dispatcher::new(&ctx);
[INFO] [stdout]     |                                  ^^^ not found in this scope
[INFO] [stdout] 
[INFO] [stdout] 
[INFO] [stdout] error[E0425]: cannot find value `ctx` in this scope
[INFO] [stdout]    --> src/dispatch.rs:605:34
[INFO] [stdout]     |
[INFO] [stdout] 605 |         let d = Dispatcher::new(&ctx);
[INFO] [stdout]     |                                  ^^^ not found in this scope
[INFO] [stdout] 
[INFO] [stdout] 
[INFO] [stdout] error[E0425]: cannot find value `ctx` in this scope
[INFO] [stdout]    --> src/dispatch.rs:622:34
[INFO] [stdout]     |
[INFO] [stdout] 622 |         let d = Dispatcher::new(&ctx);
[INFO] [stdout]     |                                  ^^^ not found in this scope
[INFO] [stdout] 
[INFO] [stdout] 
[INFO] [stdout] error[E0425]: cannot find value `ctx` in this scope
[INFO] [stdout]    --> src/integration/render_soft.rs:811:19
[INFO] [stdout]     |
[INFO] [stdout] 811 |             Some(&ctx),
[INFO] [stdout]     |                   ^^^ not found in this scope
[INFO] [stdout] 
[INFO] [stdout] 
[INFO] [stdout] error[E0425]: cannot find value `ctx` in this scope
[INFO] [stdout]    --> src/integration/render_soft.rs:829:39
[INFO] [stdout]     |
[INFO] [stdout] 829 |         gpu_ordered_dither_rgba(Some(&ctx), &mut pixels, 4, 4);
[INFO] [stdout]     |                                       ^^^ not found in this scope
[INFO] [stdout] 
[INFO] [stdout] 
[INFO] [stdout] error[E0425]: cannot find value `ctx` in this scope
[INFO] [stdout]    --> src/integration/render_soft.rs:836:38
[INFO] [stdout]     |
[INFO] [stdout] 836 |         gpu_gaussian_blur_rgba(Some(&ctx), &mut pixels, 4, 4, 1);
[INFO] [stdout]     |                                      ^^^ not found in this scope
[INFO] [stdout] 
[INFO] [stdout] 
[INFO] [stdout] error[E0425]: cannot find value `ctx` in this scope
[INFO] [stdout]    --> src/integration/render_wgpu.rs:157:20
[INFO] [stdout]     |
[INFO] [stdout] 157 |         let info = ctx.adapter_info().clone();
[INFO] [stdout]     |                    ^^^ not found in this scope
[INFO] [stdout] 
[INFO] [stdout] 
[INFO] [stdout] error[E0425]: cannot find value `ctx` in this scope
[INFO] [stdout]    --> src/integration/render_wgpu.rs:158:43
[INFO] [stdout]     |
[INFO] [stdout] 158 |         let shared = extract_from_context(ctx);
[INFO] [stdout]     |                                           ^^^ not found in this scope
[INFO] [stdout] 
[INFO] [stdout] 
[INFO] [stdout] error[E0425]: cannot find value `ctx` in this scope
[INFO] [stdout]    --> src/integration/render_wgpu.rs:171:43
[INFO] [stdout]     |
[INFO] [stdout] 171 |         let shared = extract_from_context(ctx);
[INFO] [stdout]     |                                           ^^^ not found in this scope
[INFO] [stdout] 
[INFO] [stdout] 
[INFO] [stdout] error[E0425]: cannot find value `ctx` in this scope
[INFO] [stdout]    --> src/integration/render_wgpu.rs:180:20
[INFO] [stdout]     |
[INFO] [stdout] 180 |         let info = ctx.adapter_info().clone();
[INFO] [stdout]     |                    ^^^ not found in this scope
[INFO] [stdout] 
[INFO] [stdout] 
[INFO] [stdout] error[E0425]: cannot find value `ctx` in this scope
[INFO] [stdout]    --> src/integration/render_wgpu.rs:181:40
[INFO] [stdout]     |
[INFO] [stdout] 181 |         let shared = SharedDevice::new(ctx.device, ctx.queue, Some(info));
[INFO] [stdout]     |                                        ^^^ not found in this scope
[INFO] [stdout] 
[INFO] [stdout] 
[INFO] [stdout] error[E0425]: cannot find value `ctx` in this scope
[INFO] [stdout]    --> src/integration/render_wgpu.rs:181:52
[INFO] [stdout]     |
[INFO] [stdout] 181 |         let shared = SharedDevice::new(ctx.device, ctx.queue, Some(info));
[INFO] [stdout]     |                                                    ^^^ not found in this scope
[INFO] [stdout] 
[INFO] [stdout] 
[INFO] [stdout] error[E0425]: cannot find value `ctx` in this scope
[INFO] [stdout]    --> src/integration/render_wgpu.rs:189:36
[INFO] [stdout]     |
[INFO] [stdout] 189 |         let sd = SharedDevice::new(ctx.device, ctx.queue, None);
[INFO] [stdout]     |                                    ^^^ not found in this scope
[INFO] [stdout] 
[INFO] [stdout] 
[INFO] [stdout] error[E0425]: cannot find value `ctx` in this scope
[INFO] [stdout]    --> src/integration/render_wgpu.rs:189:48
[INFO] [stdout]     |
[INFO] [stdout] 189 |         let sd = SharedDevice::new(ctx.device, ctx.queue, None);
[INFO] [stdout]     |                                                ^^^ not found in this scope
[INFO] [stdout] 
[INFO] [stdout] 
[INFO] [stdout] error[E0425]: cannot find value `ctx` in this scope
[INFO] [stdout]    --> src/integration/text.rs:428:32
[INFO] [stdout]     |
[INFO] [stdout] 428 |         rasterize_glyphs(Some(&ctx), &[glyph], &src, &mut gpu_atlas, params);
[INFO] [stdout]     |                                ^^^ not found in this scope
[INFO] [stdout] 
[INFO] [stdout] 
[INFO] [stdout] error[E0425]: cannot find value `ctx` in this scope
[INFO] [stdout]    --> src/integration/text.rs:438:48
[INFO] [stdout]     |
[INFO] [stdout] 438 |         let rasterizer = GlyphRasterizer::new(&ctx);
[INFO] [stdout]     |                                                ^^^ not found in this scope
[INFO] [stdout] 
[INFO] [stdout] 
[INFO] [stdout] error[E0425]: cannot find value `ctx` in this scope
[INFO] [stdout]    --> src/pipeline.rs:567:40
[INFO] [stdout]     |
[INFO] [stdout] 567 |         let p1 = cache.get_or_compile(&ctx.device, PASSTHROUGH_WGSL, "main");
[INFO] [stdout]     |                                        ^^^ not found in this scope
[INFO] [stdout] 
[INFO] [stdout] 
[INFO] [stdout] error[E0425]: cannot find value `ctx` in this scope
[INFO] [stdout]    --> src/pipeline.rs:568:40
[INFO] [stdout]     |
[INFO] [stdout] 568 |         let p2 = cache.get_or_compile(&ctx.device, PASSTHROUGH_WGSL, "main");
[INFO] [stdout]     |                                        ^^^ not found in this scope
[INFO] [stdout] 
[INFO] [stdout] 
[INFO] [stdout] error[E0425]: cannot find value `ctx` in this scope
[INFO] [stdout]    --> src/pipeline.rs:585:41
[INFO] [stdout]     |
[INFO] [stdout] 585 |         let _p1 = cache.get_or_compile(&ctx.device, PASSTHROUGH_WGSL, "main");
[INFO] [stdout]     |                                         ^^^ not found in this scope
[INFO] [stdout] 
[INFO] [stdout] 
[INFO] [stdout] error[E0425]: cannot find value `ctx` in this scope
[INFO] [stdout]    --> src/pipeline.rs:586:41
[INFO] [stdout]     |
[INFO] [stdout] 586 |         let _p2 = cache.get_or_compile(&ctx.device, WGSL_B, "alt");
[INFO] [stdout]     |                                         ^^^ not found in this scope
[INFO] [stdout] 
[INFO] [stdout] 
[INFO] [stdout] error[E0425]: cannot find value `ctx` in this scope
[INFO] [stdout]    --> src/pipeline.rs:618:27
[INFO] [stdout]     |
[INFO] [stdout] 618 |         let storage_buf = ctx.device.create_buffer(&wgpu::BufferDescriptor {
[INFO] [stdout]     |                           ^^^ not found in this scope
[INFO] [stdout] 
[INFO] [stdout] 
[INFO] [stdout] error[E0425]: cannot find value `ctx` in this scope
[INFO] [stdout]    --> src/pipeline.rs:631:22
[INFO] [stdout]     |
[INFO] [stdout] 631 |         let layout = ctx
[INFO] [stdout]     |                      ^^^ not found in this scope
[INFO] [stdout] 
[INFO] [stdout] 
[INFO] [stdout] error[E0425]: cannot find value `ctx` in this scope
[INFO] [stdout]    --> src/pipeline.rs:646:26
[INFO] [stdout]     |
[INFO] [stdout] 646 |         let bind_group = ctx.device.create_bind_group(&wgpu::BindGroupDescriptor {
[INFO] [stdout]     |                          ^^^ not found in this scope
[INFO] [stdout] 
[INFO] [stdout] 
[INFO] [stdout] error[E0425]: cannot find value `ctx` in this scope
[INFO] [stdout]    --> src/pipeline.rs:656:31
[INFO] [stdout]     |
[INFO] [stdout] 656 |         let pipeline_layout = ctx
[INFO] [stdout]     |                               ^^^ not found in this scope
[INFO] [stdout] 
[INFO] [stdout] 
[INFO] [stdout] error[E0425]: cannot find value `ctx` in this scope
[INFO] [stdout]    --> src/pipeline.rs:663:22
[INFO] [stdout]     |
[INFO] [stdout] 663 |         let shader = ctx
[INFO] [stdout]     |                      ^^^ not found in this scope
[INFO] [stdout] 
[INFO] [stdout] 
[INFO] [stdout] error[E0425]: cannot find value `ctx` in this scope
[INFO] [stdout]    --> src/pipeline.rs:669:24
[INFO] [stdout]     |
[INFO] [stdout] 669 |         let pipeline = ctx
[INFO] [stdout]     |                        ^^^ not found in this scope
[INFO] [stdout] 
[INFO] [stdout] 
[INFO] [stdout] error[E0425]: cannot find value `ctx` in this scope
[INFO] [stdout]    --> src/pipeline.rs:685:22
[INFO] [stdout]     |
[INFO] [stdout] 685 |             .submit(&ctx.device, &ctx.queue);
[INFO] [stdout]     |                      ^^^ not found in this scope
[INFO] [stdout] 
[INFO] [stdout] 
[INFO] [stdout] error[E0425]: cannot find value `ctx` in this scope
[INFO] [stdout]    --> src/pipeline.rs:685:35
[INFO] [stdout]     |
[INFO] [stdout] 685 |             .submit(&ctx.device, &ctx.queue);
[INFO] [stdout]     |                                   ^^^ not found in this scope
[INFO] [stdout] 
[INFO] [stdout] 
[INFO] [stdout] error[E0425]: cannot find value `ctx` in this scope
[INFO] [stdout]    --> src/pipeline.rs:688:23
[INFO] [stdout]     |
[INFO] [stdout] 688 |         let staging = ctx.device.create_buffer(&wgpu::BufferDescriptor {
[INFO] [stdout]     |                       ^^^ not found in this scope
[INFO] [stdout] 
[INFO] [stdout] 
[INFO] [stdout] error[E0425]: cannot find value `ctx` in this scope
[INFO] [stdout]    --> src/pipeline.rs:694:27
[INFO] [stdout]     |
[INFO] [stdout] 694 |         let mut encoder = ctx
[INFO] [stdout]     |                           ^^^ not found in this scope
[INFO] [stdout] 
[INFO] [stdout] 
[INFO] [stdout] error[E0425]: cannot find value `ctx` in this scope
[INFO] [stdout]    --> src/pipeline.rs:700:9
[INFO] [stdout]     |
[INFO] [stdout] 700 |         ctx.queue.submit(std::iter::once(encoder.finish()));
[INFO] [stdout]     |         ^^^ not found in this scope
[INFO] [stdout] 
[INFO] [stdout] 
[INFO] [stdout] error[E0425]: cannot find value `ctx` in this scope
[INFO] [stdout]    --> src/pipeline.rs:701:17
[INFO] [stdout]     |
[INFO] [stdout] 701 |         let _ = ctx.device.poll(wgpu::PollType::Wait {
[INFO] [stdout]     |                 ^^^ not found in this scope
[INFO] [stdout] 
[INFO] [stdout] 
[INFO] [stdout] error[E0425]: cannot find value `ctx` in this scope
[INFO] [stdout]    --> src/pipeline.rs:710:17
[INFO] [stdout]     |
[INFO] [stdout] 710 |         let _ = ctx.device.poll(wgpu::PollType::wait_indefinitely());
[INFO] [stdout]     |                 ^^^
[INFO] [stdout]     |
[INFO] [stdout] help: a local variable with a similar name exists
[INFO] [stdout]     |
[INFO] [stdout] 710 -         let _ = ctx.device.poll(wgpu::PollType::wait_indefinitely());
[INFO] [stdout] 710 +         let _ = tx.device.poll(wgpu::PollType::wait_indefinitely());
[INFO] [stdout]     |
[INFO] [stdout] 
[INFO] [stdout] 
[INFO] [stdout] error[E0425]: cannot find value `ctx` in this scope
[INFO] [stdout]    --> src/pipeline.rs:735:48
[INFO] [stdout]     |
[INFO] [stdout] 735 |         let result = checked_compute_pipeline(&ctx.device, PASSTHROUGH_WGSL, "main");
[INFO] [stdout]     |                                                ^^^ not found in this scope
[INFO] [stdout] 
[INFO] [stdout] 
[INFO] [stdout] error[E0425]: cannot find value `ctx` in this scope
[INFO] [stdout]    --> src/wgsl.rs:785:19
[INFO] [stdout]     |
[INFO] [stdout] 785 |         validate(&ctx.device, VALID_SHADER).expect("valid shader must produce Ok(())");
[INFO] [stdout]     |                   ^^^ not found in this scope
[INFO] [stdout] 
[INFO] [stdout] 
[INFO] [stdout] error[E0425]: cannot find value `ctx` in this scope
[INFO] [stdout]    --> src/wgsl.rs:791:32
[INFO] [stdout]     |
[INFO] [stdout] 791 |         let result = validate(&ctx.device, INVALID_SHADER);
[INFO] [stdout]     |                                ^^^ not found in this scope
[INFO] [stdout] 
[INFO] [stdout] 
[INFO] [stdout] error[E0425]: cannot find value `ctx` in this scope
[INFO] [stdout]    --> src/wgsl.rs:813:14
[INFO] [stdout]     |
[INFO] [stdout] 813 |             &ctx.device,
[INFO] [stdout]     |              ^^^ not found in this scope
[INFO] [stdout] 
[INFO] [stdout] 
[INFO] [stdout] error[E0425]: cannot find value `ctx` in this scope
[INFO] [stdout]    --> src/wgsl.rs:819:59
[INFO] [stdout]     |
[INFO] [stdout] 819 |         let pipeline = crate::pipeline::compute_pipeline(&ctx.device, SHADER_PREFIX_SUM, "main_cs");
[INFO] [stdout]     |                                                           ^^^ not found in this scope
[INFO] [stdout] 
[INFO] [stdout] 
[INFO] [stdout] error[E0425]: cannot find value `ctx` in this scope
[INFO] [stdout]    --> src/wgsl.rs:821:26
[INFO] [stdout]     |
[INFO] [stdout] 821 |         let bind_group = ctx.device.create_bind_group(&wgpu::BindGroupDescriptor {
[INFO] [stdout]     |                          ^^^ not found in this scope
[INFO] [stdout] 
[INFO] [stdout] 
[INFO] [stdout] error[E0425]: cannot find value `ctx` in this scope
[INFO] [stdout]    --> src/wgsl.rs:831:27
[INFO] [stdout]     |
[INFO] [stdout] 831 |         let mut encoder = ctx
[INFO] [stdout]     |                           ^^^ not found in this scope
[INFO] [stdout] 
[INFO] [stdout] 
[INFO] [stdout] error[E0425]: cannot find value `ctx` in this scope
[INFO] [stdout]    --> src/wgsl.rs:845:9
[INFO] [stdout]     |
[INFO] [stdout] 845 |         ctx.queue.submit(std::iter::once(encoder.finish()));
[INFO] [stdout]     |         ^^^ not found in this scope
[INFO] [stdout] 
[INFO] [stdout] 
[INFO] [stdout] error[E0425]: cannot find value `ctx` in this scope
[INFO] [stdout]    --> src/wgsl.rs:849:39
[INFO] [stdout]     |
[INFO] [stdout] 849 |             crate::buffer::read_back(&ctx.device, &ctx.queue, &buf, input.len()).unwrap();
[INFO] [stdout]     |                                       ^^^ not found in this scope
[INFO] [stdout] 
[INFO] [stdout] 
[INFO] [stdout] error[E0425]: cannot find value `ctx` in this scope
[INFO] [stdout]    --> src/wgsl.rs:849:52
[INFO] [stdout]     |
[INFO] [stdout] 849 |             crate::buffer::read_back(&ctx.device, &ctx.queue, &buf, input.len()).unwrap();
[INFO] [stdout]     |                                                    ^^^ not found in this scope
[INFO] [stdout] 
[INFO] [stdout] 
[INFO] [stdout] error[E0425]: cannot find value `ctx` in this scope
[INFO] [stdout]    --> src/wgsl.rs:876:14
[INFO] [stdout]     |
[INFO] [stdout] 876 |             &ctx.device,
[INFO] [stdout]     |              ^^^ not found in this scope
[INFO] [stdout] 
[INFO] [stdout] 
[INFO] [stdout] error[E0425]: cannot find value `ctx` in this scope
[INFO] [stdout]    --> src/wgsl.rs:883:49
[INFO] [stdout]     |
[INFO] [stdout] 883 |             crate::buffer::storage_buffer_init(&ctx.device, "reduction-output", &[0u8; 4]);
[INFO] [stdout]     |                                                 ^^^ not found in this scope
[INFO] [stdout] 
[INFO] [stdout] 
[INFO] [stdout] error[E0425]: cannot find value `ctx` in this scope
[INFO] [stdout]    --> src/wgsl.rs:887:48
[INFO] [stdout]     |
[INFO] [stdout] 887 |             crate::pipeline::compute_pipeline(&ctx.device, SHADER_REDUCTION_SUM, "main_cs");
[INFO] [stdout]     |                                                ^^^ not found in this scope
[INFO] [stdout] 
[INFO] [stdout] 
[INFO] [stdout] error[E0425]: cannot find value `ctx` in this scope
[INFO] [stdout]    --> src/wgsl.rs:889:26
[INFO] [stdout]     |
[INFO] [stdout] 889 |         let bind_group = ctx.device.create_bind_group(&wgpu::BindGroupDescriptor {
[INFO] [stdout]     |                          ^^^ not found in this scope
[INFO] [stdout] 
[INFO] [stdout] 
[INFO] [stdout] error[E0425]: cannot find value `ctx` in this scope
[INFO] [stdout]    --> src/wgsl.rs:905:27
[INFO] [stdout]     |
[INFO] [stdout] 905 |         let mut encoder = ctx
[INFO] [stdout]     |                           ^^^ not found in this scope
[INFO] [stdout] 
[INFO] [stdout] 
[INFO] [stdout] error[E0425]: cannot find value `ctx` in this scope
[INFO] [stdout]    --> src/wgsl.rs:919:9
[INFO] [stdout]     |
[INFO] [stdout] 919 |         ctx.queue.submit(std::iter::once(encoder.finish()));
[INFO] [stdout]     |         ^^^ not found in this scope
[INFO] [stdout] 
[INFO] [stdout] 
[INFO] [stdout] error[E0425]: cannot find value `ctx` in this scope
[INFO] [stdout]    --> src/wgsl.rs:923:39
[INFO] [stdout]     |
[INFO] [stdout] 923 |             crate::buffer::read_back(&ctx.device, &ctx.queue, &output_buf, 1).unwrap();
[INFO] [stdout]     |                                       ^^^ not found in this scope
[INFO] [stdout] 
[INFO] [stdout] 
[INFO] [stdout] error[E0425]: cannot find value `ctx` in this scope
[INFO] [stdout]    --> src/wgsl.rs:923:52
[INFO] [stdout]     |
[INFO] [stdout] 923 |             crate::buffer::read_back(&ctx.device, &ctx.queue, &output_buf, 1).unwrap();
[INFO] [stdout]     |                                                    ^^^ not found in this scope
[INFO] [stdout] 
[INFO] [stdout] 
[INFO] [stdout] warning: unused import: `crate::context::ComputeContext`
[INFO] [stdout]    --> src/integration/render_soft.rs:721:9
[INFO] [stdout]     |
[INFO] [stdout] 721 |     use crate::context::ComputeContext;
[INFO] [stdout]     |         ^^^^^^^^^^^^^^^^^^^^^^^^^^^^^^
[INFO] [stdout]     |
[INFO] [stdout]     = note: `#[warn(unused_imports)]` (part of `#[warn(unused)]`) on by default
[INFO] [stdout] 
[INFO] [stdout] 
[INFO] [stdout] warning: unused import: `crate::context::ComputeContext`
[INFO] [stdout]    --> src/integration/text.rs:323:9
[INFO] [stdout]     |
[INFO] [stdout] 323 |     use crate::context::ComputeContext;
[INFO] [stdout]     |         ^^^^^^^^^^^^^^^^^^^^^^^^^^^^^^
[INFO] [stdout] 
[INFO] [stdout] 
[INFO] [stdout] Some errors have detailed explanations: E0425, E0433.
[INFO] [stdout] 
[INFO] [stdout] For more information about an error, try `rustc --explain E0425`.
[INFO] [stdout] 
[INFO] [stderr] error: could not compile `oxiui-compute-wgpu` (lib test) due to 89 previous errors; 2 warnings emitted
[INFO] running `Command { std: "docker" "inspect" "cac1e8379a6b7d3197c474d676c18404ddcff06e20de262d5ead601bd43d54a5", kill_on_drop: false }`
[INFO] running `Command { std: "docker" "rm" "-f" "cac1e8379a6b7d3197c474d676c18404ddcff06e20de262d5ead601bd43d54a5", kill_on_drop: false }`
[INFO] [stdout] cac1e8379a6b7d3197c474d676c18404ddcff06e20de262d5ead601bd43d54a5
