[INFO] fetching crate oxistore-encrypt 0.3.0...
[INFO] testing oxistore-encrypt-0.3.0 against 1.99.0-beta.8+cargoflags=--release for beta-release-1.100-2
[INFO] extracting crate oxistore-encrypt 0.3.0 into /workspace/builds/worker-5-tc1/source
[INFO] started tweaking crates.io crate oxistore-encrypt 0.3.0
[INFO] removed 0 missing examples
[INFO] removed 0 missing tests
[INFO] finished tweaking crates.io crate oxistore-encrypt 0.3.0
[INFO] tweaked toml for crates.io crate oxistore-encrypt 0.3.0 written to /workspace/builds/worker-5-tc1/source/Cargo.toml
[INFO] validating manifest of crates.io crate oxistore-encrypt 0.3.0 on toolchain 1.99.0-beta.8
[INFO] running `Command { std: CARGO_HOME="/workspace/cargo-home" RUSTUP_HOME="/workspace/rustup-home" "/workspace/cargo-home/bin/cargo" "+1.99.0-beta.8" "metadata" "--manifest-path" "Cargo.toml" "--no-deps", kill_on_drop: false }`
[INFO] crate crates.io crate oxistore-encrypt 0.3.0 already has a lockfile, it will not be regenerated
[INFO] running `Command { std: CARGO_HOME="/workspace/cargo-home" RUSTUP_HOME="/workspace/rustup-home" "/workspace/cargo-home/bin/cargo" "+1.99.0-beta.8" "fetch" "--manifest-path" "Cargo.toml", kill_on_drop: false }`
[INFO] [stderr]     Updating crates.io index
[INFO] [stderr]  Downloading crates ...
[INFO] [stderr]   Downloaded oxicrypto-core v0.3.0
[INFO] [stderr]   Downloaded oxicrypto-adapter-pkcs11 v0.3.0
[INFO] [stderr]   Downloaded oxistore-core v0.3.0
[INFO] [stderr]   Downloaded x448 v0.14.0-pre.12
[INFO] [stderr]   Downloaded oxicrypto-cipher v0.3.0
[INFO] [stderr]   Downloaded ed448 v0.5.0
[INFO] [stderr]   Downloaded hash2curve v0.14.0
[INFO] [stderr]   Downloaded keccak v0.2.0
[INFO] [stderr]   Downloaded oxicrypto-rand v0.3.0
[INFO] [stderr]   Downloaded oxicrypto-mac v0.3.0
[INFO] [stderr]   Downloaded ocb3 v0.2.0-rc.3
[INFO] [stderr]   Downloaded aes-gcm-siv v0.12.0
[INFO] [stderr]   Downloaded cryptoki v0.12.0
[INFO] [stderr]   Downloaded pkcs1 v0.8.0-rc.4
[INFO] [stderr]   Downloaded oxicrypto-kex v0.3.0
[INFO] [stderr]   Downloaded argon2 v0.6.0-rc.8
[INFO] [stderr]   Downloaded blake2 v0.11.0-rc.6
[INFO] [stderr]   Downloaded oxicrypto-hash v0.3.0
[INFO] [stderr]   Downloaded keyring-core v1.0.0
[INFO] [stderr]   Downloaded oxicrypto v0.3.0
[INFO] [stderr]   Downloaded ed448-goldilocks v0.14.0-pre.15
[INFO] [stderr]   Downloaded oxicrypto-aead v0.3.0
[INFO] [stderr]   Downloaded clap v4.6.5
[INFO] [stderr]   Downloaded oxicrypto-sig v0.3.0
[INFO] [stderr]   Downloaded oxicrypto-kdf v0.3.0
[INFO] [stderr]   Downloaded rsa v0.10.0-rc.18
[INFO] [stderr]   Downloaded p521 v0.14.0
[INFO] [stderr]   Downloaded crypto-primes v0.7.2
[INFO] [stderr]   Downloaded clap_builder v4.6.5
[INFO] [stderr]   Downloaded cryptoki-sys v0.5.0
[INFO] [stderr]   Downloaded cshake v0.2.1
[INFO] [stderr]   Downloaded cmac v0.8.0
[INFO] running `Command { std: "docker" "create" "-v" "/var/lib/crater-agent-workspace/builds/worker-5-tc1/source:/opt/rustwide/workdir:ro,Z" "-v" "/var/lib/crater-agent-workspace/builds/worker-5-tc1/target:/opt/rustwide/target:rw,Z" "-v" "/var/lib/crater-agent-workspace/cargo-home:/opt/rustwide/cargo-home:ro,Z" "-v" "/var/lib/crater-agent-workspace/rustup-home:/opt/rustwide/rustup-home:ro,Z" "-m" "1610612736" "--network" "none" "ghcr.io/rust-lang/crates-build-env/linux@sha256:77db811e55d90add9212f6832c23229e3de5f1c1f9905e8cb07319ea15df73ac" "sleep" "infinity", kill_on_drop: false }`
[INFO] [stdout] 3aa3089f232a5b52cff1e2c93da3e19607a5e4087447584b37fb3e785fc6b0b7
[INFO] running `Command { std: "docker" "start" "3aa3089f232a5b52cff1e2c93da3e19607a5e4087447584b37fb3e785fc6b0b7", kill_on_drop: false }`
[INFO] running `Command { std: "docker" "inspect" "3aa3089f232a5b52cff1e2c93da3e19607a5e4087447584b37fb3e785fc6b0b7", kill_on_drop: false }`
[INFO] running `Command { std: "docker" "exec" "-e" "SOURCE_DIR=/opt/rustwide/workdir" "-e" "CARGO_HOME=/opt/rustwide/cargo-home" "-e" "RUSTUP_HOME=/opt/rustwide/rustup-home" "-e" "CARGO_TARGET_DIR=/opt/rustwide/target" "-w" "/opt/rustwide/workdir" "--user" "0:0" "3aa3089f232a5b52cff1e2c93da3e19607a5e4087447584b37fb3e785fc6b0b7" "/opt/rustwide/cargo-home/bin/cargo" "+1.99.0-beta.8" "metadata" "--no-deps" "--format-version=1", kill_on_drop: false }`
[INFO] running `Command { std: "docker" "inspect" "3aa3089f232a5b52cff1e2c93da3e19607a5e4087447584b37fb3e785fc6b0b7", kill_on_drop: false }`
[INFO] running `Command { std: "docker" "exec" "-e" "SOURCE_DIR=/opt/rustwide/workdir" "-e" "CARGO_HOME=/opt/rustwide/cargo-home" "-e" "RUSTUP_HOME=/opt/rustwide/rustup-home" "-e" "CARGO_TARGET_DIR=/opt/rustwide/target" "-e" "CARGO_INCREMENTAL=0" "-e" "RUST_BACKTRACE=full" "-e" "RUSTFLAGS=--cap-lints=warn" "-e" "RUSTDOCFLAGS=--cap-lints=warn" "-w" "/opt/rustwide/workdir" "--user" "0:0" "3aa3089f232a5b52cff1e2c93da3e19607a5e4087447584b37fb3e785fc6b0b7" "/opt/rustwide/cargo-home/bin/cargo" "+1.99.0-beta.8" "build" "--frozen" "--message-format=json" "--release", kill_on_drop: false }`
[INFO] [stderr]    Compiling syn v2.0.119
[INFO] [stderr]    Compiling subtle v2.6.1
[INFO] [stderr]    Compiling base16ct v1.0.0
[INFO] [stderr]    Compiling zerocopy v0.8.55
[INFO] [stderr]    Compiling pem-rfc7468 v1.0.0
[INFO] [stderr]    Compiling keccak v0.2.0
[INFO] [stderr]    Compiling crunchy v0.2.4
[INFO] [stderr]    Compiling curve25519-dalek v4.1.3
[INFO] [stderr]    Compiling cc v1.4.0
[INFO] [stderr]    Compiling constant_time_eq v0.4.2
[INFO] [stderr]    Compiling tiny-keccak v2.0.2
[INFO] [stderr]    Compiling arrayvec v0.7.8
[INFO] [stderr]    Compiling generic-array v0.14.7
[INFO] [stderr]    Compiling getrandom v0.4.3
[INFO] [stderr]    Compiling signature v2.2.0
[INFO] [stderr]    Compiling oxistore-core v0.3.0
[INFO] [stderr]    Compiling ed25519 v2.2.3
[INFO] [stderr]    Compiling ctutils v0.4.2
[INFO] [stderr]    Compiling ff v0.14.0
[INFO] [stderr]    Compiling group v0.14.0
[INFO] [stderr]    Compiling phc v0.6.1
[INFO] [stderr]    Compiling password-hash v0.6.1
[INFO] [stderr]    Compiling block-buffer v0.10.4
[INFO] [stderr]    Compiling crypto-common v0.1.7
[INFO] [stderr]    Compiling digest v0.10.7
[INFO] [stderr]    Compiling blake3 v1.8.5
[INFO] [stderr]    Compiling sha2 v0.10.9
[INFO] [stderr]    Compiling zeroize_derive v1.5.0
[INFO] [stderr]    Compiling curve25519-dalek-derive v0.1.1
[INFO] [stderr]    Compiling zeroize v1.9.0
[INFO] [stderr]    Compiling ppv-lite86 v0.2.21
[INFO] [stderr]    Compiling hybrid-array v0.4.14
[INFO] [stderr]    Compiling der v0.8.1
[INFO] [stderr]    Compiling oxicrypto-core v0.3.0
[INFO] [stderr]    Compiling rand_chacha v0.10.0
[INFO] [stderr]    Compiling oxicrypto-rand v0.3.0
[INFO] [stderr]    Compiling crypto-common v0.2.2
[INFO] [stderr]    Compiling block-buffer v0.12.1
[INFO] [stderr]    Compiling inout v0.2.2
[INFO] [stderr]    Compiling crypto-bigint v0.7.5
[INFO] [stderr]    Compiling wnaf v0.14.0
[INFO] [stderr]    Compiling dbl v0.5.0
[INFO] [stderr]    Compiling ed25519-dalek v2.2.0
[INFO] [stderr]    Compiling x25519-dalek v2.0.1
[INFO] [stderr]    Compiling spki v0.8.0
[INFO] [stderr]    Compiling sec1 v0.8.1
[INFO] [stderr]    Compiling pkcs8 v0.11.0
[INFO] [stderr]    Compiling pkcs1 v0.8.0-rc.4
[INFO] [stderr]    Compiling digest v0.11.3
[INFO] [stderr]    Compiling cipher v0.5.2
[INFO] [stderr]    Compiling universal-hash v0.6.1
[INFO] [stderr]    Compiling aead v0.6.1
[INFO] [stderr]    Compiling polyval v0.7.3
[INFO] [stderr]    Compiling poly1305 v0.9.1
[INFO] [stderr]    Compiling hmac v0.13.0
[INFO] [stderr]    Compiling sha2 v0.11.0
[INFO] [stderr]    Compiling signature v3.0.0
[INFO] [stderr]    Compiling blake2 v0.11.0-rc.6
[INFO] [stderr]    Compiling shake v0.1.0
[INFO] [stderr]    Compiling sha3 v0.12.0
[INFO] [stderr]    Compiling cshake v0.2.1
[INFO] [stderr]    Compiling ed448 v0.5.0
[INFO] [stderr]    Compiling hkdf v0.13.0
[INFO] [stderr]    Compiling ghash v0.6.0
[INFO] [stderr]    Compiling aes v0.9.2
[INFO] [stderr]    Compiling ctr v0.10.1
[INFO] [stderr]    Compiling salsa20 v0.11.0
[INFO] [stderr]    Compiling chacha20 v0.10.1
[INFO] [stderr]    Compiling cmac v0.8.0
[INFO] [stderr]    Compiling ocb3 v0.2.0-rc.3
[INFO] [stderr]    Compiling argon2 v0.6.0-rc.8
[INFO] [stderr]    Compiling aes-gcm v0.11.0
[INFO] [stderr]    Compiling aes-kw v0.3.1
[INFO] [stderr]    Compiling aes-gcm-siv v0.12.0
[INFO] [stderr]    Compiling chacha20poly1305 v0.11.0
[INFO] [stderr]    Compiling oxicrypto-cipher v0.3.0
[INFO] [stderr]    Compiling pbkdf2 v0.13.0
[INFO] [stderr]    Compiling oxicrypto-mac v0.3.0
[INFO] [stderr]    Compiling oxicrypto-hash v0.3.0
[INFO] [stderr]    Compiling scrypt v0.12.0
[INFO] [stderr]    Compiling oxicrypto-kdf v0.3.0
[INFO] [stderr]    Compiling oxicrypto-aead v0.3.0
[INFO] [stderr]    Compiling elliptic-curve v0.14.1
[INFO] [stderr]    Compiling rfc6979 v0.6.0
[INFO] [stderr]    Compiling primefield v0.14.0
[INFO] [stderr]    Compiling crypto-primes v0.7.2
[INFO] [stderr]    Compiling ecdsa v0.17.0
[INFO] [stderr]    Compiling primeorder v0.14.0
[INFO] [stderr]    Compiling hash2curve v0.14.0
[INFO] [stderr]    Compiling ed448-goldilocks v0.14.0-pre.15
[INFO] [stderr]    Compiling rsa v0.10.0-rc.18
[INFO] [stderr]    Compiling p384 v0.14.0
[INFO] [stderr]    Compiling p256 v0.14.0
[INFO] [stderr]    Compiling p521 v0.14.0
[INFO] [stderr]    Compiling k256 v0.14.0
[INFO] [stderr]    Compiling x448 v0.14.0-pre.12
[INFO] [stderr]    Compiling oxicrypto-kex v0.3.0
[INFO] [stderr]    Compiling oxicrypto-sig v0.3.0
[INFO] [stderr]    Compiling oxicrypto v0.3.0
[INFO] [stderr]    Compiling oxistore-encrypt v0.3.0 (/opt/rustwide/workdir)
[INFO] [stderr]     Finished `release` profile [optimized] target(s) in 59.92s
[INFO] running `Command { std: "docker" "inspect" "3aa3089f232a5b52cff1e2c93da3e19607a5e4087447584b37fb3e785fc6b0b7", kill_on_drop: false }`
[INFO] running `Command { std: "docker" "exec" "-e" "SOURCE_DIR=/opt/rustwide/workdir" "-e" "CARGO_HOME=/opt/rustwide/cargo-home" "-e" "RUSTUP_HOME=/opt/rustwide/rustup-home" "-e" "CARGO_TARGET_DIR=/opt/rustwide/target" "-e" "CARGO_INCREMENTAL=0" "-e" "RUST_BACKTRACE=full" "-e" "RUSTFLAGS=--cap-lints=warn" "-e" "RUSTDOCFLAGS=--cap-lints=warn" "-w" "/opt/rustwide/workdir" "--user" "0:0" "3aa3089f232a5b52cff1e2c93da3e19607a5e4087447584b37fb3e785fc6b0b7" "/opt/rustwide/cargo-home/bin/cargo" "+1.99.0-beta.8" "test" "--frozen" "--no-run" "--message-format=json" "--release", kill_on_drop: false }`
[INFO] [stderr]    Compiling zerocopy v0.8.55
[INFO] [stderr]    Compiling zerocopy-derive v0.8.55
[INFO] [stderr]    Compiling crypto-bigint v0.7.5
[INFO] [stderr]    Compiling either v1.17.0
[INFO] [stderr]    Compiling serde v1.0.229
[INFO] [stderr]    Compiling alloca v0.4.0
[INFO] [stderr]    Compiling clap_builder v4.6.5
[INFO] [stderr]    Compiling tempfile v3.27.0
[INFO] [stderr]    Compiling regex-automata v0.4.18
[INFO] [stderr]    Compiling wait-timeout v0.2.1
[INFO] [stderr]    Compiling rand_xorshift v0.4.0
[INFO] [stderr]    Compiling rand v0.9.5
[INFO] [stderr]    Compiling page_size v0.6.0
[INFO] [stderr]    Compiling tokio v1.53.1
[INFO] [stderr]    Compiling rusty-fork v0.3.1
[INFO] [stderr]    Compiling itertools v0.13.0
[INFO] [stderr]    Compiling rayon v1.12.0
[INFO] [stderr]    Compiling tinytemplate v1.2.1
[INFO] [stderr]    Compiling clap v4.6.5
[INFO] [stderr]    Compiling criterion-plot v0.8.2
[INFO] [stderr]    Compiling regex v1.13.1
[INFO] [stderr]    Compiling elliptic-curve v0.14.1
[INFO] [stderr]    Compiling rfc6979 v0.6.0
[INFO] [stderr]    Compiling primefield v0.14.0
[INFO] [stderr]    Compiling crypto-primes v0.7.2
[INFO] [stderr]    Compiling primeorder v0.14.0
[INFO] [stderr]    Compiling ecdsa v0.17.0
[INFO] [stderr]    Compiling hash2curve v0.14.0
[INFO] [stderr]    Compiling ed448-goldilocks v0.14.0-pre.15
[INFO] [stderr]    Compiling rsa v0.10.0-rc.18
[INFO] [stderr]    Compiling p521 v0.14.0
[INFO] [stderr]    Compiling p384 v0.14.0
[INFO] [stderr]    Compiling p256 v0.14.0
[INFO] [stderr]    Compiling k256 v0.14.0
[INFO] [stderr]    Compiling ppv-lite86 v0.2.21
[INFO] [stderr]    Compiling half v2.7.1
[INFO] [stderr]    Compiling ciborium-ll v0.2.2
[INFO] [stderr]    Compiling x448 v0.14.0-pre.12
[INFO] [stderr]    Compiling rand_chacha v0.10.0
[INFO] [stderr]    Compiling rand_chacha v0.9.0
[INFO] [stderr]    Compiling ciborium v0.2.2
[INFO] [stderr]    Compiling oxicrypto-rand v0.3.0
[INFO] [stderr]    Compiling oxicrypto-kdf v0.3.0
[INFO] [stderr]    Compiling proptest v1.11.0
[INFO] [stderr]    Compiling oxicrypto-aead v0.3.0
[INFO] [stderr]    Compiling criterion v0.8.2
[INFO] [stderr]    Compiling oxicrypto-kex v0.3.0
[INFO] [stderr]    Compiling oxicrypto-sig v0.3.0
[INFO] [stderr]    Compiling oxicrypto v0.3.0
[INFO] [stderr]    Compiling oxistore-encrypt v0.3.0 (/opt/rustwide/workdir)
[INFO] [stdout] error[E0432]: unresolved import `oxistore_kv_redb`
[INFO] [stdout]   --> examples/envelope_encryption.rs:15:5
[INFO] [stdout]    |
[INFO] [stdout] 15 | use oxistore_kv_redb::RedbStore;
[INFO] [stdout]    |     ^^^^^^^^^^^^^^^^ use of unresolved module or unlinked crate `oxistore_kv_redb`
[INFO] [stdout]    |
[INFO] [stdout] help: there is a crate or module with a similar name
[INFO] [stdout]    |
[INFO] [stdout] 15 - use oxistore_kv_redb::RedbStore;
[INFO] [stdout] 15 + use oxistore_core::RedbStore;
[INFO] [stdout]    |
[INFO] [stdout] 
[INFO] [stdout] 
[INFO] [stdout] error[E0432]: unresolved import `oxistore_kv_redb`
[INFO] [stdout]   --> tests/encrypt_over_redb.rs:12:5
[INFO] [stdout]    |
[INFO] [stdout] 12 | use oxistore_kv_redb::RedbStore;
[INFO] [stdout]    |     ^^^^^^^^^^^^^^^^ use of unresolved module or unlinked crate `oxistore_kv_redb`
[INFO] [stdout]    |
[INFO] [stdout] help: there is a crate or module with a similar name
[INFO] [stdout]    |
[INFO] [stdout] 12 - use oxistore_kv_redb::RedbStore;
[INFO] [stdout] 12 + use oxistore_core::RedbStore;
[INFO] [stdout]    |
[INFO] [stdout] 
[INFO] [stdout] 
[INFO] [stdout] error[E0432]: unresolved import `oxistore_kv_sled`
[INFO] [stdout]  --> tests/encrypt_over_sled.rs:9:5
[INFO] [stdout]   |
[INFO] [stdout] 9 | use oxistore_kv_sled::SledStore;
[INFO] [stdout]   |     ^^^^^^^^^^^^^^^^ use of unresolved module or unlinked crate `oxistore_kv_sled`
[INFO] [stdout]   |
[INFO] [stdout]   = help: if you wanted to use a crate named `oxistore_kv_sled`, use `cargo add oxistore_kv_sled` to add it to your `Cargo.toml`
[INFO] [stdout] 
[INFO] [stdout] 
[INFO] [stdout] error[E0432]: unresolved import `oxistore_kv_redb`
[INFO] [stdout]   --> tests/envelope_txn_snapshot.rs:11:5
[INFO] [stdout]    |
[INFO] [stdout] 11 | use oxistore_kv_redb::RedbStore;
[INFO] [stdout]    |     ^^^^^^^^^^^^^^^^ use of unresolved module or unlinked crate `oxistore_kv_redb`
[INFO] [stdout]    |
[INFO] [stdout] help: there is a crate or module with a similar name
[INFO] [stdout]    |
[INFO] [stdout] 11 - use oxistore_kv_redb::RedbStore;
[INFO] [stdout] 11 + use oxistore_core::RedbStore;
[INFO] [stdout]    |
[INFO] [stdout] 
[INFO] [stdout] 
[INFO] [stderr] error: could not compile `oxistore-encrypt` (test "encrypt_over_redb") due to 1 previous error
[INFO] [stdout] For more information about this error, try `rustc --explain E0432`.
[INFO] [stdout] 
[INFO] [stderr] warning: build failed, waiting for other jobs to finish...
[INFO] [stdout] For more information about this error, try `rustc --explain E0432`.
[INFO] [stdout] 
[INFO] [stderr] error: could not compile `oxistore-encrypt` (test "envelope_txn_snapshot") due to 1 previous error
[INFO] [stdout] For more information about this error, try `rustc --explain E0432`.
[INFO] [stdout] 
[INFO] [stderr] error: could not compile `oxistore-encrypt` (test "encrypt_over_sled") due to 1 previous error
[INFO] [stdout] error[E0277]: the size for values of type `[u8]` cannot be known at compilation time
[INFO] [stdout]   --> examples/envelope_encryption.rs:31:19
[INFO] [stdout]    |
[INFO] [stdout] 31 |             .map(|v| String::from_utf8_lossy(&v).into_owned())
[INFO] [stdout]    |                   ^ doesn't have a size known at compile-time
[INFO] [stdout]    |
[INFO] [stdout]    = help: the trait `Sized` is not implemented for `[u8]`
[INFO] [stdout]    = note: all function arguments must have a statically known size
[INFO] [stdout] 
[INFO] [stdout] 
[INFO] [stdout] error[E0277]: the size for values of type `[u8]` cannot be known at compilation time
[INFO] [stdout]   --> examples/envelope_encryption.rs:46:23
[INFO] [stdout]    |
[INFO] [stdout] 46 |                 .map(|v| String::from_utf8_lossy(&v).into_owned())
[INFO] [stdout]    |                       ^ doesn't have a size known at compile-time
[INFO] [stdout]    |
[INFO] [stdout]    = help: the trait `Sized` is not implemented for `[u8]`
[INFO] [stdout]    = note: all function arguments must have a statically known size
[INFO] [stdout] 
[INFO] [stdout] 
[INFO] [stdout] error[E0277]: the size for values of type `[u8]` cannot be known at compilation time
[INFO] [stdout]   --> examples/envelope_encryption.rs:54:19
[INFO] [stdout]    |
[INFO] [stdout] 54 |             .map(|v| String::from_utf8_lossy(&v).into_owned())
[INFO] [stdout]    |                   ^ doesn't have a size known at compile-time
[INFO] [stdout]    |
[INFO] [stdout]    = help: the trait `Sized` is not implemented for `[u8]`
[INFO] [stdout]    = note: all function arguments must have a statically known size
[INFO] [stdout] 
[INFO] [stdout] 
[INFO] [stdout] error[E0277]: the size for values of type `[u8]` cannot be known at compilation time
[INFO] [stdout]   --> examples/envelope_encryption.rs:64:19
[INFO] [stdout]    |
[INFO] [stdout] 64 |             .map(|v| String::from_utf8_lossy(&v).into_owned())
[INFO] [stdout]    |                   ^ doesn't have a size known at compile-time
[INFO] [stdout]    |
[INFO] [stdout]    = help: the trait `Sized` is not implemented for `[u8]`
[INFO] [stdout]    = note: all function arguments must have a statically known size
[INFO] [stdout] 
[INFO] [stdout] 
[INFO] [stdout] error[E0277]: the size for values of type `[u8]` cannot be known at compilation time
[INFO] [stdout]   --> examples/envelope_encryption.rs:70:19
[INFO] [stdout]    |
[INFO] [stdout] 70 |             .map(|v| String::from_utf8_lossy(&v).into_owned())
[INFO] [stdout]    |                   ^ doesn't have a size known at compile-time
[INFO] [stdout]    |
[INFO] [stdout]    = help: the trait `Sized` is not implemented for `[u8]`
[INFO] [stdout]    = note: all function arguments must have a statically known size
[INFO] [stdout] 
[INFO] [stdout] 
[INFO] [stdout] error[E0277]: the size for values of type `[u8]` cannot be known at compilation time
[INFO] [stdout]   --> examples/envelope_encryption.rs:87:19
[INFO] [stdout]    |
[INFO] [stdout] 87 |             .map(|v| String::from_utf8_lossy(&v).into_owned())
[INFO] [stdout]    |                   ^ doesn't have a size known at compile-time
[INFO] [stdout]    |
[INFO] [stdout]    = help: the trait `Sized` is not implemented for `[u8]`
[INFO] [stdout]    = note: all function arguments must have a statically known size
[INFO] [stdout] 
[INFO] [stdout] 
[INFO] [stdout] Some errors have detailed explanations: E0277, E0432.
[INFO] [stdout] 
[INFO] [stdout] For more information about an error, try `rustc --explain E0277`.
[INFO] [stdout] 
[INFO] [stderr] error: could not compile `oxistore-encrypt` (example "envelope_encryption") due to 7 previous errors
[INFO] running `Command { std: "docker" "inspect" "3aa3089f232a5b52cff1e2c93da3e19607a5e4087447584b37fb3e785fc6b0b7", kill_on_drop: false }`
[INFO] running `Command { std: "docker" "rm" "-f" "3aa3089f232a5b52cff1e2c93da3e19607a5e4087447584b37fb3e785fc6b0b7", kill_on_drop: false }`
[INFO] [stdout] 3aa3089f232a5b52cff1e2c93da3e19607a5e4087447584b37fb3e785fc6b0b7
