[INFO] fetching crate oxilite 0.9.1...
[INFO] testing oxilite-0.9.1 against 1.100.0-beta.1+cargoflags=--release for beta-release-1.100-2
[INFO] extracting crate oxilite 0.9.1 into /workspace/builds/worker-5-tc2/source
[INFO] started tweaking crates.io crate oxilite 0.9.1
[INFO] removed 0 missing examples
[INFO] removed 0 missing tests
[INFO] finished tweaking crates.io crate oxilite 0.9.1
[INFO] tweaked toml for crates.io crate oxilite 0.9.1 written to /workspace/builds/worker-5-tc2/source/Cargo.toml
[INFO] validating manifest of crates.io crate oxilite 0.9.1 on toolchain 1.100.0-beta.1
[INFO] running `Command { std: CARGO_HOME="/workspace/cargo-home" RUSTUP_HOME="/workspace/rustup-home" "/workspace/cargo-home/bin/cargo" "+1.100.0-beta.1" "metadata" "--manifest-path" "Cargo.toml" "--no-deps", kill_on_drop: false }`
[INFO] crate crates.io crate oxilite 0.9.1 already has a lockfile, it will not be regenerated
[INFO] running `Command { std: CARGO_HOME="/workspace/cargo-home" RUSTUP_HOME="/workspace/rustup-home" "/workspace/cargo-home/bin/cargo" "+1.100.0-beta.1" "fetch" "--manifest-path" "Cargo.toml", kill_on_drop: false }`
[INFO] running `Command { std: "docker" "create" "-v" "/var/lib/crater-agent-workspace/builds/worker-5-tc2/source:/opt/rustwide/workdir:ro,Z" "-v" "/var/lib/crater-agent-workspace/builds/worker-5-tc2/target:/opt/rustwide/target:rw,Z" "-v" "/var/lib/crater-agent-workspace/cargo-home:/opt/rustwide/cargo-home:ro,Z" "-v" "/var/lib/crater-agent-workspace/rustup-home:/opt/rustwide/rustup-home:ro,Z" "-m" "1610612736" "--network" "none" "ghcr.io/rust-lang/crates-build-env/linux@sha256:77db811e55d90add9212f6832c23229e3de5f1c1f9905e8cb07319ea15df73ac" "sleep" "infinity", kill_on_drop: false }`
[INFO] [stdout] 83c5634416178cb65315698f01fa31855212376fb7d36570228ce26ea913d951
[INFO] running `Command { std: "docker" "start" "83c5634416178cb65315698f01fa31855212376fb7d36570228ce26ea913d951", kill_on_drop: false }`
[INFO] running `Command { std: "docker" "inspect" "83c5634416178cb65315698f01fa31855212376fb7d36570228ce26ea913d951", kill_on_drop: false }`
[INFO] running `Command { std: "docker" "exec" "-e" "SOURCE_DIR=/opt/rustwide/workdir" "-e" "CARGO_HOME=/opt/rustwide/cargo-home" "-e" "RUSTUP_HOME=/opt/rustwide/rustup-home" "-e" "CARGO_TARGET_DIR=/opt/rustwide/target" "-w" "/opt/rustwide/workdir" "--user" "0:0" "83c5634416178cb65315698f01fa31855212376fb7d36570228ce26ea913d951" "/opt/rustwide/cargo-home/bin/cargo" "+1.100.0-beta.1" "metadata" "--no-deps" "--format-version=1", kill_on_drop: false }`
[INFO] running `Command { std: "docker" "inspect" "83c5634416178cb65315698f01fa31855212376fb7d36570228ce26ea913d951", kill_on_drop: false }`
[INFO] running `Command { std: "docker" "exec" "-e" "SOURCE_DIR=/opt/rustwide/workdir" "-e" "CARGO_HOME=/opt/rustwide/cargo-home" "-e" "RUSTUP_HOME=/opt/rustwide/rustup-home" "-e" "CARGO_TARGET_DIR=/opt/rustwide/target" "-e" "CARGO_INCREMENTAL=0" "-e" "RUST_BACKTRACE=full" "-e" "RUSTFLAGS=--cap-lints=warn" "-e" "RUSTDOCFLAGS=--cap-lints=warn" "-w" "/opt/rustwide/workdir" "--user" "0:0" "83c5634416178cb65315698f01fa31855212376fb7d36570228ce26ea913d951" "/opt/rustwide/cargo-home/bin/cargo" "+1.100.0-beta.1" "build" "--frozen" "--message-format=json" "--release", kill_on_drop: false }`
[INFO] [stderr]    Compiling zerocopy v0.8.57
[INFO] [stderr]    Compiling syn v3.0.6
[INFO] [stderr]    Compiling oxiri v0.2.11
[INFO] [stderr]    Compiling oxilangtag v0.1.6
[INFO] [stderr]    Compiling peg-runtime v0.8.6
[INFO] [stderr]    Compiling find-msvc-tools v0.1.13
[INFO] [stderr]    Compiling json-event-parser v0.2.3
[INFO] [stderr]    Compiling hybrid-array v0.4.15
[INFO] [stderr]    Compiling quick-xml v0.37.5
[INFO] [stderr]    Compiling aho-corasick v1.1.5
[INFO] [stderr]    Compiling cpufeatures v0.3.1
[INFO] [stderr]    Compiling getrandom v0.3.4
[INFO] [stderr]    Compiling generic-array v0.14.7
[INFO] [stderr]    Compiling ryu-js v1.0.3
[INFO] [stderr]    Compiling hashbrown v0.17.1
[INFO] [stderr]    Compiling rustc-hash v2.1.3
[INFO] [stderr]    Compiling cc v1.4.7
[INFO] [stderr]    Compiling xxhash-rust v0.8.18
[INFO] [stderr]    Compiling rand_core v0.9.5
[INFO] [stderr]    Compiling peg-macros v0.8.6
[INFO] [stderr]    Compiling smallvec v1.16.1
[INFO] [stderr]    Compiling hashlink v0.12.2
[INFO] [stderr]    Compiling libsqlite3-sys v0.38.2
[INFO] [stderr]    Compiling block-buffer v0.12.1
[INFO] [stderr]    Compiling crypto-common v0.2.2
[INFO] [stderr]    Compiling crypto-common v0.1.7
[INFO] [stderr]    Compiling block-buffer v0.10.4
[INFO] [stderr]    Compiling digest v0.10.7
[INFO] [stderr]    Compiling sha1 v0.10.7
[INFO] [stderr]    Compiling md-5 v0.10.6
[INFO] [stderr]    Compiling sha2 v0.10.9
[INFO] [stderr]    Compiling thiserror-impl v2.0.20
[INFO] [stderr]    Compiling regex-automata v0.4.18
[INFO] [stderr]    Compiling peg v0.8.6
[INFO] [stderr]    Compiling thiserror v2.0.20
[INFO] [stderr]    Compiling oxsdatatypes v0.2.3
[INFO] [stderr]    Compiling digest v0.11.3
[INFO] [stderr]    Compiling sha2 v0.11.0
[INFO] [stderr]    Compiling md-5 v0.11.0
[INFO] [stderr]    Compiling sha1 v0.11.0
[INFO] [stderr]    Compiling regex v1.13.1
[INFO] [stderr]    Compiling ppv-lite86 v0.2.21
[INFO] [stderr]    Compiling rand_chacha v0.9.0
[INFO] [stderr]    Compiling rand v0.9.5
[INFO] [stderr]    Compiling oxrdf v0.3.4
[INFO] [stderr]    Compiling spargebra v0.4.7
[INFO] [stderr]    Compiling oxjsonld v0.2.6
[INFO] [stderr]    Compiling oxttl v0.2.4
[INFO] [stderr]    Compiling oxrdfxml v0.2.4
[INFO] [stderr]    Compiling sparesults v0.3.4
[INFO] [stderr]    Compiling oxrdfio v0.2.6
[INFO] [stderr]    Compiling sparopt v0.3.7
[INFO] [stderr]    Compiling spareval v0.2.7
[INFO] [stderr]    Compiling oxilite-core v0.9.1
[INFO] [stderr]    Compiling rusqlite v0.40.2
[INFO] [stderr]    Compiling oxilite-rusqlite v0.9.1
[INFO] [stderr]    Compiling oxilite v0.9.1 (/opt/rustwide/workdir)
[INFO] [stderr]     Finished `release` profile [optimized] target(s) in 2m 19s
[INFO] running `Command { std: "docker" "inspect" "83c5634416178cb65315698f01fa31855212376fb7d36570228ce26ea913d951", kill_on_drop: false }`
[INFO] running `Command { std: "docker" "exec" "-e" "SOURCE_DIR=/opt/rustwide/workdir" "-e" "CARGO_HOME=/opt/rustwide/cargo-home" "-e" "RUSTUP_HOME=/opt/rustwide/rustup-home" "-e" "CARGO_TARGET_DIR=/opt/rustwide/target" "-e" "CARGO_INCREMENTAL=0" "-e" "RUST_BACKTRACE=full" "-e" "RUSTFLAGS=--cap-lints=warn" "-e" "RUSTDOCFLAGS=--cap-lints=warn" "-w" "/opt/rustwide/workdir" "--user" "0:0" "83c5634416178cb65315698f01fa31855212376fb7d36570228ce26ea913d951" "/opt/rustwide/cargo-home/bin/cargo" "+1.100.0-beta.1" "test" "--frozen" "--no-run" "--message-format=json" "--release", kill_on_drop: false }`
[INFO] [stderr]    Compiling smallvec v1.16.1
[INFO] [stderr]    Compiling litemap v0.8.3
[INFO] [stderr]    Compiling writeable v0.6.4
[INFO] [stderr]    Compiling icu_normalizer_data v2.3.0
[INFO] [stderr]    Compiling syn v3.0.6
[INFO] [stderr]    Compiling icu_properties_data v2.3.0
[INFO] [stderr]    Compiling ring v0.17.14
[INFO] [stderr]    Compiling serde_json v1.0.151
[INFO] [stderr]    Compiling getrandom v0.2.17
[INFO] [stderr]    Compiling futures-sink v0.3.34
[INFO] [stderr]    Compiling crc32fast v1.5.2
[INFO] [stderr]    Compiling futures-core v0.3.34
[INFO] [stderr]    Compiling futures-task v0.3.34
[INFO] [stderr]    Compiling rustls v0.23.45
[INFO] [stderr]    Compiling percent-encoding v2.3.2
[INFO] [stderr]    Compiling futures-io v0.3.34
[INFO] [stderr]    Compiling miniz_oxide v0.9.1
[INFO] [stderr]    Compiling webpki-roots v0.26.11
[INFO] [stderr]    Compiling form_urlencoded v1.2.2
[INFO] [stderr]    Compiling futures-channel v0.3.34
[INFO] [stderr]    Compiling rusqlite v0.40.2
[INFO] [stderr]    Compiling futures-util v0.3.34
[INFO] [stderr]    Compiling flate2 v1.1.10
[INFO] [stderr]    Compiling synstructure v0.14.0
[INFO] [stderr]    Compiling zerofrom-derive v0.1.8
[INFO] [stderr]    Compiling thiserror-impl v2.0.20
[INFO] [stderr]    Compiling yoke-derive v0.8.3
[INFO] [stderr]    Compiling zerovec-derive v0.11.6
[INFO] [stderr]    Compiling displaydoc v0.2.7
[INFO] [stderr]    Compiling serde_derive v1.0.229
[INFO] [stderr]    Compiling zerofrom v0.1.8
[INFO] [stderr]    Compiling yoke v0.8.3
[INFO] [stderr]    Compiling futures-executor v0.3.34
[INFO] [stderr]    Compiling futures v0.3.34
[INFO] [stderr]    Compiling zerovec v0.11.8
[INFO] [stderr]    Compiling zerotrie v0.2.5
[INFO] [stderr]    Compiling thiserror v2.0.20
[INFO] [stderr]    Compiling oxsdatatypes v0.2.3
[INFO] [stderr]    Compiling oxrdf v0.3.4
[INFO] [stderr]    Compiling tinystr v0.8.4
[INFO] [stderr]    Compiling potential_utf v0.1.6
[INFO] [stderr]    Compiling icu_collections v2.3.0
[INFO] [stderr]    Compiling icu_locale_core v2.3.0
[INFO] [stderr]    Compiling spargebra v0.4.7
[INFO] [stderr]    Compiling oxttl v0.2.4
[INFO] [stderr]    Compiling sparesults v0.3.4
[INFO] [stderr]    Compiling oxjsonld v0.2.6
[INFO] [stderr]    Compiling oxrdfxml v0.2.4
[INFO] [stderr]    Compiling serde v1.0.229
[INFO] [stderr]    Compiling icu_provider v2.3.1
[INFO] [stderr]    Compiling icu_properties v2.3.0
[INFO] [stderr]    Compiling icu_normalizer v2.3.0
[INFO] [stderr]    Compiling oxrdfio v0.2.6
[INFO] [stderr]    Compiling sparopt v0.3.7
[INFO] [stderr]    Compiling idna_adapter v1.2.2
[INFO] [stderr]    Compiling idna v1.1.0
[INFO] [stderr]    Compiling spareval v0.2.7
[INFO] [stderr]    Compiling url v2.5.8
[INFO] [stderr]    Compiling oxilite-core v0.9.1
[INFO] [stderr]    Compiling rustls-webpki v0.103.15
[INFO] [stderr]    Compiling oxilite-rusqlite v0.9.1
[INFO] [stderr]    Compiling oxilite v0.9.1 (/opt/rustwide/workdir)
[INFO] [stderr]    Compiling ureq v2.12.1
[INFO] [stdout] error[E0432]: unresolved import `oxilite::cypher`
[INFO] [stdout]    --> tests/functions.rs:177:18
[INFO] [stdout]     |
[INFO] [stdout] 177 |     use oxilite::cypher::{CypherOptions, Value, Vocabulary};
[INFO] [stdout]     |                  ^^^^^^ could not find `cypher` in `oxilite`
[INFO] [stdout]     |
[INFO] [stdout] note: found an item that was configured out
[INFO] [stdout]    --> src/lib.rs:117:9
[INFO] [stdout]     |
[INFO] [stdout] 116 | #[cfg(feature = "cypher")]
[INFO] [stdout]     |       ------------------ the item is gated behind the `cypher` feature
[INFO] [stdout] 117 | pub mod cypher {
[INFO] [stdout]     |         ^^^^^^
[INFO] [stdout] 
[INFO] [stdout] 
[INFO] [stdout] error[E0433]: cannot find `dylib` in `oxilite`
[INFO] [stdout]    --> tests/store.rs:277:30
[INFO] [stdout]     |
[INFO] [stdout] 277 |     let Some(lib) = oxilite::dylib::find_system_library() else {
[INFO] [stdout]     |                              ^^^^^ could not find `dylib` in `oxilite`
[INFO] [stdout]     |
[INFO] [stdout] note: found an item that was configured out
[INFO] [stdout]    --> src/lib.rs:165:9
[INFO] [stdout]     |
[INFO] [stdout] 164 | #[cfg(feature = "dylib")]
[INFO] [stdout]     |       ----------------- the item is gated behind the `dylib` feature
[INFO] [stdout] 165 | pub mod dylib {
[INFO] [stdout]     |         ^^^^^
[INFO] [stdout] 
[INFO] [stdout] 
[INFO] [stdout] error[E0433]: cannot find `dylib` in `oxilite`
[INFO] [stdout]    --> tests/text.rs:54:52
[INFO] [stdout]     |
[INFO] [stdout]  54 | fn dylib(options: &StoreOptions) -> Store<oxilite::dylib::DylibBackend> {
[INFO] [stdout]     |                                                    ^^^^^ could not find `dylib` in `oxilite`
[INFO] [stdout]     |
[INFO] [stdout] note: found an item that was configured out
[INFO] [stdout]    --> src/lib.rs:165:9
[INFO] [stdout]     |
[INFO] [stdout] 164 | #[cfg(feature = "dylib")]
[INFO] [stdout]     |       ----------------- the item is gated behind the `dylib` feature
[INFO] [stdout] 165 | pub mod dylib {
[INFO] [stdout]     |         ^^^^^
[INFO] [stdout] 
[INFO] [stdout] 
[INFO] [stdout] error[E0433]: cannot find `dylib` in `oxilite`
[INFO] [stdout]    --> tests/versioning.rs:534:26
[INFO] [stdout]     |
[INFO] [stdout] 534 |     Dylib(Store<oxilite::dylib::DylibBackend>),
[INFO] [stdout]     |                          ^^^^^ could not find `dylib` in `oxilite`
[INFO] [stdout]     |
[INFO] [stdout] note: found an item that was configured out
[INFO] [stdout]    --> src/lib.rs:165:9
[INFO] [stdout]     |
[INFO] [stdout] 164 | #[cfg(feature = "dylib")]
[INFO] [stdout]     |       ----------------- the item is gated behind the `dylib` feature
[INFO] [stdout] 165 | pub mod dylib {
[INFO] [stdout]     |         ^^^^^
[INFO] [stdout] 
[INFO] [stdout] 
[INFO] [stdout] error[E0433]: cannot find `dylib` in `oxilite`
[INFO] [stdout]    --> tests/reasoning.rs:19:30
[INFO] [stdout]     |
[INFO] [stdout]  19 | fn dylib() -> Store<oxilite::dylib::DylibBackend> {
[INFO] [stdout]     |                              ^^^^^ could not find `dylib` in `oxilite`
[INFO] [stdout]     |
[INFO] [stdout] note: found an item that was configured out
[INFO] [stdout]    --> src/lib.rs:165:9
[INFO] [stdout]     |
[INFO] [stdout] 164 | #[cfg(feature = "dylib")]
[INFO] [stdout]     |       ----------------- the item is gated behind the `dylib` feature
[INFO] [stdout] 165 | pub mod dylib {
[INFO] [stdout]     |         ^^^^^
[INFO] [stdout] 
[INFO] [stdout] 
[INFO] [stdout] error[E0433]: cannot find `dylib` in `oxilite`
[INFO] [stdout]    --> tests/text.rs:63:18
[INFO] [stdout]     |
[INFO] [stdout]  63 |         oxilite::dylib::DylibBackend::open(lib, ":memory:").unwrap(),
[INFO] [stdout]     |                  ^^^^^ could not find `dylib` in `oxilite`
[INFO] [stdout]     |
[INFO] [stdout] note: found an item that was configured out
[INFO] [stdout]    --> src/lib.rs:165:9
[INFO] [stdout]     |
[INFO] [stdout] 164 | #[cfg(feature = "dylib")]
[INFO] [stdout]     |       ----------------- the item is gated behind the `dylib` feature
[INFO] [stdout] 165 | pub mod dylib {
[INFO] [stdout]     |         ^^^^^
[INFO] [stdout] 
[INFO] [stdout] 
[INFO] [stdout] error[E0433]: cannot find `dylib` in `oxilite`
[INFO] [stdout]    --> tests/versioning.rs:564:37
[INFO] [stdout]     |
[INFO] [stdout] 564 |         if let Some(lib) = oxilite::dylib::find_system_library() {
[INFO] [stdout]     |                                     ^^^^^ could not find `dylib` in `oxilite`
[INFO] [stdout]     |
[INFO] [stdout] note: found an item that was configured out
[INFO] [stdout]    --> src/lib.rs:165:9
[INFO] [stdout]     |
[INFO] [stdout] 164 | #[cfg(feature = "dylib")]
[INFO] [stdout]     |       ----------------- the item is gated behind the `dylib` feature
[INFO] [stdout] 165 | pub mod dylib {
[INFO] [stdout]     |         ^^^^^
[INFO] [stdout] 
[INFO] [stdout] 
[INFO] [stdout] error[E0433]: cannot find `dylib` in `oxilite`
[INFO] [stdout]    --> tests/versioning.rs:565:36
[INFO] [stdout]     |
[INFO] [stdout] 565 |             let backend = oxilite::dylib::DylibBackend::open(lib, ":memory:").unwrap();
[INFO] [stdout]     |                                    ^^^^^ could not find `dylib` in `oxilite`
[INFO] [stdout]     |
[INFO] [stdout] note: found an item that was configured out
[INFO] [stdout]    --> src/lib.rs:165:9
[INFO] [stdout]     |
[INFO] [stdout] 164 | #[cfg(feature = "dylib")]
[INFO] [stdout]     |       ----------------- the item is gated behind the `dylib` feature
[INFO] [stdout] 165 | pub mod dylib {
[INFO] [stdout]     |         ^^^^^
[INFO] [stdout] 
[INFO] [stdout] 
[INFO] [stdout] error[E0599]: no associated function or constant named `open_with_library` found for struct `Store<B>` in the current scope
[INFO] [stdout]    --> tests/store.rs:281:24
[INFO] [stdout]     |
[INFO] [stdout] 281 |     let store = Store::open_with_library(lib, ":memory:")?;
[INFO] [stdout]     |                        ^^^^^^^^^^^^^^^^^ associated function or constant not found in `Store<_>`
[INFO] [stdout]     |
[INFO] [stdout] note: if you're trying to build a new `Store<_>` consider using one of the following associated functions:
[INFO] [stdout]       Store::new
[INFO] [stdout]       Store::open
[INFO] [stdout]       Store::open_with_options
[INFO] [stdout]       Store::open_read_only
[INFO] [stdout]       and 2 others
[INFO] [stdout]    --> src/store.rs:79:5
[INFO] [stdout]     |
[INFO] [stdout]  79 |       pub fn new() -> Result<Self> {
[INFO] [stdout]     |       ^^^^^^^^^^^^^^^^^^^^^^^^^^^^
[INFO] [stdout] ...
[INFO] [stdout]  84 |       pub fn open(path: impl AsRef<std::path::Path>) -> Result<Self> {
[INFO] [stdout]     |       ^^^^^^^^^^^^^^^^^^^^^^^^^^^^^^^^^^^^^^^^^^^^^^^^^^^^^^^^^^^^^^
[INFO] [stdout] ...
[INFO] [stdout]  89 | /     pub fn open_with_options(
[INFO] [stdout]  90 | |         path: impl AsRef<std::path::Path>,
[INFO] [stdout]  91 | |         options: StoreOptions,
[INFO] [stdout]  92 | |     ) -> Result<Self> {
[INFO] [stdout]     | |_____________________^
[INFO] [stdout] ...
[INFO] [stdout]  97 |       pub fn open_read_only(path: impl AsRef<std::path::Path>) -> Result<Self> {
[INFO] [stdout]     |       ^^^^^^^^^^^^^^^^^^^^^^^^^^^^^^^^^^^^^^^^^^^^^^^^^^^^^^^^^^^^^^^^^^^^^^^^
[INFO] [stdout] 
[INFO] [stdout] 
[INFO] [stdout] error[E0599]: no associated function or constant named `open_with_library` found for struct `Store<B>` in the current scope
[INFO] [stdout]   --> tests/reasoning.rs:27:12
[INFO] [stdout]    |
[INFO] [stdout] 27 |     Store::open_with_library(lib, ":memory:").unwrap()
[INFO] [stdout]    |            ^^^^^^^^^^^^^^^^^ associated function or constant not found in `Store<_>`
[INFO] [stdout]    |
[INFO] [stdout] note: if you're trying to build a new `Store<_>` consider using one of the following associated functions:
[INFO] [stdout]       Store::new
[INFO] [stdout]       Store::open
[INFO] [stdout]       Store::open_with_options
[INFO] [stdout]       Store::open_read_only
[INFO] [stdout]       and 2 others
[INFO] [stdout]   --> src/store.rs:79:5
[INFO] [stdout]    |
[INFO] [stdout] 79 |       pub fn new() -> Result<Self> {
[INFO] [stdout]    |       ^^^^^^^^^^^^^^^^^^^^^^^^^^^^
[INFO] [stdout] ...
[INFO] [stdout] 84 |       pub fn open(path: impl AsRef<std::path::Path>) -> Result<Self> {
[INFO] [stdout]    |       ^^^^^^^^^^^^^^^^^^^^^^^^^^^^^^^^^^^^^^^^^^^^^^^^^^^^^^^^^^^^^^
[INFO] [stdout] ...
[INFO] [stdout] 89 | /     pub fn open_with_options(
[INFO] [stdout] 90 | |         path: impl AsRef<std::path::Path>,
[INFO] [stdout] 91 | |         options: StoreOptions,
[INFO] [stdout] 92 | |     ) -> Result<Self> {
[INFO] [stdout]    | |_____________________^
[INFO] [stdout] ...
[INFO] [stdout] 97 |       pub fn open_read_only(path: impl AsRef<std::path::Path>) -> Result<Self> {
[INFO] [stdout]    |       ^^^^^^^^^^^^^^^^^^^^^^^^^^^^^^^^^^^^^^^^^^^^^^^^^^^^^^^^^^^^^^^^^^^^^^^^
[INFO] [stdout] 
[INFO] [stdout] 
[INFO] [stdout] error[E0599]: no method named `cypher_with` found for struct `Store<B>` in the current scope
[INFO] [stdout]    --> tests/functions.rs:186:14
[INFO] [stdout]     |
[INFO] [stdout] 185 |         store
[INFO] [stdout] 186 |             .cypher_with(q, &Default::default(), &options)
[INFO] [stdout]     |              ^^^^^^^^^^^ method not found in `Store`
[INFO] [stdout] 
[INFO] [stdout] 
[INFO] [stdout] For more information about this error, try `rustc --explain E0433`.
[INFO] [stdout] 
[INFO] [stdout] error[E0599]: no method named `cypher_with` found for struct `Store<B>` in the current scope
[INFO] [stdout]    --> tests/functions.rs:217:10
[INFO] [stdout]     |
[INFO] [stdout] 216 |     let err = store
[INFO] [stdout] 217 |         .cypher_with("RETURN nosuch.fn('x')", &Default::default(), &options)
[INFO] [stdout]     |          ^^^^^^^^^^^ method not found in `Store`
[INFO] [stdout] 
[INFO] [stdout] 
[INFO] [stderr] error: could not compile `oxilite` (test "text") due to 2 previous errors
[INFO] [stderr] warning: build failed, waiting for other jobs to finish...
[INFO] [stdout] Some errors have detailed explanations: E0433, E0599.
[INFO] [stdout] 
[INFO] [stdout] For more information about an error, try `rustc --explain E0433`.
[INFO] [stdout] 
[INFO] [stdout] error[E0599]: no method named `datalog` found for reference `&Store<B>` in the current scope
[INFO] [stdout]    --> tests/functions.rs:228:10
[INFO] [stdout]     |
[INFO] [stdout] 227 |     let r = store
[INFO] [stdout] 228 |         .datalog(&format!(
[INFO] [stdout]     |          ^^^^^^^ method not found in `&Store<B>`
[INFO] [stdout] 
[INFO] [stdout] 
[INFO] [stderr] error: could not compile `oxilite` (test "store") due to 2 previous errors
[INFO] [stdout] Some errors have detailed explanations: E0433, E0599.
[INFO] [stdout] 
[INFO] [stdout] For more information about an error, try `rustc --explain E0433`.
[INFO] [stdout] 
[INFO] [stdout] error[E0599]: no method named `datalog` found for struct `Store<B>` in the current scope
[INFO] [stdout]    --> tests/functions.rs:297:10
[INFO] [stdout]     |
[INFO] [stdout] 296 |     let err = store
[INFO] [stdout] 297 |         .datalog(
[INFO] [stdout]     |          ^^^^^^^ method not found in `Store`
[INFO] [stdout] 
[INFO] [stdout] 
[INFO] [stderr] error: could not compile `oxilite` (test "reasoning") due to 2 previous errors
[INFO] [stdout] error[E0599]: no method named `datalog` found for struct `Store<B>` in the current scope
[INFO] [stdout]    --> tests/functions.rs:306:10
[INFO] [stdout]     |
[INFO] [stdout] 305 |     let err = store
[INFO] [stdout] 306 |         .datalog(
[INFO] [stdout]     |          ^^^^^^^ method not found in `Store`
[INFO] [stdout] 
[INFO] [stdout] 
[INFO] [stdout] Some errors have detailed explanations: E0432, E0599.
[INFO] [stdout] 
[INFO] [stdout] For more information about an error, try `rustc --explain E0432`.
[INFO] [stdout] 
[INFO] [stderr] error: could not compile `oxilite` (test "functions") due to 6 previous errors
[INFO] [stdout] For more information about this error, try `rustc --explain E0433`.
[INFO] [stdout] 
[INFO] [stderr] error: could not compile `oxilite` (test "versioning") due to 3 previous errors
[INFO] running `Command { std: "docker" "inspect" "83c5634416178cb65315698f01fa31855212376fb7d36570228ce26ea913d951", kill_on_drop: false }`
[INFO] running `Command { std: "docker" "rm" "-f" "83c5634416178cb65315698f01fa31855212376fb7d36570228ce26ea913d951", kill_on_drop: false }`
[INFO] [stdout] 83c5634416178cb65315698f01fa31855212376fb7d36570228ce26ea913d951
