[INFO] fetching crate oxilite-datalog 0.9.1...
[INFO] testing oxilite-datalog-0.9.1 against 1.99.0-beta.8+cargoflags=--release for beta-release-1.100-2
[INFO] extracting crate oxilite-datalog 0.9.1 into /workspace/builds/worker-7-tc1/source
[INFO] started tweaking crates.io crate oxilite-datalog 0.9.1
[INFO] removed 0 missing tests
[INFO] finished tweaking crates.io crate oxilite-datalog 0.9.1
[INFO] tweaked toml for crates.io crate oxilite-datalog 0.9.1 written to /workspace/builds/worker-7-tc1/source/Cargo.toml
[INFO] validating manifest of crates.io crate oxilite-datalog 0.9.1 on toolchain 1.99.0-beta.8
[INFO] running `Command { std: CARGO_HOME="/workspace/cargo-home" RUSTUP_HOME="/workspace/rustup-home" "/workspace/cargo-home/bin/cargo" "+1.99.0-beta.8" "metadata" "--manifest-path" "Cargo.toml" "--no-deps", kill_on_drop: false }`
[INFO] crate crates.io crate oxilite-datalog 0.9.1 already has a lockfile, it will not be regenerated
[INFO] running `Command { std: CARGO_HOME="/workspace/cargo-home" RUSTUP_HOME="/workspace/rustup-home" "/workspace/cargo-home/bin/cargo" "+1.99.0-beta.8" "fetch" "--manifest-path" "Cargo.toml", kill_on_drop: false }`
[INFO] [stderr]     Updating crates.io index
[INFO] [stderr]  Downloading crates ...
[INFO] [stderr]   Downloaded xxhash-rust v0.8.18
[INFO] [stderr]   Downloaded oxsdatatypes v0.2.3
[INFO] [stderr]   Downloaded oxrdf v0.3.4
[INFO] [stderr]   Downloaded oxilangtag v0.1.6
[INFO] [stderr]   Downloaded oxrdfio v0.2.6
[INFO] [stderr]   Downloaded sparopt v0.3.7
[INFO] [stderr]   Downloaded sparesults v0.3.4
[INFO] [stderr]   Downloaded oxrdfxml v0.2.4
[INFO] [stderr]   Downloaded oxjsonld v0.2.6
[INFO] [stderr]   Downloaded spargebra v0.4.7
[INFO] [stderr]   Downloaded json-event-parser v0.2.3
[INFO] [stderr]   Downloaded spareval v0.2.7
[INFO] [stderr]   Downloaded oxttl v0.2.4
[INFO] [stderr]   Downloaded oxilite-core v0.9.1
[INFO] running `Command { std: "docker" "create" "-v" "/var/lib/crater-agent-workspace/builds/worker-7-tc1/source:/opt/rustwide/workdir:ro,Z" "-v" "/var/lib/crater-agent-workspace/builds/worker-7-tc1/target:/opt/rustwide/target:rw,Z" "-v" "/var/lib/crater-agent-workspace/cargo-home:/opt/rustwide/cargo-home:ro,Z" "-v" "/var/lib/crater-agent-workspace/rustup-home:/opt/rustwide/rustup-home:ro,Z" "-m" "1610612736" "--network" "none" "ghcr.io/rust-lang/crates-build-env/linux@sha256:77db811e55d90add9212f6832c23229e3de5f1c1f9905e8cb07319ea15df73ac" "sleep" "infinity", kill_on_drop: false }`
[INFO] [stdout] df06ae58abc86050038c723130d856c3fb13169a6c1dff67e5238c913853d3b9
[INFO] running `Command { std: "docker" "start" "df06ae58abc86050038c723130d856c3fb13169a6c1dff67e5238c913853d3b9", kill_on_drop: false }`
[INFO] running `Command { std: "docker" "inspect" "df06ae58abc86050038c723130d856c3fb13169a6c1dff67e5238c913853d3b9", kill_on_drop: false }`
[INFO] running `Command { std: "docker" "exec" "-e" "SOURCE_DIR=/opt/rustwide/workdir" "-e" "CARGO_HOME=/opt/rustwide/cargo-home" "-e" "RUSTUP_HOME=/opt/rustwide/rustup-home" "-e" "CARGO_TARGET_DIR=/opt/rustwide/target" "-w" "/opt/rustwide/workdir" "--user" "0:0" "df06ae58abc86050038c723130d856c3fb13169a6c1dff67e5238c913853d3b9" "/opt/rustwide/cargo-home/bin/cargo" "+1.99.0-beta.8" "metadata" "--no-deps" "--format-version=1", kill_on_drop: false }`
[INFO] running `Command { std: "docker" "inspect" "df06ae58abc86050038c723130d856c3fb13169a6c1dff67e5238c913853d3b9", kill_on_drop: false }`
[INFO] running `Command { std: "docker" "exec" "-e" "SOURCE_DIR=/opt/rustwide/workdir" "-e" "CARGO_HOME=/opt/rustwide/cargo-home" "-e" "RUSTUP_HOME=/opt/rustwide/rustup-home" "-e" "CARGO_TARGET_DIR=/opt/rustwide/target" "-e" "CARGO_INCREMENTAL=0" "-e" "RUST_BACKTRACE=full" "-e" "RUSTFLAGS=--cap-lints=warn" "-e" "RUSTDOCFLAGS=--cap-lints=warn" "-w" "/opt/rustwide/workdir" "--user" "0:0" "df06ae58abc86050038c723130d856c3fb13169a6c1dff67e5238c913853d3b9" "/opt/rustwide/cargo-home/bin/cargo" "+1.99.0-beta.8" "build" "--frozen" "--message-format=json" "--release", kill_on_drop: false }`
[INFO] [stderr]    Compiling libc v0.2.189
[INFO] [stderr]    Compiling zerocopy v0.8.57
[INFO] [stderr]    Compiling oxilangtag v0.1.6
[INFO] [stderr]    Compiling json-event-parser v0.2.3
[INFO] [stderr]    Compiling hybrid-array v0.4.15
[INFO] [stderr]    Compiling quick-xml v0.37.5
[INFO] [stderr]    Compiling ryu-js v1.0.3
[INFO] [stderr]    Compiling rustc-hash v2.1.3
[INFO] [stderr]    Compiling xxhash-rust v0.8.18
[INFO] [stderr]    Compiling peg-macros v0.8.6
[INFO] [stderr]    Compiling thiserror-impl v2.0.20
[INFO] [stderr]    Compiling regex v1.13.1
[INFO] [stderr]    Compiling crypto-common v0.2.2
[INFO] [stderr]    Compiling block-buffer v0.12.1
[INFO] [stderr]    Compiling thiserror v2.0.20
[INFO] [stderr]    Compiling oxsdatatypes v0.2.3
[INFO] [stderr]    Compiling peg v0.8.6
[INFO] [stderr]    Compiling getrandom v0.3.4
[INFO] [stderr]    Compiling digest v0.11.3
[INFO] [stderr]    Compiling rand_core v0.9.5
[INFO] [stderr]    Compiling md-5 v0.11.0
[INFO] [stderr]    Compiling sha2 v0.11.0
[INFO] [stderr]    Compiling sha1 v0.11.0
[INFO] [stderr]    Compiling ppv-lite86 v0.2.21
[INFO] [stderr]    Compiling rand_chacha v0.9.0
[INFO] [stderr]    Compiling rand v0.9.5
[INFO] [stderr]    Compiling oxrdf v0.3.4
[INFO] [stderr]    Compiling spargebra v0.4.7
[INFO] [stderr]    Compiling oxjsonld v0.2.6
[INFO] [stderr]    Compiling oxttl v0.2.4
[INFO] [stderr]    Compiling oxrdfxml v0.2.4
[INFO] [stderr]    Compiling sparesults v0.3.4
[INFO] [stderr]    Compiling oxrdfio v0.2.6
[INFO] [stderr]    Compiling sparopt v0.3.7
[INFO] [stderr]    Compiling spareval v0.2.7
[INFO] [stderr]    Compiling oxilite-core v0.9.1
[INFO] [stderr]    Compiling oxilite-datalog v0.9.1 (/opt/rustwide/workdir)
[INFO] [stderr]     Finished `release` profile [optimized] target(s) in 26.03s
[INFO] running `Command { std: "docker" "inspect" "df06ae58abc86050038c723130d856c3fb13169a6c1dff67e5238c913853d3b9", kill_on_drop: false }`
[INFO] running `Command { std: "docker" "exec" "-e" "SOURCE_DIR=/opt/rustwide/workdir" "-e" "CARGO_HOME=/opt/rustwide/cargo-home" "-e" "RUSTUP_HOME=/opt/rustwide/rustup-home" "-e" "CARGO_TARGET_DIR=/opt/rustwide/target" "-e" "CARGO_INCREMENTAL=0" "-e" "RUST_BACKTRACE=full" "-e" "RUSTFLAGS=--cap-lints=warn" "-e" "RUSTDOCFLAGS=--cap-lints=warn" "-w" "/opt/rustwide/workdir" "--user" "0:0" "df06ae58abc86050038c723130d856c3fb13169a6c1dff67e5238c913853d3b9" "/opt/rustwide/cargo-home/bin/cargo" "+1.99.0-beta.8" "test" "--frozen" "--no-run" "--message-format=json" "--release", kill_on_drop: false }`
[INFO] [stderr]    Compiling oxilite-datalog v0.9.1 (/opt/rustwide/workdir)
[INFO] [stdout] error[E0433]: cannot find module or crate `oxilite` in this scope
[INFO] [stdout]  --> tests/versions.rs:3:5
[INFO] [stdout]   |
[INFO] [stdout] 3 | use oxilite::store::Store;
[INFO] [stdout]   |     ^^^^^^^ use of unresolved module or unlinked crate `oxilite`
[INFO] [stdout]   |
[INFO] [stdout]   = help: if you wanted to use a crate named `oxilite`, use `cargo add oxilite` to add it to your `Cargo.toml`
[INFO] [stdout] 
[INFO] [stdout] 
[INFO] [stdout] error[E0433]: cannot find module or crate `oxilite` in this scope
[INFO] [stdout]  --> tests/versions.rs:4:5
[INFO] [stdout]   |
[INFO] [stdout] 4 | use oxilite::version::Versioning;
[INFO] [stdout]   |     ^^^^^^^ use of unresolved module or unlinked crate `oxilite`
[INFO] [stdout]   |
[INFO] [stdout]   = help: if you wanted to use a crate named `oxilite`, use `cargo add oxilite` to add it to your `Cargo.toml`
[INFO] [stdout] 
[INFO] [stdout] 
[INFO] [stdout] error[E0433]: cannot find module or crate `oxilite` in this scope
[INFO] [stdout]   --> tests/versions.rs:61:9
[INFO] [stdout]    |
[INFO] [stdout] 61 |     use oxilite::version::CommitInfo;
[INFO] [stdout]    |         ^^^^^^^ use of unresolved module or unlinked crate `oxilite`
[INFO] [stdout]    |
[INFO] [stdout]    = help: if you wanted to use a crate named `oxilite`, use `cargo add oxilite` to add it to your `Cargo.toml`
[INFO] [stdout] 
[INFO] [stdout] 
[INFO] [stdout] error[E0432]: unresolved import `oxilite`
[INFO] [stdout]  --> tests/versions.rs:5:5
[INFO] [stdout]   |
[INFO] [stdout] 5 | use oxilite::StoreOptions;
[INFO] [stdout]   |     ^^^^^^^ use of unresolved module or unlinked crate `oxilite`
[INFO] [stdout]   |
[INFO] [stdout]   = help: if you wanted to use a crate named `oxilite`, use `cargo add oxilite` to add it to your `Cargo.toml`
[INFO] [stdout] 
[INFO] [stdout] 
[INFO] [stdout] error[E0433]: cannot find module or crate `oxilite` in this scope
[INFO] [stdout]  --> tests/recursion.rs:3:5
[INFO] [stdout]   |
[INFO] [stdout] 3 | use oxilite::store::Store;
[INFO] [stdout]   |     ^^^^^^^ use of unresolved module or unlinked crate `oxilite`
[INFO] [stdout]   |
[INFO] [stdout]   = help: if you wanted to use a crate named `oxilite`, use `cargo add oxilite` to add it to your `Cargo.toml`
[INFO] [stdout] 
[INFO] [stdout] 
[INFO] [stdout] error[E0433]: cannot find module or crate `oxilite` in this scope
[INFO] [stdout]    --> tests/recursion.rs:373:9
[INFO] [stdout]     |
[INFO] [stdout] 373 |     use oxilite::model::{NamedNode, Quad};
[INFO] [stdout]     |         ^^^^^^^ use of unresolved module or unlinked crate `oxilite`
[INFO] [stdout]     |
[INFO] [stdout]     = help: if you wanted to use a crate named `oxilite`, use `cargo add oxilite` to add it to your `Cargo.toml`
[INFO] [stdout] 
[INFO] [stdout] 
[INFO] [stdout] error[E0433]: cannot find module or crate `oxilite` in this scope
[INFO] [stdout]  --> tests/basics.rs:3:5
[INFO] [stdout]   |
[INFO] [stdout] 3 | use oxilite::store::Store;
[INFO] [stdout]   |     ^^^^^^^ use of unresolved module or unlinked crate `oxilite`
[INFO] [stdout]   |
[INFO] [stdout]   = help: if you wanted to use a crate named `oxilite`, use `cargo add oxilite` to add it to your `Cargo.toml`
[INFO] [stdout] 
[INFO] [stdout] 
[INFO] [stdout] error[E0433]: cannot find module or crate `oxilite` in this scope
[INFO] [stdout]    --> tests/recursion.rs:221:19
[INFO] [stdout]     |
[INFO] [stdout] 221 |     let options = oxilite::sparql::QueryOptions {
[INFO] [stdout]     |                   ^^^^^^^ use of unresolved module or unlinked crate `oxilite`
[INFO] [stdout]     |
[INFO] [stdout]     = help: if you wanted to use a crate named `oxilite`, use `cargo add oxilite` to add it to your `Cargo.toml`
[INFO] [stdout] 
[INFO] [stdout] 
[INFO] [stdout] error[E0433]: cannot find module or crate `oxilite` in this scope
[INFO] [stdout]    --> tests/basics.rs:102:9
[INFO] [stdout]     |
[INFO] [stdout] 102 |         oxilite::sparql::QueryResults::Solutions(sol) => sol
[INFO] [stdout]     |         ^^^^^^^ use of unresolved module or unlinked crate `oxilite`
[INFO] [stdout]     |
[INFO] [stdout]     = help: if you wanted to use a crate named `oxilite`, use `cargo add oxilite` to add it to your `Cargo.toml`
[INFO] [stdout] 
[INFO] [stdout] 
[INFO] [stdout] error[E0433]: cannot find module or crate `oxilite` in this scope
[INFO] [stdout]   --> tests/versions.rs:10:9
[INFO] [stdout]    |
[INFO] [stdout] 10 |         oxilite::rusqlite::RusqliteBackend::memory().unwrap(),
[INFO] [stdout]    |         ^^^^^^^ use of unresolved module or unlinked crate `oxilite`
[INFO] [stdout]    |
[INFO] [stdout]    = help: if you wanted to use a crate named `oxilite`, use `cargo add oxilite` to add it to your `Cargo.toml`
[INFO] [stdout] 
[INFO] [stdout] 
[INFO] [stdout] error[E0433]: cannot find module or crate `oxilite` in this scope
[INFO] [stdout]    --> tests/recursion.rs:296:19
[INFO] [stdout]     |
[INFO] [stdout] 296 |     let options = oxilite::sparql::QueryOptions {
[INFO] [stdout]     |                   ^^^^^^^ use of unresolved module or unlinked crate `oxilite`
[INFO] [stdout]     |
[INFO] [stdout]     = help: if you wanted to use a crate named `oxilite`, use `cargo add oxilite` to add it to your `Cargo.toml`
[INFO] [stdout] 
[INFO] [stdout] 
[INFO] [stdout] error[E0433]: cannot find module or crate `oxilite` in this scope
[INFO] [stdout]   --> tests/versions.rs:54:9
[INFO] [stdout]    |
[INFO] [stdout] 54 |         oxilite::rusqlite::RusqliteBackend::memory().unwrap(),
[INFO] [stdout]    |         ^^^^^^^ use of unresolved module or unlinked crate `oxilite`
[INFO] [stdout]    |
[INFO] [stdout]    = help: if you wanted to use a crate named `oxilite`, use `cargo add oxilite` to add it to your `Cargo.toml`
[INFO] [stdout] 
[INFO] [stdout] 
[INFO] [stdout] error[E0433]: cannot find module or crate `oxilite` in this scope
[INFO] [stdout]    --> tests/recursion.rs:324:13
[INFO] [stdout]     |
[INFO] [stdout] 324 | fn count(r: oxilite::sparql::QueryResults) -> usize {
[INFO] [stdout]     |             ^^^^^^^ use of unresolved module or unlinked crate `oxilite`
[INFO] [stdout]     |
[INFO] [stdout]     = help: if you wanted to use a crate named `oxilite`, use `cargo add oxilite` to add it to your `Cargo.toml`
[INFO] [stdout] 
[INFO] [stdout] 
[INFO] [stdout] error[E0433]: cannot find module or crate `oxilite` in this scope
[INFO] [stdout]    --> tests/recursion.rs:326:9
[INFO] [stdout]     |
[INFO] [stdout] 326 |         oxilite::sparql::QueryResults::Solutions(s) => s.count(),
[INFO] [stdout]     |         ^^^^^^^ use of unresolved module or unlinked crate `oxilite`
[INFO] [stdout]     |
[INFO] [stdout]     = help: if you wanted to use a crate named `oxilite`, use `cargo add oxilite` to add it to your `Cargo.toml`
[INFO] [stdout] 
[INFO] [stdout] 
[INFO] [stdout] error[E0433]: cannot find module or crate `oxilite` in this scope
[INFO] [stdout]    --> tests/recursion.rs:343:19
[INFO] [stdout]     |
[INFO] [stdout] 343 |     let options = oxilite::sparql::QueryOptions {
[INFO] [stdout]     |                   ^^^^^^^ use of unresolved module or unlinked crate `oxilite`
[INFO] [stdout]     |
[INFO] [stdout]     = help: if you wanted to use a crate named `oxilite`, use `cargo add oxilite` to add it to your `Cargo.toml`
[INFO] [stdout] 
[INFO] [stdout] 
[INFO] [stdout] error[E0433]: cannot find module or crate `oxilite` in this scope
[INFO] [stdout]    --> tests/recursion.rs:385:9
[INFO] [stdout]     |
[INFO] [stdout] 385 |         oxilite::model::GraphName::DefaultGraph,
[INFO] [stdout]     |         ^^^^^^^ use of unresolved module or unlinked crate `oxilite`
[INFO] [stdout]     |
[INFO] [stdout]     = help: if you wanted to use a crate named `oxilite`, use `cargo add oxilite` to add it to your `Cargo.toml`
[INFO] [stdout] 
[INFO] [stdout] 
[INFO] [stdout] error[E0433]: cannot find module or crate `oxilite` in this scope
[INFO] [stdout]    --> tests/recursion.rs:391:9
[INFO] [stdout]     |
[INFO] [stdout] 391 |         oxilite::model::GraphName::DefaultGraph,
[INFO] [stdout]     |         ^^^^^^^ use of unresolved module or unlinked crate `oxilite`
[INFO] [stdout]     |
[INFO] [stdout]     = help: if you wanted to use a crate named `oxilite`, use `cargo add oxilite` to add it to your `Cargo.toml`
[INFO] [stdout] 
[INFO] [stdout] 
[INFO] [stdout] error[E0433]: cannot find module or crate `oxilite` in this scope
[INFO] [stdout]    --> tests/recursion.rs:426:9
[INFO] [stdout]     |
[INFO] [stdout] 426 |         oxilite::model::GraphName::DefaultGraph,
[INFO] [stdout]     |         ^^^^^^^ use of unresolved module or unlinked crate `oxilite`
[INFO] [stdout]     |
[INFO] [stdout]     = help: if you wanted to use a crate named `oxilite`, use `cargo add oxilite` to add it to your `Cargo.toml`
[INFO] [stdout] 
[INFO] [stdout] 
[INFO] [stdout] Some errors have detailed explanations: E0432, E0433.
[INFO] [stdout] 
[INFO] [stdout] For more information about an error, try `rustc --explain E0432`.
[INFO] [stdout] 
[INFO] [stderr] error: could not compile `oxilite-datalog` (test "versions") due to 6 previous errors
[INFO] [stderr] warning: build failed, waiting for other jobs to finish...
[INFO] [stdout] For more information about this error, try `rustc --explain E0433`.
[INFO] [stdout] 
[INFO] [stderr] error: could not compile `oxilite-datalog` (test "basics") due to 2 previous errors
[INFO] [stdout] For more information about this error, try `rustc --explain E0433`.
[INFO] [stdout] 
[INFO] [stderr] error: could not compile `oxilite-datalog` (test "recursion") due to 10 previous errors
[INFO] running `Command { std: "docker" "inspect" "df06ae58abc86050038c723130d856c3fb13169a6c1dff67e5238c913853d3b9", kill_on_drop: false }`
[INFO] running `Command { std: "docker" "rm" "-f" "df06ae58abc86050038c723130d856c3fb13169a6c1dff67e5238c913853d3b9", kill_on_drop: false }`
[INFO] [stdout] df06ae58abc86050038c723130d856c3fb13169a6c1dff67e5238c913853d3b9
