[INFO] fetching crate oxihuman-core 0.2.1...
[INFO] testing oxihuman-core-0.2.1 against 1.99.0-beta.8+cargoflags=--release for beta-release-1.100-2
[INFO] extracting crate oxihuman-core 0.2.1 into /workspace/builds/worker-1-tc1/source
[INFO] started tweaking crates.io crate oxihuman-core 0.2.1
[INFO] removed 0 missing tests
[INFO] finished tweaking crates.io crate oxihuman-core 0.2.1
[INFO] tweaked toml for crates.io crate oxihuman-core 0.2.1 written to /workspace/builds/worker-1-tc1/source/Cargo.toml
[INFO] validating manifest of crates.io crate oxihuman-core 0.2.1 on toolchain 1.99.0-beta.8
[INFO] running `Command { std: CARGO_HOME="/workspace/cargo-home" RUSTUP_HOME="/workspace/rustup-home" "/workspace/cargo-home/bin/cargo" "+1.99.0-beta.8" "metadata" "--manifest-path" "Cargo.toml" "--no-deps", kill_on_drop: false }`
[INFO] crate crates.io crate oxihuman-core 0.2.1 already has a lockfile, it will not be regenerated
[INFO] running `Command { std: CARGO_HOME="/workspace/cargo-home" RUSTUP_HOME="/workspace/rustup-home" "/workspace/cargo-home/bin/cargo" "+1.99.0-beta.8" "fetch" "--manifest-path" "Cargo.toml", kill_on_drop: false }`
[INFO] [stderr]     Updating crates.io index
[INFO] [stderr]  Downloading crates ...
[INFO] [stderr]   Downloaded oxiarc-core v0.3.5
[INFO] [stderr]   Downloaded oxiarc-deflate v0.3.5
[INFO] [stderr]   Downloaded zune-png v0.5.2
[INFO] [stderr]   Downloaded fontdue v0.9.3
[INFO] [stderr]   Downloaded ttf-parser v0.21.1
[INFO] running `Command { std: "docker" "create" "-v" "/var/lib/crater-agent-workspace/builds/worker-1-tc1/source:/opt/rustwide/workdir:ro,Z" "-v" "/var/lib/crater-agent-workspace/builds/worker-1-tc1/target:/opt/rustwide/target:rw,Z" "-v" "/var/lib/crater-agent-workspace/cargo-home:/opt/rustwide/cargo-home:ro,Z" "-v" "/var/lib/crater-agent-workspace/rustup-home:/opt/rustwide/rustup-home:ro,Z" "-m" "1610612736" "--network" "none" "ghcr.io/rust-lang/crates-build-env/linux@sha256:77db811e55d90add9212f6832c23229e3de5f1c1f9905e8cb07319ea15df73ac" "sleep" "infinity", kill_on_drop: false }`
[INFO] [stdout] 31ab029106eb79d778e421dd1fbed0287e3373d60951b35347124f13c2790505
[INFO] running `Command { std: "docker" "start" "31ab029106eb79d778e421dd1fbed0287e3373d60951b35347124f13c2790505", kill_on_drop: false }`
[INFO] running `Command { std: "docker" "inspect" "31ab029106eb79d778e421dd1fbed0287e3373d60951b35347124f13c2790505", kill_on_drop: false }`
[INFO] running `Command { std: "docker" "exec" "-e" "SOURCE_DIR=/opt/rustwide/workdir" "-e" "CARGO_HOME=/opt/rustwide/cargo-home" "-e" "RUSTUP_HOME=/opt/rustwide/rustup-home" "-e" "CARGO_TARGET_DIR=/opt/rustwide/target" "-w" "/opt/rustwide/workdir" "--user" "0:0" "31ab029106eb79d778e421dd1fbed0287e3373d60951b35347124f13c2790505" "/opt/rustwide/cargo-home/bin/cargo" "+1.99.0-beta.8" "metadata" "--no-deps" "--format-version=1", kill_on_drop: false }`
[INFO] running `Command { std: "docker" "inspect" "31ab029106eb79d778e421dd1fbed0287e3373d60951b35347124f13c2790505", kill_on_drop: false }`
[INFO] running `Command { std: "docker" "exec" "-e" "SOURCE_DIR=/opt/rustwide/workdir" "-e" "CARGO_HOME=/opt/rustwide/cargo-home" "-e" "RUSTUP_HOME=/opt/rustwide/rustup-home" "-e" "CARGO_TARGET_DIR=/opt/rustwide/target" "-e" "CARGO_INCREMENTAL=0" "-e" "RUST_BACKTRACE=full" "-e" "RUSTFLAGS=--cap-lints=warn" "-e" "RUSTDOCFLAGS=--cap-lints=warn" "-w" "/opt/rustwide/workdir" "--user" "0:0" "31ab029106eb79d778e421dd1fbed0287e3373d60951b35347124f13c2790505" "/opt/rustwide/cargo-home/bin/cargo" "+1.99.0-beta.8" "build" "--frozen" "--message-format=json" "--release", kill_on_drop: false }`
[INFO] [stderr]    Compiling typenum v1.20.1
[INFO] [stderr]    Compiling thiserror-impl v2.0.18
[INFO] [stderr]    Compiling zmij v1.0.22
[INFO] [stderr]    Compiling anyhow v1.0.103
[INFO] [stderr]    Compiling foldhash v0.1.5
[INFO] [stderr]    Compiling toml_datetime v1.1.1+spec-1.1.0
[INFO] [stderr]    Compiling serde_spanned v1.1.1
[INFO] [stderr]    Compiling serde_derive v1.0.228
[INFO] [stderr]    Compiling zune-inflate v0.2.54
[INFO] [stderr]    Compiling zune-core v0.5.1
[INFO] [stderr]    Compiling ttf-parser v0.21.1
[INFO] [stderr]    Compiling hashbrown v0.15.5
[INFO] [stderr]    Compiling toml v1.1.2+spec-1.1.0
[INFO] [stderr]    Compiling zune-png v0.5.2
[INFO] [stderr]    Compiling serde_json v1.0.150
[INFO] [stderr]    Compiling thiserror v2.0.18
[INFO] [stderr]    Compiling oxiarc-core v0.3.5
[INFO] [stderr]    Compiling hybrid-array v0.4.13
[INFO] [stderr]    Compiling oxiarc-deflate v0.3.5
[INFO] [stderr]    Compiling fontdue v0.9.3
[INFO] [stderr]    Compiling block-buffer v0.12.1
[INFO] [stderr]    Compiling crypto-common v0.2.2
[INFO] [stderr]    Compiling serde v1.0.228
[INFO] [stderr]    Compiling digest v0.11.3
[INFO] [stderr]    Compiling sha2 v0.11.0
[INFO] [stderr]    Compiling oxihuman-core v0.2.1 (/opt/rustwide/workdir)
[INFO] [stderr]     Finished `release` profile [optimized] target(s) in 44.86s
[INFO] running `Command { std: "docker" "inspect" "31ab029106eb79d778e421dd1fbed0287e3373d60951b35347124f13c2790505", kill_on_drop: false }`
[INFO] running `Command { std: "docker" "exec" "-e" "SOURCE_DIR=/opt/rustwide/workdir" "-e" "CARGO_HOME=/opt/rustwide/cargo-home" "-e" "RUSTUP_HOME=/opt/rustwide/rustup-home" "-e" "CARGO_TARGET_DIR=/opt/rustwide/target" "-e" "CARGO_INCREMENTAL=0" "-e" "RUST_BACKTRACE=full" "-e" "RUSTFLAGS=--cap-lints=warn" "-e" "RUSTDOCFLAGS=--cap-lints=warn" "-w" "/opt/rustwide/workdir" "--user" "0:0" "31ab029106eb79d778e421dd1fbed0287e3373d60951b35347124f13c2790505" "/opt/rustwide/cargo-home/bin/cargo" "+1.99.0-beta.8" "test" "--frozen" "--no-run" "--message-format=json" "--release", kill_on_drop: false }`
[INFO] [stderr]    Compiling syn v2.0.118
[INFO] [stderr]    Compiling rustix v1.1.4
[INFO] [stderr]    Compiling bitflags v2.13.0
[INFO] [stderr]    Compiling getrandom v0.3.4
[INFO] [stderr]    Compiling getrandom v0.4.3
[INFO] [stderr]    Compiling regex-automata v0.4.15
[INFO] [stderr]    Compiling wait-timeout v0.2.1
[INFO] [stderr]    Compiling bit-vec v0.8.0
[INFO] [stderr]    Compiling unarray v0.1.4
[INFO] [stderr]    Compiling bit-set v0.8.0
[INFO] [stderr]    Compiling rand_core v0.9.5
[INFO] [stderr]    Compiling rand v0.9.5
[INFO] [stderr]    Compiling rand_xorshift v0.4.0
[INFO] [stderr]    Compiling regex v1.13.0
[INFO] [stderr]    Compiling tempfile v3.27.0
[INFO] [stderr]    Compiling rusty-fork v0.3.1
[INFO] [stderr]    Compiling zerocopy-derive v0.8.54
[INFO] [stderr]    Compiling serde_derive v1.0.228
[INFO] [stderr]    Compiling thiserror-impl v2.0.18
[INFO] [stderr]    Compiling thiserror v2.0.18
[INFO] [stderr]    Compiling oxiarc-core v0.3.5
[INFO] [stderr]    Compiling zerocopy v0.8.54
[INFO] [stderr]    Compiling oxiarc-deflate v0.3.5
[INFO] [stderr]    Compiling serde v1.0.228
[INFO] [stderr]    Compiling tinytemplate v1.2.1
[INFO] [stderr]    Compiling oxihuman-core v0.2.1 (/opt/rustwide/workdir)
[INFO] [stderr]    Compiling half v2.7.1
[INFO] [stderr]    Compiling ppv-lite86 v0.2.21
[INFO] [stderr]    Compiling ciborium-ll v0.2.2
[INFO] [stderr]    Compiling rand_chacha v0.9.0
[INFO] [stderr]    Compiling ciborium v0.2.2
[INFO] [stderr]    Compiling proptest v1.11.0
[INFO] [stderr]    Compiling criterion v0.8.2
[INFO] [stdout] error[E0433]: cannot find module or crate `oxihuman_test_utils` in this scope
[INFO] [stdout]   --> src/manifest.rs:59:20
[INFO] [stdout]    |
[INFO] [stdout] 59 |         let path = oxihuman_test_utils::assets_dir().join("alpha_pack/oxihuman_assets.toml");
[INFO] [stdout]    |                    ^^^^^^^^^^^^^^^^^^^ use of unresolved module or unlinked crate `oxihuman_test_utils`
[INFO] [stdout]    |
[INFO] [stdout]    = help: if you wanted to use a crate named `oxihuman_test_utils`, use `cargo add oxihuman_test_utils` to add it to your `Cargo.toml`
[INFO] [stdout] 
[INFO] [stdout] 
[INFO] [stdout] error[E0433]: cannot find module or crate `oxihuman_test_utils` in this scope
[INFO] [stdout]    --> src/parser/obj.rs:252:20
[INFO] [stdout]     |
[INFO] [stdout] 252 |         let path = oxihuman_test_utils::base_obj();
[INFO] [stdout]     |                    ^^^^^^^^^^^^^^^^^^^ use of unresolved module or unlinked crate `oxihuman_test_utils`
[INFO] [stdout]     |
[INFO] [stdout]     = help: if you wanted to use a crate named `oxihuman_test_utils`, use `cargo add oxihuman_test_utils` to add it to your `Cargo.toml`
[INFO] [stdout] 
[INFO] [stdout] 
[INFO] [stdout] error[E0433]: cannot find module or crate `oxihuman_test_utils` in this scope
[INFO] [stdout]    --> src/parser/obj.rs:369:20
[INFO] [stdout]     |
[INFO] [stdout] 369 |         let path = oxihuman_test_utils::base_obj();
[INFO] [stdout]     |                    ^^^^^^^^^^^^^^^^^^^ use of unresolved module or unlinked crate `oxihuman_test_utils`
[INFO] [stdout]     |
[INFO] [stdout]     = help: if you wanted to use a crate named `oxihuman_test_utils`, use `cargo add oxihuman_test_utils` to add it to your `Cargo.toml`
[INFO] [stdout] 
[INFO] [stdout] 
[INFO] [stdout] error[E0433]: cannot find module or crate `oxihuman_test_utils` in this scope
[INFO] [stdout]   --> src/parser/target.rs:87:20
[INFO] [stdout]    |
[INFO] [stdout] 87 |         let path = oxihuman_test_utils::targets_dir().join("armslegs");
[INFO] [stdout]    |                    ^^^^^^^^^^^^^^^^^^^ use of unresolved module or unlinked crate `oxihuman_test_utils`
[INFO] [stdout]    |
[INFO] [stdout]    = help: if you wanted to use a crate named `oxihuman_test_utils`, use `cargo add oxihuman_test_utils` to add it to your `Cargo.toml`
[INFO] [stdout] 
[INFO] [stdout] 
[INFO] [stderr] error: could not compile `oxihuman-core` (lib)
[INFO] [stderr] 
[INFO] [stderr] Caused by:
[INFO] [stderr]   process didn't exit successfully: `/opt/rustwide/rustup-home/toolchains/1.99.0-beta.8-x86_64-unknown-linux-gnu/bin/rustc --crate-name oxihuman_core --edition=2021 src/lib.rs --error-format=json --json=diagnostic-rendered-ansi,artifacts,future-incompat --crate-type lib --emit=dep-info,metadata,link -C opt-level=3 -C embed-bitcode=no --cfg 'feature="default"' --check-cfg 'cfg(docsrs,test)' --check-cfg 'cfg(feature, values("default", "net"))' -C metadata=ee7b7a3d5028eddf -C extra-filename=-e8658d26fa2e74c3 --out-dir /opt/rustwide/target/release/deps -C strip=debuginfo -L dependency=/opt/rustwide/target/release/deps --extern anyhow=/opt/rustwide/target/release/deps/libanyhow-0abe3fa47b7a83a1.rmeta --extern fontdue=/opt/rustwide/target/release/deps/libfontdue-7c0855aeccd75b4b.rmeta --extern hex=/opt/rustwide/target/release/deps/libhex-ffa975566df5dac7.rmeta --extern oxiarc_deflate=/opt/rustwide/target/release/deps/liboxiarc_deflate-57cce54ca9b34038.rmeta --extern serde=/opt/rustwide/target/release/deps/libserde-8d0504d182ecd5a3.rmeta --extern serde_json=/opt/rustwide/target/release/deps/libserde_json-3a4d2509ff5f6d2f.rmeta --extern sha2=/opt/rustwide/target/release/deps/libsha2-a6bd7d44da5c7335.rmeta --extern thiserror=/opt/rustwide/target/release/deps/libthiserror-a2d47eeaf411ea01.rmeta --extern toml=/opt/rustwide/target/release/deps/libtoml-6702507e6db548fe.rmeta --extern zune_core=/opt/rustwide/target/release/deps/libzune_core-baef7ff6953d03a4.rmeta --extern zune_png=/opt/rustwide/target/release/deps/libzune_png-93f462a755fab837.rmeta --cap-lints=warn` (signal: 9, SIGKILL: kill)
[INFO] [stderr] warning: build failed, waiting for other jobs to finish...
[INFO] [stdout] For more information about this error, try `rustc --explain E0433`.
[INFO] [stdout] 
[INFO] [stderr] error: could not compile `oxihuman-core` (lib test) due to 4 previous errors
[INFO] running `Command { std: "docker" "inspect" "31ab029106eb79d778e421dd1fbed0287e3373d60951b35347124f13c2790505", kill_on_drop: false }`
[INFO] running `Command { std: "docker" "rm" "-f" "31ab029106eb79d778e421dd1fbed0287e3373d60951b35347124f13c2790505", kill_on_drop: false }`
[INFO] [stdout] 31ab029106eb79d778e421dd1fbed0287e3373d60951b35347124f13c2790505
