[INFO] fetching crate oxihuman-cli 0.2.1...
[INFO] testing oxihuman-cli-0.2.1 against 1.100.0-beta.1+cargoflags=--release for beta-release-1.100-2
[INFO] extracting crate oxihuman-cli 0.2.1 into /workspace/builds/worker-5-tc2/source
[INFO] started tweaking crates.io crate oxihuman-cli 0.2.1
[INFO] removed 0 missing tests
[INFO] finished tweaking crates.io crate oxihuman-cli 0.2.1
[INFO] tweaked toml for crates.io crate oxihuman-cli 0.2.1 written to /workspace/builds/worker-5-tc2/source/Cargo.toml
[INFO] validating manifest of crates.io crate oxihuman-cli 0.2.1 on toolchain 1.100.0-beta.1
[INFO] running `Command { std: CARGO_HOME="/workspace/cargo-home" RUSTUP_HOME="/workspace/rustup-home" "/workspace/cargo-home/bin/cargo" "+1.100.0-beta.1" "metadata" "--manifest-path" "Cargo.toml" "--no-deps", kill_on_drop: false }`
[INFO] crate crates.io crate oxihuman-cli 0.2.1 already has a lockfile, it will not be regenerated
[INFO] running `Command { std: CARGO_HOME="/workspace/cargo-home" RUSTUP_HOME="/workspace/rustup-home" "/workspace/cargo-home/bin/cargo" "+1.100.0-beta.1" "fetch" "--manifest-path" "Cargo.toml", kill_on_drop: false }`
[INFO] [stderr] warning: `package.homepage` is redundant with `package.repository`
[INFO] [stderr]   --> Cargo.toml:49:12
[INFO] [stderr]    |
[INFO] [stderr] 49 | homepage = "https://github.com/cool-japan/oxihuman"
[INFO] [stderr]    |            ^^^^^^^^^^^^^^^^^^^^^^^^^^^^^^^^^^^^^^^^
[INFO] [stderr] ...
[INFO] [stderr] 54 | repository = "https://github.com/cool-japan/oxihuman"
[INFO] [stderr]    |              ----------------------------------------
[INFO] [stderr]    |
[INFO] [stderr]    = note: `cargo::redundant_homepage` is set to `warn` by default
[INFO] [stderr] help: consider removing `package.homepage`
[INFO] [stderr] warning: `oxihuman-cli` (manifest) generated 1 warning
[INFO] running `Command { std: "docker" "create" "-v" "/var/lib/crater-agent-workspace/builds/worker-5-tc2/source:/opt/rustwide/workdir:ro,Z" "-v" "/var/lib/crater-agent-workspace/builds/worker-5-tc2/target:/opt/rustwide/target:rw,Z" "-v" "/var/lib/crater-agent-workspace/cargo-home:/opt/rustwide/cargo-home:ro,Z" "-v" "/var/lib/crater-agent-workspace/rustup-home:/opt/rustwide/rustup-home:ro,Z" "-m" "1610612736" "--network" "none" "ghcr.io/rust-lang/crates-build-env/linux@sha256:77db811e55d90add9212f6832c23229e3de5f1c1f9905e8cb07319ea15df73ac" "sleep" "infinity", kill_on_drop: false }`
[INFO] [stdout] 3e80a6fb8d8e8e541d57ff2bdf3122d8dbec47d38d9f5dbff6c9b141e2122f46
[INFO] running `Command { std: "docker" "start" "3e80a6fb8d8e8e541d57ff2bdf3122d8dbec47d38d9f5dbff6c9b141e2122f46", kill_on_drop: false }`
[INFO] running `Command { std: "docker" "inspect" "3e80a6fb8d8e8e541d57ff2bdf3122d8dbec47d38d9f5dbff6c9b141e2122f46", kill_on_drop: false }`
[INFO] running `Command { std: "docker" "exec" "-e" "SOURCE_DIR=/opt/rustwide/workdir" "-e" "CARGO_HOME=/opt/rustwide/cargo-home" "-e" "RUSTUP_HOME=/opt/rustwide/rustup-home" "-e" "CARGO_TARGET_DIR=/opt/rustwide/target" "-w" "/opt/rustwide/workdir" "--user" "0:0" "3e80a6fb8d8e8e541d57ff2bdf3122d8dbec47d38d9f5dbff6c9b141e2122f46" "/opt/rustwide/cargo-home/bin/cargo" "+1.100.0-beta.1" "metadata" "--no-deps" "--format-version=1", kill_on_drop: false }`
[INFO] running `Command { std: "docker" "inspect" "3e80a6fb8d8e8e541d57ff2bdf3122d8dbec47d38d9f5dbff6c9b141e2122f46", kill_on_drop: false }`
[INFO] running `Command { std: "docker" "exec" "-e" "SOURCE_DIR=/opt/rustwide/workdir" "-e" "CARGO_HOME=/opt/rustwide/cargo-home" "-e" "RUSTUP_HOME=/opt/rustwide/rustup-home" "-e" "CARGO_TARGET_DIR=/opt/rustwide/target" "-e" "CARGO_INCREMENTAL=0" "-e" "RUST_BACKTRACE=full" "-e" "RUSTFLAGS=--cap-lints=warn" "-e" "RUSTDOCFLAGS=--cap-lints=warn" "-w" "/opt/rustwide/workdir" "--user" "0:0" "3e80a6fb8d8e8e541d57ff2bdf3122d8dbec47d38d9f5dbff6c9b141e2122f46" "/opt/rustwide/cargo-home/bin/cargo" "+1.100.0-beta.1" "build" "--frozen" "--message-format=json" "--release", kill_on_drop: false }`
[INFO] [stderr] warning: `package.homepage` is redundant with `package.repository`
[INFO] [stderr]   --> Cargo.toml:49:12
[INFO] [stderr]    |
[INFO] [stderr] 49 | homepage = "https://github.com/cool-japan/oxihuman"
[INFO] [stderr]    |            ^^^^^^^^^^^^^^^^^^^^^^^^^^^^^^^^^^^^^^^^
[INFO] [stderr] ...
[INFO] [stderr] 54 | repository = "https://github.com/cool-japan/oxihuman"
[INFO] [stderr]    |              ----------------------------------------
[INFO] [stderr]    |
[INFO] [stderr]    = note: `cargo::redundant_homepage` is set to `warn` by default
[INFO] [stderr] help: consider removing `package.homepage`
[INFO] [stderr] warning: `oxihuman-cli` (manifest) generated 1 warning
[INFO] [stderr]    Compiling zmij v1.0.22
[INFO] [stderr]    Compiling syn v2.0.118
[INFO] [stderr]    Compiling winnow v1.0.3
[INFO] [stderr]    Compiling simd-adler32 v0.3.9
[INFO] [stderr]    Compiling digest v0.11.3
[INFO] [stderr]    Compiling toml_datetime v1.1.1+spec-1.1.0
[INFO] [stderr]    Compiling serde_spanned v1.1.1
[INFO] [stderr]    Compiling ttf-parser v0.21.1
[INFO] [stderr]    Compiling zune-inflate v0.2.54
[INFO] [stderr]    Compiling toml_writer v1.1.1+spec-1.1.0
[INFO] [stderr]    Compiling toml_parser v1.1.2+spec-1.1.0
[INFO] [stderr]    Compiling tokio v1.52.3
[INFO] [stderr]    Compiling serde_json v1.0.150
[INFO] [stderr]    Compiling zune-png v0.5.2
[INFO] [stderr]    Compiling sha2 v0.11.0
[INFO] [stderr]    Compiling toml v1.1.2+spec-1.1.0
[INFO] [stderr]    Compiling either v1.16.0
[INFO] [stderr]    Compiling rayon v1.12.0
[INFO] [stderr]    Compiling fontdue v0.9.3
[INFO] [stderr]    Compiling thiserror-impl v2.0.18
[INFO] [stderr]    Compiling serde_derive v1.0.228
[INFO] [stderr]    Compiling bytemuck_derive v1.11.0
[INFO] [stderr]    Compiling thiserror v2.0.18
[INFO] [stderr]    Compiling oxiarc-core v0.3.5
[INFO] [stderr]    Compiling bytemuck v1.25.1
[INFO] [stderr]    Compiling oxiarc-deflate v0.3.5
[INFO] [stderr]    Compiling oxiarc-lzhuf v0.3.5
[INFO] [stderr]    Compiling oxiarc-brotli v0.3.5
[INFO] [stderr]    Compiling oxiarc-lzma v0.3.5
[INFO] [stderr]    Compiling oxiarc-bzip2 v0.3.5
[INFO] [stderr]    Compiling oxiarc-snappy v0.3.5
[INFO] [stderr]    Compiling oxiarc-lz4 v0.3.5
[INFO] [stderr]    Compiling oxiarc-zstd v0.3.5
[INFO] [stderr]    Compiling serde v1.0.228
[INFO] [stderr]    Compiling oxiarc-archive v0.3.5
[INFO] [stderr]    Compiling oxihuman-core v0.2.1
[INFO] [stderr]    Compiling oxihuman-morph v0.2.1
[INFO] [stderr]    Compiling oxihuman-mesh v0.2.1
[INFO] [stderr]    Compiling oxihuman-physics v0.2.1
[INFO] [stderr]    Compiling oxihuman-export v0.2.1
[INFO] [stderr]    Compiling oxihuman-viewer v0.2.1
[INFO] [stderr]    Compiling oxihuman-cli v0.2.1 (/opt/rustwide/workdir)
[INFO] [stderr]     Finished `release` profile [optimized] target(s) in 7m 27s
[INFO] running `Command { std: "docker" "inspect" "3e80a6fb8d8e8e541d57ff2bdf3122d8dbec47d38d9f5dbff6c9b141e2122f46", kill_on_drop: false }`
[INFO] running `Command { std: "docker" "exec" "-e" "SOURCE_DIR=/opt/rustwide/workdir" "-e" "CARGO_HOME=/opt/rustwide/cargo-home" "-e" "RUSTUP_HOME=/opt/rustwide/rustup-home" "-e" "CARGO_TARGET_DIR=/opt/rustwide/target" "-e" "CARGO_INCREMENTAL=0" "-e" "RUST_BACKTRACE=full" "-e" "RUSTFLAGS=--cap-lints=warn" "-e" "RUSTDOCFLAGS=--cap-lints=warn" "-w" "/opt/rustwide/workdir" "--user" "0:0" "3e80a6fb8d8e8e541d57ff2bdf3122d8dbec47d38d9f5dbff6c9b141e2122f46" "/opt/rustwide/cargo-home/bin/cargo" "+1.100.0-beta.1" "test" "--frozen" "--no-run" "--message-format=json" "--release", kill_on_drop: false }`
[INFO] [stderr] warning: `package.homepage` is redundant with `package.repository`
[INFO] [stderr]   --> Cargo.toml:49:12
[INFO] [stderr]    |
[INFO] [stderr] 49 | homepage = "https://github.com/cool-japan/oxihuman"
[INFO] [stderr]    |            ^^^^^^^^^^^^^^^^^^^^^^^^^^^^^^^^^^^^^^^^
[INFO] [stderr] ...
[INFO] [stderr] 54 | repository = "https://github.com/cool-japan/oxihuman"
[INFO] [stderr]    |              ----------------------------------------
[INFO] [stderr]    |
[INFO] [stderr]    = note: `cargo::redundant_homepage` is set to `warn` by default
[INFO] [stderr] help: consider removing `package.homepage`
[INFO] [stderr] warning: `oxihuman-cli` (manifest) generated 1 warning
[INFO] [stderr]    Compiling oxihuman-cli v0.2.1 (/opt/rustwide/workdir)
[INFO] [stdout] error[E0433]: cannot find module or crate `oxihuman_test_utils` in this scope
[INFO] [stdout]   --> tests/cli_unit_core.rs:49:21
[INFO] [stdout]    |
[INFO] [stdout] 49 |     let base_path = oxihuman_test_utils::base_obj();
[INFO] [stdout]    |                     ^^^^^^^^^^^^^^^^^^^ use of unresolved module or unlinked crate `oxihuman_test_utils`
[INFO] [stdout]    |
[INFO] [stdout]    = help: if you wanted to use a crate named `oxihuman_test_utils`, use `cargo add oxihuman_test_utils` to add it to your `Cargo.toml`
[INFO] [stdout] 
[INFO] [stdout] 
[INFO] [stdout] error[E0433]: cannot find module or crate `oxihuman_test_utils` in this scope
[INFO] [stdout]   --> tests/cli_unit_core.rs:72:21
[INFO] [stdout]    |
[INFO] [stdout] 72 |     let base_path = oxihuman_test_utils::base_obj();
[INFO] [stdout]    |                     ^^^^^^^^^^^^^^^^^^^ use of unresolved module or unlinked crate `oxihuman_test_utils`
[INFO] [stdout]    |
[INFO] [stdout]    = help: if you wanted to use a crate named `oxihuman_test_utils`, use `cargo add oxihuman_test_utils` to add it to your `Cargo.toml`
[INFO] [stdout] 
[INFO] [stdout] 
[INFO] [stdout] error[E0433]: cannot find module or crate `oxihuman_test_utils` in this scope
[INFO] [stdout]   --> tests/cli_unit_core.rs:96:21
[INFO] [stdout]    |
[INFO] [stdout] 96 |     let base_path = oxihuman_test_utils::base_obj();
[INFO] [stdout]    |                     ^^^^^^^^^^^^^^^^^^^ use of unresolved module or unlinked crate `oxihuman_test_utils`
[INFO] [stdout]    |
[INFO] [stdout]    = help: if you wanted to use a crate named `oxihuman_test_utils`, use `cargo add oxihuman_test_utils` to add it to your `Cargo.toml`
[INFO] [stdout] 
[INFO] [stdout] 
[INFO] [stdout] error[E0433]: cannot find module or crate `oxihuman_test_utils` in this scope
[INFO] [stdout]    --> tests/cli_unit_core.rs:141:21
[INFO] [stdout]     |
[INFO] [stdout] 141 |     let base_path = oxihuman_test_utils::base_obj();
[INFO] [stdout]     |                     ^^^^^^^^^^^^^^^^^^^ use of unresolved module or unlinked crate `oxihuman_test_utils`
[INFO] [stdout]     |
[INFO] [stdout]     = help: if you wanted to use a crate named `oxihuman_test_utils`, use `cargo add oxihuman_test_utils` to add it to your `Cargo.toml`
[INFO] [stdout] 
[INFO] [stdout] 
[INFO] [stdout] error[E0433]: cannot find module or crate `oxihuman_test_utils` in this scope
[INFO] [stdout]    --> tests/cli_unit_core.rs:169:16
[INFO] [stdout]     |
[INFO] [stdout] 169 |     let path = oxihuman_test_utils::targets_dir().join("armslegs");
[INFO] [stdout]     |                ^^^^^^^^^^^^^^^^^^^ use of unresolved module or unlinked crate `oxihuman_test_utils`
[INFO] [stdout]     |
[INFO] [stdout]     = help: if you wanted to use a crate named `oxihuman_test_utils`, use `cargo add oxihuman_test_utils` to add it to your `Cargo.toml`
[INFO] [stdout] 
[INFO] [stdout] 
[INFO] [stdout] For more information about this error, try `rustc --explain E0433`.
[INFO] [stdout] 
[INFO] [stderr] error: could not compile `oxihuman-cli` (test "cli_unit_core") due to 5 previous errors
[INFO] [stderr] warning: build failed, waiting for other jobs to finish...
[INFO] running `Command { std: "docker" "inspect" "3e80a6fb8d8e8e541d57ff2bdf3122d8dbec47d38d9f5dbff6c9b141e2122f46", kill_on_drop: false }`
[INFO] running `Command { std: "docker" "rm" "-f" "3e80a6fb8d8e8e541d57ff2bdf3122d8dbec47d38d9f5dbff6c9b141e2122f46", kill_on_drop: false }`
[INFO] [stdout] 3e80a6fb8d8e8e541d57ff2bdf3122d8dbec47d38d9f5dbff6c9b141e2122f46
