[INFO] fetching crate oxi-libuv 0.4.2...
[INFO] testing oxi-libuv-0.4.2 against 1.100.0-beta.1+cargoflags=--release for beta-release-1.100-2
[INFO] extracting crate oxi-libuv 0.4.2 into /workspace/builds/worker-7-tc2/source
[INFO] started tweaking crates.io crate oxi-libuv 0.4.2
[INFO] finished tweaking crates.io crate oxi-libuv 0.4.2
[INFO] tweaked toml for crates.io crate oxi-libuv 0.4.2 written to /workspace/builds/worker-7-tc2/source/Cargo.toml
[INFO] validating manifest of crates.io crate oxi-libuv 0.4.2 on toolchain 1.100.0-beta.1
[INFO] running `Command { std: CARGO_HOME="/workspace/cargo-home" RUSTUP_HOME="/workspace/rustup-home" "/workspace/cargo-home/bin/cargo" "+1.100.0-beta.1" "metadata" "--manifest-path" "Cargo.toml" "--no-deps", kill_on_drop: false }`
[INFO] running `Command { std: CARGO_HOME="/workspace/cargo-home" RUSTUP_HOME="/workspace/rustup-home" "/workspace/cargo-home/bin/cargo" "+1.100.0-beta.1" "generate-lockfile" "--manifest-path" "Cargo.toml", kill_on_drop: false }`
[INFO] [stderr]     Updating crates.io index
[INFO] [stderr]      Locking 33 packages to highest compatible versions
[INFO] [stderr]       Adding thiserror v1.0.69 (available: v2.0.21)
[INFO] running `Command { std: CARGO_HOME="/workspace/cargo-home" RUSTUP_HOME="/workspace/rustup-home" "/workspace/cargo-home/bin/cargo" "+1.100.0-beta.1" "fetch" "--manifest-path" "Cargo.toml", kill_on_drop: false }`
[INFO] running `Command { std: "docker" "create" "-v" "/var/lib/crater-agent-workspace/builds/worker-7-tc2/source:/opt/rustwide/workdir:ro,Z" "-v" "/var/lib/crater-agent-workspace/builds/worker-7-tc2/target:/opt/rustwide/target:rw,Z" "-v" "/var/lib/crater-agent-workspace/cargo-home:/opt/rustwide/cargo-home:ro,Z" "-v" "/var/lib/crater-agent-workspace/rustup-home:/opt/rustwide/rustup-home:ro,Z" "-m" "1610612736" "--network" "none" "ghcr.io/rust-lang/crates-build-env/linux@sha256:77db811e55d90add9212f6832c23229e3de5f1c1f9905e8cb07319ea15df73ac" "sleep" "infinity", kill_on_drop: false }`
[INFO] [stdout] 0a110a95f9333e7614249bd592af8964f2539bb5733a3d1a74eb547f9ccdfca8
[INFO] running `Command { std: "docker" "start" "0a110a95f9333e7614249bd592af8964f2539bb5733a3d1a74eb547f9ccdfca8", kill_on_drop: false }`
[INFO] running `Command { std: "docker" "inspect" "0a110a95f9333e7614249bd592af8964f2539bb5733a3d1a74eb547f9ccdfca8", kill_on_drop: false }`
[INFO] running `Command { std: "docker" "exec" "-e" "SOURCE_DIR=/opt/rustwide/workdir" "-e" "CARGO_HOME=/opt/rustwide/cargo-home" "-e" "RUSTUP_HOME=/opt/rustwide/rustup-home" "-e" "CARGO_TARGET_DIR=/opt/rustwide/target" "-w" "/opt/rustwide/workdir" "--user" "0:0" "0a110a95f9333e7614249bd592af8964f2539bb5733a3d1a74eb547f9ccdfca8" "/opt/rustwide/cargo-home/bin/cargo" "+1.100.0-beta.1" "metadata" "--no-deps" "--format-version=1", kill_on_drop: false }`
[INFO] running `Command { std: "docker" "inspect" "0a110a95f9333e7614249bd592af8964f2539bb5733a3d1a74eb547f9ccdfca8", kill_on_drop: false }`
[INFO] running `Command { std: "docker" "exec" "-e" "SOURCE_DIR=/opt/rustwide/workdir" "-e" "CARGO_HOME=/opt/rustwide/cargo-home" "-e" "RUSTUP_HOME=/opt/rustwide/rustup-home" "-e" "CARGO_TARGET_DIR=/opt/rustwide/target" "-e" "CARGO_INCREMENTAL=0" "-e" "RUST_BACKTRACE=full" "-e" "RUSTFLAGS=--cap-lints=warn" "-e" "RUSTDOCFLAGS=--cap-lints=warn" "-w" "/opt/rustwide/workdir" "--user" "0:0" "0a110a95f9333e7614249bd592af8964f2539bb5733a3d1a74eb547f9ccdfca8" "/opt/rustwide/cargo-home/bin/cargo" "+1.100.0-beta.1" "build" "--frozen" "--message-format=json" "--release", kill_on_drop: false }`
[INFO] [stderr]    Compiling syn v2.0.119
[INFO] [stderr]    Compiling thiserror-impl v1.0.69
[INFO] [stderr]    Compiling thiserror v1.0.69
[INFO] [stderr]    Compiling oxi-luajit v0.4.2
[INFO] [stderr]    Compiling oxi-libuv v0.4.2 (/opt/rustwide/workdir)
[INFO] [stdout] error[E0432]: unresolved import `crate::libuv_sys2`
[INFO] [stdout]   --> src/async.rs:3:12
[INFO] [stdout]    |
[INFO] [stdout]  3 | use crate::libuv_sys2::{self as ffi, uv_async_t};
[INFO] [stdout]    |            ^^^^^^^^^^ could not find `libuv_sys2` in the crate root
[INFO] [stdout]    |
[INFO] [stdout] note: found an item that was configured out
[INFO] [stdout]   --> src/lib.rs:11:24
[INFO] [stdout]    |
[INFO] [stdout] 10 | #[cfg(feature = "use-1-44")]
[INFO] [stdout]    |       -------------------- the item is gated behind the `use-1-44` feature
[INFO] [stdout] 11 | use libuv_sys2_1_44 as libuv_sys2;
[INFO] [stdout]    |                        ^^^^^^^^^^
[INFO] [stdout] note: found an item that was configured out
[INFO] [stdout]   --> src/lib.rs:13:24
[INFO] [stdout]    |
[INFO] [stdout] 12 | #[cfg(feature = "use-1-46")]
[INFO] [stdout]    |       -------------------- the item is gated behind the `use-1-46` feature
[INFO] [stdout] 13 | use libuv_sys2_1_46 as libuv_sys2;
[INFO] [stdout]    |                        ^^^^^^^^^^
[INFO] [stdout] 
[INFO] [stdout] 
[INFO] [stdout] error[E0432]: unresolved import `crate::libuv_sys2`
[INFO] [stdout]   --> src/handle.rs:5:12
[INFO] [stdout]    |
[INFO] [stdout]  5 | use crate::libuv_sys2::{self as ffi, uv_handle_t, uv_loop_t};
[INFO] [stdout]    |            ^^^^^^^^^^ could not find `libuv_sys2` in the crate root
[INFO] [stdout]    |
[INFO] [stdout] note: found an item that was configured out
[INFO] [stdout]   --> src/lib.rs:11:24
[INFO] [stdout]    |
[INFO] [stdout] 10 | #[cfg(feature = "use-1-44")]
[INFO] [stdout]    |       -------------------- the item is gated behind the `use-1-44` feature
[INFO] [stdout] 11 | use libuv_sys2_1_44 as libuv_sys2;
[INFO] [stdout]    |                        ^^^^^^^^^^
[INFO] [stdout] note: found an item that was configured out
[INFO] [stdout]   --> src/lib.rs:13:24
[INFO] [stdout]    |
[INFO] [stdout] 12 | #[cfg(feature = "use-1-46")]
[INFO] [stdout]    |       -------------------- the item is gated behind the `use-1-46` feature
[INFO] [stdout] 13 | use libuv_sys2_1_46 as libuv_sys2;
[INFO] [stdout]    |                        ^^^^^^^^^^
[INFO] [stdout] 
[INFO] [stdout] 
[INFO] [stdout] error[E0432]: unresolved import `crate::libuv_sys2`
[INFO] [stdout]   --> src/loop.rs:4:12
[INFO] [stdout]    |
[INFO] [stdout]  4 | use crate::libuv_sys2::uv_loop_t;
[INFO] [stdout]    |            ^^^^^^^^^^ could not find `libuv_sys2` in the crate root
[INFO] [stdout]    |
[INFO] [stdout] note: found an item that was configured out
[INFO] [stdout]   --> src/lib.rs:11:24
[INFO] [stdout]    |
[INFO] [stdout] 10 | #[cfg(feature = "use-1-44")]
[INFO] [stdout]    |       -------------------- the item is gated behind the `use-1-44` feature
[INFO] [stdout] 11 | use libuv_sys2_1_44 as libuv_sys2;
[INFO] [stdout]    |                        ^^^^^^^^^^
[INFO] [stdout] note: found an item that was configured out
[INFO] [stdout]   --> src/lib.rs:13:24
[INFO] [stdout]    |
[INFO] [stdout] 12 | #[cfg(feature = "use-1-46")]
[INFO] [stdout]    |       -------------------- the item is gated behind the `use-1-46` feature
[INFO] [stdout] 13 | use libuv_sys2_1_46 as libuv_sys2;
[INFO] [stdout]    |                        ^^^^^^^^^^
[INFO] [stdout] 
[INFO] [stdout] 
[INFO] [stdout] error[E0432]: unresolved import `crate::libuv_sys2`
[INFO] [stdout]   --> src/timer.rs:4:12
[INFO] [stdout]    |
[INFO] [stdout]  4 | use crate::libuv_sys2::{self as ffi, uv_timer_t};
[INFO] [stdout]    |            ^^^^^^^^^^ could not find `libuv_sys2` in the crate root
[INFO] [stdout]    |
[INFO] [stdout] note: found an item that was configured out
[INFO] [stdout]   --> src/lib.rs:11:24
[INFO] [stdout]    |
[INFO] [stdout] 10 | #[cfg(feature = "use-1-44")]
[INFO] [stdout]    |       -------------------- the item is gated behind the `use-1-44` feature
[INFO] [stdout] 11 | use libuv_sys2_1_44 as libuv_sys2;
[INFO] [stdout]    |                        ^^^^^^^^^^
[INFO] [stdout] note: found an item that was configured out
[INFO] [stdout]   --> src/lib.rs:13:24
[INFO] [stdout]    |
[INFO] [stdout] 12 | #[cfg(feature = "use-1-46")]
[INFO] [stdout]    |       -------------------- the item is gated behind the `use-1-46` feature
[INFO] [stdout] 13 | use libuv_sys2_1_46 as libuv_sys2;
[INFO] [stdout]    |                        ^^^^^^^^^^
[INFO] [stdout] 
[INFO] [stdout] 
[INFO] [stdout] For more information about this error, try `rustc --explain E0432`.
[INFO] [stdout] 
[INFO] [stderr] error: could not compile `oxi-libuv` (lib) due to 4 previous errors
[INFO] [stderr] warning: build failed, waiting for other jobs to finish...
[INFO] running `Command { std: "docker" "inspect" "0a110a95f9333e7614249bd592af8964f2539bb5733a3d1a74eb547f9ccdfca8", kill_on_drop: false }`
[INFO] running `Command { std: "docker" "rm" "-f" "0a110a95f9333e7614249bd592af8964f2539bb5733a3d1a74eb547f9ccdfca8", kill_on_drop: false }`
[INFO] [stdout] 0a110a95f9333e7614249bd592af8964f2539bb5733a3d1a74eb547f9ccdfca8
