[INFO] fetching crate oxgraph-snapshot 0.4.4...
[INFO] testing oxgraph-snapshot-0.4.4 against 1.99.0-beta.8+cargoflags=--release for beta-release-1.100-2
[INFO] extracting crate oxgraph-snapshot 0.4.4 into /workspace/builds/worker-3-tc1/source
[INFO] started tweaking crates.io crate oxgraph-snapshot 0.4.4
[INFO] removed 0 missing examples
[INFO] removed 0 missing tests
[INFO] finished tweaking crates.io crate oxgraph-snapshot 0.4.4
[INFO] tweaked toml for crates.io crate oxgraph-snapshot 0.4.4 written to /workspace/builds/worker-3-tc1/source/Cargo.toml
[INFO] validating manifest of crates.io crate oxgraph-snapshot 0.4.4 on toolchain 1.99.0-beta.8
[INFO] running `Command { std: CARGO_HOME="/workspace/cargo-home" RUSTUP_HOME="/workspace/rustup-home" "/workspace/cargo-home/bin/cargo" "+1.99.0-beta.8" "metadata" "--manifest-path" "Cargo.toml" "--no-deps", kill_on_drop: false }`
[INFO] crate crates.io crate oxgraph-snapshot 0.4.4 already has a lockfile, it will not be regenerated
[INFO] running `Command { std: CARGO_HOME="/workspace/cargo-home" RUSTUP_HOME="/workspace/rustup-home" "/workspace/cargo-home/bin/cargo" "+1.99.0-beta.8" "fetch" "--manifest-path" "Cargo.toml", kill_on_drop: false }`
[INFO] [stderr]     Updating crates.io index
[INFO] [stderr]  Downloading crates ...
[INFO] [stderr]   Downloaded oxgraph-layout-util v0.4.4
[INFO] running `Command { std: "docker" "create" "-v" "/var/lib/crater-agent-workspace/builds/worker-3-tc1/source:/opt/rustwide/workdir:ro,Z" "-v" "/var/lib/crater-agent-workspace/builds/worker-3-tc1/target:/opt/rustwide/target:rw,Z" "-v" "/var/lib/crater-agent-workspace/cargo-home:/opt/rustwide/cargo-home:ro,Z" "-v" "/var/lib/crater-agent-workspace/rustup-home:/opt/rustwide/rustup-home:ro,Z" "-m" "1610612736" "--network" "none" "ghcr.io/rust-lang/crates-build-env/linux@sha256:77db811e55d90add9212f6832c23229e3de5f1c1f9905e8cb07319ea15df73ac" "sleep" "infinity", kill_on_drop: false }`
[INFO] [stdout] 6a05c23917bb0cb61b2095e07b0544271671938a747272392595523753985106
[INFO] running `Command { std: "docker" "start" "6a05c23917bb0cb61b2095e07b0544271671938a747272392595523753985106", kill_on_drop: false }`
[INFO] running `Command { std: "docker" "inspect" "6a05c23917bb0cb61b2095e07b0544271671938a747272392595523753985106", kill_on_drop: false }`
[INFO] running `Command { std: "docker" "exec" "-e" "SOURCE_DIR=/opt/rustwide/workdir" "-e" "CARGO_HOME=/opt/rustwide/cargo-home" "-e" "RUSTUP_HOME=/opt/rustwide/rustup-home" "-e" "CARGO_TARGET_DIR=/opt/rustwide/target" "-w" "/opt/rustwide/workdir" "--user" "0:0" "6a05c23917bb0cb61b2095e07b0544271671938a747272392595523753985106" "/opt/rustwide/cargo-home/bin/cargo" "+1.99.0-beta.8" "metadata" "--no-deps" "--format-version=1", kill_on_drop: false }`
[INFO] running `Command { std: "docker" "inspect" "6a05c23917bb0cb61b2095e07b0544271671938a747272392595523753985106", kill_on_drop: false }`
[INFO] running `Command { std: "docker" "exec" "-e" "SOURCE_DIR=/opt/rustwide/workdir" "-e" "CARGO_HOME=/opt/rustwide/cargo-home" "-e" "RUSTUP_HOME=/opt/rustwide/rustup-home" "-e" "CARGO_TARGET_DIR=/opt/rustwide/target" "-e" "CARGO_INCREMENTAL=0" "-e" "RUST_BACKTRACE=full" "-e" "RUSTFLAGS=--cap-lints=warn" "-e" "RUSTDOCFLAGS=--cap-lints=warn" "-w" "/opt/rustwide/workdir" "--user" "0:0" "6a05c23917bb0cb61b2095e07b0544271671938a747272392595523753985106" "/opt/rustwide/cargo-home/bin/cargo" "+1.99.0-beta.8" "build" "--frozen" "--message-format=json" "--release", kill_on_drop: false }`
[INFO] [stderr]    Compiling zerocopy v0.8.50
[INFO] [stderr]    Compiling syn v2.0.117
[INFO] [stderr]    Compiling zerocopy-derive v0.8.50
[INFO] [stderr]    Compiling oxgraph-layout-util v0.4.4
[INFO] [stderr]    Compiling oxgraph-snapshot v0.4.4 (/opt/rustwide/workdir)
[INFO] [stderr]     Finished `release` profile [optimized] target(s) in 11.21s
[INFO] running `Command { std: "docker" "inspect" "6a05c23917bb0cb61b2095e07b0544271671938a747272392595523753985106", kill_on_drop: false }`
[INFO] running `Command { std: "docker" "exec" "-e" "SOURCE_DIR=/opt/rustwide/workdir" "-e" "CARGO_HOME=/opt/rustwide/cargo-home" "-e" "RUSTUP_HOME=/opt/rustwide/rustup-home" "-e" "CARGO_TARGET_DIR=/opt/rustwide/target" "-e" "CARGO_INCREMENTAL=0" "-e" "RUST_BACKTRACE=full" "-e" "RUSTFLAGS=--cap-lints=warn" "-e" "RUSTDOCFLAGS=--cap-lints=warn" "-w" "/opt/rustwide/workdir" "--user" "0:0" "6a05c23917bb0cb61b2095e07b0544271671938a747272392595523753985106" "/opt/rustwide/cargo-home/bin/cargo" "+1.99.0-beta.8" "test" "--frozen" "--no-run" "--message-format=json" "--release", kill_on_drop: false }`
[INFO] [stderr]    Compiling zerocopy v0.8.50
[INFO] [stderr]    Compiling rustix v1.1.4
[INFO] [stderr]    Compiling serde_derive v1.0.228
[INFO] [stderr]    Compiling serde_json v1.0.150
[INFO] [stderr]    Compiling regex-syntax v0.8.10
[INFO] [stderr]    Compiling cc v1.2.61
[INFO] [stderr]    Compiling getrandom v0.3.4
[INFO] [stderr]    Compiling itertools v0.13.0
[INFO] [stderr]    Compiling wait-timeout v0.2.1
[INFO] [stderr]    Compiling clap_builder v4.6.0
[INFO] [stderr]    Compiling quick-error v1.2.3
[INFO] [stderr]    Compiling bit-vec v0.8.0
[INFO] [stderr]    Compiling plotters v0.3.7
[INFO] [stderr]    Compiling page_size v0.6.0
[INFO] [stderr]    Compiling unarray v0.1.4
[INFO] [stderr]    Compiling rand_core v0.9.5
[INFO] [stderr]    Compiling bit-set v0.8.0
[INFO] [stderr]    Compiling rand v0.9.4
[INFO] [stderr]    Compiling rand_xorshift v0.4.0
[INFO] [stderr]    Compiling alloca v0.4.0
[INFO] [stderr]    Compiling regex-automata v0.4.14
[INFO] [stderr]    Compiling tempfile v3.27.0
[INFO] [stderr]    Compiling clap v4.6.1
[INFO] [stderr]    Compiling rusty-fork v0.3.1
[INFO] [stderr]    Compiling criterion-plot v0.8.2
[INFO] [stderr]    Compiling serde v1.0.228
[INFO] [stderr]    Compiling regex v1.12.3
[INFO] [stderr]    Compiling tinytemplate v1.2.1
[INFO] [stderr]    Compiling half v2.7.1
[INFO] [stderr]    Compiling ppv-lite86 v0.2.21
[INFO] [stderr]    Compiling oxgraph-layout-util v0.4.4
[INFO] [stderr]    Compiling oxgraph-snapshot v0.4.4 (/opt/rustwide/workdir)
[INFO] [stderr]    Compiling ciborium-ll v0.2.2
[INFO] [stderr]    Compiling ciborium v0.2.2
[INFO] [stderr]    Compiling rand_chacha v0.9.0
[INFO] [stderr]    Compiling proptest v1.11.0
[INFO] [stderr]    Compiling criterion v0.8.2
[INFO] [stdout] error[E0432]: unresolved import `oxgraph_snapshot::SnapshotWriter`
[INFO] [stdout]   --> tests/section_view.rs:9:5
[INFO] [stdout]    |
[INFO] [stdout]  9 |     SnapshotWriter,
[INFO] [stdout]    |     ^^^^^^^^^^^^^^ no `SnapshotWriter` in the root
[INFO] [stdout]    |
[INFO] [stdout] note: found an item that was configured out
[INFO] [stdout]   --> src/lib.rs:60:41
[INFO] [stdout]    |
[INFO] [stdout] 59 | #[cfg(feature = "alloc")]
[INFO] [stdout]    |       ----------------- the item is gated behind the `alloc` feature
[INFO] [stdout] 60 | pub use crate::container::{SectionSink, SnapshotWriter};
[INFO] [stdout]    |                                         ^^^^^^^^^^^^^^
[INFO] [stdout] help: a similar name exists in the module
[INFO] [stdout]    |
[INFO] [stdout]  9 -     SnapshotWriter,
[INFO] [stdout]  9 +     SnapshotError,
[INFO] [stdout]    |
[INFO] [stdout] 
[INFO] [stdout] 
[INFO] [stdout] error[E0432]: unresolved import `oxgraph_snapshot::SnapshotWriter`
[INFO] [stdout]   --> tests/little_endian_writer.rs:4:34
[INFO] [stdout]    |
[INFO] [stdout]  4 | use oxgraph_snapshot::{Snapshot, SnapshotWriter};
[INFO] [stdout]    |                                  ^^^^^^^^^^^^^^ no `SnapshotWriter` in the root
[INFO] [stdout]    |
[INFO] [stdout] note: found an item that was configured out
[INFO] [stdout]   --> src/lib.rs:60:41
[INFO] [stdout]    |
[INFO] [stdout] 59 | #[cfg(feature = "alloc")]
[INFO] [stdout]    |       ----------------- the item is gated behind the `alloc` feature
[INFO] [stdout] 60 | pub use crate::container::{SectionSink, SnapshotWriter};
[INFO] [stdout]    |                                         ^^^^^^^^^^^^^^
[INFO] [stdout] help: a similar name exists in the module
[INFO] [stdout]    |
[INFO] [stdout]  4 - use oxgraph_snapshot::{Snapshot, SnapshotWriter};
[INFO] [stdout]  4 + use oxgraph_snapshot::{Snapshot, SnapshotError};
[INFO] [stdout]    |
[INFO] [stdout] 
[INFO] [stdout] 
[INFO] [stdout] error[E0432]: unresolved import `oxgraph_snapshot::SnapshotWriter`
[INFO] [stdout]   --> tests/determinism.rs:4:44
[INFO] [stdout]    |
[INFO] [stdout]  4 | use oxgraph_snapshot::{MAX_ALIGNMENT_LOG2, SnapshotWriter};
[INFO] [stdout]    |                                            ^^^^^^^^^^^^^^ no `SnapshotWriter` in the root
[INFO] [stdout]    |
[INFO] [stdout] note: found an item that was configured out
[INFO] [stdout]   --> src/lib.rs:60:41
[INFO] [stdout]    |
[INFO] [stdout] 59 | #[cfg(feature = "alloc")]
[INFO] [stdout]    |       ----------------- the item is gated behind the `alloc` feature
[INFO] [stdout] 60 | pub use crate::container::{SectionSink, SnapshotWriter};
[INFO] [stdout]    |                                         ^^^^^^^^^^^^^^
[INFO] [stdout] help: a similar name exists in the module
[INFO] [stdout]    |
[INFO] [stdout]  4 - use oxgraph_snapshot::{MAX_ALIGNMENT_LOG2, SnapshotWriter};
[INFO] [stdout]  4 + use oxgraph_snapshot::{MAX_ALIGNMENT_LOG2, SnapshotError};
[INFO] [stdout]    |
[INFO] [stdout] 
[INFO] [stdout] 
[INFO] [stdout] warning: method call on a diverging inference variable
[INFO] [stdout]   --> tests/section_view.rs:20:32
[INFO] [stdout]    |
[INFO] [stdout] 20 |     if let Err(error) = writer.section_typed(1, 0, &payload) {
[INFO] [stdout]    |                                ^^^^^^^^^^^^^
[INFO] [stdout]    |
[INFO] [stdout]    = help: consider providing a type annotation
[INFO] [stdout]    = warning: this was previously accepted by the compiler but is being phased out; it will become a hard error in a future release!
[INFO] [stdout]    = note: for more information, see issue #156047 <https://github.com/rust-lang/rust/issues/156047>
[INFO] [stdout]    = note: `#[warn(method_call_on_diverging_infer_var)]` (part of `#[warn(future_incompatible)]`) on by default
[INFO] [stdout] 
[INFO] [stdout] 
[INFO] [stdout] warning: method call on a diverging inference variable
[INFO] [stdout]   --> tests/determinism.rs:24:36
[INFO] [stdout]    |
[INFO] [stdout] 24 |         if let Err(error) = writer.section_bytes(*kind, *version, *alignment_log2, payload) {
[INFO] [stdout]    |                                    ^^^^^^^^^^^^^
[INFO] [stdout]    |
[INFO] [stdout]    = help: consider providing a type annotation
[INFO] [stdout]    = warning: this was previously accepted by the compiler but is being phased out; it will become a hard error in a future release!
[INFO] [stdout]    = note: for more information, see issue #156047 <https://github.com/rust-lang/rust/issues/156047>
[INFO] [stdout]    = note: `#[warn(method_call_on_diverging_infer_var)]` (part of `#[warn(future_incompatible)]`) on by default
[INFO] [stdout] 
[INFO] [stdout] 
[INFO] [stdout] warning: method call on a diverging inference variable
[INFO] [stdout]   --> tests/little_endian_writer.rs:18:32
[INFO] [stdout]    |
[INFO] [stdout] 18 |     if let Err(error) = writer.section_little_endian(0xCAFE, 7, &payload) {
[INFO] [stdout]    |                                ^^^^^^^^^^^^^^^^^^^^^
[INFO] [stdout]    |
[INFO] [stdout]    = help: consider providing a type annotation
[INFO] [stdout]    = warning: this was previously accepted by the compiler but is being phased out; it will become a hard error in a future release!
[INFO] [stdout]    = note: for more information, see issue #156047 <https://github.com/rust-lang/rust/issues/156047>
[INFO] [stdout]    = note: `#[warn(method_call_on_diverging_infer_var)]` (part of `#[warn(future_incompatible)]`) on by default
[INFO] [stdout] 
[INFO] [stdout] 
[INFO] [stdout] error[E0599]: no method named `section_bytes` found for type `!` in the current scope
[INFO] [stdout]   --> tests/determinism.rs:24:36
[INFO] [stdout]    |
[INFO] [stdout] 24 |         if let Err(error) = writer.section_bytes(*kind, *version, *alignment_log2, payload) {
[INFO] [stdout]    |                                    ^^^^^^^^^^^^^ method not found in `!`
[INFO] [stdout] 
[INFO] [stdout] 
[INFO] [stdout] error[E0432]: unresolved import `oxgraph_snapshot::SnapshotWriter`
[INFO] [stdout]   --> tests/wire_layout.rs:21:25
[INFO] [stdout]    |
[INFO] [stdout] 21 |     SECTION_ENTRY_SIZE, SnapshotWriter,
[INFO] [stdout]    |                         ^^^^^^^^^^^^^^ no `SnapshotWriter` in the root
[INFO] [stdout]    |
[INFO] [stdout] note: found an item that was configured out
[INFO] [stdout]   --> src/lib.rs:60:41
[INFO] [stdout]    |
[INFO] [stdout] 59 | #[cfg(feature = "alloc")]
[INFO] [stdout]    |       ----------------- the item is gated behind the `alloc` feature
[INFO] [stdout] 60 | pub use crate::container::{SectionSink, SnapshotWriter};
[INFO] [stdout]    |                                         ^^^^^^^^^^^^^^
[INFO] [stdout] help: a similar name exists in the module
[INFO] [stdout]    |
[INFO] [stdout] 21 -     SECTION_ENTRY_SIZE, SnapshotWriter,
[INFO] [stdout] 21 +     SECTION_ENTRY_SIZE, SnapshotError,
[INFO] [stdout]    |
[INFO] [stdout] 
[INFO] [stdout] 
[INFO] [stdout] error[E0432]: unresolved import `oxgraph_snapshot::SnapshotWriter`
[INFO] [stdout]   --> tests/container_open.rs:6:61
[INFO] [stdout]    |
[INFO] [stdout]  6 |     PlanError, SECTION_ENTRY_SIZE, Snapshot, SnapshotError, SnapshotWriter,
[INFO] [stdout]    |                                                             ^^^^^^^^^^^^^^ no `SnapshotWriter` in the root
[INFO] [stdout]    |
[INFO] [stdout] note: found an item that was configured out
[INFO] [stdout]   --> src/lib.rs:60:41
[INFO] [stdout]    |
[INFO] [stdout] 59 | #[cfg(feature = "alloc")]
[INFO] [stdout]    |       ----------------- the item is gated behind the `alloc` feature
[INFO] [stdout] 60 | pub use crate::container::{SectionSink, SnapshotWriter};
[INFO] [stdout]    |                                         ^^^^^^^^^^^^^^
[INFO] [stdout] help: a similar name exists in the module
[INFO] [stdout]    |
[INFO] [stdout]  6 -     PlanError, SECTION_ENTRY_SIZE, Snapshot, SnapshotError, SnapshotWriter,
[INFO] [stdout]  6 +     PlanError, SECTION_ENTRY_SIZE, Snapshot, SnapshotError, SnapshotError,
[INFO] [stdout]    |
[INFO] [stdout] 
[INFO] [stdout] 
[INFO] [stdout] error[E0432]: unresolved import `oxgraph_snapshot::SnapshotWriter`
[INFO] [stdout]   --> tests/writer_reader_roundtrip.rs:4:54
[INFO] [stdout]    |
[INFO] [stdout]  4 | use oxgraph_snapshot::{MAX_ALIGNMENT_LOG2, Snapshot, SnapshotWriter};
[INFO] [stdout]    |                                                      ^^^^^^^^^^^^^^ no `SnapshotWriter` in the root
[INFO] [stdout]    |
[INFO] [stdout] note: found an item that was configured out
[INFO] [stdout]   --> src/lib.rs:60:41
[INFO] [stdout]    |
[INFO] [stdout] 59 | #[cfg(feature = "alloc")]
[INFO] [stdout]    |       ----------------- the item is gated behind the `alloc` feature
[INFO] [stdout] 60 | pub use crate::container::{SectionSink, SnapshotWriter};
[INFO] [stdout]    |                                         ^^^^^^^^^^^^^^
[INFO] [stdout] help: a similar name exists in the module
[INFO] [stdout]    |
[INFO] [stdout]  4 - use oxgraph_snapshot::{MAX_ALIGNMENT_LOG2, Snapshot, SnapshotWriter};
[INFO] [stdout]  4 + use oxgraph_snapshot::{MAX_ALIGNMENT_LOG2, Snapshot, SnapshotError};
[INFO] [stdout]    |
[INFO] [stdout] 
[INFO] [stdout] 
[INFO] [stdout] error[E0599]: no method named `section_typed` found for type `!` in the current scope
[INFO] [stdout]   --> tests/section_view.rs:20:32
[INFO] [stdout]    |
[INFO] [stdout] 20 |     if let Err(error) = writer.section_typed(1, 0, &payload) {
[INFO] [stdout]    |                                ^^^^^^^^^^^^^ method not found in `!`
[INFO] [stdout] 
[INFO] [stdout] 
[INFO] [stdout] error[E0599]: no method named `section_little_endian` found for type `!` in the current scope
[INFO] [stdout]   --> tests/little_endian_writer.rs:18:32
[INFO] [stdout]    |
[INFO] [stdout] 18 |     if let Err(error) = writer.section_little_endian(0xCAFE, 7, &payload) {
[INFO] [stdout]    |                                ^^^^^^^^^^^^^^^^^^^^^ method not found in `!`
[INFO] [stdout] 
[INFO] [stdout] 
[INFO] [stdout] error[E0599]: no method named `finish` found for type `!` in the current scope
[INFO] [stdout]   --> tests/section_view.rs:23:30
[INFO] [stdout]    |
[INFO] [stdout] 23 |     let bytes = match writer.finish() {
[INFO] [stdout]    |                              ^^^^^^ method not found in `!`
[INFO] [stdout] 
[INFO] [stdout] 
[INFO] [stdout] warning: unreachable call
[INFO] [stdout]   --> tests/section_view.rs:23:30
[INFO] [stdout]    |
[INFO] [stdout] 23 |     let bytes = match writer.finish() {
[INFO] [stdout]    |                       ------ ^^^^^^ unreachable call
[INFO] [stdout]    |                       |
[INFO] [stdout]    |                       any code following this expression is unreachable
[INFO] [stdout]    |
[INFO] [stdout]    = note: `#[warn(unreachable_code)]` (part of `#[warn(unused)]`) on by default
[INFO] [stdout] 
[INFO] [stdout] 
[INFO] [stdout] error[E0599]: no method named `finish` found for type `!` in the current scope
[INFO] [stdout]   --> tests/determinism.rs:28:18
[INFO] [stdout]    |
[INFO] [stdout] 28 |     match writer.finish() {
[INFO] [stdout]    |                  ^^^^^^ method not found in `!`
[INFO] [stdout] 
[INFO] [stdout] 
[INFO] [stdout] warning: unreachable call
[INFO] [stdout]   --> tests/determinism.rs:28:18
[INFO] [stdout]    |
[INFO] [stdout] 28 |     match writer.finish() {
[INFO] [stdout]    |           ------ ^^^^^^ unreachable call
[INFO] [stdout]    |           |
[INFO] [stdout]    |           any code following this expression is unreachable
[INFO] [stdout]    |
[INFO] [stdout]    = note: `#[warn(unreachable_code)]` (part of `#[warn(unused)]`) on by default
[INFO] [stdout] 
[INFO] [stdout] 
[INFO] [stdout] error[E0599]: no method named `finish` found for type `!` in the current scope
[INFO] [stdout]   --> tests/little_endian_writer.rs:21:30
[INFO] [stdout]    |
[INFO] [stdout] 21 |     let bytes = match writer.finish() {
[INFO] [stdout]    |                              ^^^^^^ method not found in `!`
[INFO] [stdout] 
[INFO] [stdout] 
[INFO] [stdout] warning: unreachable call
[INFO] [stdout]   --> tests/little_endian_writer.rs:21:30
[INFO] [stdout]    |
[INFO] [stdout] 21 |     let bytes = match writer.finish() {
[INFO] [stdout]    |                       ------ ^^^^^^ unreachable call
[INFO] [stdout]    |                       |
[INFO] [stdout]    |                       any code following this expression is unreachable
[INFO] [stdout]    |
[INFO] [stdout]    = note: `#[warn(unreachable_code)]` (part of `#[warn(unused)]`) on by default
[INFO] [stdout] 
[INFO] [stdout] 
[INFO] [stdout] error[E0432]: unresolved import `oxgraph_snapshot::SnapshotWriter`
[INFO] [stdout]   --> examples/pack_two_sections.rs:10:49
[INFO] [stdout]    |
[INFO] [stdout] 10 | use oxgraph_snapshot::{Snapshot, SnapshotError, SnapshotWriter};
[INFO] [stdout]    |                                                 ^^^^^^^^^^^^^^ no `SnapshotWriter` in the root
[INFO] [stdout]    |
[INFO] [stdout] note: found an item that was configured out
[INFO] [stdout]   --> src/lib.rs:60:41
[INFO] [stdout]    |
[INFO] [stdout] 59 | #[cfg(feature = "alloc")]
[INFO] [stdout]    |       ----------------- the item is gated behind the `alloc` feature
[INFO] [stdout] 60 | pub use crate::container::{SectionSink, SnapshotWriter};
[INFO] [stdout]    |                                         ^^^^^^^^^^^^^^
[INFO] [stdout] help: a similar name exists in the module
[INFO] [stdout]    |
[INFO] [stdout] 10 - use oxgraph_snapshot::{Snapshot, SnapshotError, SnapshotWriter};
[INFO] [stdout] 10 + use oxgraph_snapshot::{Snapshot, SnapshotError, SnapshotError};
[INFO] [stdout]    |
[INFO] [stdout] 
[INFO] [stdout] 
[INFO] [stdout] warning: method call on a diverging inference variable
[INFO] [stdout]   --> tests/wire_layout.rs:31:30
[INFO] [stdout]    |
[INFO] [stdout] 31 |     let bytes = match writer.finish() {
[INFO] [stdout]    |                              ^^^^^^
[INFO] [stdout]    |
[INFO] [stdout]    = help: consider providing a type annotation
[INFO] [stdout]    = warning: this was previously accepted by the compiler but is being phased out; it will become a hard error in a future release!
[INFO] [stdout]    = note: for more information, see issue #156047 <https://github.com/rust-lang/rust/issues/156047>
[INFO] [stdout]    = note: `#[warn(method_call_on_diverging_infer_var)]` (part of `#[warn(future_incompatible)]`) on by default
[INFO] [stdout] 
[INFO] [stdout] 
[INFO] [stdout] warning: method call on a diverging inference variable
[INFO] [stdout]   --> tests/writer_reader_roundtrip.rs:44:40
[INFO] [stdout]    |
[INFO] [stdout] 44 |             if let Err(error) = writer.section_bytes(*kind, *version, *alignment_log2, payload) {
[INFO] [stdout]    |                                        ^^^^^^^^^^^^^
[INFO] [stdout]    |
[INFO] [stdout]    = help: consider providing a type annotation
[INFO] [stdout]    = warning: this was previously accepted by the compiler but is being phased out; it will become a hard error in a future release!
[INFO] [stdout]    = note: for more information, see issue #156047 <https://github.com/rust-lang/rust/issues/156047>
[INFO] [stdout]    = note: `#[warn(method_call_on_diverging_infer_var)]` (part of `#[warn(future_incompatible)]`) on by default
[INFO] [stdout] 
[INFO] [stdout] 
[INFO] [stdout] warning: method call on a diverging inference variable
[INFO] [stdout]   --> examples/pack_two_sections.rs:21:32
[INFO] [stdout]    |
[INFO] [stdout] 21 |     if let Err(error) = writer.section_typed(0x0100, 0, &words) {
[INFO] [stdout]    |                                ^^^^^^^^^^^^^
[INFO] [stdout]    |
[INFO] [stdout]    = help: consider providing a type annotation
[INFO] [stdout]    = warning: this was previously accepted by the compiler but is being phased out; it will become a hard error in a future release!
[INFO] [stdout]    = note: for more information, see issue #156047 <https://github.com/rust-lang/rust/issues/156047>
[INFO] [stdout]    = note: `#[warn(method_call_on_diverging_infer_var)]` (part of `#[warn(future_incompatible)]`) on by default
[INFO] [stdout] 
[INFO] [stdout] 
[INFO] [stdout] error[E0432]: unresolved import `oxgraph_snapshot::SnapshotWriter`
[INFO] [stdout]   --> tests/checksum_verify.rs:8:81
[INFO] [stdout]    |
[INFO] [stdout]  8 |     HEADER_SIZE, SECTION_ENTRY_SIZE, SectionViewError, Snapshot, SnapshotError, SnapshotWriter,
[INFO] [stdout]    |                                                                                 ^^^^^^^^^^^^^^ no `SnapshotWriter` in the root
[INFO] [stdout]    |
[INFO] [stdout] note: found an item that was configured out
[INFO] [stdout]   --> src/lib.rs:60:41
[INFO] [stdout]    |
[INFO] [stdout] 59 | #[cfg(feature = "alloc")]
[INFO] [stdout]    |       ----------------- the item is gated behind the `alloc` feature
[INFO] [stdout] 60 | pub use crate::container::{SectionSink, SnapshotWriter};
[INFO] [stdout]    |                                         ^^^^^^^^^^^^^^
[INFO] [stdout] help: a similar name exists in the module
[INFO] [stdout]    |
[INFO] [stdout]  8 -     HEADER_SIZE, SECTION_ENTRY_SIZE, SectionViewError, Snapshot, SnapshotError, SnapshotWriter,
[INFO] [stdout]  8 +     HEADER_SIZE, SECTION_ENTRY_SIZE, SectionViewError, Snapshot, SnapshotError, SnapshotError,
[INFO] [stdout]    |
[INFO] [stdout] 
[INFO] [stdout] 
[INFO] [stdout] warning: method call on a diverging inference variable
[INFO] [stdout]   --> tests/checksum_verify.rs:24:36
[INFO] [stdout]    |
[INFO] [stdout] 24 |         if let Err(error) = writer.section_bytes(*kind, 0, 0, &payload) {
[INFO] [stdout]    |                                    ^^^^^^^^^^^^^
[INFO] [stdout]    |
[INFO] [stdout]    = help: consider providing a type annotation
[INFO] [stdout]    = warning: this was previously accepted by the compiler but is being phased out; it will become a hard error in a future release!
[INFO] [stdout]    = note: for more information, see issue #156047 <https://github.com/rust-lang/rust/issues/156047>
[INFO] [stdout]    = note: `#[warn(method_call_on_diverging_infer_var)]` (part of `#[warn(future_incompatible)]`) on by default
[INFO] [stdout] 
[INFO] [stdout] 
[INFO] [stdout] error[E0599]: no method named `section_bytes` found for type `!` in the current scope
[INFO] [stdout]   --> tests/checksum_verify.rs:24:36
[INFO] [stdout]    |
[INFO] [stdout] 24 |         if let Err(error) = writer.section_bytes(*kind, 0, 0, &payload) {
[INFO] [stdout]    |                                    ^^^^^^^^^^^^^ method not found in `!`
[INFO] [stdout] 
[INFO] [stdout] 
[INFO] [stdout] error[E0432]: unresolved import `oxgraph_snapshot::SnapshotWriter`
[INFO] [stdout]   --> tests/writer_equivalence.rs:8:34
[INFO] [stdout]    |
[INFO] [stdout]  8 | use oxgraph_snapshot::{Snapshot, SnapshotWriter};
[INFO] [stdout]    |                                  ^^^^^^^^^^^^^^ no `SnapshotWriter` in the root
[INFO] [stdout]    |
[INFO] [stdout] note: found an item that was configured out
[INFO] [stdout]   --> src/lib.rs:60:41
[INFO] [stdout]    |
[INFO] [stdout] 59 | #[cfg(feature = "alloc")]
[INFO] [stdout]    |       ----------------- the item is gated behind the `alloc` feature
[INFO] [stdout] 60 | pub use crate::container::{SectionSink, SnapshotWriter};
[INFO] [stdout]    |                                         ^^^^^^^^^^^^^^
[INFO] [stdout] help: a similar name exists in the module
[INFO] [stdout]    |
[INFO] [stdout]  8 - use oxgraph_snapshot::{Snapshot, SnapshotWriter};
[INFO] [stdout]  8 + use oxgraph_snapshot::{Snapshot, SnapshotError};
[INFO] [stdout]    |
[INFO] [stdout] 
[INFO] [stdout] 
[INFO] [stdout] error[E0277]: the size for values of type `[u8]` cannot be known at compilation time
[INFO] [stdout]   --> tests/section_view.rs:23:9
[INFO] [stdout]    |
[INFO] [stdout] 23 |     let bytes = match writer.finish() {
[INFO] [stdout]    |         ^^^^^ doesn't have a size known at compile-time
[INFO] [stdout]    |
[INFO] [stdout]    = help: the trait `Sized` is not implemented for `[u8]`
[INFO] [stdout]    = note: all local variables must have a statically known size
[INFO] [stdout] 
[INFO] [stdout] 
[INFO] [stdout] error[E0277]: the size for values of type `[u8]` cannot be known at compilation time
[INFO] [stdout]   --> tests/section_view.rs:24:12
[INFO] [stdout]    |
[INFO] [stdout] 24 |         Ok(value) => value,
[INFO] [stdout]    |            ^^^^^ doesn't have a size known at compile-time
[INFO] [stdout]    |
[INFO] [stdout]    = help: the trait `Sized` is not implemented for `[u8]`
[INFO] [stdout]    = note: all local variables must have a statically known size
[INFO] [stdout] 
[INFO] [stdout] 
[INFO] [stdout] error[E0277]: the size for values of type `[u8]` cannot be known at compilation time
[INFO] [stdout]   --> tests/section_view.rs:24:9
[INFO] [stdout]    |
[INFO] [stdout] 24 |         Ok(value) => value,
[INFO] [stdout]    |         ^^^^^^^^^ doesn't have a size known at compile-time
[INFO] [stdout]    |
[INFO] [stdout]    = help: the trait `Sized` is not implemented for `[u8]`
[INFO] [stdout] note: required by a bound in `Ok`
[INFO] [stdout]   --> /rustc/dfb0accb7f508ae8be965d8629557221c889dd98/library/core/src/result.rs:562:4
[INFO] [stdout] 
[INFO] [stdout] 
[INFO] [stdout] error[E0599]: no method named `finish` found for type `!` in the current scope
[INFO] [stdout]   --> tests/checksum_verify.rs:28:18
[INFO] [stdout]    |
[INFO] [stdout] 28 |     match writer.finish() {
[INFO] [stdout]    |                  ^^^^^^ method not found in `!`
[INFO] [stdout] 
[INFO] [stdout] 
[INFO] [stdout] warning: unreachable call
[INFO] [stdout]   --> tests/checksum_verify.rs:28:18
[INFO] [stdout]    |
[INFO] [stdout] 28 |     match writer.finish() {
[INFO] [stdout]    |           ------ ^^^^^^ unreachable call
[INFO] [stdout]    |           |
[INFO] [stdout]    |           any code following this expression is unreachable
[INFO] [stdout]    |
[INFO] [stdout]    = note: `#[warn(unreachable_code)]` (part of `#[warn(unused)]`) on by default
[INFO] [stdout] 
[INFO] [stdout] 
[INFO] [stdout] Some errors have detailed explanations: E0432, E0599.
[INFO] [stdout] 
[INFO] [stdout] For more information about an error, try `rustc --explain E0432`.
[INFO] [stdout] 
[INFO] [stdout] Some errors have detailed explanations: E0432, E0599.
[INFO] [stdout] 
[INFO] [stdout] For more information about an error, try `rustc --explain E0432`.
[INFO] [stdout] 
[INFO] [stderr] error: could not compile `oxgraph-snapshot` (test "determinism") due to 3 previous errors; 3 warnings emitted
[INFO] [stderr] warning: build failed, waiting for other jobs to finish...
[INFO] [stdout] error[E0277]: the size for values of type `[u8]` cannot be known at compilation time
[INFO] [stdout]   --> tests/little_endian_writer.rs:21:9
[INFO] [stdout]    |
[INFO] [stdout] 21 |     let bytes = match writer.finish() {
[INFO] [stdout]    |         ^^^^^ doesn't have a size known at compile-time
[INFO] [stdout]    |
[INFO] [stdout]    = help: the trait `Sized` is not implemented for `[u8]`
[INFO] [stdout]    = note: all local variables must have a statically known size
[INFO] [stdout] 
[INFO] [stdout] 
[INFO] [stdout] error[E0277]: the size for values of type `[u8]` cannot be known at compilation time
[INFO] [stdout]   --> tests/little_endian_writer.rs:22:12
[INFO] [stdout]    |
[INFO] [stdout] 22 |         Ok(bytes) => bytes,
[INFO] [stdout]    |            ^^^^^ doesn't have a size known at compile-time
[INFO] [stdout]    |
[INFO] [stdout]    = help: the trait `Sized` is not implemented for `[u8]`
[INFO] [stdout]    = note: all local variables must have a statically known size
[INFO] [stdout] 
[INFO] [stdout] 
[INFO] [stdout] error[E0277]: the size for values of type `[u8]` cannot be known at compilation time
[INFO] [stdout]   --> tests/little_endian_writer.rs:22:9
[INFO] [stdout]    |
[INFO] [stdout] 22 |         Ok(bytes) => bytes,
[INFO] [stdout]    |         ^^^^^^^^^ doesn't have a size known at compile-time
[INFO] [stdout]    |
[INFO] [stdout]    = help: the trait `Sized` is not implemented for `[u8]`
[INFO] [stdout] note: required by a bound in `Ok`
[INFO] [stdout]   --> /rustc/dfb0accb7f508ae8be965d8629557221c889dd98/library/core/src/result.rs:562:4
[INFO] [stdout] 
[INFO] [stdout] 
[INFO] [stderr] error: could not compile `oxgraph-snapshot` (test "checksum_verify") due to 3 previous errors; 3 warnings emitted
[INFO] [stdout] warning: method call on a diverging inference variable
[INFO] [stdout]   --> tests/little_endian_writer.rs:44:32
[INFO] [stdout]    |
[INFO] [stdout] 44 |     if let Err(error) = writer.section_little_endian(1, 0, &words32) {
[INFO] [stdout]    |                                ^^^^^^^^^^^^^^^^^^^^^
[INFO] [stdout]    |
[INFO] [stdout]    = help: consider providing a type annotation
[INFO] [stdout]    = warning: this was previously accepted by the compiler but is being phased out; it will become a hard error in a future release!
[INFO] [stdout]    = note: for more information, see issue #156047 <https://github.com/rust-lang/rust/issues/156047>
[INFO] [stdout] 
[INFO] [stdout] 
[INFO] [stdout] error[E0599]: no method named `section_little_endian` found for type `!` in the current scope
[INFO] [stdout]   --> tests/little_endian_writer.rs:44:32
[INFO] [stdout]    |
[INFO] [stdout] 44 |     if let Err(error) = writer.section_little_endian(1, 0, &words32) {
[INFO] [stdout]    |                                ^^^^^^^^^^^^^^^^^^^^^ method not found in `!`
[INFO] [stdout] 
[INFO] [stdout] 
[INFO] [stdout] error[E0599]: no method named `section_bytes` found for type `!` in the current scope
[INFO] [stdout]   --> tests/writer_reader_roundtrip.rs:44:40
[INFO] [stdout]    |
[INFO] [stdout] 44 |             if let Err(error) = writer.section_bytes(*kind, *version, *alignment_log2, payload) {
[INFO] [stdout]    |                                        ^^^^^^^^^^^^^ method not found in `!`
[INFO] [stdout] 
[INFO] [stdout] 
[INFO] [stdout] error[E0432]: unresolved import `oxgraph_snapshot::SnapshotWriter`
[INFO] [stdout]   --> tests/identical_bytes.rs:13:71
[INFO] [stdout]    |
[INFO] [stdout] 13 |     PendingSection, PlanError, Snapshot, SnapshotError, SnapshotPlan, SnapshotWriter,
[INFO] [stdout]    |                                                                       ^^^^^^^^^^^^^^ no `SnapshotWriter` in the root
[INFO] [stdout]    |
[INFO] [stdout] note: found an item that was configured out
[INFO] [stdout]   --> src/lib.rs:60:41
[INFO] [stdout]    |
[INFO] [stdout] 59 | #[cfg(feature = "alloc")]
[INFO] [stdout]    |       ----------------- the item is gated behind the `alloc` feature
[INFO] [stdout] 60 | pub use crate::container::{SectionSink, SnapshotWriter};
[INFO] [stdout]    |                                         ^^^^^^^^^^^^^^
[INFO] [stdout] help: a similar name exists in the module
[INFO] [stdout]    |
[INFO] [stdout] 13 -     PendingSection, PlanError, Snapshot, SnapshotError, SnapshotPlan, SnapshotWriter,
[INFO] [stdout] 13 +     PendingSection, PlanError, Snapshot, SnapshotError, SnapshotPlan, SnapshotError,
[INFO] [stdout]    |
[INFO] [stdout] 
[INFO] [stdout] 
[INFO] [stdout] error[E0599]: no method named `section_little_endian` found for type `!` in the current scope
[INFO] [stdout]   --> tests/little_endian_writer.rs:47:32
[INFO] [stdout]    |
[INFO] [stdout] 47 |     if let Err(error) = writer.section_little_endian(2, 0, &words64) {
[INFO] [stdout]    |                                ^^^^^^^^^^^^^^^^^^^^^ method not found in `!`
[INFO] [stdout] 
[INFO] [stdout] 
[INFO] [stdout] warning: unreachable expression
[INFO] [stdout]   --> tests/little_endian_writer.rs:47:54
[INFO] [stdout]    |
[INFO] [stdout] 47 |     if let Err(error) = writer.section_little_endian(2, 0, &words64) {
[INFO] [stdout]    |                         ------                       ^ unreachable expression
[INFO] [stdout]    |                         |
[INFO] [stdout]    |                         any code following this expression is unreachable
[INFO] [stdout] 
[INFO] [stdout] 
[INFO] [stdout] warning: method call on a diverging inference variable
[INFO] [stdout]   --> tests/section_view.rs:92:32
[INFO] [stdout]    |
[INFO] [stdout] 92 |     if let Err(error) = writer.section_bytes(1, 0, 0, payload) {
[INFO] [stdout]    |                                ^^^^^^^^^^^^^
[INFO] [stdout]    |
[INFO] [stdout]    = help: consider providing a type annotation
[INFO] [stdout]    = warning: this was previously accepted by the compiler but is being phased out; it will become a hard error in a future release!
[INFO] [stdout]    = note: for more information, see issue #156047 <https://github.com/rust-lang/rust/issues/156047>
[INFO] [stdout] 
[INFO] [stdout] 
[INFO] [stdout] error[E0599]: no method named `finish` found for type `!` in the current scope
[INFO] [stdout]   --> tests/little_endian_writer.rs:50:30
[INFO] [stdout]    |
[INFO] [stdout] 50 |     let bytes = match writer.finish() {
[INFO] [stdout]    |                              ^^^^^^ method not found in `!`
[INFO] [stdout] 
[INFO] [stdout] 
[INFO] [stdout] warning: unreachable call
[INFO] [stdout]   --> tests/little_endian_writer.rs:50:30
[INFO] [stdout]    |
[INFO] [stdout] 50 |     let bytes = match writer.finish() {
[INFO] [stdout]    |                       ------ ^^^^^^ unreachable call
[INFO] [stdout]    |                       |
[INFO] [stdout]    |                       any code following this expression is unreachable
[INFO] [stdout] 
[INFO] [stdout] 
[INFO] [stdout] error[E0277]: the size for values of type `[u8]` cannot be known at compilation time
[INFO] [stdout]   --> tests/little_endian_writer.rs:50:9
[INFO] [stdout]    |
[INFO] [stdout] 50 |     let bytes = match writer.finish() {
[INFO] [stdout]    |         ^^^^^ doesn't have a size known at compile-time
[INFO] [stdout]    |
[INFO] [stdout]    = help: the trait `Sized` is not implemented for `[u8]`
[INFO] [stdout]    = note: all local variables must have a statically known size
[INFO] [stdout] 
[INFO] [stdout] 
[INFO] [stdout] error[E0277]: the size for values of type `[u8]` cannot be known at compilation time
[INFO] [stdout]   --> tests/little_endian_writer.rs:51:12
[INFO] [stdout]    |
[INFO] [stdout] 51 |         Ok(bytes) => bytes,
[INFO] [stdout]    |            ^^^^^ doesn't have a size known at compile-time
[INFO] [stdout]    |
[INFO] [stdout]    = help: the trait `Sized` is not implemented for `[u8]`
[INFO] [stdout]    = note: all local variables must have a statically known size
[INFO] [stdout] 
[INFO] [stdout] 
[INFO] [stdout] error[E0277]: the size for values of type `[u8]` cannot be known at compilation time
[INFO] [stdout]   --> tests/little_endian_writer.rs:51:9
[INFO] [stdout]    |
[INFO] [stdout] 51 |         Ok(bytes) => bytes,
[INFO] [stdout]    |         ^^^^^^^^^ doesn't have a size known at compile-time
[INFO] [stdout]    |
[INFO] [stdout]    = help: the trait `Sized` is not implemented for `[u8]`
[INFO] [stdout] note: required by a bound in `Ok`
[INFO] [stdout]   --> /rustc/dfb0accb7f508ae8be965d8629557221c889dd98/library/core/src/result.rs:562:4
[INFO] [stdout] 
[INFO] [stdout] 
[INFO] [stdout] Some errors have detailed explanations: E0277, E0432, E0599.
[INFO] [stdout] 
[INFO] [stdout] For more information about an error, try `rustc --explain E0277`.
[INFO] [stdout] 
[INFO] [stderr] error: could not compile `oxgraph-snapshot` (test "little_endian_writer") due to 12 previous errors; 7 warnings emitted
[INFO] [stdout] error[E0599]: no method named `section_bytes` found for type `!` in the current scope
[INFO] [stdout]   --> tests/section_view.rs:92:32
[INFO] [stdout]    |
[INFO] [stdout] 92 |     if let Err(error) = writer.section_bytes(1, 0, 0, payload) {
[INFO] [stdout]    |                                ^^^^^^^^^^^^^ method not found in `!`
[INFO] [stdout] 
[INFO] [stdout] 
[INFO] [stdout] error[E0599]: no method named `finish` found for type `!` in the current scope
[INFO] [stdout]   --> tests/wire_layout.rs:31:30
[INFO] [stdout]    |
[INFO] [stdout] 31 |     let bytes = match writer.finish() {
[INFO] [stdout]    |                              ^^^^^^ method not found in `!`
[INFO] [stdout] 
[INFO] [stdout] 
[INFO] [stdout] warning: method call on a diverging inference variable
[INFO] [stdout]   --> tests/wire_layout.rs:35:22
[INFO] [stdout]    |
[INFO] [stdout] 35 |     assert_eq!(bytes.len(), HEADER_SIZE);
[INFO] [stdout]    |                      ^^^
[INFO] [stdout]    |
[INFO] [stdout]    = help: consider providing a type annotation
[INFO] [stdout]    = warning: this was previously accepted by the compiler but is being phased out; it will become a hard error in a future release!
[INFO] [stdout]    = note: for more information, see issue #156047 <https://github.com/rust-lang/rust/issues/156047>
[INFO] [stdout] 
[INFO] [stdout] 
[INFO] [stdout] error[E0599]: no method named `section_typed` found for type `!` in the current scope
[INFO] [stdout]   --> examples/pack_two_sections.rs:21:32
[INFO] [stdout]    |
[INFO] [stdout] 21 |     if let Err(error) = writer.section_typed(0x0100, 0, &words) {
[INFO] [stdout]    |                                ^^^^^^^^^^^^^ method not found in `!`
[INFO] [stdout] 
[INFO] [stdout] 
[INFO] [stdout] For more information about this error, try `rustc --explain E0432`.
[INFO] [stdout] 
[INFO] [stdout] error[E0599]: no method named `finish` found for type `!` in the current scope
[INFO] [stdout]   --> tests/writer_reader_roundtrip.rs:48:34
[INFO] [stdout]    |
[INFO] [stdout] 48 |         let bytes = match writer.finish() {
[INFO] [stdout]    |                                  ^^^^^^ method not found in `!`
[INFO] [stdout] 
[INFO] [stdout] 
[INFO] [stdout] warning: unreachable call
[INFO] [stdout]   --> tests/writer_reader_roundtrip.rs:48:34
[INFO] [stdout]    |
[INFO] [stdout] 48 |         let bytes = match writer.finish() {
[INFO] [stdout]    |                           ------ ^^^^^^ unreachable call
[INFO] [stdout]    |                           |
[INFO] [stdout]    |                           any code following this expression is unreachable
[INFO] [stdout]    |
[INFO] [stdout]    = note: `#[warn(unreachable_code)]` (part of `#[warn(unused)]`) on by default
[INFO] [stdout] 
[INFO] [stdout] 
[INFO] [stdout] warning: method call on a diverging inference variable
[INFO] [stdout]   --> tests/identical_bytes.rs:74:30
[INFO] [stdout]    |
[INFO] [stdout] 74 |             prop_plan(writer.section_bytes(
[INFO] [stdout]    |                              ^^^^^^^^^^^^^
[INFO] [stdout]    |
[INFO] [stdout]    = help: consider providing a type annotation
[INFO] [stdout]    = warning: this was previously accepted by the compiler but is being phased out; it will become a hard error in a future release!
[INFO] [stdout]    = note: for more information, see issue #156047 <https://github.com/rust-lang/rust/issues/156047>
[INFO] [stdout]    = note: `#[warn(method_call_on_diverging_infer_var)]` (part of `#[warn(future_incompatible)]`) on by default
[INFO] [stdout] 
[INFO] [stdout] 
[INFO] [stderr] error: could not compile `oxgraph-snapshot` (test "container_open") due to 1 previous error
[INFO] [stdout] For more information about this error, try `rustc --explain E0432`.
[INFO] [stdout] 
[INFO] [stdout] error[E0277]: the size for values of type `[u8]` cannot be known at compilation time
[INFO] [stdout]   --> tests/writer_reader_roundtrip.rs:48:13
[INFO] [stdout]    |
[INFO] [stdout] 48 |         let bytes = match writer.finish() {
[INFO] [stdout]    |             ^^^^^ doesn't have a size known at compile-time
[INFO] [stdout]    |
[INFO] [stdout]    = help: the trait `Sized` is not implemented for `[u8]`
[INFO] [stdout]    = note: all local variables must have a statically known size
[INFO] [stdout] 
[INFO] [stdout] 
[INFO] [stdout] error[E0599]: no method named `section_bytes` found for type `!` in the current scope
[INFO] [stdout]   --> examples/pack_two_sections.rs:24:32
[INFO] [stdout]    |
[INFO] [stdout] 24 |     if let Err(error) = writer.section_bytes(0x0101, 0, 0, bytes_payload) {
[INFO] [stdout]    |                                ^^^^^^^^^^^^^ method not found in `!`
[INFO] [stdout] 
[INFO] [stdout] 
[INFO] [stdout] warning: unreachable expression
[INFO] [stdout]   --> examples/pack_two_sections.rs:24:46
[INFO] [stdout]    |
[INFO] [stdout] 24 |     if let Err(error) = writer.section_bytes(0x0101, 0, 0, bytes_payload) {
[INFO] [stdout]    |                         ------               ^^^^^^ unreachable expression
[INFO] [stdout]    |                         |
[INFO] [stdout]    |                         any code following this expression is unreachable
[INFO] [stdout]    |
[INFO] [stdout]    = note: `#[warn(unreachable_code)]` (part of `#[warn(unused)]`) on by default
[INFO] [stdout] 
[INFO] [stdout] 
[INFO] [stdout] error[E0277]: the size for values of type `[u8]` cannot be known at compilation time
[INFO] [stdout]   --> tests/writer_reader_roundtrip.rs:49:16
[INFO] [stdout]    |
[INFO] [stdout] 49 |             Ok(value) => value,
[INFO] [stdout]    |                ^^^^^ doesn't have a size known at compile-time
[INFO] [stdout]    |
[INFO] [stdout]    = help: the trait `Sized` is not implemented for `[u8]`
[INFO] [stdout]    = note: all local variables must have a statically known size
[INFO] [stdout] 
[INFO] [stdout] 
[INFO] [stdout] error[E0277]: the size for values of type `[u8]` cannot be known at compilation time
[INFO] [stdout]   --> tests/writer_reader_roundtrip.rs:49:13
[INFO] [stdout]    |
[INFO] [stdout] 49 |             Ok(value) => value,
[INFO] [stdout]    |             ^^^^^^^^^ doesn't have a size known at compile-time
[INFO] [stdout]    |
[INFO] [stdout]    = help: the trait `Sized` is not implemented for `[u8]`
[INFO] [stdout] note: required by a bound in `Ok`
[INFO] [stdout]   --> /rustc/dfb0accb7f508ae8be965d8629557221c889dd98/library/core/src/result.rs:562:4
[INFO] [stdout] 
[INFO] [stdout] 
[INFO] [stdout] error[E0599]: no method named `finish` found for type `!` in the current scope
[INFO] [stdout]   --> tests/section_view.rs:95:30
[INFO] [stdout]    |
[INFO] [stdout] 95 |     let bytes = match writer.finish() {
[INFO] [stdout]    |                              ^^^^^^ method not found in `!`
[INFO] [stdout] 
[INFO] [stdout] 
[INFO] [stderr] error: could not compile `oxgraph-snapshot` (test "writer_equivalence") due to 1 previous error
[INFO] [stdout] warning: unreachable call
[INFO] [stdout]   --> tests/section_view.rs:95:30
[INFO] [stdout]    |
[INFO] [stdout] 95 |     let bytes = match writer.finish() {
[INFO] [stdout]    |                       ------ ^^^^^^ unreachable call
[INFO] [stdout]    |                       |
[INFO] [stdout]    |                       any code following this expression is unreachable
[INFO] [stdout] 
[INFO] [stdout] 
[INFO] [stdout] error[E0277]: the size for values of type `[u8]` cannot be known at compilation time
[INFO] [stdout]   --> tests/section_view.rs:95:9
[INFO] [stdout]    |
[INFO] [stdout] 95 |     let bytes = match writer.finish() {
[INFO] [stdout]    |         ^^^^^ doesn't have a size known at compile-time
[INFO] [stdout]    |
[INFO] [stdout]    = help: the trait `Sized` is not implemented for `[u8]`
[INFO] [stdout]    = note: all local variables must have a statically known size
[INFO] [stdout] 
[INFO] [stdout] 
[INFO] [stdout] error[E0277]: the size for values of type `[u8]` cannot be known at compilation time
[INFO] [stdout]   --> tests/section_view.rs:96:12
[INFO] [stdout]    |
[INFO] [stdout] 96 |         Ok(value) => value,
[INFO] [stdout]    |            ^^^^^ doesn't have a size known at compile-time
[INFO] [stdout]    |
[INFO] [stdout]    = help: the trait `Sized` is not implemented for `[u8]`
[INFO] [stdout]    = note: all local variables must have a statically known size
[INFO] [stdout] 
[INFO] [stdout] 
[INFO] [stdout] error[E0277]: the size for values of type `[u8]` cannot be known at compilation time
[INFO] [stdout]   --> tests/section_view.rs:96:9
[INFO] [stdout]    |
[INFO] [stdout] 96 |         Ok(value) => value,
[INFO] [stdout]    |         ^^^^^^^^^ doesn't have a size known at compile-time
[INFO] [stdout]    |
[INFO] [stdout]    = help: the trait `Sized` is not implemented for `[u8]`
[INFO] [stdout] note: required by a bound in `Ok`
[INFO] [stdout]   --> /rustc/dfb0accb7f508ae8be965d8629557221c889dd98/library/core/src/result.rs:562:4
[INFO] [stdout] 
[INFO] [stdout] 
[INFO] [stdout] error[E0599]: no method named `len` found for type `!` in the current scope
[INFO] [stdout]   --> tests/wire_layout.rs:35:22
[INFO] [stdout]    |
[INFO] [stdout] 35 |     assert_eq!(bytes.len(), HEADER_SIZE);
[INFO] [stdout]    |                      ^^^
[INFO] [stdout]    |
[INFO] [stdout] help: there is a method `le` with a similar name, but with different arguments
[INFO] [stdout]   --> /rustc/dfb0accb7f508ae8be965d8629557221c889dd98/library/core/src/cmp.rs:1440:4
[INFO] [stdout] 
[INFO] [stdout] 
[INFO] [stdout] warning: method call on a diverging inference variable
[INFO] [stdout]   --> tests/wire_layout.rs:45:30
[INFO] [stdout]    |
[INFO] [stdout] 45 |     let bytes = match writer.finish() {
[INFO] [stdout]    |                              ^^^^^^
[INFO] [stdout]    |
[INFO] [stdout]    = help: consider providing a type annotation
[INFO] [stdout]    = warning: this was previously accepted by the compiler but is being phased out; it will become a hard error in a future release!
[INFO] [stdout]    = note: for more information, see issue #156047 <https://github.com/rust-lang/rust/issues/156047>
[INFO] [stdout] 
[INFO] [stdout] 
[INFO] [stdout] Some errors have detailed explanations: E0277, E0432, E0599.
[INFO] [stdout] 
[INFO] [stdout] For more information about an error, try `rustc --explain E0277`.
[INFO] [stdout] 
[INFO] [stdout] Some errors have detailed explanations: E0277, E0432, E0599.
[INFO] [stdout] 
[INFO] [stdout] For more information about an error, try `rustc --explain E0277`.
[INFO] [stdout] 
[INFO] [stderr] error: could not compile `oxgraph-snapshot` (test "section_view") due to 11 previous errors; 6 warnings emitted
[INFO] [stdout] error[E0599]: no method named `finish` found for type `!` in the current scope
[INFO] [stdout]   --> examples/pack_two_sections.rs:27:39
[INFO] [stdout]    |
[INFO] [stdout] 27 |     let snapshot_bytes = match writer.finish() {
[INFO] [stdout]    |                                       ^^^^^^ method not found in `!`
[INFO] [stdout] 
[INFO] [stdout] 
[INFO] [stdout] warning: unreachable call
[INFO] [stdout]   --> examples/pack_two_sections.rs:27:39
[INFO] [stdout]    |
[INFO] [stdout] 27 |     let snapshot_bytes = match writer.finish() {
[INFO] [stdout]    |                                ------ ^^^^^^ unreachable call
[INFO] [stdout]    |                                |
[INFO] [stdout]    |                                any code following this expression is unreachable
[INFO] [stdout] 
[INFO] [stdout] 
[INFO] [stdout] warning: method call on a diverging inference variable
[INFO] [stdout]   --> examples/pack_two_sections.rs:31:59
[INFO] [stdout]    |
[INFO] [stdout] 31 |     println!("encoded snapshot: {} bytes", snapshot_bytes.len());
[INFO] [stdout]    |                                                           ^^^
[INFO] [stdout]    |
[INFO] [stdout]    = help: consider providing a type annotation
[INFO] [stdout]    = warning: this was previously accepted by the compiler but is being phased out; it will become a hard error in a future release!
[INFO] [stdout]    = note: for more information, see issue #156047 <https://github.com/rust-lang/rust/issues/156047>
[INFO] [stdout] 
[INFO] [stdout] 
[INFO] [stdout] error[E0599]: no method named `finish` found for type `!` in the current scope
[INFO] [stdout]   --> tests/wire_layout.rs:45:30
[INFO] [stdout]    |
[INFO] [stdout] 45 |     let bytes = match writer.finish() {
[INFO] [stdout]    |                              ^^^^^^ method not found in `!`
[INFO] [stdout] 
[INFO] [stdout] 
[INFO] [stdout] warning: method call on a diverging inference variable
[INFO] [stdout]   --> tests/wire_layout.rs:49:19
[INFO] [stdout]    |
[INFO] [stdout] 49 |     assert!(bytes.len() >= FORMAT_MAGIC.len());
[INFO] [stdout]    |                   ^^^
[INFO] [stdout]    |
[INFO] [stdout]    = help: consider providing a type annotation
[INFO] [stdout]    = warning: this was previously accepted by the compiler but is being phased out; it will become a hard error in a future release!
[INFO] [stdout]    = note: for more information, see issue #156047 <https://github.com/rust-lang/rust/issues/156047>
[INFO] [stdout] 
[INFO] [stdout] 
[INFO] [stderr] error: could not compile `oxgraph-snapshot` (test "writer_reader_roundtrip") due to 6 previous errors; 3 warnings emitted
[INFO] [stdout] error[E0599]: no method named `len` found for type `!` in the current scope
[INFO] [stdout]   --> examples/pack_two_sections.rs:31:59
[INFO] [stdout]    |
[INFO] [stdout] 31 |     println!("encoded snapshot: {} bytes", snapshot_bytes.len());
[INFO] [stdout]    |                                                           ^^^
[INFO] [stdout]    |
[INFO] [stdout] help: there is a method `le` with a similar name, but with different arguments
[INFO] [stdout]   --> /rustc/dfb0accb7f508ae8be965d8629557221c889dd98/library/core/src/cmp.rs:1440:4
[INFO] [stdout] 
[INFO] [stdout] 
[INFO] [stdout] error[E0308]: mismatched types
[INFO] [stdout]    --> examples/pack_two_sections.rs:33:35
[INFO] [stdout]     |
[INFO] [stdout]  33 |     let snapshot = Snapshot::open(&snapshot_bytes)?;
[INFO] [stdout]     |                    -------------- ^^^^^^^^^^^^^^^ expected `&[u8]`, found `&!`
[INFO] [stdout]     |                    |
[INFO] [stdout]     |                    arguments to this function are incorrect
[INFO] [stdout]     |
[INFO] [stdout]     = note: expected reference `&[u8]`
[INFO] [stdout]                found reference `&!`
[INFO] [stdout] note: associated function defined here
[INFO] [stdout]    --> src/container.rs:811:12
[INFO] [stdout]     |
[INFO] [stdout] 811 |     pub fn open(bytes: &'view [u8]) -> Result<Self, SnapshotError> {
[INFO] [stdout]     |            ^^^^
[INFO] [stdout] 
[INFO] [stdout] 
[INFO] [stdout] error[E0599]: no method named `section_bytes` found for type `!` in the current scope
[INFO] [stdout]   --> tests/identical_bytes.rs:74:30
[INFO] [stdout]    |
[INFO] [stdout] 74 |             prop_plan(writer.section_bytes(
[INFO] [stdout]    |                       -------^^^^^^^^^^^^^ method not found in `!`
[INFO] [stdout] 
[INFO] [stdout] 
[INFO] [stdout] Some errors have detailed explanations: E0308, E0432, E0599.
[INFO] [stdout] 
[INFO] [stdout] For more information about an error, try `rustc --explain E0308`.
[INFO] [stdout] 
[INFO] [stdout] error[E0599]: no method named `len` found for type `!` in the current scope
[INFO] [stdout]   --> tests/wire_layout.rs:49:19
[INFO] [stdout]    |
[INFO] [stdout] 49 |     assert!(bytes.len() >= FORMAT_MAGIC.len());
[INFO] [stdout]    |                   ^^^
[INFO] [stdout]    |
[INFO] [stdout] help: there is a method `le` with a similar name, but with different arguments
[INFO] [stdout]   --> /rustc/dfb0accb7f508ae8be965d8629557221c889dd98/library/core/src/cmp.rs:1440:4
[INFO] [stdout] 
[INFO] [stdout] 
[INFO] [stderr] error: could not compile `oxgraph-snapshot` (example "pack_two_sections") due to 6 previous errors; 6 warnings emitted
[INFO] [stdout] warning: unreachable expression
[INFO] [stdout]   --> tests/wire_layout.rs:50:23
[INFO] [stdout]    |
[INFO] [stdout] 50 |     assert_eq!(&bytes[..FORMAT_MAGIC.len()], &FORMAT_MAGIC[..]);
[INFO] [stdout]    |                 ----- ^^^^^^^^^^^^^^^^^^^^ unreachable expression
[INFO] [stdout]    |                 |
[INFO] [stdout]    |                 any code following this expression is unreachable
[INFO] [stdout]    |
[INFO] [stdout]    = note: `#[warn(unreachable_code)]` (part of `#[warn(unused)]`) on by default
[INFO] [stdout] 
[INFO] [stdout] 
[INFO] [stdout] error[E0608]: cannot index into a value of type `!`
[INFO] [stdout]   --> tests/wire_layout.rs:50:22
[INFO] [stdout]    |
[INFO] [stdout] 50 |     assert_eq!(&bytes[..FORMAT_MAGIC.len()], &FORMAT_MAGIC[..]);
[INFO] [stdout]    |                      ^^^^^^^^^^^^^^^^^^^^^^
[INFO] [stdout] 
[INFO] [stdout] 
[INFO] [stdout] warning: method call on a diverging inference variable
[INFO] [stdout]   --> tests/wire_layout.rs:99:32
[INFO] [stdout]    |
[INFO] [stdout] 99 |     if let Err(error) = writer.section_bytes(0x1234, 0, 0, &payload) {
[INFO] [stdout]    |                                ^^^^^^^^^^^^^
[INFO] [stdout]    |
[INFO] [stdout]    = help: consider providing a type annotation
[INFO] [stdout]    = warning: this was previously accepted by the compiler but is being phased out; it will become a hard error in a future release!
[INFO] [stdout]    = note: for more information, see issue #156047 <https://github.com/rust-lang/rust/issues/156047>
[INFO] [stdout] 
[INFO] [stdout] 
[INFO] [stdout] error[E0599]: no method named `finish` found for type `!` in the current scope
[INFO] [stdout]   --> tests/identical_bytes.rs:81:44
[INFO] [stdout]    |
[INFO] [stdout] 81 |         let from_writer = prop_plan(writer.finish())?;
[INFO] [stdout]    |                                            ^^^^^^ method not found in `!`
[INFO] [stdout] 
[INFO] [stdout] 
[INFO] [stdout] warning: unreachable call
[INFO] [stdout]   --> tests/identical_bytes.rs:81:44
[INFO] [stdout]    |
[INFO] [stdout] 81 |         let from_writer = prop_plan(writer.finish())?;
[INFO] [stdout]    |                                     ------ ^^^^^^ unreachable call
[INFO] [stdout]    |                                     |
[INFO] [stdout]    |                                     any code following this expression is unreachable
[INFO] [stdout]    |
[INFO] [stdout]    = note: `#[warn(unreachable_code)]` (part of `#[warn(unused)]`) on by default
[INFO] [stdout] 
[INFO] [stdout] 
[INFO] [stdout] error[E0599]: no method named `section_bytes` found for type `!` in the current scope
[INFO] [stdout]   --> tests/wire_layout.rs:99:32
[INFO] [stdout]    |
[INFO] [stdout] 99 |     if let Err(error) = writer.section_bytes(0x1234, 0, 0, &payload) {
[INFO] [stdout]    |                                ^^^^^^^^^^^^^ method not found in `!`
[INFO] [stdout] 
[INFO] [stdout] 
[INFO] [stdout] error[E0277]: the size for values of type `[u8]` cannot be known at compilation time
[INFO] [stdout]   --> tests/identical_bytes.rs:81:13
[INFO] [stdout]    |
[INFO] [stdout] 81 |         let from_writer = prop_plan(writer.finish())?;
[INFO] [stdout]    |             ^^^^^^^^^^^ doesn't have a size known at compile-time
[INFO] [stdout]    |
[INFO] [stdout]    = help: the trait `Sized` is not implemented for `[u8]`
[INFO] [stdout]    = note: all local variables must have a statically known size
[INFO] [stdout] 
[INFO] [stdout] 
[INFO] [stdout] error[E0277]: the size for values of type `[u8]` cannot be known at compilation time
[INFO] [stdout]   --> tests/identical_bytes.rs:81:27
[INFO] [stdout]    |
[INFO] [stdout] 81 |         let from_writer = prop_plan(writer.finish())?;
[INFO] [stdout]    |                           ^^^^^^^^^^^^^^^^^^^^^^^^^^^ doesn't have a size known at compile-time
[INFO] [stdout]    |
[INFO] [stdout]    = help: the trait `Sized` is not implemented for `[u8]`
[INFO] [stdout]    = note: all local variables must have a statically known size
[INFO] [stdout] 
[INFO] [stdout] 
[INFO] [stdout] error[E0277]: the size for values of type `[u8]` cannot be known at compilation time
[INFO] [stdout]   --> tests/identical_bytes.rs:81:37
[INFO] [stdout]    |
[INFO] [stdout] 81 |         let from_writer = prop_plan(writer.finish())?;
[INFO] [stdout]    |                           --------- ^^^^^^^^^^^^^^^ doesn't have a size known at compile-time
[INFO] [stdout]    |                           |
[INFO] [stdout]    |                           required by a bound introduced by this call
[INFO] [stdout]    |
[INFO] [stdout]    = help: the trait `Sized` is not implemented for `[u8]`
[INFO] [stdout] note: required by an implicit `Sized` bound in `prop_plan`
[INFO] [stdout]   --> tests/identical_bytes.rs:18:14
[INFO] [stdout]    |
[INFO] [stdout] 18 | fn prop_plan<T>(result: Result<T, PlanError>) -> Result<T, TestCaseError> {
[INFO] [stdout]    |              ^ required by the implicit `Sized` requirement on this type parameter in `prop_plan`
[INFO] [stdout] help: consider removing this method call, as the receiver has type `!` and `!: Sized` trivially holds
[INFO] [stdout]    |
[INFO] [stdout] 81 -         let from_writer = prop_plan(writer.finish())?;
[INFO] [stdout] 81 +         let from_writer = prop_plan(writer)?;
[INFO] [stdout]    |
[INFO] [stdout] help: consider relaxing the implicit `Sized` restriction
[INFO] [stdout]    |
[INFO] [stdout] 18 | fn prop_plan<T: ?Sized>(result: Result<T, PlanError>) -> Result<T, TestCaseError> {
[INFO] [stdout]    |               ++++++++
[INFO] [stdout] 
[INFO] [stdout] 
[INFO] [stdout] error[E0277]: the size for values of type `[u8]` cannot be known at compilation time
[INFO] [stdout]   --> tests/identical_bytes.rs:81:53
[INFO] [stdout]    |
[INFO] [stdout] 81 |         let from_writer = prop_plan(writer.finish())?;
[INFO] [stdout]    |                                                     ^ doesn't have a size known at compile-time
[INFO] [stdout]    |
[INFO] [stdout]    = help: the trait `Sized` is not implemented for `[u8]`
[INFO] [stdout] note: required by an implicit `Sized` bound in `ControlFlow`
[INFO] [stdout]   --> /rustc/dfb0accb7f508ae8be965d8629557221c889dd98/library/core/src/ops/control_flow.rs:89:0
[INFO] [stdout] 
[INFO] [stdout] 
[INFO] [stdout] Some errors have detailed explanations: E0277, E0432, E0599.
[INFO] [stdout] 
[INFO] [stdout] For more information about an error, try `rustc --explain E0277`.
[INFO] [stdout] 
[INFO] [stdout] error[E0599]: no method named `finish` found for type `!` in the current scope
[INFO] [stdout]    --> tests/wire_layout.rs:102:30
[INFO] [stdout]     |
[INFO] [stdout] 102 |     let bytes = match writer.finish() {
[INFO] [stdout]     |                              ^^^^^^ method not found in `!`
[INFO] [stdout] 
[INFO] [stdout] 
[INFO] [stdout] warning: unreachable call
[INFO] [stdout]    --> tests/wire_layout.rs:102:30
[INFO] [stdout]     |
[INFO] [stdout] 102 |     let bytes = match writer.finish() {
[INFO] [stdout]     |                       ------ ^^^^^^ unreachable call
[INFO] [stdout]     |                       |
[INFO] [stdout]     |                       any code following this expression is unreachable
[INFO] [stdout] 
[INFO] [stdout] 
[INFO] [stdout] warning: method call on a diverging inference variable
[INFO] [stdout]    --> tests/wire_layout.rs:107:15
[INFO] [stdout]     |
[INFO] [stdout] 107 |         bytes.len(),
[INFO] [stdout]     |               ^^^
[INFO] [stdout]     |
[INFO] [stdout]     = help: consider providing a type annotation
[INFO] [stdout]     = warning: this was previously accepted by the compiler but is being phased out; it will become a hard error in a future release!
[INFO] [stdout]     = note: for more information, see issue #156047 <https://github.com/rust-lang/rust/issues/156047>
[INFO] [stdout] 
[INFO] [stdout] 
[INFO] [stderr] error: could not compile `oxgraph-snapshot` (test "identical_bytes") due to 7 previous errors; 3 warnings emitted
[INFO] [stdout] error[E0599]: no method named `len` found for type `!` in the current scope
[INFO] [stdout]    --> tests/wire_layout.rs:107:15
[INFO] [stdout]     |
[INFO] [stdout] 107 |         bytes.len(),
[INFO] [stdout]     |               ^^^
[INFO] [stdout]     |
[INFO] [stdout] help: there is a method `le` with a similar name, but with different arguments
[INFO] [stdout]    --> /rustc/dfb0accb7f508ae8be965d8629557221c889dd98/library/core/src/cmp.rs:1440:4
[INFO] [stdout] 
[INFO] [stdout] 
[INFO] [stdout] warning: method call on a diverging inference variable
[INFO] [stdout]    --> tests/wire_layout.rs:122:32
[INFO] [stdout]     |
[INFO] [stdout] 122 |     if let Err(error) = writer.section_bytes(0x1234, 0, 0, &payload) {
[INFO] [stdout]     |                                ^^^^^^^^^^^^^
[INFO] [stdout]     |
[INFO] [stdout]     = help: consider providing a type annotation
[INFO] [stdout]     = warning: this was previously accepted by the compiler but is being phased out; it will become a hard error in a future release!
[INFO] [stdout]     = note: for more information, see issue #156047 <https://github.com/rust-lang/rust/issues/156047>
[INFO] [stdout] 
[INFO] [stdout] 
[INFO] [stdout] error[E0599]: no method named `section_bytes` found for type `!` in the current scope
[INFO] [stdout]    --> tests/wire_layout.rs:122:32
[INFO] [stdout]     |
[INFO] [stdout] 122 |     if let Err(error) = writer.section_bytes(0x1234, 0, 0, &payload) {
[INFO] [stdout]     |                                ^^^^^^^^^^^^^ method not found in `!`
[INFO] [stdout] 
[INFO] [stdout] 
[INFO] [stdout] error[E0599]: no method named `finish` found for type `!` in the current scope
[INFO] [stdout]    --> tests/wire_layout.rs:125:30
[INFO] [stdout]     |
[INFO] [stdout] 125 |     let bytes = match writer.finish() {
[INFO] [stdout]     |                              ^^^^^^ method not found in `!`
[INFO] [stdout] 
[INFO] [stdout] 
[INFO] [stdout] warning: unreachable call
[INFO] [stdout]    --> tests/wire_layout.rs:125:30
[INFO] [stdout]     |
[INFO] [stdout] 125 |     let bytes = match writer.finish() {
[INFO] [stdout]     |                       ------ ^^^^^^ unreachable call
[INFO] [stdout]     |                       |
[INFO] [stdout]     |                       any code following this expression is unreachable
[INFO] [stdout] 
[INFO] [stdout] 
[INFO] [stdout] warning: method call on a diverging inference variable
[INFO] [stdout]    --> tests/wire_layout.rs:157:36
[INFO] [stdout]     |
[INFO] [stdout] 157 |         if let Err(error) = writer.section_bytes(kind, 0, 0, payload) {
[INFO] [stdout]     |                                    ^^^^^^^^^^^^^
[INFO] [stdout]     |
[INFO] [stdout]     = help: consider providing a type annotation
[INFO] [stdout]     = warning: this was previously accepted by the compiler but is being phased out; it will become a hard error in a future release!
[INFO] [stdout]     = note: for more information, see issue #156047 <https://github.com/rust-lang/rust/issues/156047>
[INFO] [stdout] 
[INFO] [stdout] 
[INFO] [stdout] error[E0599]: no method named `section_bytes` found for type `!` in the current scope
[INFO] [stdout]    --> tests/wire_layout.rs:157:36
[INFO] [stdout]     |
[INFO] [stdout] 157 |         if let Err(error) = writer.section_bytes(kind, 0, 0, payload) {
[INFO] [stdout]     |                                    ^^^^^^^^^^^^^ method not found in `!`
[INFO] [stdout] 
[INFO] [stdout] 
[INFO] [stdout] error[E0599]: no method named `finish` found for type `!` in the current scope
[INFO] [stdout]    --> tests/wire_layout.rs:161:30
[INFO] [stdout]     |
[INFO] [stdout] 161 |     let bytes = match writer.finish() {
[INFO] [stdout]     |                              ^^^^^^ method not found in `!`
[INFO] [stdout] 
[INFO] [stdout] 
[INFO] [stdout] warning: unreachable call
[INFO] [stdout]    --> tests/wire_layout.rs:161:30
[INFO] [stdout]     |
[INFO] [stdout] 161 |     let bytes = match writer.finish() {
[INFO] [stdout]     |                       ------ ^^^^^^ unreachable call
[INFO] [stdout]     |                       |
[INFO] [stdout]     |                       any code following this expression is unreachable
[INFO] [stdout] 
[INFO] [stdout] 
[INFO] [stdout] warning: method call on a diverging inference variable
[INFO] [stdout]    --> tests/wire_layout.rs:167:15
[INFO] [stdout]     |
[INFO] [stdout] 167 |         bytes.len(),
[INFO] [stdout]     |               ^^^
[INFO] [stdout]     |
[INFO] [stdout]     = help: consider providing a type annotation
[INFO] [stdout]     = warning: this was previously accepted by the compiler but is being phased out; it will become a hard error in a future release!
[INFO] [stdout]     = note: for more information, see issue #156047 <https://github.com/rust-lang/rust/issues/156047>
[INFO] [stdout] 
[INFO] [stdout] 
[INFO] [stdout] error[E0599]: no method named `len` found for type `!` in the current scope
[INFO] [stdout]    --> tests/wire_layout.rs:167:15
[INFO] [stdout]     |
[INFO] [stdout] 167 |         bytes.len(),
[INFO] [stdout]     |               ^^^
[INFO] [stdout]     |
[INFO] [stdout] help: there is a method `le` with a similar name, but with different arguments
[INFO] [stdout]    --> /rustc/dfb0accb7f508ae8be965d8629557221c889dd98/library/core/src/cmp.rs:1440:4
[INFO] [stdout] 
[INFO] [stdout] 
[INFO] [stdout] Some errors have detailed explanations: E0432, E0599, E0608.
[INFO] [stdout] 
[INFO] [stdout] For more information about an error, try `rustc --explain E0432`.
[INFO] [stdout] 
[INFO] [stderr] error: could not compile `oxgraph-snapshot` (test "wire_layout") due to 14 previous errors; 22 warnings emitted
[INFO] running `Command { std: "docker" "inspect" "6a05c23917bb0cb61b2095e07b0544271671938a747272392595523753985106", kill_on_drop: false }`
[INFO] running `Command { std: "docker" "rm" "-f" "6a05c23917bb0cb61b2095e07b0544271671938a747272392595523753985106", kill_on_drop: false }`
[INFO] [stdout] 6a05c23917bb0cb61b2095e07b0544271671938a747272392595523753985106
