[INFO] fetching crate oxana 2.3.0...
[INFO] testing oxana-2.3.0 against 1.99.0-beta.8+cargoflags=--release for beta-release-1.100-2
[INFO] extracting crate oxana 2.3.0 into /workspace/builds/worker-7-tc1/source
[INFO] started tweaking crates.io crate oxana 2.3.0
[INFO] removed 0 missing examples
[INFO] removed 0 missing tests
[INFO] finished tweaking crates.io crate oxana 2.3.0
[INFO] tweaked toml for crates.io crate oxana 2.3.0 written to /workspace/builds/worker-7-tc1/source/Cargo.toml
[INFO] validating manifest of crates.io crate oxana 2.3.0 on toolchain 1.99.0-beta.8
[INFO] running `Command { std: CARGO_HOME="/workspace/cargo-home" RUSTUP_HOME="/workspace/rustup-home" "/workspace/cargo-home/bin/cargo" "+1.99.0-beta.8" "metadata" "--manifest-path" "Cargo.toml" "--no-deps", kill_on_drop: false }`
[INFO] crate crates.io crate oxana 2.3.0 already has a lockfile, it will not be regenerated
[INFO] running `Command { std: CARGO_HOME="/workspace/cargo-home" RUSTUP_HOME="/workspace/rustup-home" "/workspace/cargo-home/bin/cargo" "+1.99.0-beta.8" "fetch" "--manifest-path" "Cargo.toml", kill_on_drop: false }`
[INFO] [stderr]     Updating crates.io index
[INFO] [stderr]  Downloading crates ...
[INFO] [stderr]   Downloaded target-tuple v1.0.2
[INFO] [stderr]   Downloaded sentry-panic v0.48.5
[INFO] [stderr]   Downloaded deadpool-runtime v0.3.1
[INFO] [stderr]   Downloaded trybuild v1.0.121
[INFO] [stderr]   Downloaded sentry-types v0.48.5
[INFO] [stderr]   Downloaded sentry-backtrace v0.48.5
[INFO] [stderr]   Downloaded prometheus-client-derive-encode v0.5.1
[INFO] [stderr]   Downloaded oxana-macros v2.3.0
[INFO] [stderr]   Downloaded divan-macros v0.1.21
[INFO] [stderr]   Downloaded condtype v1.3.0
[INFO] [stderr]   Downloaded cron v0.17.0
[INFO] [stderr]   Downloaded arcstr v1.2.0
[INFO] [stderr]   Downloaded deadpool-redis v0.23.1
[INFO] [stderr]   Downloaded deadpool v0.13.1
[INFO] [stderr]   Downloaded sentry-core v0.48.5
[INFO] [stderr]   Downloaded prometheus-client v0.25.1
[INFO] [stderr]   Downloaded divan v0.1.21
[INFO] [stderr]   Downloaded redis v1.7.0
[INFO] running `Command { std: "docker" "create" "-v" "/var/lib/crater-agent-workspace/builds/worker-7-tc1/source:/opt/rustwide/workdir:ro,Z" "-v" "/var/lib/crater-agent-workspace/builds/worker-7-tc1/target:/opt/rustwide/target:rw,Z" "-v" "/var/lib/crater-agent-workspace/cargo-home:/opt/rustwide/cargo-home:ro,Z" "-v" "/var/lib/crater-agent-workspace/rustup-home:/opt/rustwide/rustup-home:ro,Z" "-m" "1610612736" "--network" "none" "ghcr.io/rust-lang/crates-build-env/linux@sha256:77db811e55d90add9212f6832c23229e3de5f1c1f9905e8cb07319ea15df73ac" "sleep" "infinity", kill_on_drop: false }`
[INFO] [stdout] 0bc49d10dd6fc66439067b49aecf3150d32415edcc8c87b576c66bd59b5c1e2b
[INFO] running `Command { std: "docker" "start" "0bc49d10dd6fc66439067b49aecf3150d32415edcc8c87b576c66bd59b5c1e2b", kill_on_drop: false }`
[INFO] running `Command { std: "docker" "inspect" "0bc49d10dd6fc66439067b49aecf3150d32415edcc8c87b576c66bd59b5c1e2b", kill_on_drop: false }`
[INFO] running `Command { std: "docker" "exec" "-e" "SOURCE_DIR=/opt/rustwide/workdir" "-e" "CARGO_HOME=/opt/rustwide/cargo-home" "-e" "RUSTUP_HOME=/opt/rustwide/rustup-home" "-e" "CARGO_TARGET_DIR=/opt/rustwide/target" "-w" "/opt/rustwide/workdir" "--user" "0:0" "0bc49d10dd6fc66439067b49aecf3150d32415edcc8c87b576c66bd59b5c1e2b" "/opt/rustwide/cargo-home/bin/cargo" "+1.99.0-beta.8" "metadata" "--no-deps" "--format-version=1", kill_on_drop: false }`
[INFO] running `Command { std: "docker" "inspect" "0bc49d10dd6fc66439067b49aecf3150d32415edcc8c87b576c66bd59b5c1e2b", kill_on_drop: false }`
[INFO] running `Command { std: "docker" "exec" "-e" "SOURCE_DIR=/opt/rustwide/workdir" "-e" "CARGO_HOME=/opt/rustwide/cargo-home" "-e" "RUSTUP_HOME=/opt/rustwide/rustup-home" "-e" "CARGO_TARGET_DIR=/opt/rustwide/target" "-e" "CARGO_INCREMENTAL=0" "-e" "RUST_BACKTRACE=full" "-e" "RUSTFLAGS=--cap-lints=warn" "-e" "RUSTDOCFLAGS=--cap-lints=warn" "-w" "/opt/rustwide/workdir" "--user" "0:0" "0bc49d10dd6fc66439067b49aecf3150d32415edcc8c87b576c66bd59b5c1e2b" "/opt/rustwide/cargo-home/bin/cargo" "+1.99.0-beta.8" "build" "--frozen" "--message-format=json" "--release", kill_on_drop: false }`
[INFO] [stderr]    Compiling syn v3.0.5
[INFO] [stderr]    Compiling syn v2.0.119
[INFO] [stderr]    Compiling smallvec v1.16.1
[INFO] [stderr]    Compiling futures-channel v0.3.34
[INFO] [stderr]    Compiling getrandom v0.3.4
[INFO] [stderr]    Compiling siphasher v1.0.3
[INFO] [stderr]    Compiling rand v0.8.8
[INFO] [stderr]    Compiling getrandom v0.4.3
[INFO] [stderr]    Compiling rand_core v0.9.5
[INFO] [stderr]    Compiling parking_lot_core v0.9.12
[INFO] [stderr]    Compiling serde_json v1.0.151
[INFO] [stderr]    Compiling phf_shared v0.11.3
[INFO] [stderr]    Compiling uuid v1.26.1
[INFO] [stderr]    Compiling rand_chacha v0.9.0
[INFO] [stderr]    Compiling rustix v1.1.4
[INFO] [stderr]    Compiling parking_lot v0.12.5
[INFO] [stderr]    Compiling phf_generator v0.11.3
[INFO] [stderr]    Compiling rand v0.9.5
[INFO] [stderr]    Compiling time v0.3.55
[INFO] [stderr]    Compiling async-lock v3.4.2
[INFO] [stderr]    Compiling proc-macro-error-attr2 v2.0.0
[INFO] [stderr]    Compiling linux-raw-sys v0.12.1
[INFO] [stderr]    Compiling arcstr v1.2.0
[INFO] [stderr]    Compiling xxhash-rust v0.8.18
[INFO] [stderr]    Compiling winnow v0.7.15
[INFO] [stderr]    Compiling gethostname v1.1.0
[INFO] [stderr]    Compiling zerovec-derive v0.11.6
[INFO] [stderr]    Compiling displaydoc v0.2.7
[INFO] [stderr]    Compiling serde_derive v1.0.229
[INFO] [stderr]    Compiling futures-macro v0.3.34
[INFO] [stderr]    Compiling tokio-macros v2.7.2
[INFO] [stderr]    Compiling thiserror-impl v2.0.20
[INFO] [stderr]    Compiling async-trait v0.1.92
[INFO] [stderr]    Compiling synstructure v0.13.2
[INFO] [stderr]    Compiling tokio v1.53.1
[INFO] [stderr]    Compiling futures-util v0.3.34
[INFO] [stderr]    Compiling darling_core v0.23.0
[INFO] [stderr]    Compiling proc-macro-error2 v2.0.1
[INFO] [stderr]    Compiling thiserror v2.0.20
[INFO] [stderr]    Compiling zerofrom-derive v0.1.7
[INFO] [stderr]    Compiling yoke-derive v0.8.2
[INFO] [stderr]    Compiling phf_macros v0.11.3
[INFO] [stderr]    Compiling tracing-attributes v0.1.31
[INFO] [stderr]    Compiling phf v0.11.3
[INFO] [stderr]    Compiling tracing v0.1.44
[INFO] [stderr]    Compiling zerofrom v0.1.8
[INFO] [stderr]    Compiling yoke v0.8.3
[INFO] [stderr]    Compiling zerovec v0.11.8
[INFO] [stderr]    Compiling zerotrie v0.2.5
[INFO] [stderr]    Compiling serde v1.0.229
[INFO] [stderr]    Compiling darling_macro v0.23.0
[INFO] [stderr]    Compiling darling v0.23.0
[INFO] [stderr]    Compiling tinystr v0.8.4
[INFO] [stderr]    Compiling potential_utf v0.1.6
[INFO] [stderr]    Compiling oxana-macros v2.3.0
[INFO] [stderr]    Compiling icu_collections v2.3.0
[INFO] [stderr]    Compiling icu_locale_core v2.3.0
[INFO] [stderr]    Compiling debugid v0.8.0
[INFO] [stderr]    Compiling chrono v0.4.45
[INFO] [stderr]    Compiling futures-executor v0.3.34
[INFO] [stderr]    Compiling futures v0.3.34
[INFO] [stderr]    Compiling icu_provider v2.3.1
[INFO] [stderr]    Compiling icu_normalizer v2.3.0
[INFO] [stderr]    Compiling icu_properties v2.3.0
[INFO] [stderr]    Compiling cron v0.17.0
[INFO] [stderr]    Compiling idna_adapter v1.2.2
[INFO] [stderr]    Compiling idna v1.1.0
[INFO] [stderr]    Compiling tokio-util v0.7.19
[INFO] [stderr]    Compiling deadpool-runtime v0.3.1
[INFO] [stderr]    Compiling deadpool v0.13.1
[INFO] [stderr]    Compiling url v2.5.8
[INFO] [stderr]    Compiling combine v4.6.8
[INFO] [stderr]    Compiling sentry-types v0.48.5
[INFO] [stderr]    Compiling sentry-core v0.48.5
[INFO] [stderr]    Compiling redis v1.7.0
[INFO] [stderr]    Compiling deadpool-redis v0.23.1
[INFO] [stderr]    Compiling oxana v2.3.0 (/opt/rustwide/workdir)
[INFO] [stderr]     Finished `release` profile [optimized] target(s) in 2m 12s
[INFO] [stderr] warning: the following packages contain code that will be rejected by a future version of Rust: proc-macro-error2 v2.0.1
[INFO] [stderr] note: to see what the problems were, use the option `--future-incompat-report`, or run `cargo report future-incompatibilities --id 2`
[INFO] running `Command { std: "docker" "inspect" "0bc49d10dd6fc66439067b49aecf3150d32415edcc8c87b576c66bd59b5c1e2b", kill_on_drop: false }`
[INFO] running `Command { std: "docker" "exec" "-e" "SOURCE_DIR=/opt/rustwide/workdir" "-e" "CARGO_HOME=/opt/rustwide/cargo-home" "-e" "RUSTUP_HOME=/opt/rustwide/rustup-home" "-e" "CARGO_TARGET_DIR=/opt/rustwide/target" "-e" "CARGO_INCREMENTAL=0" "-e" "RUST_BACKTRACE=full" "-e" "RUSTFLAGS=--cap-lints=warn" "-e" "RUSTDOCFLAGS=--cap-lints=warn" "-w" "/opt/rustwide/workdir" "--user" "0:0" "0bc49d10dd6fc66439067b49aecf3150d32415edcc8c87b576c66bd59b5c1e2b" "/opt/rustwide/cargo-home/bin/cargo" "+1.99.0-beta.8" "test" "--frozen" "--no-run" "--message-format=json" "--release", kill_on_drop: false }`
[INFO] [stderr]    Compiling serde v1.0.229
[INFO] [stderr]    Compiling rustix v1.1.4
[INFO] [stderr]    Compiling tokio v1.53.1
[INFO] [stderr]    Compiling serde_json v1.0.151
[INFO] [stderr]    Compiling uuid v1.26.1
[INFO] [stderr]    Compiling regex-syntax v0.8.11
[INFO] [stderr]    Compiling tracing-core v0.1.36
[INFO] [stderr]    Compiling log v0.4.34
[INFO] [stderr]    Compiling object v0.37.3
[INFO] [stderr]    Compiling winnow v1.0.4
[INFO] [stderr]    Compiling url v2.5.8
[INFO] [stderr]    Compiling debugid v0.8.0
[INFO] [stderr]    Compiling terminal_size v0.4.4
[INFO] [stderr]    Compiling target-tuple v1.0.2
[INFO] [stderr]    Compiling clap_builder v4.6.6
[INFO] [stderr]    Compiling chrono v0.4.45
[INFO] [stderr]    Compiling regex-automata v0.4.18
[INFO] [stderr]    Compiling sentry-types v0.48.5
[INFO] [stderr]    Compiling toml_parser v1.1.3+spec-1.1.0
[INFO] [stderr]    Compiling regex v1.13.1
[INFO] [stderr]    Compiling backtrace v0.3.76
[INFO] [stderr]    Compiling tokio-util v0.7.19
[INFO] [stderr]    Compiling deadpool-runtime v0.3.1
[INFO] [stderr]    Compiling deadpool v0.13.1
[INFO] [stderr]    Compiling tracing v0.1.44
[INFO] [stderr]    Compiling combine v4.6.8
[INFO] [stderr]    Compiling toml_datetime v1.1.1+spec-1.1.0
[INFO] [stderr]    Compiling sentry-core v0.48.5
[INFO] [stderr]    Compiling serde_spanned v1.1.1
[INFO] [stderr]    Compiling toml_writer v1.1.2+spec-1.1.0
[INFO] [stderr]    Compiling cron v0.17.0
[INFO] [stderr]    Compiling sentry-backtrace v0.48.5
[INFO] [stderr]    Compiling chacha20 v0.10.2
[INFO] [stderr]    Compiling toml v1.1.6+spec-1.1.0
[INFO] [stderr]    Compiling matchers v0.2.0
[INFO] [stderr]    Compiling clap v4.6.6
[INFO] [stderr]    Compiling gethostname v1.1.0
[INFO] [stderr]    Compiling tracing-log v0.2.0
[INFO] [stderr]    Compiling redis v1.7.0
[INFO] [stderr]    Compiling divan-macros v0.1.21
[INFO] [stderr]    Compiling thread_local v1.1.10
[INFO] [stderr]    Compiling termcolor v1.4.1
[INFO] [stderr]    Compiling regex-lite v0.1.9
[INFO] [stderr]    Compiling condtype v1.3.0
[INFO] [stderr]    Compiling glob v0.3.4
[INFO] [stderr]    Compiling divan v0.1.21
[INFO] [stderr]    Compiling trybuild v1.0.121
[INFO] [stderr]    Compiling tracing-subscriber v0.3.23
[INFO] [stderr]    Compiling rand v0.10.2
[INFO] [stderr]    Compiling sentry-panic v0.48.5
[INFO] [stderr]    Compiling testresult v0.4.1
[INFO] [stderr]    Compiling dotenvy v0.15.7
[INFO] [stderr]    Compiling deadpool-redis v0.23.1
[INFO] [stderr]    Compiling oxana v2.3.0 (/opt/rustwide/workdir)
[INFO] [stdout] error[E0425]: cannot find type `ComponentRegistry` in module `oxana`
[INFO] [stdout]    --> src/queue.rs:358:41
[INFO] [stdout]     |
[INFO] [stdout] 358 |         struct ComponentRegistry(oxana::ComponentRegistry<()>);
[INFO] [stdout]     |                                         ^^^^^^^^^^^^^^^^^ not found in `oxana`
[INFO] [stdout]     |
[INFO] [stdout] note: struct `crate::worker::tests::ComponentRegistry` exists but is inaccessible
[INFO] [stdout]    --> src/worker.rs:375:5
[INFO] [stdout]     |
[INFO] [stdout] 375 |     struct ComponentRegistry(oxana::ComponentRegistry<WorkerContext>);
[INFO] [stdout]     |     ^^^^^^^^^^^^^^^^^^^^^^^^^^^^^^^^^^^^^^^^^^^^^^^^^^^^^^^^^^^^^^^^^^ not accessible
[INFO] [stdout] 
[INFO] [stdout] 
[INFO] [stdout] error[E0425]: cannot find type `ComponentRegistry` in module `oxana`
[INFO] [stdout]    --> src/worker.rs:375:37
[INFO] [stdout]     |
[INFO] [stdout] 375 |     struct ComponentRegistry(oxana::ComponentRegistry<WorkerContext>);
[INFO] [stdout]     |                                     ^^^^^^^^^^^^^^^^^ not found in `oxana`
[INFO] [stdout] 
[INFO] [stdout] 
[INFO] [stdout] error[E0425]: cannot find type `ComponentRegistry` in module `oxana`
[INFO] [stdout]    --> src/worker.rs:379:40
[INFO] [stdout]     |
[INFO] [stdout] 379 |     struct ComponentRegistryFmt(oxana::ComponentRegistry<WorkerContext>);
[INFO] [stdout]     |                                        ^^^^^^^^^^^^^^^^^ not found in `oxana`
[INFO] [stdout] 
[INFO] [stdout] 
[INFO] [stdout] error[E0425]: cannot find type `ComponentRegistry` in crate `oxana`
[INFO] [stdout]  --> examples/dynamic_concurrency.rs:6:33
[INFO] [stdout]   |
[INFO] [stdout] 6 | struct ComponentRegistry(oxana::ComponentRegistry<WorkerContext>);
[INFO] [stdout]   |                                 ^^^^^^^^^^^^^^^^^ not found in `oxana`
[INFO] [stdout] 
[INFO] [stdout] 
[INFO] [stdout] error[E0425]: cannot find type `ComponentRegistry` in crate `oxana`
[INFO] [stdout]  --> examples/cron.rs:5:33
[INFO] [stdout]   |
[INFO] [stdout] 5 | struct ComponentRegistry(oxana::ComponentRegistry<WorkerContext>);
[INFO] [stdout]   |                                 ^^^^^^^^^^^^^^^^^ not found in `oxana`
[INFO] [stdout] 
[INFO] [stdout] 
[INFO] [stdout] error[E0425]: cannot find type `ComponentRegistry` in crate `oxana`
[INFO] [stdout]  --> examples/batch.rs:5:33
[INFO] [stdout]   |
[INFO] [stdout] 5 | struct ComponentRegistry(oxana::ComponentRegistry<WorkerContext>);
[INFO] [stdout]   |                                 ^^^^^^^^^^^^^^^^^ not found in `oxana`
[INFO] [stdout] 
[INFO] [stdout] 
[INFO] [stdout] error[E0425]: cannot find type `ComponentRegistry` in crate `oxana`
[INFO] [stdout]  --> examples/resumable.rs:5:33
[INFO] [stdout]   |
[INFO] [stdout] 5 | struct ComponentRegistry(oxana::ComponentRegistry<WorkerContext>);
[INFO] [stdout]   |                                 ^^^^^^^^^^^^^^^^^ not found in `oxana`
[INFO] [stdout] 
[INFO] [stdout] 
[INFO] [stdout] error[E0425]: cannot find type `ComponentRegistry` in crate `oxana`
[INFO] [stdout]  --> examples/throttled.rs:5:33
[INFO] [stdout]   |
[INFO] [stdout] 5 | struct ComponentRegistry(oxana::ComponentRegistry<WorkerContext>);
[INFO] [stdout]   |                                 ^^^^^^^^^^^^^^^^^ not found in `oxana`
[INFO] [stdout] 
[INFO] [stdout] 
[INFO] [stdout] error[E0599]: no method named `register` found for struct `RuntimeBuilder<DT>` in the current scope
[INFO] [stdout]   --> examples/cron.rs:44:10
[INFO] [stdout]    |
[INFO] [stdout] 42 |       let runtime = storage
[INFO] [stdout]    |  ___________________-
[INFO] [stdout] 43 | |         .runtime(ctx)
[INFO] [stdout] 44 | |         .register::<ComponentRegistry>()
[INFO] [stdout]    | |         -^^^^^^^^ method not found in `RuntimeBuilder<WorkerContext>`
[INFO] [stdout]    | |_________|
[INFO] [stdout]    |
[INFO] [stdout] 
[INFO] [stdout] 
[INFO] [stdout] error[E0599]: no method named `register` found for struct `RuntimeBuilder<DT>` in the current scope
[INFO] [stdout]   --> examples/dynamic_concurrency.rs:46:10
[INFO] [stdout]    |
[INFO] [stdout] 44 |       let runtime = storage
[INFO] [stdout]    |  ___________________-
[INFO] [stdout] 45 | |         .runtime(ctx)
[INFO] [stdout] 46 | |         .register::<ComponentRegistry>()
[INFO] [stdout]    | |         -^^^^^^^^ method not found in `RuntimeBuilder<WorkerContext>`
[INFO] [stdout]    | |_________|
[INFO] [stdout]    |
[INFO] [stdout] 
[INFO] [stdout] 
[INFO] [stdout] error[E0599]: no method named `register` found for struct `RuntimeBuilder<DT>` in the current scope
[INFO] [stdout]   --> examples/batch.rs:52:10
[INFO] [stdout]    |
[INFO] [stdout] 50 |       let runtime = storage
[INFO] [stdout]    |  ___________________-
[INFO] [stdout] 51 | |         .runtime(ctx)
[INFO] [stdout] 52 | |         .register::<ComponentRegistry>()
[INFO] [stdout]    | |         -^^^^^^^^ method not found in `RuntimeBuilder<WorkerContext>`
[INFO] [stdout]    | |_________|
[INFO] [stdout]    |
[INFO] [stdout] 
[INFO] [stdout] 
[INFO] [stdout] error[E0599]: no method named `register` found for struct `RuntimeBuilder<DT>` in the current scope
[INFO] [stdout]   --> examples/resumable.rs:60:10
[INFO] [stdout]    |
[INFO] [stdout] 58 |       let runtime = storage
[INFO] [stdout]    |  ___________________-
[INFO] [stdout] 59 | |         .runtime(ctx)
[INFO] [stdout] 60 | |         .register::<ComponentRegistry>()
[INFO] [stdout]    | |         -^^^^^^^^ method not found in `RuntimeBuilder<WorkerContext>`
[INFO] [stdout]    | |_________|
[INFO] [stdout]    |
[INFO] [stdout] 
[INFO] [stdout] 
[INFO] [stdout] error[E0599]: no method named `register` found for struct `RuntimeBuilder<DT>` in the current scope
[INFO] [stdout]   --> examples/throttled.rs:58:10
[INFO] [stdout]    |
[INFO] [stdout] 56 |       let runtime = storage
[INFO] [stdout]    |  ___________________-
[INFO] [stdout] 57 | |         .runtime(ctx)
[INFO] [stdout] 58 | |         .register::<ComponentRegistry>()
[INFO] [stdout]    | |         -^^^^^^^^ method not found in `RuntimeBuilder<WorkerContext>`
[INFO] [stdout]    | |_________|
[INFO] [stdout]    |
[INFO] [stdout] 
[INFO] [stdout] 
[INFO] [stdout] Some errors have detailed explanations: E0425, E0599.
[INFO] [stdout] 
[INFO] [stdout] For more information about an error, try `rustc --explain E0425`.
[INFO] [stdout] 
[INFO] [stderr] error: could not compile `oxana` (example "cron") due to 2 previous errors
[INFO] [stderr] warning: build failed, waiting for other jobs to finish...
[INFO] [stdout] Some errors have detailed explanations: E0425, E0599.
[INFO] [stdout] 
[INFO] [stdout] For more information about an error, try `rustc --explain E0425`.
[INFO] [stdout] 
[INFO] [stderr] error: could not compile `oxana` (example "dynamic_concurrency") due to 2 previous errors
[INFO] [stdout] Some errors have detailed explanations: E0425, E0599.
[INFO] [stdout] 
[INFO] [stdout] For more information about an error, try `rustc --explain E0425`.
[INFO] [stdout] 
[INFO] [stderr] error: could not compile `oxana` (example "batch") due to 2 previous errors
[INFO] [stdout] Some errors have detailed explanations: E0425, E0599.
[INFO] [stdout] 
[INFO] [stdout] For more information about an error, try `rustc --explain E0425`.
[INFO] [stdout] 
[INFO] [stderr] error: could not compile `oxana` (example "throttled") due to 2 previous errors
[INFO] [stdout] Some errors have detailed explanations: E0425, E0599.
[INFO] [stdout] 
[INFO] [stdout] For more information about an error, try `rustc --explain E0425`.
[INFO] [stdout] 
[INFO] [stdout] error[E0433]: cannot find `ComponentDefinition` in `oxana`
[INFO] [stdout]   --> tests/integration/registry.rs:65:16
[INFO] [stdout]    |
[INFO] [stdout] 65 |         oxana::ComponentDefinition::WorkerRegistration(_)
[INFO] [stdout]    |                ^^^^^^^^^^^^^^^^^^^ could not find `ComponentDefinition` in `oxana`
[INFO] [stdout] 
[INFO] [stdout] 
[INFO] [stderr] error: could not compile `oxana` (example "resumable") due to 2 previous errors
[INFO] [stdout] error[E0425]: cannot find type `ComponentRegistry` in crate `oxana`
[INFO] [stdout]  --> tests/integration/registry.rs:7:33
[INFO] [stdout]   |
[INFO] [stdout] 7 | struct ComponentRegistry(oxana::ComponentRegistry<WorkerContext>);
[INFO] [stdout]   |                                 ^^^^^^^^^^^^^^^^^ not found in `oxana`
[INFO] [stdout] 
[INFO] [stdout] 
[INFO] [stdout] error[E0425]: cannot find function `iterate_components` in crate `oxana`
[INFO] [stdout]   --> tests/integration/registry.rs:59:28
[INFO] [stdout]    |
[INFO] [stdout] 59 |     let component = oxana::iterate_components::<ComponentRegistry>()
[INFO] [stdout]    |                            ^^^^^^^^^^^^^^^^^^ not found in `oxana`
[INFO] [stdout] 
[INFO] [stdout] 
[INFO] [stdout] error[E0599]: no method named `register` found for struct `RuntimeBuilder<DT>` in the current scope
[INFO] [stdout]   --> tests/integration/registry.rs:85:10
[INFO] [stdout]    |
[INFO] [stdout] 83 |       let runtime = storage
[INFO] [stdout]    |  ___________________-
[INFO] [stdout] 84 | |         .runtime(ctx)
[INFO] [stdout] 85 | |         .register::<ComponentRegistry>()
[INFO] [stdout]    | |         -^^^^^^^^ method not found in `RuntimeBuilder<shared::WorkerState>`
[INFO] [stdout]    | |_________|
[INFO] [stdout]    |
[INFO] [stdout] 
[INFO] [stdout] 
[INFO] [stdout] For more information about this error, try `rustc --explain E0425`.
[INFO] [stdout] 
[INFO] [stderr] error: could not compile `oxana` (lib test) due to 3 previous errors
[INFO] [stdout] Some errors have detailed explanations: E0425, E0433, E0599.
[INFO] [stdout] 
[INFO] [stdout] For more information about an error, try `rustc --explain E0425`.
[INFO] [stdout] 
[INFO] [stderr] error: could not compile `oxana` (test "integration") due to 4 previous errors
[INFO] running `Command { std: "docker" "inspect" "0bc49d10dd6fc66439067b49aecf3150d32415edcc8c87b576c66bd59b5c1e2b", kill_on_drop: false }`
[INFO] running `Command { std: "docker" "rm" "-f" "0bc49d10dd6fc66439067b49aecf3150d32415edcc8c87b576c66bd59b5c1e2b", kill_on_drop: false }`
[INFO] [stdout] 0bc49d10dd6fc66439067b49aecf3150d32415edcc8c87b576c66bd59b5c1e2b
