[INFO] fetching crate oxa-responses 2.1.1...
[INFO] testing oxa-responses-2.1.1 against 1.100.0-beta.1+cargoflags=--release for beta-release-1.100-2
[INFO] extracting crate oxa-responses 2.1.1 into /workspace/builds/worker-3-tc2/source
[INFO] started tweaking crates.io crate oxa-responses 2.1.1
[INFO] removed 0 missing tests
[INFO] finished tweaking crates.io crate oxa-responses 2.1.1
[INFO] tweaked toml for crates.io crate oxa-responses 2.1.1 written to /workspace/builds/worker-3-tc2/source/Cargo.toml
[INFO] validating manifest of crates.io crate oxa-responses 2.1.1 on toolchain 1.100.0-beta.1
[INFO] running `Command { std: CARGO_HOME="/workspace/cargo-home" RUSTUP_HOME="/workspace/rustup-home" "/workspace/cargo-home/bin/cargo" "+1.100.0-beta.1" "metadata" "--manifest-path" "Cargo.toml" "--no-deps", kill_on_drop: false }`
[INFO] crate crates.io crate oxa-responses 2.1.1 already has a lockfile, it will not be regenerated
[INFO] running `Command { std: CARGO_HOME="/workspace/cargo-home" RUSTUP_HOME="/workspace/rustup-home" "/workspace/cargo-home/bin/cargo" "+1.100.0-beta.1" "fetch" "--manifest-path" "Cargo.toml", kill_on_drop: false }`
[INFO] running `Command { std: "docker" "create" "-v" "/var/lib/crater-agent-workspace/builds/worker-3-tc2/source:/opt/rustwide/workdir:ro,Z" "-v" "/var/lib/crater-agent-workspace/builds/worker-3-tc2/target:/opt/rustwide/target:rw,Z" "-v" "/var/lib/crater-agent-workspace/cargo-home:/opt/rustwide/cargo-home:ro,Z" "-v" "/var/lib/crater-agent-workspace/rustup-home:/opt/rustwide/rustup-home:ro,Z" "-m" "1610612736" "--network" "none" "ghcr.io/rust-lang/crates-build-env/linux@sha256:77db811e55d90add9212f6832c23229e3de5f1c1f9905e8cb07319ea15df73ac" "sleep" "infinity", kill_on_drop: false }`
[INFO] [stdout] a0233b87fde1e105694062d80639beca355b05e3bd94f28b1e054d29f0ca2485
[INFO] running `Command { std: "docker" "start" "a0233b87fde1e105694062d80639beca355b05e3bd94f28b1e054d29f0ca2485", kill_on_drop: false }`
[INFO] running `Command { std: "docker" "inspect" "a0233b87fde1e105694062d80639beca355b05e3bd94f28b1e054d29f0ca2485", kill_on_drop: false }`
[INFO] running `Command { std: "docker" "exec" "-e" "SOURCE_DIR=/opt/rustwide/workdir" "-e" "CARGO_HOME=/opt/rustwide/cargo-home" "-e" "RUSTUP_HOME=/opt/rustwide/rustup-home" "-e" "CARGO_TARGET_DIR=/opt/rustwide/target" "-w" "/opt/rustwide/workdir" "--user" "0:0" "a0233b87fde1e105694062d80639beca355b05e3bd94f28b1e054d29f0ca2485" "/opt/rustwide/cargo-home/bin/cargo" "+1.100.0-beta.1" "metadata" "--no-deps" "--format-version=1", kill_on_drop: false }`
[INFO] running `Command { std: "docker" "inspect" "a0233b87fde1e105694062d80639beca355b05e3bd94f28b1e054d29f0ca2485", kill_on_drop: false }`
[INFO] running `Command { std: "docker" "exec" "-e" "SOURCE_DIR=/opt/rustwide/workdir" "-e" "CARGO_HOME=/opt/rustwide/cargo-home" "-e" "RUSTUP_HOME=/opt/rustwide/rustup-home" "-e" "CARGO_TARGET_DIR=/opt/rustwide/target" "-e" "CARGO_INCREMENTAL=0" "-e" "RUST_BACKTRACE=full" "-e" "RUSTFLAGS=--cap-lints=warn" "-e" "RUSTDOCFLAGS=--cap-lints=warn" "-w" "/opt/rustwide/workdir" "--user" "0:0" "a0233b87fde1e105694062d80639beca355b05e3bd94f28b1e054d29f0ca2485" "/opt/rustwide/cargo-home/bin/cargo" "+1.100.0-beta.1" "build" "--frozen" "--message-format=json" "--release", kill_on_drop: false }`
[INFO] [stderr]    Compiling proc-macro2 v1.0.107
[INFO] [stderr]    Compiling oxa-modelmap v2.1.1
[INFO] [stderr]    Compiling serde_json v1.0.151
[INFO] [stderr]    Compiling quote v1.0.47
[INFO] [stderr]    Compiling syn v3.0.4
[INFO] [stderr]    Compiling serde_derive v1.0.229
[INFO] [stderr]    Compiling serde v1.0.229
[INFO] [stderr]    Compiling oxa-ir v2.1.1
[INFO] [stderr]    Compiling oxa-responses v2.1.1 (/opt/rustwide/workdir)
[INFO] [stderr]     Finished `release` profile [optimized] target(s) in 15.27s
[INFO] running `Command { std: "docker" "inspect" "a0233b87fde1e105694062d80639beca355b05e3bd94f28b1e054d29f0ca2485", kill_on_drop: false }`
[INFO] running `Command { std: "docker" "exec" "-e" "SOURCE_DIR=/opt/rustwide/workdir" "-e" "CARGO_HOME=/opt/rustwide/cargo-home" "-e" "RUSTUP_HOME=/opt/rustwide/rustup-home" "-e" "CARGO_TARGET_DIR=/opt/rustwide/target" "-e" "CARGO_INCREMENTAL=0" "-e" "RUST_BACKTRACE=full" "-e" "RUSTFLAGS=--cap-lints=warn" "-e" "RUSTDOCFLAGS=--cap-lints=warn" "-w" "/opt/rustwide/workdir" "--user" "0:0" "a0233b87fde1e105694062d80639beca355b05e3bd94f28b1e054d29f0ca2485" "/opt/rustwide/cargo-home/bin/cargo" "+1.100.0-beta.1" "test" "--frozen" "--no-run" "--message-format=json" "--release", kill_on_drop: false }`
[INFO] [stderr]    Compiling oxa-responses v2.1.1 (/opt/rustwide/workdir)
[INFO] [stdout] error[E0433]: cannot find module or crate `oxa_vectest` in this scope
[INFO] [stdout]   --> tests/vectors.rs:58:12
[INFO] [stdout]    |
[INFO] [stdout] 58 |         Ok(oxa_vectest::Outcome::Skipped) => {
[INFO] [stdout]    |            ^^^^^^^^^^^ use of unresolved module or unlinked crate `oxa_vectest`
[INFO] [stdout]    |
[INFO] [stdout]    = help: if you wanted to use a crate named `oxa_vectest`, use `cargo add oxa_vectest` to add it to your `Cargo.toml`
[INFO] [stdout] 
[INFO] [stdout] 
[INFO] [stdout] error[E0433]: cannot find module or crate `oxa_vectest` in this scope
[INFO] [stdout]   --> tests/vectors.rs:63:12
[INFO] [stdout]    |
[INFO] [stdout] 63 |         Ok(oxa_vectest::Outcome::Ran(report)) => {
[INFO] [stdout]    |            ^^^^^^^^^^^ use of unresolved module or unlinked crate `oxa_vectest`
[INFO] [stdout]    |
[INFO] [stdout]    = help: if you wanted to use a crate named `oxa_vectest`, use `cargo add oxa_vectest` to add it to your `Cargo.toml`
[INFO] [stdout] 
[INFO] [stdout] 
[INFO] [stdout] error[E0433]: cannot find module or crate `oxa_vectest` in this scope
[INFO] [stdout]    --> tests/vectors.rs:133:12
[INFO] [stdout]     |
[INFO] [stdout] 133 |         Ok(oxa_vectest::Outcome::Skipped) => {
[INFO] [stdout]     |            ^^^^^^^^^^^ use of unresolved module or unlinked crate `oxa_vectest`
[INFO] [stdout]     |
[INFO] [stdout]     = help: if you wanted to use a crate named `oxa_vectest`, use `cargo add oxa_vectest` to add it to your `Cargo.toml`
[INFO] [stdout] 
[INFO] [stdout] 
[INFO] [stdout] error[E0433]: cannot find module or crate `oxa_vectest` in this scope
[INFO] [stdout]    --> tests/vectors.rs:138:12
[INFO] [stdout]     |
[INFO] [stdout] 138 |         Ok(oxa_vectest::Outcome::Ran(report)) => {
[INFO] [stdout]     |            ^^^^^^^^^^^ use of unresolved module or unlinked crate `oxa_vectest`
[INFO] [stdout]     |
[INFO] [stdout]     = help: if you wanted to use a crate named `oxa_vectest`, use `cargo add oxa_vectest` to add it to your `Cargo.toml`
[INFO] [stdout] 
[INFO] [stdout] 
[INFO] [stdout] error[E0433]: cannot find module or crate `oxa_vectest` in this scope
[INFO] [stdout]   --> tests/vectors.rs:11:6
[INFO] [stdout]    |
[INFO] [stdout] 11 | impl oxa_vectest::Converter for VectorConverter {
[INFO] [stdout]    |      ^^^^^^^^^^^ use of unresolved module or unlinked crate `oxa_vectest`
[INFO] [stdout]    |
[INFO] [stdout]    = help: if you wanted to use a crate named `oxa_vectest`, use `cargo add oxa_vectest` to add it to your `Cargo.toml`
[INFO] [stdout] 
[INFO] [stdout] 
[INFO] [stdout] error[E0433]: cannot find module or crate `oxa_vectest` in this scope
[INFO] [stdout]   --> tests/vectors.rs:52:11
[INFO] [stdout]    |
[INFO] [stdout] 52 |     match oxa_vectest::run_in(
[INFO] [stdout]    |           ^^^^^^^^^^^ use of unresolved module or unlinked crate `oxa_vectest`
[INFO] [stdout]    |
[INFO] [stdout]    = help: if you wanted to use a crate named `oxa_vectest`, use `cargo add oxa_vectest` to add it to your `Cargo.toml`
[INFO] [stdout] 
[INFO] [stdout] 
[INFO] [stdout] error[E0433]: cannot find module or crate `oxa_vectest` in this scope
[INFO] [stdout]   --> tests/vectors.rs:93:6
[INFO] [stdout]    |
[INFO] [stdout] 93 | impl oxa_vectest::StreamConverter for StreamVectorConverter {
[INFO] [stdout]    |      ^^^^^^^^^^^ use of unresolved module or unlinked crate `oxa_vectest`
[INFO] [stdout]    |
[INFO] [stdout]    = help: if you wanted to use a crate named `oxa_vectest`, use `cargo add oxa_vectest` to add it to your `Cargo.toml`
[INFO] [stdout] 
[INFO] [stdout] 
[INFO] [stdout] error[E0433]: cannot find module or crate `oxa_vectest` in this scope
[INFO] [stdout]    --> tests/vectors.rs:132:11
[INFO] [stdout]     |
[INFO] [stdout] 132 |     match oxa_vectest::run_stream_in(manifest_dir, &mut conv) {
[INFO] [stdout]     |           ^^^^^^^^^^^ use of unresolved module or unlinked crate `oxa_vectest`
[INFO] [stdout]     |
[INFO] [stdout]     = help: if you wanted to use a crate named `oxa_vectest`, use `cargo add oxa_vectest` to add it to your `Cargo.toml`
[INFO] [stdout] 
[INFO] [stdout] 
[INFO] [stdout] For more information about this error, try `rustc --explain E0433`.
[INFO] [stdout] 
[INFO] [stderr] error: could not compile `oxa-responses` (test "vectors") due to 8 previous errors
[INFO] [stderr] warning: build failed, waiting for other jobs to finish...
[INFO] running `Command { std: "docker" "inspect" "a0233b87fde1e105694062d80639beca355b05e3bd94f28b1e054d29f0ca2485", kill_on_drop: false }`
[INFO] running `Command { std: "docker" "rm" "-f" "a0233b87fde1e105694062d80639beca355b05e3bd94f28b1e054d29f0ca2485", kill_on_drop: false }`
[INFO] [stdout] a0233b87fde1e105694062d80639beca355b05e3bd94f28b1e054d29f0ca2485
