[INFO] fetching crate owned_chunks 0.1.1...
[INFO] testing owned_chunks-0.1.1 against 1.99.0-beta.8+cargoflags=--release for beta-release-1.100-2
[INFO] extracting crate owned_chunks 0.1.1 into /workspace/builds/worker-1-tc1/source
[INFO] started tweaking crates.io crate owned_chunks 0.1.1
[INFO] finished tweaking crates.io crate owned_chunks 0.1.1
[INFO] tweaked toml for crates.io crate owned_chunks 0.1.1 written to /workspace/builds/worker-1-tc1/source/Cargo.toml
[INFO] validating manifest of crates.io crate owned_chunks 0.1.1 on toolchain 1.99.0-beta.8
[INFO] running `Command { std: CARGO_HOME="/workspace/cargo-home" RUSTUP_HOME="/workspace/rustup-home" "/workspace/cargo-home/bin/cargo" "+1.99.0-beta.8" "metadata" "--manifest-path" "Cargo.toml" "--no-deps", kill_on_drop: false }`
[INFO] running `Command { std: CARGO_HOME="/workspace/cargo-home" RUSTUP_HOME="/workspace/rustup-home" "/workspace/cargo-home/bin/cargo" "+1.99.0-beta.8" "generate-lockfile" "--manifest-path" "Cargo.toml", kill_on_drop: false }`
[INFO] running `Command { std: CARGO_HOME="/workspace/cargo-home" RUSTUP_HOME="/workspace/rustup-home" "/workspace/cargo-home/bin/cargo" "+1.99.0-beta.8" "fetch" "--manifest-path" "Cargo.toml", kill_on_drop: false }`
[INFO] running `Command { std: "docker" "create" "-v" "/var/lib/crater-agent-workspace/builds/worker-1-tc1/source:/opt/rustwide/workdir:ro,Z" "-v" "/var/lib/crater-agent-workspace/builds/worker-1-tc1/target:/opt/rustwide/target:rw,Z" "-v" "/var/lib/crater-agent-workspace/cargo-home:/opt/rustwide/cargo-home:ro,Z" "-v" "/var/lib/crater-agent-workspace/rustup-home:/opt/rustwide/rustup-home:ro,Z" "-m" "1610612736" "--network" "none" "ghcr.io/rust-lang/crates-build-env/linux@sha256:77db811e55d90add9212f6832c23229e3de5f1c1f9905e8cb07319ea15df73ac" "sleep" "infinity", kill_on_drop: false }`
[INFO] [stdout] dd5510d1e818a56cbd027da204c4ce8271b596f8992c0680a1a3e7a2741d6616
[INFO] running `Command { std: "docker" "start" "dd5510d1e818a56cbd027da204c4ce8271b596f8992c0680a1a3e7a2741d6616", kill_on_drop: false }`
[INFO] running `Command { std: "docker" "inspect" "dd5510d1e818a56cbd027da204c4ce8271b596f8992c0680a1a3e7a2741d6616", kill_on_drop: false }`
[INFO] running `Command { std: "docker" "exec" "-e" "SOURCE_DIR=/opt/rustwide/workdir" "-e" "CARGO_HOME=/opt/rustwide/cargo-home" "-e" "RUSTUP_HOME=/opt/rustwide/rustup-home" "-e" "CARGO_TARGET_DIR=/opt/rustwide/target" "-w" "/opt/rustwide/workdir" "--user" "0:0" "dd5510d1e818a56cbd027da204c4ce8271b596f8992c0680a1a3e7a2741d6616" "/opt/rustwide/cargo-home/bin/cargo" "+1.99.0-beta.8" "metadata" "--no-deps" "--format-version=1", kill_on_drop: false }`
[INFO] running `Command { std: "docker" "inspect" "dd5510d1e818a56cbd027da204c4ce8271b596f8992c0680a1a3e7a2741d6616", kill_on_drop: false }`
[INFO] running `Command { std: "docker" "exec" "-e" "SOURCE_DIR=/opt/rustwide/workdir" "-e" "CARGO_HOME=/opt/rustwide/cargo-home" "-e" "RUSTUP_HOME=/opt/rustwide/rustup-home" "-e" "CARGO_TARGET_DIR=/opt/rustwide/target" "-e" "CARGO_INCREMENTAL=0" "-e" "RUST_BACKTRACE=full" "-e" "RUSTFLAGS=--cap-lints=warn" "-e" "RUSTDOCFLAGS=--cap-lints=warn" "-w" "/opt/rustwide/workdir" "--user" "0:0" "dd5510d1e818a56cbd027da204c4ce8271b596f8992c0680a1a3e7a2741d6616" "/opt/rustwide/cargo-home/bin/cargo" "+1.99.0-beta.8" "build" "--frozen" "--message-format=json" "--release", kill_on_drop: false }`
[INFO] [stderr]    Compiling owned_chunks v0.1.1 (/opt/rustwide/workdir)
[INFO] [stdout] error[E0554]: `#![feature]` may not be used on the beta release channel
[INFO] [stdout]  --> src/lib.rs:1:1
[INFO] [stdout]   |
[INFO] [stdout] 1 | / #![feature(
[INFO] [stdout] 2 | |     negative_impls,
[INFO] [stdout] 3 | |     vec_into_raw_parts,
[INFO] [stdout] 4 | |     maybe_uninit_extra,
[INFO] [stdout] ... |
[INFO] [stdout] 8 | |     array_from_fn
[INFO] [stdout] 9 | | )]
[INFO] [stdout]   | |__^
[INFO] [stdout]   |
[INFO] [stdout]   = help: the feature `generic_associated_types` has been stable since `1.65.0` and no longer requires an attribute to enable
[INFO] [stdout] 
[INFO] [stdout] 
[INFO] [stdout] warning: the feature `generic_associated_types` has been stable since 1.65.0 and no longer requires an attribute to enable
[INFO] [stdout]  --> src/lib.rs:7:5
[INFO] [stdout]   |
[INFO] [stdout] 7 |     generic_associated_types,
[INFO] [stdout]   |     ^^^^^^^^^^^^^^^^^^^^^^^^
[INFO] [stdout]   |
[INFO] [stdout]   = note: `#[warn(stable_features)]` on by default
[INFO] [stdout] 
[INFO] [stdout] 
[INFO] [stdout] warning: the feature `array_from_fn` has been stable since 1.63.0 and no longer requires an attribute to enable
[INFO] [stdout]  --> src/lib.rs:8:5
[INFO] [stdout]   |
[INFO] [stdout] 8 |     array_from_fn
[INFO] [stdout]   |     ^^^^^^^^^^^^^
[INFO] [stdout] 
[INFO] [stdout] 
[INFO] [stdout] warning: the feature `maybe_uninit_extra` has been stable since 1.60.0 and no longer requires an attribute to enable
[INFO] [stdout]  --> src/lib.rs:4:5
[INFO] [stdout]   |
[INFO] [stdout] 4 |     maybe_uninit_extra,
[INFO] [stdout]   |     ^^^^^^^^^^^^^^^^^^
[INFO] [stdout] 
[INFO] [stdout] 
[INFO] [stdout] warning: the feature `vec_into_raw_parts` has been stable since 1.93.0 and no longer requires an attribute to enable
[INFO] [stdout]  --> src/lib.rs:3:5
[INFO] [stdout]   |
[INFO] [stdout] 3 |     vec_into_raw_parts,
[INFO] [stdout]   |     ^^^^^^^^^^^^^^^^^^
[INFO] [stdout] 
[INFO] [stdout] 
[INFO] [stdout] error[E0635]: unknown feature `maybe_uninit_uninit_array`
[INFO] [stdout]  --> src/lib.rs:5:5
[INFO] [stdout]   |
[INFO] [stdout] 5 |     maybe_uninit_uninit_array,
[INFO] [stdout]   |     ^^^^^^^^^^^^^^^^^^^^^^^^^
[INFO] [stdout] 
[INFO] [stdout] 
[INFO] [stdout] error[E0599]: no associated function or constant named `uninit_array` found for union `MaybeUninit<T>` in the current scope
[INFO] [stdout]    --> src/array.rs:163:37
[INFO] [stdout]     |
[INFO] [stdout] 163 |                 array: MaybeUninit::uninit_array(),
[INFO] [stdout]     |                                     ^^^^^^^^^^^^ associated function or constant not found in `MaybeUninit<_>`
[INFO] [stdout]     |
[INFO] [stdout] note: if you're trying to build a new `MaybeUninit<_>` consider using one of the following associated functions:
[INFO] [stdout]       MaybeUninit::<T>::new
[INFO] [stdout]       MaybeUninit::<T>::uninit
[INFO] [stdout]       MaybeUninit::<T>::zeroed
[INFO] [stdout]    --> /rustc/dfb0accb7f508ae8be965d8629557221c889dd98/library/core/src/mem/maybe_uninit.rs:406:4
[INFO] [stdout] help: there is an associated function `uninit` with a similar name
[INFO] [stdout]     |
[INFO] [stdout] 163 -                 array: MaybeUninit::uninit_array(),
[INFO] [stdout] 163 +                 array: MaybeUninit::uninit(),
[INFO] [stdout]     |
[INFO] [stdout] 
[INFO] [stdout] 
[INFO] [stdout] Some errors have detailed explanations: E0554, E0599, E0635.
[INFO] [stdout] 
[INFO] [stdout] For more information about an error, try `rustc --explain E0554`.
[INFO] [stdout] 
[INFO] [stderr] error: could not compile `owned_chunks` (lib) due to 3 previous errors; 4 warnings emitted
[INFO] running `Command { std: "docker" "inspect" "dd5510d1e818a56cbd027da204c4ce8271b596f8992c0680a1a3e7a2741d6616", kill_on_drop: false }`
[INFO] running `Command { std: "docker" "rm" "-f" "dd5510d1e818a56cbd027da204c4ce8271b596f8992c0680a1a3e7a2741d6616", kill_on_drop: false }`
[INFO] [stdout] dd5510d1e818a56cbd027da204c4ce8271b596f8992c0680a1a3e7a2741d6616
