[INFO] fetching crate owl-dl-verify 0.4.40...
[INFO] testing owl-dl-verify-0.4.40 against 1.100.0-beta.1+cargoflags=--release for beta-release-1.100-2
[INFO] extracting crate owl-dl-verify 0.4.40 into /workspace/builds/worker-4-tc2/source
[INFO] started tweaking crates.io crate owl-dl-verify 0.4.40
[INFO] removed 0 missing tests
[INFO] finished tweaking crates.io crate owl-dl-verify 0.4.40
[INFO] tweaked toml for crates.io crate owl-dl-verify 0.4.40 written to /workspace/builds/worker-4-tc2/source/Cargo.toml
[INFO] validating manifest of crates.io crate owl-dl-verify 0.4.40 on toolchain 1.100.0-beta.1
[INFO] running `Command { std: CARGO_HOME="/workspace/cargo-home" RUSTUP_HOME="/workspace/rustup-home" "/workspace/cargo-home/bin/cargo" "+1.100.0-beta.1" "metadata" "--manifest-path" "Cargo.toml" "--no-deps", kill_on_drop: false }`
[INFO] crate crates.io crate owl-dl-verify 0.4.40 already has a lockfile, it will not be regenerated
[INFO] running `Command { std: CARGO_HOME="/workspace/cargo-home" RUSTUP_HOME="/workspace/rustup-home" "/workspace/cargo-home/bin/cargo" "+1.100.0-beta.1" "fetch" "--manifest-path" "Cargo.toml", kill_on_drop: false }`
[INFO] running `Command { std: "docker" "create" "-v" "/var/lib/crater-agent-workspace/builds/worker-4-tc2/source:/opt/rustwide/workdir:ro,Z" "-v" "/var/lib/crater-agent-workspace/builds/worker-4-tc2/target:/opt/rustwide/target:rw,Z" "-v" "/var/lib/crater-agent-workspace/cargo-home:/opt/rustwide/cargo-home:ro,Z" "-v" "/var/lib/crater-agent-workspace/rustup-home:/opt/rustwide/rustup-home:ro,Z" "-m" "1610612736" "--network" "none" "ghcr.io/rust-lang/crates-build-env/linux@sha256:77db811e55d90add9212f6832c23229e3de5f1c1f9905e8cb07319ea15df73ac" "sleep" "infinity", kill_on_drop: false }`
[INFO] [stdout] e2a2af696005e21982eec78f50b7b2e279ba30eed319439005701d3d76c22720
[INFO] running `Command { std: "docker" "start" "e2a2af696005e21982eec78f50b7b2e279ba30eed319439005701d3d76c22720", kill_on_drop: false }`
[INFO] running `Command { std: "docker" "inspect" "e2a2af696005e21982eec78f50b7b2e279ba30eed319439005701d3d76c22720", kill_on_drop: false }`
[INFO] running `Command { std: "docker" "exec" "-e" "SOURCE_DIR=/opt/rustwide/workdir" "-e" "CARGO_HOME=/opt/rustwide/cargo-home" "-e" "RUSTUP_HOME=/opt/rustwide/rustup-home" "-e" "CARGO_TARGET_DIR=/opt/rustwide/target" "-w" "/opt/rustwide/workdir" "--user" "0:0" "e2a2af696005e21982eec78f50b7b2e279ba30eed319439005701d3d76c22720" "/opt/rustwide/cargo-home/bin/cargo" "+1.100.0-beta.1" "metadata" "--no-deps" "--format-version=1", kill_on_drop: false }`
[INFO] running `Command { std: "docker" "inspect" "e2a2af696005e21982eec78f50b7b2e279ba30eed319439005701d3d76c22720", kill_on_drop: false }`
[INFO] running `Command { std: "docker" "exec" "-e" "SOURCE_DIR=/opt/rustwide/workdir" "-e" "CARGO_HOME=/opt/rustwide/cargo-home" "-e" "RUSTUP_HOME=/opt/rustwide/rustup-home" "-e" "CARGO_TARGET_DIR=/opt/rustwide/target" "-e" "CARGO_INCREMENTAL=0" "-e" "RUST_BACKTRACE=full" "-e" "RUSTFLAGS=--cap-lints=warn" "-e" "RUSTDOCFLAGS=--cap-lints=warn" "-w" "/opt/rustwide/workdir" "--user" "0:0" "e2a2af696005e21982eec78f50b7b2e279ba30eed319439005701d3d76c22720" "/opt/rustwide/cargo-home/bin/cargo" "+1.100.0-beta.1" "build" "--frozen" "--message-format=json" "--release", kill_on_drop: false }`
[INFO] [stderr]    Compiling libc v0.2.189
[INFO] [stderr]    Compiling zerocopy v0.8.56
[INFO] [stderr]    Compiling thiserror v2.0.20
[INFO] [stderr]    Compiling oxilangtag v0.1.6
[INFO] [stderr]    Compiling oxiri v0.2.11
[INFO] [stderr]    Compiling memchr v2.8.3
[INFO] [stderr]    Compiling ucd-trie v0.1.7
[INFO] [stderr]    Compiling json-event-parser v0.2.3
[INFO] [stderr]    Compiling quick-xml v0.37.5
[INFO] [stderr]    Compiling indexmap v1.9.3
[INFO] [stderr]    Compiling syn v3.0.5
[INFO] [stderr]    Compiling syn v2.0.119
[INFO] [stderr]    Compiling hashbrown v0.17.1
[INFO] [stderr]    Compiling hashbrown v0.12.3
[INFO] [stderr]    Compiling quick-xml v0.31.0
[INFO] [stderr]    Compiling smallvec v1.16.0
[INFO] [stderr]    Compiling rustc-hash v1.1.0
[INFO] [stderr]    Compiling rayon-core v1.13.0
[INFO] [stderr]    Compiling enum_meta v0.6.0
[INFO] [stderr]    Compiling radium v0.7.0
[INFO] [stderr]    Compiling funty v2.0.0
[INFO] [stderr]    Compiling log v0.4.34
[INFO] [stderr]    Compiling pest v2.9.1
[INFO] [stderr]    Compiling bumpalo v3.20.3
[INFO] [stderr]    Compiling either v1.18.0
[INFO] [stderr]    Compiling fixedbitset v0.5.7
[INFO] [stderr]    Compiling indexmap v2.14.2
[INFO] [stderr]    Compiling bitvec v1.1.1
[INFO] [stderr]    Compiling rayon v1.12.0
[INFO] [stderr]    Compiling curie v0.1.4
[INFO] [stderr]    Compiling getrandom v0.3.4
[INFO] [stderr]    Compiling parking_lot_core v0.9.12
[INFO] [stderr]    Compiling rand_core v0.9.5
[INFO] [stderr]    Compiling dashmap v6.2.1
[INFO] [stderr]    Compiling pest_meta v2.9.1
[INFO] [stderr]    Compiling thiserror-impl v2.0.20
[INFO] [stderr]    Compiling pest_generator v2.9.1
[INFO] [stderr]    Compiling thiserror-impl v1.0.69
[INFO] [stderr]    Compiling tracing-attributes v0.1.31
[INFO] [stderr]    Compiling pest_derive v2.9.1
[INFO] [stderr]    Compiling ppv-lite86 v0.2.21
[INFO] [stderr]    Compiling thiserror v1.0.69
[INFO] [stderr]    Compiling tracing v0.1.44
[INFO] [stderr]    Compiling horned-catalog v1.0.0
[INFO] [stderr]    Compiling rand_chacha v0.9.0
[INFO] [stderr]    Compiling rand v0.9.5
[INFO] [stderr]    Compiling oxrdf v0.3.4
[INFO] [stderr]    Compiling oxjsonld v0.2.6
[INFO] [stderr]    Compiling oxrdfxml v0.2.4
[INFO] [stderr]    Compiling oxttl v0.2.4
[INFO] [stderr]    Compiling oxrdfio v0.2.6
[INFO] [stderr]    Compiling horned-pretty-rdf v2.0.1
[INFO] [stderr]    Compiling horned-owl v4.0.0
[INFO] [stderr]    Compiling owl-dl-core v0.4.40
[INFO] [stderr]    Compiling owl-dl-saturation v0.4.40
[INFO] [stderr]    Compiling owl-dl-verify v0.4.40 (/opt/rustwide/workdir)
[INFO] [stderr]     Finished `release` profile [optimized] target(s) in 50.34s
[INFO] running `Command { std: "docker" "inspect" "e2a2af696005e21982eec78f50b7b2e279ba30eed319439005701d3d76c22720", kill_on_drop: false }`
[INFO] running `Command { std: "docker" "exec" "-e" "SOURCE_DIR=/opt/rustwide/workdir" "-e" "CARGO_HOME=/opt/rustwide/cargo-home" "-e" "RUSTUP_HOME=/opt/rustwide/rustup-home" "-e" "CARGO_TARGET_DIR=/opt/rustwide/target" "-e" "CARGO_INCREMENTAL=0" "-e" "RUST_BACKTRACE=full" "-e" "RUSTFLAGS=--cap-lints=warn" "-e" "RUSTDOCFLAGS=--cap-lints=warn" "-w" "/opt/rustwide/workdir" "--user" "0:0" "e2a2af696005e21982eec78f50b7b2e279ba30eed319439005701d3d76c22720" "/opt/rustwide/cargo-home/bin/cargo" "+1.100.0-beta.1" "test" "--frozen" "--no-run" "--message-format=json" "--release", kill_on_drop: false }`
[INFO] [stderr]    Compiling object v0.39.1
[INFO] [stderr]    Compiling find-msvc-tools v0.1.12
[INFO] [stderr]    Compiling anyhow v1.0.104
[INFO] [stderr]    Compiling owl-dl-datatypes v0.4.40
[INFO] [stderr]    Compiling cc v1.4.5
[INFO] [stderr]    Compiling stacker v0.1.25
[INFO] [stderr]    Compiling ar_archive_writer v0.5.3
[INFO] [stderr]    Compiling psm v0.1.32
[INFO] [stderr]    Compiling owl-dl-tableau v0.4.40
[INFO] [stderr]    Compiling owl-dl-reasoner v0.4.40
[INFO] [stderr]    Compiling owl-dl-verify v0.4.40 (/opt/rustwide/workdir)
[INFO] [stdout] error[E0599]: no method named `test_only_remove_from_label` found for struct `FiniteModel` in the current scope
[INFO] [stdout]    --> tests/evaluator.rs:459:7
[INFO] [stdout]     |
[INFO] [stdout] 459 |     m.test_only_remove_from_label(elem_a, b);
[INFO] [stdout]     |       ^^^^^^^^^^^^^^^^^^^^^^^^^^^ method not found in `FiniteModel`
[INFO] [stdout] 
[INFO] [stdout] 
[INFO] [stdout] error[E0599]: no method named `test_only_remove_from_label` found for struct `FiniteModel` in the current scope
[INFO] [stdout]    --> tests/evaluator.rs:488:7
[INFO] [stdout]     |
[INFO] [stdout] 488 |     m.test_only_remove_from_label(elem, b);
[INFO] [stdout]     |       ^^^^^^^^^^^^^^^^^^^^^^^^^^^ method not found in `FiniteModel`
[INFO] [stdout] 
[INFO] [stdout] 
[INFO] [stdout] error[E0599]: no method named `test_only_remove_from_label` found for struct `FiniteModel` in the current scope
[INFO] [stdout]    --> tests/evaluator.rs:557:7
[INFO] [stdout]     |
[INFO] [stdout] 557 |     m.test_only_remove_from_label(elem_c, d);
[INFO] [stdout]     |       ^^^^^^^^^^^^^^^^^^^^^^^^^^^ method not found in `FiniteModel`
[INFO] [stdout] 
[INFO] [stdout] 
[INFO] [stdout] error[E0599]: no method named `test_only_remove_from_label` found for struct `FiniteModel` in the current scope
[INFO] [stdout]    --> tests/evaluator.rs:594:7
[INFO] [stdout]     |
[INFO] [stdout] 594 |     m.test_only_remove_from_label(target, f);
[INFO] [stdout]     |       ^^^^^^^^^^^^^^^^^^^^^^^^^^^ method not found in `FiniteModel`
[INFO] [stdout] 
[INFO] [stdout] 
[INFO] [stdout] error[E0599]: no method named `test_only_remove_edge` found for struct `FiniteModel` in the current scope
[INFO] [stdout]    --> tests/evaluator.rs:760:7
[INFO] [stdout]     |
[INFO] [stdout] 760 |     m.test_only_remove_edge(p, from, to);
[INFO] [stdout]     |       ^^^^^^^^^^^^^^^^^^^^^ method not found in `FiniteModel`
[INFO] [stdout] 
[INFO] [stdout] 
[INFO] [stdout] error[E0599]: no method named `test_only_remove_edge` found for struct `FiniteModel` in the current scope
[INFO] [stdout]    --> tests/evaluator.rs:846:7
[INFO] [stdout]     |
[INFO] [stdout] 846 |     m.test_only_remove_edge(v, elem_c, z);
[INFO] [stdout]     |       ^^^^^^^^^^^^^^^^^^^^^ method not found in `FiniteModel`
[INFO] [stdout] 
[INFO] [stdout] 
[INFO] [stdout] error[E0599]: no method named `test_only_remove_edge` found for struct `FiniteModel` in the current scope
[INFO] [stdout]    --> tests/evaluator.rs:932:7
[INFO] [stdout]     |
[INFO] [stdout] 932 |     m.test_only_remove_edge(p, from, to);
[INFO] [stdout]     |       ^^^^^^^^^^^^^^^^^^^^^ method not found in `FiniteModel`
[INFO] [stdout] 
[INFO] [stdout] 
[INFO] [stdout] error[E0599]: no method named `test_only_remove_edge` found for struct `FiniteModel` in the current scope
[INFO] [stdout]    --> tests/evaluator.rs:998:7
[INFO] [stdout]     |
[INFO] [stdout] 998 |     m.test_only_remove_edge(r, elem_c, z);
[INFO] [stdout]     |       ^^^^^^^^^^^^^^^^^^^^^ method not found in `FiniteModel`
[INFO] [stdout] 
[INFO] [stdout] 
[INFO] [stdout] error[E0599]: no method named `test_only_remove_from_label` found for struct `FiniteModel` in the current scope
[INFO] [stdout]     --> tests/evaluator.rs:1296:7
[INFO] [stdout]      |
[INFO] [stdout] 1296 |     m.test_only_remove_from_label(elem_a, b);
[INFO] [stdout]      |       ^^^^^^^^^^^^^^^^^^^^^^^^^^^ method not found in `FiniteModel`
[INFO] [stdout] 
[INFO] [stdout] 
[INFO] [stdout] error[E0599]: no method named `test_only_remove_from_label` found for struct `FiniteModel` in the current scope
[INFO] [stdout]     --> tests/evaluator.rs:1385:7
[INFO] [stdout]      |
[INFO] [stdout] 1385 |     m.test_only_remove_from_label(elem_a, b);
[INFO] [stdout]      |       ^^^^^^^^^^^^^^^^^^^^^^^^^^^ method not found in `FiniteModel`
[INFO] [stdout] 
[INFO] [stdout] 
[INFO] [stdout] For more information about this error, try `rustc --explain E0599`.
[INFO] [stdout] 
[INFO] [stderr] error: could not compile `owl-dl-verify` (test "evaluator") due to 10 previous errors
[INFO] [stderr] warning: build failed, waiting for other jobs to finish...
[INFO] running `Command { std: "docker" "inspect" "e2a2af696005e21982eec78f50b7b2e279ba30eed319439005701d3d76c22720", kill_on_drop: false }`
[INFO] running `Command { std: "docker" "rm" "-f" "e2a2af696005e21982eec78f50b7b2e279ba30eed319439005701d3d76c22720", kill_on_drop: false }`
[INFO] [stdout] e2a2af696005e21982eec78f50b7b2e279ba30eed319439005701d3d76c22720
