[INFO] fetching crate owiwi 1.2.0...
[INFO] testing owiwi-1.2.0 against 1.99.0-beta.8+cargoflags=--release for beta-release-1.100-2
[INFO] extracting crate owiwi 1.2.0 into /workspace/builds/worker-0-tc1/source
[INFO] started tweaking crates.io crate owiwi 1.2.0
[INFO] removed 0 missing examples
[INFO] finished tweaking crates.io crate owiwi 1.2.0
[INFO] tweaked toml for crates.io crate owiwi 1.2.0 written to /workspace/builds/worker-0-tc1/source/Cargo.toml
[INFO] validating manifest of crates.io crate owiwi 1.2.0 on toolchain 1.99.0-beta.8
[INFO] running `Command { std: CARGO_HOME="/workspace/cargo-home" RUSTUP_HOME="/workspace/rustup-home" "/workspace/cargo-home/bin/cargo" "+1.99.0-beta.8" "metadata" "--manifest-path" "Cargo.toml" "--no-deps", kill_on_drop: false }`
[INFO] crate crates.io crate owiwi 1.2.0 already has a lockfile, it will not be regenerated
[INFO] running `Command { std: CARGO_HOME="/workspace/cargo-home" RUSTUP_HOME="/workspace/rustup-home" "/workspace/cargo-home/bin/cargo" "+1.99.0-beta.8" "fetch" "--manifest-path" "Cargo.toml", kill_on_drop: false }`
[INFO] [stderr] warning: Cargo.toml: `lints.rust.unused-lifetimes` is deprecated in favor of `lints.rust.unused_lifetimes` and will not work in a future edition
[INFO] [stderr] warning: Cargo.toml: `lints.rust.unused-macro-rules` is deprecated in favor of `lints.rust.unused_macro_rules` and will not work in a future edition
[INFO] [stderr] warning: `owiwi` (manifest) generated 2 warnings
[INFO] [stderr]     Updating crates.io index
[INFO] [stderr]  Downloading crates ...
[INFO] [stderr]   Downloaded opentelemetry-stdout v0.31.0
[INFO] [stderr]   Downloaded tracing-opentelemetry v0.32.1
[INFO] [stderr]   Downloaded googletest_macro v0.14.2
[INFO] [stderr]   Downloaded clap-verbosity-flag v3.0.4
[INFO] [stderr]   Downloaded opentelemetry-otlp v0.31.1
[INFO] [stderr]   Downloaded opentelemetry-proto v0.31.0
[INFO] [stderr]   Downloaded googletest v0.14.2
[INFO] running `Command { std: "docker" "create" "-v" "/var/lib/crater-agent-workspace/builds/worker-0-tc1/source:/opt/rustwide/workdir:ro,Z" "-v" "/var/lib/crater-agent-workspace/builds/worker-0-tc1/target:/opt/rustwide/target:rw,Z" "-v" "/var/lib/crater-agent-workspace/cargo-home:/opt/rustwide/cargo-home:ro,Z" "-v" "/var/lib/crater-agent-workspace/rustup-home:/opt/rustwide/rustup-home:ro,Z" "-m" "1610612736" "--network" "none" "ghcr.io/rust-lang/crates-build-env/linux@sha256:77db811e55d90add9212f6832c23229e3de5f1c1f9905e8cb07319ea15df73ac" "sleep" "infinity", kill_on_drop: false }`
[INFO] [stdout] e873a562a8f847b228165948b78376c456a1069586cf543f6bc887bb688ae074
[INFO] running `Command { std: "docker" "start" "e873a562a8f847b228165948b78376c456a1069586cf543f6bc887bb688ae074", kill_on_drop: false }`
[INFO] running `Command { std: "docker" "inspect" "e873a562a8f847b228165948b78376c456a1069586cf543f6bc887bb688ae074", kill_on_drop: false }`
[INFO] running `Command { std: "docker" "exec" "-e" "SOURCE_DIR=/opt/rustwide/workdir" "-e" "CARGO_HOME=/opt/rustwide/cargo-home" "-e" "RUSTUP_HOME=/opt/rustwide/rustup-home" "-e" "CARGO_TARGET_DIR=/opt/rustwide/target" "-w" "/opt/rustwide/workdir" "--user" "0:0" "e873a562a8f847b228165948b78376c456a1069586cf543f6bc887bb688ae074" "/opt/rustwide/cargo-home/bin/cargo" "+1.99.0-beta.8" "metadata" "--no-deps" "--format-version=1", kill_on_drop: false }`
[INFO] running `Command { std: "docker" "inspect" "e873a562a8f847b228165948b78376c456a1069586cf543f6bc887bb688ae074", kill_on_drop: false }`
[INFO] running `Command { std: "docker" "exec" "-e" "SOURCE_DIR=/opt/rustwide/workdir" "-e" "CARGO_HOME=/opt/rustwide/cargo-home" "-e" "RUSTUP_HOME=/opt/rustwide/rustup-home" "-e" "CARGO_TARGET_DIR=/opt/rustwide/target" "-e" "CARGO_INCREMENTAL=0" "-e" "RUST_BACKTRACE=full" "-e" "RUSTFLAGS=--cap-lints=warn" "-e" "RUSTDOCFLAGS=--cap-lints=warn" "-w" "/opt/rustwide/workdir" "--user" "0:0" "e873a562a8f847b228165948b78376c456a1069586cf543f6bc887bb688ae074" "/opt/rustwide/cargo-home/bin/cargo" "+1.99.0-beta.8" "build" "--frozen" "--message-format=json" "--release", kill_on_drop: false }`
[INFO] [stderr] warning: Cargo.toml: `lints.rust.unused-lifetimes` is deprecated in favor of `lints.rust.unused_lifetimes` and will not work in a future edition
[INFO] [stderr] warning: Cargo.toml: `lints.rust.unused-macro-rules` is deprecated in favor of `lints.rust.unused_macro_rules` and will not work in a future edition
[INFO] [stderr] warning: `owiwi` (manifest) generated 2 warnings
[INFO] [stderr]    Compiling libc v0.2.185
[INFO] [stderr]    Compiling tracing v0.1.44
[INFO] [stderr]    Compiling futures-util v0.3.32
[INFO] [stderr]    Compiling zerofrom v0.1.7
[INFO] [stderr]    Compiling futures-channel v0.3.32
[INFO] [stderr]    Compiling rustls v0.23.38
[INFO] [stderr]    Compiling pin-project-internal v1.1.11
[INFO] [stderr]    Compiling regex-syntax v0.8.10
[INFO] [stderr]    Compiling yoke v0.8.2
[INFO] [stderr]    Compiling prost-derive v0.14.3
[INFO] [stderr]    Compiling opentelemetry v0.31.0
[INFO] [stderr]    Compiling zerovec v0.11.6
[INFO] [stderr]    Compiling zerotrie v0.2.4
[INFO] [stderr]    Compiling colorchoice v1.0.5
[INFO] [stderr]    Compiling anstyle v1.0.14
[INFO] [stderr]    Compiling anstream v1.0.0
[INFO] [stderr]    Compiling pin-project v1.1.11
[INFO] [stderr]    Compiling tinystr v0.8.3
[INFO] [stderr]    Compiling potential_utf v0.1.5
[INFO] [stderr]    Compiling icu_collections v2.2.0
[INFO] [stderr]    Compiling socket2 v0.6.3
[INFO] [stderr]    Compiling mio v1.2.0
[INFO] [stderr]    Compiling getrandom v0.2.17
[INFO] [stderr]    Compiling icu_locale_core v2.2.0
[INFO] [stderr]    Compiling ring v0.17.14
[INFO] [stderr]    Compiling tokio v1.52.1
[INFO] [stderr]    Compiling getrandom v0.3.4
[INFO] [stderr]    Compiling rand_core v0.9.5
[INFO] [stderr]    Compiling regex-automata v0.4.14
[INFO] [stderr]    Compiling rand_chacha v0.9.0
[INFO] [stderr]    Compiling icu_provider v2.2.0
[INFO] [stderr]    Compiling futures-executor v0.3.32
[INFO] [stderr]    Compiling icu_normalizer v2.2.0
[INFO] [stderr]    Compiling rustls-webpki v0.103.13
[INFO] [stderr]    Compiling icu_properties v2.2.0
[INFO] [stderr]    Compiling matchers v0.2.0
[INFO] [stderr]    Compiling rand v0.9.4
[INFO] [stderr]    Compiling prost v0.14.3
[INFO] [stderr]    Compiling tracing-log v0.2.0
[INFO] [stderr]    Compiling tracing-subscriber v0.3.23
[INFO] [stderr]    Compiling clap_builder v4.6.0
[INFO] [stderr]    Compiling clap_derive v4.6.1
[INFO] [stderr]    Compiling tokio-util v0.7.18
[INFO] [stderr]    Compiling tokio-stream v0.1.18
[INFO] [stderr]    Compiling h2 v0.4.13
[INFO] [stderr]    Compiling tower v0.5.3
[INFO] [stderr]    Compiling opentelemetry_sdk v0.31.0
[INFO] [stderr]    Compiling idna_adapter v1.2.1
[INFO] [stderr]    Compiling prettyplease v0.2.37
[INFO] [stderr]    Compiling tokio-rustls v0.26.4
[INFO] [stderr]    Compiling serde v1.0.228
[INFO] [stderr]    Compiling bon-macros v3.9.1
[INFO] [stderr]    Compiling hyper v1.9.0
[INFO] [stderr]    Compiling idna v1.1.0
[INFO] [stderr]    Compiling clap v4.6.1
[INFO] [stderr]    Compiling clap-verbosity-flag v3.0.4
[INFO] [stderr]    Compiling hyper-util v0.1.20
[INFO] [stderr]    Compiling hyper-timeout v0.5.2
[INFO] [stderr]    Compiling bon v3.9.1
[INFO] [stderr]    Compiling url v2.5.8
[INFO] [stderr]    Compiling tonic v0.14.5
[INFO] [stderr]    Compiling tracing-error v0.2.1
[INFO] [stderr]    Compiling tracing-opentelemetry v0.32.1
[INFO] [stderr]    Compiling jiff v0.2.23
[INFO] [stderr]    Compiling tonic-prost v0.14.5
[INFO] [stderr]    Compiling opentelemetry-proto v0.31.0
[INFO] [stderr]    Compiling opentelemetry-otlp v0.31.1
[INFO] [stderr]    Compiling owiwi v1.2.0 (/opt/rustwide/workdir)
[INFO] [stderr]     Finished `release` profile [optimized] target(s) in 2m 58s
[INFO] running `Command { std: "docker" "inspect" "e873a562a8f847b228165948b78376c456a1069586cf543f6bc887bb688ae074", kill_on_drop: false }`
[INFO] running `Command { std: "docker" "exec" "-e" "SOURCE_DIR=/opt/rustwide/workdir" "-e" "CARGO_HOME=/opt/rustwide/cargo-home" "-e" "RUSTUP_HOME=/opt/rustwide/rustup-home" "-e" "CARGO_TARGET_DIR=/opt/rustwide/target" "-e" "CARGO_INCREMENTAL=0" "-e" "RUST_BACKTRACE=full" "-e" "RUSTFLAGS=--cap-lints=warn" "-e" "RUSTDOCFLAGS=--cap-lints=warn" "-w" "/opt/rustwide/workdir" "--user" "0:0" "e873a562a8f847b228165948b78376c456a1069586cf543f6bc887bb688ae074" "/opt/rustwide/cargo-home/bin/cargo" "+1.99.0-beta.8" "test" "--frozen" "--no-run" "--message-format=json" "--release", kill_on_drop: false }`
[INFO] [stderr] warning: Cargo.toml: `lints.rust.unused-lifetimes` is deprecated in favor of `lints.rust.unused_lifetimes` and will not work in a future edition
[INFO] [stderr] warning: Cargo.toml: `lints.rust.unused-macro-rules` is deprecated in favor of `lints.rust.unused_macro_rules` and will not work in a future edition
[INFO] [stderr] warning: `owiwi` (manifest) generated 2 warnings
[INFO] [stderr]    Compiling tokio v1.52.1
[INFO] [stderr]    Compiling futures-util v0.3.32
[INFO] [stderr]    Compiling aho-corasick v1.1.4
[INFO] [stderr]    Compiling winnow v1.0.1
[INFO] [stderr]    Compiling hashbrown v0.17.0
[INFO] [stderr]    Compiling getrandom v0.4.2
[INFO] [stderr]    Compiling regex-syntax v0.8.10
[INFO] [stderr]    Compiling tempfile v3.27.0
[INFO] [stderr]    Compiling indexmap v2.14.0
[INFO] [stderr]    Compiling rstest_macros v0.26.1
[INFO] [stderr]    Compiling wait-timeout v0.2.1
[INFO] [stderr]    Compiling toml_parser v1.1.2+spec-1.1.0
[INFO] [stderr]    Compiling bit-vec v0.8.0
[INFO] [stderr]    Compiling regex-automata v0.4.14
[INFO] [stderr]    Compiling rusty-fork v0.3.1
[INFO] [stderr]    Compiling bit-set v0.8.0
[INFO] [stderr]    Compiling toml_edit v0.25.11+spec-1.1.0
[INFO] [stderr]    Compiling rand_xorshift v0.4.0
[INFO] [stderr]    Compiling proc-macro-crate v3.5.0
[INFO] [stderr]    Compiling relative-path v1.9.3
[INFO] [stderr]    Compiling unarray v0.1.4
[INFO] [stderr]    Compiling futures-executor v0.3.32
[INFO] [stderr]    Compiling proptest v1.11.0
[INFO] [stderr]    Compiling googletest_macro v0.14.2
[INFO] [stderr]    Compiling futures-timer v3.0.3
[INFO] [stderr]    Compiling regex v1.12.3
[INFO] [stderr]    Compiling tokio-util v0.7.18
[INFO] [stderr]    Compiling tokio-stream v0.1.18
[INFO] [stderr]    Compiling tokio-rustls v0.26.4
[INFO] [stderr]    Compiling h2 v0.4.13
[INFO] [stderr]    Compiling tower v0.5.3
[INFO] [stderr]    Compiling matchers v0.2.0
[INFO] [stderr]    Compiling tracing-subscriber v0.3.23
[INFO] [stderr]    Compiling opentelemetry_sdk v0.31.0
[INFO] [stderr]    Compiling tracing-opentelemetry v0.32.1
[INFO] [stderr]    Compiling tracing-error v0.2.1
[INFO] [stderr]    Compiling rstest v0.26.1
[INFO] [stderr]    Compiling googletest v0.14.2
[INFO] [stderr]    Compiling hyper v1.9.0
[INFO] [stderr]    Compiling hyper-util v0.1.20
[INFO] [stderr]    Compiling hyper-timeout v0.5.2
[INFO] [stderr]    Compiling tonic v0.14.5
[INFO] [stderr]    Compiling tonic-prost v0.14.5
[INFO] [stderr]    Compiling opentelemetry-proto v0.31.0
[INFO] [stderr]    Compiling opentelemetry-otlp v0.31.1
[INFO] [stderr]    Compiling owiwi v1.2.0 (/opt/rustwide/workdir)
[INFO] [stdout] error[E0599]: no variant, associated function, or constant named `Console` found for enum `TraceExporter` in the current scope
[INFO] [stdout]   --> examples/console.rs:11:32
[INFO] [stdout]    |
[INFO] [stdout] 11 |         .traces(TraceExporter::Console)
[INFO] [stdout]    |                                ^^^^^^^ variant, associated function, or constant not found in `TraceExporter`
[INFO] [stdout] 
[INFO] [stdout] 
[INFO] [stdout] error[E0432]: unresolved import `owiwi::HoneycombConfig`
[INFO] [stdout]   --> examples/honeycomb.rs:12:5
[INFO] [stdout]    |
[INFO] [stdout] 12 | use owiwi::HoneycombConfig;
[INFO] [stdout]    |     ^^^^^^^---------------
[INFO] [stdout]    |            |
[INFO] [stdout]    |            no `HoneycombConfig` in the root
[INFO] [stdout]    |
[INFO] [stdout] note: found an item that was configured out
[INFO] [stdout]   --> src/lib.rs:51:16
[INFO] [stdout]    |
[INFO] [stdout] 49 | #[cfg(feature = "honeycomb")]
[INFO] [stdout]    |       --------------------- the item is gated behind the `honeycomb` feature
[INFO] [stdout] 50 | #[doc(inline)]
[INFO] [stdout] 51 | pub use trace::HoneycombConfig;
[INFO] [stdout]    |                ^^^^^^^^^^^^^^^
[INFO] [stdout] 
[INFO] [stdout] 
[INFO] [stdout] For more information about this error, try `rustc --explain E0599`.
[INFO] [stdout] 
[INFO] [stderr] error: could not compile `owiwi` (example "console") due to 1 previous error
[INFO] [stderr] warning: build failed, waiting for other jobs to finish...
[INFO] [stdout] error[E0599]: no variant, associated function, or constant named `Honeycomb` found for enum `TraceExporter` in the current scope
[INFO] [stdout]   --> examples/honeycomb.rs:26:32
[INFO] [stdout]    |
[INFO] [stdout] 26 |         .traces(TraceExporter::Honeycomb(config))
[INFO] [stdout]    |                                ^^^^^^^^^ variant, associated function, or constant not found in `TraceExporter`
[INFO] [stdout] 
[INFO] [stdout] 
[INFO] [stdout] Some errors have detailed explanations: E0432, E0599.
[INFO] [stdout] 
[INFO] [stdout] For more information about an error, try `rustc --explain E0432`.
[INFO] [stdout] 
[INFO] [stderr] error: could not compile `owiwi` (example "honeycomb") due to 2 previous errors
[INFO] running `Command { std: "docker" "inspect" "e873a562a8f847b228165948b78376c456a1069586cf543f6bc887bb688ae074", kill_on_drop: false }`
[INFO] running `Command { std: "docker" "rm" "-f" "e873a562a8f847b228165948b78376c456a1069586cf543f6bc887bb688ae074", kill_on_drop: false }`
[INFO] [stdout] e873a562a8f847b228165948b78376c456a1069586cf543f6bc887bb688ae074
