[INFO] fetching crate outpost-core 0.7.0...
[INFO] testing outpost-core-0.7.0 against 1.100.0-beta.1+cargoflags=--release for beta-release-1.100-2
[INFO] extracting crate outpost-core 0.7.0 into /workspace/builds/worker-2-tc2/source
[INFO] started tweaking crates.io crate outpost-core 0.7.0
[INFO] removed 0 missing tests
[INFO] finished tweaking crates.io crate outpost-core 0.7.0
[INFO] tweaked toml for crates.io crate outpost-core 0.7.0 written to /workspace/builds/worker-2-tc2/source/Cargo.toml
[INFO] validating manifest of crates.io crate outpost-core 0.7.0 on toolchain 1.100.0-beta.1
[INFO] running `Command { std: CARGO_HOME="/workspace/cargo-home" RUSTUP_HOME="/workspace/rustup-home" "/workspace/cargo-home/bin/cargo" "+1.100.0-beta.1" "metadata" "--manifest-path" "Cargo.toml" "--no-deps", kill_on_drop: false }`
[INFO] crate crates.io crate outpost-core 0.7.0 already has a lockfile, it will not be regenerated
[INFO] running `Command { std: CARGO_HOME="/workspace/cargo-home" RUSTUP_HOME="/workspace/rustup-home" "/workspace/cargo-home/bin/cargo" "+1.100.0-beta.1" "fetch" "--manifest-path" "Cargo.toml", kill_on_drop: false }`
[INFO] running `Command { std: "docker" "create" "-v" "/var/lib/crater-agent-workspace/builds/worker-2-tc2/source:/opt/rustwide/workdir:ro,Z" "-v" "/var/lib/crater-agent-workspace/builds/worker-2-tc2/target:/opt/rustwide/target:rw,Z" "-v" "/var/lib/crater-agent-workspace/cargo-home:/opt/rustwide/cargo-home:ro,Z" "-v" "/var/lib/crater-agent-workspace/rustup-home:/opt/rustwide/rustup-home:ro,Z" "-m" "1610612736" "--network" "none" "ghcr.io/rust-lang/crates-build-env/linux@sha256:77db811e55d90add9212f6832c23229e3de5f1c1f9905e8cb07319ea15df73ac" "sleep" "infinity", kill_on_drop: false }`
[INFO] [stdout] 6507ec48622d8eb8b5cc2fb83452299b7fb1ab45b30e442fed1e58c2ef9e344a
[INFO] running `Command { std: "docker" "start" "6507ec48622d8eb8b5cc2fb83452299b7fb1ab45b30e442fed1e58c2ef9e344a", kill_on_drop: false }`
[INFO] running `Command { std: "docker" "inspect" "6507ec48622d8eb8b5cc2fb83452299b7fb1ab45b30e442fed1e58c2ef9e344a", kill_on_drop: false }`
[INFO] running `Command { std: "docker" "exec" "-e" "SOURCE_DIR=/opt/rustwide/workdir" "-e" "CARGO_HOME=/opt/rustwide/cargo-home" "-e" "RUSTUP_HOME=/opt/rustwide/rustup-home" "-e" "CARGO_TARGET_DIR=/opt/rustwide/target" "-w" "/opt/rustwide/workdir" "--user" "0:0" "6507ec48622d8eb8b5cc2fb83452299b7fb1ab45b30e442fed1e58c2ef9e344a" "/opt/rustwide/cargo-home/bin/cargo" "+1.100.0-beta.1" "metadata" "--no-deps" "--format-version=1", kill_on_drop: false }`
[INFO] running `Command { std: "docker" "inspect" "6507ec48622d8eb8b5cc2fb83452299b7fb1ab45b30e442fed1e58c2ef9e344a", kill_on_drop: false }`
[INFO] running `Command { std: "docker" "exec" "-e" "SOURCE_DIR=/opt/rustwide/workdir" "-e" "CARGO_HOME=/opt/rustwide/cargo-home" "-e" "RUSTUP_HOME=/opt/rustwide/rustup-home" "-e" "CARGO_TARGET_DIR=/opt/rustwide/target" "-e" "CARGO_INCREMENTAL=0" "-e" "RUST_BACKTRACE=full" "-e" "RUSTFLAGS=--cap-lints=warn" "-e" "RUSTDOCFLAGS=--cap-lints=warn" "-w" "/opt/rustwide/workdir" "--user" "0:0" "6507ec48622d8eb8b5cc2fb83452299b7fb1ab45b30e442fed1e58c2ef9e344a" "/opt/rustwide/cargo-home/bin/cargo" "+1.100.0-beta.1" "build" "--frozen" "--message-format=json" "--release", kill_on_drop: false }`
[INFO] [stderr]    Compiling libc v0.2.186
[INFO] [stderr]    Compiling syn v2.0.117
[INFO] [stderr]    Compiling bitflags v2.13.0
[INFO] [stderr]    Compiling digest v0.11.3
[INFO] [stderr]    Compiling rustix v1.1.4
[INFO] [stderr]    Compiling sha2 v0.11.0
[INFO] [stderr]    Compiling getrandom v0.4.2
[INFO] [stderr]    Compiling serde_derive v1.0.228
[INFO] [stderr]    Compiling thiserror-impl v2.0.18
[INFO] [stderr]    Compiling tempfile v3.27.0
[INFO] [stderr]    Compiling thiserror v2.0.18
[INFO] [stderr]    Compiling serde v1.0.228
[INFO] [stderr]    Compiling chrono v0.4.45
[INFO] [stderr]    Compiling outpost-core v0.7.0 (/opt/rustwide/workdir)
[INFO] [stderr]     Finished `release` profile [optimized] target(s) in 18.22s
[INFO] running `Command { std: "docker" "inspect" "6507ec48622d8eb8b5cc2fb83452299b7fb1ab45b30e442fed1e58c2ef9e344a", kill_on_drop: false }`
[INFO] running `Command { std: "docker" "exec" "-e" "SOURCE_DIR=/opt/rustwide/workdir" "-e" "CARGO_HOME=/opt/rustwide/cargo-home" "-e" "RUSTUP_HOME=/opt/rustwide/rustup-home" "-e" "CARGO_TARGET_DIR=/opt/rustwide/target" "-e" "CARGO_INCREMENTAL=0" "-e" "RUST_BACKTRACE=full" "-e" "RUSTFLAGS=--cap-lints=warn" "-e" "RUSTDOCFLAGS=--cap-lints=warn" "-w" "/opt/rustwide/workdir" "--user" "0:0" "6507ec48622d8eb8b5cc2fb83452299b7fb1ab45b30e442fed1e58c2ef9e344a" "/opt/rustwide/cargo-home/bin/cargo" "+1.100.0-beta.1" "test" "--frozen" "--no-run" "--message-format=json" "--release", kill_on_drop: false }`
[INFO] [stderr]    Compiling outpost-core v0.7.0 (/opt/rustwide/workdir)
[INFO] [stdout] error[E0599]: no method named `test_invoker` found for struct `SourceRepo` in the current scope
[INFO] [stdout]   --> tests/fixture_smoke.rs:42:14
[INFO] [stdout]    |
[INFO] [stdout] 41 |         source
[INFO] [stdout] 42 |             .test_invoker()
[INFO] [stdout]    |              ^^^^^^^^^^^^ method not found in `SourceRepo`
[INFO] [stdout] 
[INFO] [stdout] 
[INFO] [stdout] error[E0599]: no method named `test_invoker` found for struct `outpost_core::Outpost` in the current scope
[INFO] [stdout]    --> tests/branch_analysis_edges.rs:114:10
[INFO] [stdout]     |
[INFO] [stdout] 113 |     outpost
[INFO] [stdout] 114 |         .test_invoker()
[INFO] [stdout]     |          ^^^^^^^^^^^^ method not found in `outpost_core::Outpost`
[INFO] [stdout] 
[INFO] [stdout] 
[INFO] [stdout] For more information about this error, try `rustc --explain E0599`.
[INFO] [stdout] 
[INFO] [stderr] error: could not compile `outpost-core` (test "fixture_smoke") due to 1 previous error
[INFO] [stderr] warning: build failed, waiting for other jobs to finish...
[INFO] [stdout] error[E0599]: no method named `test_invoker` found for struct `SourceRepo` in the current scope
[INFO] [stdout]    --> tests/branch_analysis_edges.rs:167:10
[INFO] [stdout]     |
[INFO] [stdout] 166 |     source
[INFO] [stdout] 167 |         .test_invoker()
[INFO] [stdout]     |          ^^^^^^^^^^^^ method not found in `SourceRepo`
[INFO] [stdout] 
[INFO] [stdout] 
[INFO] [stdout] error[E0599]: no method named `test_invoker` found for struct `outpost_core::Outpost` in the current scope
[INFO] [stdout]    --> tests/branch_analysis_edges.rs:317:10
[INFO] [stdout]     |
[INFO] [stdout] 316 |     let outpost_oid_before = outpost
[INFO] [stdout] 317 |         .test_invoker()
[INFO] [stdout]     |          ^^^^^^^^^^^^ method not found in `outpost_core::Outpost`
[INFO] [stdout] 
[INFO] [stdout] 
[INFO] [stdout] error[E0599]: no method named `test_invoker` found for struct `outpost_core::Outpost` in the current scope
[INFO] [stdout]    --> tests/branch_analysis_edges.rs:346:14
[INFO] [stdout]     |
[INFO] [stdout] 345 |         outpost
[INFO] [stdout] 346 |             .test_invoker()
[INFO] [stdout]     |              ^^^^^^^^^^^^ method not found in `outpost_core::Outpost`
[INFO] [stdout] 
[INFO] [stdout] 
[INFO] [stdout] error[E0599]: no method named `test_invoker` found for struct `SourceRepo` in the current scope
[INFO] [stdout]    --> tests/branch_analysis_edges.rs:383:10
[INFO] [stdout]     |
[INFO] [stdout] 382 |     source
[INFO] [stdout] 383 |         .test_invoker()
[INFO] [stdout]     |          ^^^^^^^^^^^^ method not found in `SourceRepo`
[INFO] [stdout] 
[INFO] [stdout] 
[INFO] [stdout] error[E0599]: no method named `test_invoker` found for struct `SourceRepo` in the current scope
[INFO] [stdout]    --> tests/branch_analysis_edges.rs:463:10
[INFO] [stdout]     |
[INFO] [stdout] 462 |     source
[INFO] [stdout] 463 |         .test_invoker()
[INFO] [stdout]     |          ^^^^^^^^^^^^ method not found in `SourceRepo`
[INFO] [stdout] 
[INFO] [stdout] 
[INFO] [stdout] warning: unused imports: `AssertUnwindSafe` and `catch_unwind`
[INFO] [stdout]    --> src/registry.rs:336:22
[INFO] [stdout]     |
[INFO] [stdout] 336 |     use std::panic::{AssertUnwindSafe, catch_unwind};
[INFO] [stdout]     |                      ^^^^^^^^^^^^^^^^  ^^^^^^^^^^^^
[INFO] [stdout]     |
[INFO] [stdout]     = note: `#[warn(unused_imports)]` (part of `#[warn(unused)]`) on by default
[INFO] [stdout] 
[INFO] [stdout] 
[INFO] [stdout] error[E0599]: no method named `test_invoker` found for struct `SourceRepo` in the current scope
[INFO] [stdout]    --> tests/branch_analysis_edges.rs:519:10
[INFO] [stdout]     |
[INFO] [stdout] 518 |     source
[INFO] [stdout] 519 |         .test_invoker()
[INFO] [stdout]     |          ^^^^^^^^^^^^ method not found in `SourceRepo`
[INFO] [stdout] 
[INFO] [stdout] 
[INFO] [stdout] error[E0599]: no method named `test_invoker` found for struct `SourceRepo` in the current scope
[INFO] [stdout]    --> tests/branch_analysis_edges.rs:621:10
[INFO] [stdout]     |
[INFO] [stdout] 620 |     source
[INFO] [stdout] 621 |         .test_invoker()
[INFO] [stdout]     |          ^^^^^^^^^^^^ method not found in `SourceRepo`
[INFO] [stdout] 
[INFO] [stdout] 
[INFO] [stdout] error[E0599]: no method named `test_invoker` found for struct `SourceRepo` in the current scope
[INFO] [stdout]    --> tests/branch_analysis_edges.rs:724:10
[INFO] [stdout]     |
[INFO] [stdout] 723 |     source
[INFO] [stdout] 724 |         .test_invoker()
[INFO] [stdout]     |          ^^^^^^^^^^^^ method not found in `SourceRepo`
[INFO] [stdout] 
[INFO] [stdout] 
[INFO] [stdout] error[E0599]: no method named `test_invoker` found for reference `&outpost_core::Outpost` in the current scope
[INFO] [stdout]    --> tests/branch_analysis_edges.rs:822:10
[INFO] [stdout]     |
[INFO] [stdout] 821 |     outpost
[INFO] [stdout] 822 |         .test_invoker()
[INFO] [stdout]     |          ^^^^^^^^^^^^ method not found in `&outpost_core::Outpost`
[INFO] [stdout] 
[INFO] [stdout] 
[INFO] [stdout] error[E0599]: no method named `test_invoker` found for reference `&SourceRepo` in the current scope
[INFO] [stdout]    --> tests/branch_analysis_edges.rs:829:10
[INFO] [stdout]     |
[INFO] [stdout] 828 |     source
[INFO] [stdout] 829 |         .test_invoker()
[INFO] [stdout]     |          ^^^^^^^^^^^^ method not found in `&SourceRepo`
[INFO] [stdout] 
[INFO] [stdout] 
[INFO] [stdout] error[E0599]: no method named `test_invoker` found for reference `&outpost_core::Outpost` in the current scope
[INFO] [stdout]    --> tests/branch_analysis_edges.rs:836:10
[INFO] [stdout]     |
[INFO] [stdout] 835 |     outpost
[INFO] [stdout] 836 |         .test_invoker()
[INFO] [stdout]     |          ^^^^^^^^^^^^ method not found in `&outpost_core::Outpost`
[INFO] [stdout] 
[INFO] [stdout] 
[INFO] [stdout] error[E0599]: no method named `test_invoker` found for reference `&SourceRepo` in the current scope
[INFO] [stdout]    --> tests/branch_analysis_edges.rs:846:20
[INFO] [stdout]     |
[INFO] [stdout] 846 |     let _ = source.test_invoker().run_check([
[INFO] [stdout]     |                    ^^^^^^^^^^^^ method not found in `&SourceRepo`
[INFO] [stdout] 
[INFO] [stdout] 
[INFO] [stdout] error[E0599]: no method named `test_invoker` found for reference `&SourceRepo` in the current scope
[INFO] [stdout]    --> tests/branch_analysis_edges.rs:851:20
[INFO] [stdout]     |
[INFO] [stdout] 851 |     let _ = source.test_invoker().run_check([
[INFO] [stdout]     |                    ^^^^^^^^^^^^ method not found in `&SourceRepo`
[INFO] [stdout] 
[INFO] [stdout] 
[INFO] [stdout] error[E0599]: no method named `test_invoker` found for reference `&outpost_core::Outpost` in the current scope
[INFO] [stdout]    --> tests/branch_analysis_edges.rs:859:10
[INFO] [stdout]     |
[INFO] [stdout] 859 |     repo.test_invoker()
[INFO] [stdout]     |          ^^^^^^^^^^^^ method not found in `&outpost_core::Outpost`
[INFO] [stdout] 
[INFO] [stdout] 
[INFO] [stdout] For more information about this error, try `rustc --explain E0599`.
[INFO] [stdout] 
[INFO] [stderr] error: could not compile `outpost-core` (test "branch_analysis_edges") due to 15 previous errors
[INFO] running `Command { std: "docker" "inspect" "6507ec48622d8eb8b5cc2fb83452299b7fb1ab45b30e442fed1e58c2ef9e344a", kill_on_drop: false }`
[INFO] running `Command { std: "docker" "rm" "-f" "6507ec48622d8eb8b5cc2fb83452299b7fb1ab45b30e442fed1e58c2ef9e344a", kill_on_drop: false }`
[INFO] [stdout] 6507ec48622d8eb8b5cc2fb83452299b7fb1ab45b30e442fed1e58c2ef9e344a
