[INFO] fetching crate outfox-openai 0.7.0...
[INFO] testing outfox-openai-0.7.0 against 1.100.0-beta.1+cargoflags=--release for beta-release-1.100-2
[INFO] extracting crate outfox-openai 0.7.0 into /workspace/builds/worker-2-tc2/source
[INFO] started tweaking crates.io crate outfox-openai 0.7.0
[INFO] removed 0 missing tests
[INFO] finished tweaking crates.io crate outfox-openai 0.7.0
[INFO] tweaked toml for crates.io crate outfox-openai 0.7.0 written to /workspace/builds/worker-2-tc2/source/Cargo.toml
[INFO] validating manifest of crates.io crate outfox-openai 0.7.0 on toolchain 1.100.0-beta.1
[INFO] running `Command { std: CARGO_HOME="/workspace/cargo-home" RUSTUP_HOME="/workspace/rustup-home" "/workspace/cargo-home/bin/cargo" "+1.100.0-beta.1" "metadata" "--manifest-path" "Cargo.toml" "--no-deps", kill_on_drop: false }`
[INFO] crate crates.io crate outfox-openai 0.7.0 already has a lockfile, it will not be regenerated
[INFO] running `Command { std: CARGO_HOME="/workspace/cargo-home" RUSTUP_HOME="/workspace/rustup-home" "/workspace/cargo-home/bin/cargo" "+1.100.0-beta.1" "fetch" "--manifest-path" "Cargo.toml", kill_on_drop: false }`
[INFO] [stderr] warning: `package.homepage` is redundant with `package.repository`
[INFO] [stderr]    --> Cargo.toml:182:12
[INFO] [stderr]     |
[INFO] [stderr] 182 | homepage = "https://github.com/taidge/outfox"
[INFO] [stderr]     |            ^^^^^^^^^^^^^^^^^^^^^^^^^^^^^^^^^^
[INFO] [stderr] ...
[INFO] [stderr] 187 | repository = "https://github.com/taidge/outfox"
[INFO] [stderr]     |              ----------------------------------
[INFO] [stderr]     |
[INFO] [stderr]     = note: `cargo::redundant_homepage` is set to `warn` by default
[INFO] [stderr] help: consider removing `package.homepage`
[INFO] [stderr] warning: `outfox-openai` (manifest) generated 1 warning
[INFO] running `Command { std: "docker" "create" "-v" "/var/lib/crater-agent-workspace/builds/worker-2-tc2/source:/opt/rustwide/workdir:ro,Z" "-v" "/var/lib/crater-agent-workspace/builds/worker-2-tc2/target:/opt/rustwide/target:rw,Z" "-v" "/var/lib/crater-agent-workspace/cargo-home:/opt/rustwide/cargo-home:ro,Z" "-v" "/var/lib/crater-agent-workspace/rustup-home:/opt/rustwide/rustup-home:ro,Z" "-m" "1610612736" "--network" "none" "ghcr.io/rust-lang/crates-build-env/linux@sha256:77db811e55d90add9212f6832c23229e3de5f1c1f9905e8cb07319ea15df73ac" "sleep" "infinity", kill_on_drop: false }`
[INFO] [stdout] e2f9f8e4792c87820520db42ee5aef7a39b5e173f75d205e56b44a78a3aa7821
[INFO] running `Command { std: "docker" "start" "e2f9f8e4792c87820520db42ee5aef7a39b5e173f75d205e56b44a78a3aa7821", kill_on_drop: false }`
[INFO] running `Command { std: "docker" "inspect" "e2f9f8e4792c87820520db42ee5aef7a39b5e173f75d205e56b44a78a3aa7821", kill_on_drop: false }`
[INFO] running `Command { std: "docker" "exec" "-e" "SOURCE_DIR=/opt/rustwide/workdir" "-e" "CARGO_HOME=/opt/rustwide/cargo-home" "-e" "RUSTUP_HOME=/opt/rustwide/rustup-home" "-e" "CARGO_TARGET_DIR=/opt/rustwide/target" "-w" "/opt/rustwide/workdir" "--user" "0:0" "e2f9f8e4792c87820520db42ee5aef7a39b5e173f75d205e56b44a78a3aa7821" "/opt/rustwide/cargo-home/bin/cargo" "+1.100.0-beta.1" "metadata" "--no-deps" "--format-version=1", kill_on_drop: false }`
[INFO] running `Command { std: "docker" "inspect" "e2f9f8e4792c87820520db42ee5aef7a39b5e173f75d205e56b44a78a3aa7821", kill_on_drop: false }`
[INFO] running `Command { std: "docker" "exec" "-e" "SOURCE_DIR=/opt/rustwide/workdir" "-e" "CARGO_HOME=/opt/rustwide/cargo-home" "-e" "RUSTUP_HOME=/opt/rustwide/rustup-home" "-e" "CARGO_TARGET_DIR=/opt/rustwide/target" "-e" "CARGO_INCREMENTAL=0" "-e" "RUST_BACKTRACE=full" "-e" "RUSTFLAGS=--cap-lints=warn" "-e" "RUSTDOCFLAGS=--cap-lints=warn" "-w" "/opt/rustwide/workdir" "--user" "0:0" "e2f9f8e4792c87820520db42ee5aef7a39b5e173f75d205e56b44a78a3aa7821" "/opt/rustwide/cargo-home/bin/cargo" "+1.100.0-beta.1" "build" "--frozen" "--message-format=json" "--release", kill_on_drop: false }`
[INFO] [stderr] warning: `package.homepage` is redundant with `package.repository`
[INFO] [stderr]    --> Cargo.toml:182:12
[INFO] [stderr]     |
[INFO] [stderr] 182 | homepage = "https://github.com/taidge/outfox"
[INFO] [stderr]     |            ^^^^^^^^^^^^^^^^^^^^^^^^^^^^^^^^^^
[INFO] [stderr] ...
[INFO] [stderr] 187 | repository = "https://github.com/taidge/outfox"
[INFO] [stderr]     |              ----------------------------------
[INFO] [stderr]     |
[INFO] [stderr]     = note: `cargo::redundant_homepage` is set to `warn` by default
[INFO] [stderr] help: consider removing `package.homepage`
[INFO] [stderr] warning: `outfox-openai` (manifest) generated 1 warning
[INFO] [stderr]    Compiling slab v0.4.12
[INFO] [stderr]    Compiling http v1.4.0
[INFO] [stderr]    Compiling futures-task v0.3.32
[INFO] [stderr]    Compiling unicase v2.9.0
[INFO] [stderr]    Compiling sync_wrapper v1.0.2
[INFO] [stderr]    Compiling syn v2.0.117
[INFO] [stderr]    Compiling futures-channel v0.3.32
[INFO] [stderr]    Compiling tokio v1.49.0
[INFO] [stderr]    Compiling tracing v0.1.44
[INFO] [stderr]    Compiling rustls-pki-types v1.14.0
[INFO] [stderr]    Compiling iri-string v0.7.10
[INFO] [stderr]    Compiling bitflags v2.11.0
[INFO] [stderr]    Compiling serde_json v1.0.149
[INFO] [stderr]    Compiling futures-util v0.3.32
[INFO] [stderr]    Compiling mime_guess v2.0.5
[INFO] [stderr]    Compiling rustls-native-certs v0.8.3
[INFO] [stderr]    Compiling http-body v1.0.1
[INFO] [stderr]    Compiling http-body-util v0.1.3
[INFO] [stderr]    Compiling synstructure v0.13.2
[INFO] [stderr]    Compiling zerovec-derive v0.11.2
[INFO] [stderr]    Compiling displaydoc v0.2.5
[INFO] [stderr]    Compiling serde_derive v1.0.228
[INFO] [stderr]    Compiling zerofrom-derive v0.1.6
[INFO] [stderr]    Compiling yoke-derive v0.8.1
[INFO] [stderr]    Compiling zerofrom v0.1.6
[INFO] [stderr]    Compiling yoke v0.8.1
[INFO] [stderr]    Compiling zerovec v0.11.5
[INFO] [stderr]    Compiling zerotrie v0.2.3
[INFO] [stderr]    Compiling hyper v1.8.1
[INFO] [stderr]    Compiling tower v0.5.3
[INFO] [stderr]    Compiling tokio-util v0.7.18
[INFO] [stderr]    Compiling tinystr v0.8.2
[INFO] [stderr]    Compiling icu_locale_core v2.1.1
[INFO] [stderr]    Compiling potential_utf v0.1.4
[INFO] [stderr]    Compiling icu_collections v2.1.1
[INFO] [stderr]    Compiling tower-http v0.6.8
[INFO] [stderr]    Compiling hyper-util v0.1.20
[INFO] [stderr]    Compiling serde v1.0.228
[INFO] [stderr]    Compiling icu_provider v2.1.1
[INFO] [stderr]    Compiling serde_urlencoded v0.7.1
[INFO] [stderr]    Compiling icu_normalizer v2.1.1
[INFO] [stderr]    Compiling icu_properties v2.1.2
[INFO] [stderr]    Compiling idna_adapter v1.2.1
[INFO] [stderr]    Compiling idna v1.1.0
[INFO] [stderr]    Compiling url v2.5.8
[INFO] [stderr]    Compiling reqwest v0.13.1
[INFO] [stderr]    Compiling outfox-openai v0.7.0 (/opt/rustwide/workdir)
[INFO] [stderr] warning: unused dependency `reqwest`
[INFO] [stderr]   --> Cargo.toml:45:15
[INFO] [stderr]    |
[INFO] [stderr] 45 | [dependencies.reqwest]
[INFO] [stderr]    |               ^^^^^^^^
[INFO] [stderr]    |
[INFO] [stderr]    = note: `cargo::unused_dependencies` is set to `warn` by default
[INFO] [stderr] help: consider removing the dependency on `reqwest`
[INFO] [stderr] warning: `outfox-openai` (manifest) generated 1 warning
[INFO] [stderr]     Finished `release` profile [optimized] target(s) in 17.51s
[INFO] running `Command { std: "docker" "inspect" "e2f9f8e4792c87820520db42ee5aef7a39b5e173f75d205e56b44a78a3aa7821", kill_on_drop: false }`
[INFO] running `Command { std: "docker" "exec" "-e" "SOURCE_DIR=/opt/rustwide/workdir" "-e" "CARGO_HOME=/opt/rustwide/cargo-home" "-e" "RUSTUP_HOME=/opt/rustwide/rustup-home" "-e" "CARGO_TARGET_DIR=/opt/rustwide/target" "-e" "CARGO_INCREMENTAL=0" "-e" "RUST_BACKTRACE=full" "-e" "RUSTFLAGS=--cap-lints=warn" "-e" "RUSTDOCFLAGS=--cap-lints=warn" "-w" "/opt/rustwide/workdir" "--user" "0:0" "e2f9f8e4792c87820520db42ee5aef7a39b5e173f75d205e56b44a78a3aa7821" "/opt/rustwide/cargo-home/bin/cargo" "+1.100.0-beta.1" "test" "--frozen" "--no-run" "--message-format=json" "--release", kill_on_drop: false }`
[INFO] [stderr] warning: `package.homepage` is redundant with `package.repository`
[INFO] [stderr]    --> Cargo.toml:182:12
[INFO] [stderr]     |
[INFO] [stderr] 182 | homepage = "https://github.com/taidge/outfox"
[INFO] [stderr]     |            ^^^^^^^^^^^^^^^^^^^^^^^^^^^^^^^^^^
[INFO] [stderr] ...
[INFO] [stderr] 187 | repository = "https://github.com/taidge/outfox"
[INFO] [stderr]     |              ----------------------------------
[INFO] [stderr]     |
[INFO] [stderr]     = note: `cargo::redundant_homepage` is set to `warn` by default
[INFO] [stderr] help: consider removing `package.homepage`
[INFO] [stderr] warning: `outfox-openai` (manifest) generated 1 warning
[INFO] [stderr]    Compiling tokio v1.49.0
[INFO] [stderr]    Compiling hyper v1.8.1
[INFO] [stderr]    Compiling tower v0.5.3
[INFO] [stderr]    Compiling tokio-util v0.7.18
[INFO] [stderr]    Compiling tokio-stream v0.1.18
[INFO] [stderr]    Compiling tower-http v0.6.8
[INFO] [stderr]    Compiling tokio-test v0.4.5
[INFO] [stderr]    Compiling hyper-util v0.1.20
[INFO] [stderr]    Compiling reqwest v0.13.1
[INFO] [stderr]    Compiling outfox-openai v0.7.0 (/opt/rustwide/workdir)
[INFO] [stdout] error[E0432]: unresolved import `outfox_openai::Client`
[INFO] [stdout]    --> tests/whisper.rs:1:5
[INFO] [stdout]     |
[INFO] [stdout]   1 | use outfox_openai::Client;
[INFO] [stdout]     |     ^^^^^^^^^^^^^^^------
[INFO] [stdout]     |                    |
[INFO] [stdout]     |                    no `Client` in the root
[INFO] [stdout]     |
[INFO] [stdout] note: found an item that was configured out
[INFO] [stdout]    --> src/lib.rs:332:17
[INFO] [stdout]     |
[INFO] [stdout] 331 | #[cfg(feature = "_api")]
[INFO] [stdout]     |       ---------------- the item is gated behind the `_api` feature
[INFO] [stdout] 332 | pub use client::Client;
[INFO] [stdout]     |                 ^^^^^^
[INFO] [stdout] 
[INFO] [stdout] 
[INFO] [stdout] error[E0432]: unresolved imports `outfox_openai::spec::CreateTranscriptionRequestArgs`, `outfox_openai::spec::CreateTranslationRequestArgs`
[INFO] [stdout]  --> tests/whisper.rs:2:27
[INFO] [stdout]   |
[INFO] [stdout] 2 | use outfox_openai::spec::{CreateTranscriptionRequestArgs, CreateTranslationRequestArgs};
[INFO] [stdout]   |                           ^^^^^^^^^^^^^^^^^^^^^^^^^^^^^^  ^^^^^^^^^^^^^^^^^^^^^^^^^^^^ no `CreateTranslationRequestArgs` in `spec`
[INFO] [stdout]   |                           |
[INFO] [stdout]   |                           no `CreateTranscriptionRequestArgs` in `spec`
[INFO] [stdout] 
[INFO] [stdout] 
[INFO] [stderr] error: could not compile `outfox-openai` (test "whisper") due to 8 previous errors
[INFO] [stderr] warning: build failed, waiting for other jobs to finish...
[INFO] [stderr] error: could not compile `outfox-openai` (test "completion") due to 1 previous error
[INFO] [stdout] error[E0433]: cannot find module or crate `tokio` in this scope
[INFO] [stdout]   --> tests/whisper.rs:43:3
[INFO] [stdout]    |
[INFO] [stdout] 43 | #[tokio::test]
[INFO] [stdout]    |   ^^^^^ use of unresolved module or unlinked crate `tokio`
[INFO] [stdout] 
[INFO] [stdout] 
[INFO] [stdout] error[E0433]: cannot find module or crate `tokio` in this scope
[INFO] [stdout]   --> tests/whisper.rs:32:3
[INFO] [stdout]    |
[INFO] [stdout] 32 | #[tokio::test]
[INFO] [stdout]    |   ^^^^^ use of unresolved module or unlinked crate `tokio`
[INFO] [stdout] 
[INFO] [stdout] 
[INFO] [stdout] error[E0433]: cannot find module or crate `tokio` in this scope
[INFO] [stdout]   --> tests/whisper.rs:16:3
[INFO] [stdout]    |
[INFO] [stdout] 16 | #[tokio::test]
[INFO] [stdout]    |   ^^^^^ use of unresolved module or unlinked crate `tokio`
[INFO] [stdout] 
[INFO] [stdout] 
[INFO] [stdout] error[E0433]: cannot find module or crate `tokio` in this scope
[INFO] [stdout]  --> tests/whisper.rs:5:3
[INFO] [stdout]   |
[INFO] [stdout] 5 | #[tokio::test]
[INFO] [stdout]   |   ^^^^^ use of unresolved module or unlinked crate `tokio`
[INFO] [stdout] 
[INFO] [stdout] 
[INFO] [stdout] error[E0432]: unresolved import `outfox_openai::spec::Prompt`
[INFO] [stdout]  --> tests/completion.rs:2:5
[INFO] [stdout]   |
[INFO] [stdout] 2 | use outfox_openai::spec::Prompt;
[INFO] [stdout]   |     ^^^^^^^^^^^^^^^^^^^^^------
[INFO] [stdout]   |                          |
[INFO] [stdout]   |                          no `Prompt` in `spec`
[INFO] [stdout] 
[INFO] [stdout] 
[INFO] [stdout] error[E0432]: unresolved import `outfox_openai::Client`
[INFO] [stdout]    --> tests/boxed_future.rs:3:5
[INFO] [stdout]     |
[INFO] [stdout]   3 | use outfox_openai::Client;
[INFO] [stdout]     |     ^^^^^^^^^^^^^^^------
[INFO] [stdout]     |                    |
[INFO] [stdout]     |                    no `Client` in the root
[INFO] [stdout]     |
[INFO] [stdout] note: found an item that was configured out
[INFO] [stdout]    --> src/lib.rs:332:17
[INFO] [stdout]     |
[INFO] [stdout] 331 | #[cfg(feature = "_api")]
[INFO] [stdout]     |       ---------------- the item is gated behind the `_api` feature
[INFO] [stdout] 332 | pub use client::Client;
[INFO] [stdout]     |                 ^^^^^^
[INFO] [stdout] 
[INFO] [stdout] 
[INFO] [stdout] error[E0432]: unresolved imports `outfox_openai::spec::CompletionResponseStream`, `outfox_openai::spec::CreateCompletionRequestArgs`
[INFO] [stdout]  --> tests/boxed_future.rs:4:27
[INFO] [stdout]   |
[INFO] [stdout] 4 | use outfox_openai::spec::{CompletionResponseStream, CreateCompletionRequestArgs};
[INFO] [stdout]   |                           ^^^^^^^^^^^^^^^^^^^^^^^^  ^^^^^^^^^^^^^^^^^^^^^^^^^^^ no `CreateCompletionRequestArgs` in `spec`
[INFO] [stdout]   |                           |
[INFO] [stdout]   |                           no `CompletionResponseStream` in `spec`
[INFO] [stdout] 
[INFO] [stdout] 
[INFO] [stdout] error[E0433]: cannot find module or crate `futures` in this scope
[INFO] [stdout]  --> tests/boxed_future.rs:2:5
[INFO] [stdout]   |
[INFO] [stdout] 2 | use futures::future::{BoxFuture, FutureExt};
[INFO] [stdout]   |     ^^^^^^^ use of unresolved module or unlinked crate `futures`
[INFO] [stdout]   |
[INFO] [stdout]   = help: if you wanted to use a crate named `futures`, use `cargo add futures` to add it to your `Cargo.toml`
[INFO] [stdout] 
[INFO] [stdout] 
[INFO] [stdout] error[E0432]: unresolved import `futures`
[INFO] [stdout]  --> tests/boxed_future.rs:1:5
[INFO] [stdout]   |
[INFO] [stdout] 1 | use futures::StreamExt;
[INFO] [stdout]   |     ^^^^^^^ use of unresolved module or unlinked crate `futures`
[INFO] [stdout]   |
[INFO] [stdout]   = help: if you wanted to use a crate named `futures`, use `cargo add futures` to add it to your `Cargo.toml`
[INFO] [stdout] 
[INFO] [stdout] 
[INFO] [stdout] error[E0433]: cannot find module or crate `tokio` in this scope
[INFO] [stdout]  --> tests/boxed_future.rs:6:3
[INFO] [stdout]   |
[INFO] [stdout] 6 | #[tokio::test]
[INFO] [stdout]   |   ^^^^^ use of unresolved module or unlinked crate `tokio`
[INFO] [stdout] 
[INFO] [stdout] 
[INFO] [stdout] error[E0433]: cannot find module or crate `tokio` in this scope
[INFO] [stdout]   --> tests/whisper.rs:21:22
[INFO] [stdout]    |
[INFO] [stdout] 21 |     let transcribe = tokio::spawn(async move {
[INFO] [stdout]    |                      ^^^^^ use of unresolved module or unlinked crate `tokio`
[INFO] [stdout]    |
[INFO] [stdout]    = help: if you wanted to use a crate named `tokio`, use `cargo add tokio` to add it to your `Cargo.toml`
[INFO] [stdout] 
[INFO] [stdout] 
[INFO] [stdout] error[E0433]: cannot find module or crate `tokio` in this scope
[INFO] [stdout]   --> tests/whisper.rs:48:21
[INFO] [stdout]    |
[INFO] [stdout] 48 |     let translate = tokio::spawn(async move {
[INFO] [stdout]    |                     ^^^^^ use of unresolved module or unlinked crate `tokio`
[INFO] [stdout]    |
[INFO] [stdout]    = help: if you wanted to use a crate named `tokio`, use `cargo add tokio` to add it to your `Cargo.toml`
[INFO] [stdout] 
[INFO] [stdout] 
[INFO] [stdout] Some errors have detailed explanations: E0432, E0433.
[INFO] [stdout] 
[INFO] [stdout] For more information about an error, try `rustc --explain E0432`.
[INFO] [stdout] 
[INFO] [stdout] For more information about this error, try `rustc --explain E0432`.
[INFO] [stdout] 
[INFO] [stdout] error[E0432]: unresolved imports `outfox_openai::spec::ChatCompletionRequestSystemMessageArgs`, `outfox_openai::spec::ChatCompletionRequestUserMessageArgs`, `outfox_openai::spec::CreateChatCompletionRequest`, `outfox_openai::spec::CreateChatCompletionRequestArgs`
[INFO] [stdout]  --> tests/ser_de.rs:2:5
[INFO] [stdout]   |
[INFO] [stdout] 2 |     ChatCompletionRequestSystemMessageArgs, ChatCompletionRequestUserMessageArgs,
[INFO] [stdout]   |     ^^^^^^^^^^^^^^^^^^^^^^^^^^^^^^^^^^^^^^  ^^^^^^^^^^^^^^^^^^^^^^^^^^^^^^^^^^^^ no `ChatCompletionRequestUserMessageArgs` in `spec`
[INFO] [stdout]   |     |
[INFO] [stdout]   |     no `ChatCompletionRequestSystemMessageArgs` in `spec`
[INFO] [stdout] 3 |     CreateChatCompletionRequest, CreateChatCompletionRequestArgs,
[INFO] [stdout]   |     ^^^^^^^^^^^^^^^^^^^^^^^^^^^  ^^^^^^^^^^^^^^^^^^^^^^^^^^^^^^^ no `CreateChatCompletionRequestArgs` in `spec`
[INFO] [stdout]   |     |
[INFO] [stdout]   |     no `CreateChatCompletionRequest` in `spec`
[INFO] [stdout] 
[INFO] [stdout] 
[INFO] [stdout] error[E0433]: cannot find module or crate `tokio` in this scope
[INFO] [stdout]  --> tests/ser_de.rs:6:3
[INFO] [stdout]   |
[INFO] [stdout] 6 | #[tokio::test]
[INFO] [stdout]   |   ^^^^^ use of unresolved module or unlinked crate `tokio`
[INFO] [stdout] 
[INFO] [stdout] 
[INFO] [stdout] Some errors have detailed explanations: E0432, E0433.
[INFO] [stdout] 
[INFO] [stdout] For more information about an error, try `rustc --explain E0432`.
[INFO] [stdout] 
[INFO] [stderr] error: could not compile `outfox-openai` (test "ser_de") due to 2 previous errors
[INFO] [stdout] error[E0432]: unresolved import `outfox_openai::spec::EmbeddingInput`
[INFO] [stdout]  --> tests/embeddings.rs:2:5
[INFO] [stdout]   |
[INFO] [stdout] 2 | use outfox_openai::spec::EmbeddingInput;
[INFO] [stdout]   |     ^^^^^^^^^^^^^^^^^^^^^--------------
[INFO] [stdout]   |                          |
[INFO] [stdout]   |                          no `EmbeddingInput` in `spec`
[INFO] [stdout] 
[INFO] [stdout] 
[INFO] [stdout] For more information about this error, try `rustc --explain E0432`.
[INFO] [stdout] 
[INFO] [stdout] error[E0599]: no method named `boxed` found for `async` block `{async block@tests/boxed_future.rs:9:9: 9:19}` in the current scope
[INFO] [stdout]    --> tests/boxed_future.rs:23:10
[INFO] [stdout]     |
[INFO] [stdout]   9 |         async move {
[INFO] [stdout]  10 |             while let Some(response) = token_stream.next().await {
[INFO] [stdout]  11 |                 match response {
[INFO] [stdout]  12 |                     Ok(response) => {
[INFO] [stdout]  13 |                         let token_str = &response.choices[0].text.trim();
[INFO] [stdout]  14 |                         if !token_str.is_empty() {
[INFO] [stdout]  15 |                             return token_str.contains("yes") || token_str.contains("Yes");
[INFO] [stdout]  16 |                         }
[INFO] [stdout]  17 |                     }
[INFO] [stdout]  18 |                     Err(e) => eprintln!("Error: {e}"),
[INFO] [stdout]  19 |                 }
[INFO] [stdout]  20 |             }
[INFO] [stdout]  21 |             false
[INFO] [stdout]  22 |         }
[INFO] [stdout]  23 |         .boxed()
[INFO] [stdout]     |          ^^^^^ method not found in `{async block@tests/boxed_future.rs:9:9: 9:19}`
[INFO] [stdout]     |
[INFO] [stdout]    ::: /opt/rustwide/cargo-home/registry/src/index.crates.io-1949cf8c6b5b557f/futures-util-0.3.32/src/future/future/mod.rs:512:8
[INFO] [stdout]     |
[INFO] [stdout] 512 |     fn boxed<'a>(self) -> BoxFuture<'a, Self::Output>
[INFO] [stdout]     |        ----- the method is available for `{async block@tests/boxed_future.rs:9:9: 9:19}` here
[INFO] [stdout]     |
[INFO] [stdout]     = help: items from traits can only be used if the trait is in scope
[INFO] [stdout] help: trait `FutureExt` which provides `boxed` is implemented but not in scope; perhaps you want to import it
[INFO] [stdout]     |
[INFO] [stdout]   1 + use futures_util::FutureExt;
[INFO] [stdout]     |
[INFO] [stdout] 
[INFO] [stdout] 
[INFO] [stderr] error: could not compile `outfox-openai` (test "embeddings") due to 1 previous error
[INFO] [stdout] Some errors have detailed explanations: E0432, E0433, E0599.
[INFO] [stdout] 
[INFO] [stdout] For more information about an error, try `rustc --explain E0432`.
[INFO] [stdout] 
[INFO] [stderr] error: could not compile `outfox-openai` (test "boxed_future") due to 6 previous errors
[INFO] [stderr] warning: unused dependency `reqwest`
[INFO] [stderr]   --> Cargo.toml:45:15
[INFO] [stderr]    |
[INFO] [stderr] 45 | [dependencies.reqwest]
[INFO] [stderr]    |               ^^^^^^^^
[INFO] [stderr]    |
[INFO] [stderr]    = note: `cargo::unused_dependencies` is set to `warn` by default
[INFO] [stderr] help: consider removing the dependency on `reqwest`
[INFO] [stderr] warning: `outfox-openai` (manifest) generated 1 warning
[INFO] running `Command { std: "docker" "inspect" "e2f9f8e4792c87820520db42ee5aef7a39b5e173f75d205e56b44a78a3aa7821", kill_on_drop: false }`
[INFO] running `Command { std: "docker" "rm" "-f" "e2f9f8e4792c87820520db42ee5aef7a39b5e173f75d205e56b44a78a3aa7821", kill_on_drop: false }`
[INFO] [stdout] e2f9f8e4792c87820520db42ee5aef7a39b5e173f75d205e56b44a78a3aa7821
