[INFO] fetching crate otto-core 0.1.0...
[INFO] testing otto-core-0.1.0 against 1.99.0-beta.8+cargoflags=--release for beta-release-1.100-2
[INFO] extracting crate otto-core 0.1.0 into /workspace/builds/worker-6-tc1/source
[INFO] started tweaking crates.io crate otto-core 0.1.0
[INFO] removed 0 missing tests
[INFO] finished tweaking crates.io crate otto-core 0.1.0
[INFO] tweaked toml for crates.io crate otto-core 0.1.0 written to /workspace/builds/worker-6-tc1/source/Cargo.toml
[INFO] validating manifest of crates.io crate otto-core 0.1.0 on toolchain 1.99.0-beta.8
[INFO] running `Command { std: CARGO_HOME="/workspace/cargo-home" RUSTUP_HOME="/workspace/rustup-home" "/workspace/cargo-home/bin/cargo" "+1.99.0-beta.8" "metadata" "--manifest-path" "Cargo.toml" "--no-deps", kill_on_drop: false }`
[INFO] crate crates.io crate otto-core 0.1.0 already has a lockfile, it will not be regenerated
[INFO] running `Command { std: CARGO_HOME="/workspace/cargo-home" RUSTUP_HOME="/workspace/rustup-home" "/workspace/cargo-home/bin/cargo" "+1.99.0-beta.8" "fetch" "--manifest-path" "Cargo.toml", kill_on_drop: false }`
[INFO] [stderr]     Updating crates.io index
[INFO] [stderr]  Downloading crates ...
[INFO] [stderr]   Downloaded typed-fields v0.7.0
[INFO] [stderr]   Downloaded kawauso-process v0.2.1
[INFO] [stderr]   Downloaded bon-macros v3.10.2
[INFO] [stderr]   Downloaded bon v3.10.2
[INFO] running `Command { std: "docker" "create" "-v" "/var/lib/crater-agent-workspace/builds/worker-6-tc1/source:/opt/rustwide/workdir:ro,Z" "-v" "/var/lib/crater-agent-workspace/builds/worker-6-tc1/target:/opt/rustwide/target:rw,Z" "-v" "/var/lib/crater-agent-workspace/cargo-home:/opt/rustwide/cargo-home:ro,Z" "-v" "/var/lib/crater-agent-workspace/rustup-home:/opt/rustwide/rustup-home:ro,Z" "-m" "1610612736" "--network" "none" "ghcr.io/rust-lang/crates-build-env/linux@sha256:77db811e55d90add9212f6832c23229e3de5f1c1f9905e8cb07319ea15df73ac" "sleep" "infinity", kill_on_drop: false }`
[INFO] [stdout] 0a599cdfb77c0e6085ea8b4fbdc917afcb680433ced167e00d768698fe9b6645
[INFO] running `Command { std: "docker" "start" "0a599cdfb77c0e6085ea8b4fbdc917afcb680433ced167e00d768698fe9b6645", kill_on_drop: false }`
[INFO] running `Command { std: "docker" "inspect" "0a599cdfb77c0e6085ea8b4fbdc917afcb680433ced167e00d768698fe9b6645", kill_on_drop: false }`
[INFO] running `Command { std: "docker" "exec" "-e" "SOURCE_DIR=/opt/rustwide/workdir" "-e" "CARGO_HOME=/opt/rustwide/cargo-home" "-e" "RUSTUP_HOME=/opt/rustwide/rustup-home" "-e" "CARGO_TARGET_DIR=/opt/rustwide/target" "-w" "/opt/rustwide/workdir" "--user" "0:0" "0a599cdfb77c0e6085ea8b4fbdc917afcb680433ced167e00d768698fe9b6645" "/opt/rustwide/cargo-home/bin/cargo" "+1.99.0-beta.8" "metadata" "--no-deps" "--format-version=1", kill_on_drop: false }`
[INFO] running `Command { std: "docker" "inspect" "0a599cdfb77c0e6085ea8b4fbdc917afcb680433ced167e00d768698fe9b6645", kill_on_drop: false }`
[INFO] running `Command { std: "docker" "exec" "-e" "SOURCE_DIR=/opt/rustwide/workdir" "-e" "CARGO_HOME=/opt/rustwide/cargo-home" "-e" "RUSTUP_HOME=/opt/rustwide/rustup-home" "-e" "CARGO_TARGET_DIR=/opt/rustwide/target" "-e" "CARGO_INCREMENTAL=0" "-e" "RUST_BACKTRACE=full" "-e" "RUSTFLAGS=--cap-lints=warn" "-e" "RUSTDOCFLAGS=--cap-lints=warn" "-w" "/opt/rustwide/workdir" "--user" "0:0" "0a599cdfb77c0e6085ea8b4fbdc917afcb680433ced167e00d768698fe9b6645" "/opt/rustwide/cargo-home/bin/cargo" "+1.99.0-beta.8" "build" "--frozen" "--message-format=json" "--release", kill_on_drop: false }`
[INFO] [stderr]    Compiling find-msvc-tools v0.1.13
[INFO] [stderr]    Compiling smallvec v1.16.1
[INFO] [stderr]    Compiling aws-lc-rs v1.18.1
[INFO] [stderr]    Compiling rustls-pki-types v1.15.1
[INFO] [stderr]    Compiling http-body v1.1.0
[INFO] [stderr]    Compiling rustls v0.23.45
[INFO] [stderr]    Compiling syn v3.0.6
[INFO] [stderr]    Compiling jobserver v0.1.35
[INFO] [stderr]    Compiling errno v0.3.14
[INFO] [stderr]    Compiling syn v2.0.119
[INFO] [stderr]    Compiling mio v1.2.3
[INFO] [stderr]    Compiling socket2 v0.6.5
[INFO] [stderr]    Compiling indexmap v2.14.2
[INFO] [stderr]    Compiling futures-task v0.3.34
[INFO] [stderr]    Compiling futures-channel v0.3.34
[INFO] [stderr]    Compiling rustix v1.1.5
[INFO] [stderr]    Compiling prettyplease v0.3.0
[INFO] [stderr]    Compiling sync_wrapper v1.0.2
[INFO] [stderr]    Compiling signal-hook-registry v1.4.8
[INFO] [stderr]    Compiling ipnet v2.12.2
[INFO] [stderr]    Compiling toml_parser v1.1.3+spec-1.1.0
[INFO] [stderr]    Compiling futures-util v0.3.34
[INFO] [stderr]    Compiling cc v1.4.7
[INFO] [stderr]    Compiling toml_datetime v1.1.1+spec-1.1.0
[INFO] [stderr]    Compiling toml_writer v1.1.2+spec-1.1.0
[INFO] [stderr]    Compiling getrandom v0.4.3
[INFO] [stderr]    Compiling http-body-util v0.1.5
[INFO] [stderr]    Compiling rustls-native-certs v0.8.4
[INFO] [stderr]    Compiling serde_spanned v1.1.1
[INFO] [stderr]    Compiling base64 v0.23.1
[INFO] [stderr]    Compiling semver v1.0.28
[INFO] [stderr]    Compiling toml_edit v0.25.15+spec-1.1.0
[INFO] [stderr]    Compiling toml v1.1.6+spec-1.1.0
[INFO] [stderr]    Compiling cmake v0.1.58
[INFO] [stderr]    Compiling aws-lc-sys v0.45.0
[INFO] [stderr]    Compiling tempfile v3.27.0
[INFO] [stderr]    Compiling synstructure v0.14.0
[INFO] [stderr]    Compiling darling_core v0.24.1
[INFO] [stderr]    Compiling tracing-attributes v0.1.31
[INFO] [stderr]    Compiling strum_macros v0.28.0
[INFO] [stderr]    Compiling typed-fields v0.7.0
[INFO] [stderr]    Compiling getset v0.1.7
[INFO] [stderr]    Compiling zerofrom-derive v0.1.8
[INFO] [stderr]    Compiling yoke-derive v0.8.4
[INFO] [stderr]    Compiling zerovec-derive v0.11.6
[INFO] [stderr]    Compiling displaydoc v0.2.7
[INFO] [stderr]    Compiling tokio-macros v2.7.2
[INFO] [stderr]    Compiling serde_derive v1.0.229
[INFO] [stderr]    Compiling thiserror-impl v2.0.21
[INFO] [stderr]    Compiling tracing v0.1.44
[INFO] [stderr]    Compiling strum v0.28.0
[INFO] [stderr]    Compiling tokio v1.53.2
[INFO] [stderr]    Compiling zerofrom v0.1.8
[INFO] [stderr]    Compiling yoke v0.8.3
[INFO] [stderr]    Compiling zerovec v0.11.8
[INFO] [stderr]    Compiling zerotrie v0.2.5
[INFO] [stderr]    Compiling tinystr v0.8.4
[INFO] [stderr]    Compiling potential_utf v0.1.6
[INFO] [stderr]    Compiling darling_macro v0.24.1
[INFO] [stderr]    Compiling icu_collections v2.3.0
[INFO] [stderr]    Compiling icu_locale_core v2.3.0
[INFO] [stderr]    Compiling thiserror v2.0.21
[INFO] [stderr]    Compiling darling v0.24.1
[INFO] [stderr]    Compiling bon-macros v3.10.2
[INFO] [stderr]    Compiling icu_provider v2.3.1
[INFO] [stderr]    Compiling icu_properties v2.3.0
[INFO] [stderr]    Compiling icu_normalizer v2.3.0
[INFO] [stderr]    Compiling serde v1.0.229
[INFO] [stderr]    Compiling idna_adapter v1.2.2
[INFO] [stderr]    Compiling idna v1.1.0
[INFO] [stderr]    Compiling bon v3.10.2
[INFO] [stderr]    Compiling url v2.5.8
[INFO] [stderr]    Compiling tokio-util v0.7.19
[INFO] [stderr]    Compiling tower v0.5.3
[INFO] [stderr]    Compiling kawauso-process v0.2.1
[INFO] [stderr]    Compiling tower-http v0.6.11
[INFO] [stderr]    Compiling h2 v0.4.19
[INFO] [stderr]    Compiling hyper v1.11.1
[INFO] [stderr]    Compiling hyper-util v0.1.20
[INFO] [stderr]    Compiling rustls-webpki v0.103.15
[INFO] [stderr]    Compiling tokio-rustls v0.26.5
[INFO] [stderr]    Compiling rustls-platform-verifier v0.7.1
[INFO] [stderr]    Compiling hyper-rustls v0.27.10
[INFO] [stderr]    Compiling reqwest v0.13.5
[INFO] [stderr]    Compiling otto-core v0.1.0 (/opt/rustwide/workdir)
[INFO] [stderr]     Finished `release` profile [optimized] target(s) in 2m 13s
[INFO] running `Command { std: "docker" "inspect" "0a599cdfb77c0e6085ea8b4fbdc917afcb680433ced167e00d768698fe9b6645", kill_on_drop: false }`
[INFO] running `Command { std: "docker" "exec" "-e" "SOURCE_DIR=/opt/rustwide/workdir" "-e" "CARGO_HOME=/opt/rustwide/cargo-home" "-e" "RUSTUP_HOME=/opt/rustwide/rustup-home" "-e" "CARGO_TARGET_DIR=/opt/rustwide/target" "-e" "CARGO_INCREMENTAL=0" "-e" "RUST_BACKTRACE=full" "-e" "RUSTFLAGS=--cap-lints=warn" "-e" "RUSTDOCFLAGS=--cap-lints=warn" "-w" "/opt/rustwide/workdir" "--user" "0:0" "0a599cdfb77c0e6085ea8b4fbdc917afcb680433ced167e00d768698fe9b6645" "/opt/rustwide/cargo-home/bin/cargo" "+1.99.0-beta.8" "test" "--frozen" "--no-run" "--message-format=json" "--release", kill_on_drop: false }`
[INFO] [stderr]    Compiling otto-core v0.1.0 (/opt/rustwide/workdir)
[INFO] [stdout] error[E0432]: unresolved import `otto_test_utils`
[INFO] [stdout]   --> tests/read_release_status.rs:22:5
[INFO] [stdout]    |
[INFO] [stdout] 22 | use otto_test_utils::TestRepository;
[INFO] [stdout]    |     ^^^^^^^^^^^^^^^ use of unresolved module or unlinked crate `otto_test_utils`
[INFO] [stdout]    |
[INFO] [stdout]    = help: if you wanted to use a crate named `otto_test_utils`, use `cargo add otto_test_utils` to add it to your `Cargo.toml`
[INFO] [stdout] 
[INFO] [stdout] 
[INFO] [stdout] error[E0432]: unresolved import `otto_test_utils`
[INFO] [stdout]   --> tests/push_release_branch.rs:23:5
[INFO] [stdout]    |
[INFO] [stdout] 23 | use otto_test_utils::TestRepository;
[INFO] [stdout]    |     ^^^^^^^^^^^^^^^ use of unresolved module or unlinked crate `otto_test_utils`
[INFO] [stdout]    |
[INFO] [stdout]    = help: if you wanted to use a crate named `otto_test_utils`, use `cargo add otto_test_utils` to add it to your `Cargo.toml`
[INFO] [stdout] 
[INFO] [stdout] 
[INFO] [stdout] error[E0432]: unresolved import `otto_test_utils`
[INFO] [stdout]   --> tests/check_git.rs:15:5
[INFO] [stdout]    |
[INFO] [stdout] 15 | use otto_test_utils::TestRepository;
[INFO] [stdout]    |     ^^^^^^^^^^^^^^^ use of unresolved module or unlinked crate `otto_test_utils`
[INFO] [stdout]    |
[INFO] [stdout]    = help: if you wanted to use a crate named `otto_test_utils`, use `cargo add otto_test_utils` to add it to your `Cargo.toml`
[INFO] [stdout] 
[INFO] [stdout] 
[INFO] [stdout] error[E0432]: unresolved import `otto_test_utils`
[INFO] [stdout]   --> tests/check_publish.rs:21:5
[INFO] [stdout]    |
[INFO] [stdout] 21 | use otto_test_utils::{TestRepository, TestWorkspace};
[INFO] [stdout]    |     ^^^^^^^^^^^^^^^ use of unresolved module or unlinked crate `otto_test_utils`
[INFO] [stdout]    |
[INFO] [stdout]    = help: if you wanted to use a crate named `otto_test_utils`, use `cargo add otto_test_utils` to add it to your `Cargo.toml`
[INFO] [stdout] 
[INFO] [stdout] 
[INFO] [stdout] error[E0432]: unresolved import `otto_test_utils`
[INFO] [stdout]   --> tests/publish_crates.rs:17:5
[INFO] [stdout]    |
[INFO] [stdout] 17 | use otto_test_utils::TestRepository;
[INFO] [stdout]    |     ^^^^^^^^^^^^^^^ use of unresolved module or unlinked crate `otto_test_utils`
[INFO] [stdout]    |
[INFO] [stdout]    = help: if you wanted to use a crate named `otto_test_utils`, use `cargo add otto_test_utils` to add it to your `Cargo.toml`
[INFO] [stdout] 
[INFO] [stdout] 
[INFO] [stdout] error[E0432]: unresolved import `otto_test_utils`
[INFO] [stdout]   --> tests/bump_manifests.rs:22:5
[INFO] [stdout]    |
[INFO] [stdout] 22 | use otto_test_utils::TestWorkspace;
[INFO] [stdout]    |     ^^^^^^^^^^^^^^^ use of unresolved module or unlinked crate `otto_test_utils`
[INFO] [stdout]    |
[INFO] [stdout]    = help: if you wanted to use a crate named `otto_test_utils`, use `cargo add otto_test_utils` to add it to your `Cargo.toml`
[INFO] [stdout] 
[INFO] [stdout] 
[INFO] [stdout] error[E0432]: unresolved import `otto_test_utils`
[INFO] [stdout]   --> tests/find_last_release.rs:21:5
[INFO] [stdout]    |
[INFO] [stdout] 21 | use otto_test_utils::TestRepository;
[INFO] [stdout]    |     ^^^^^^^^^^^^^^^ use of unresolved module or unlinked crate `otto_test_utils`
[INFO] [stdout]    |
[INFO] [stdout]    = help: if you wanted to use a crate named `otto_test_utils`, use `cargo add otto_test_utils` to add it to your `Cargo.toml`
[INFO] [stdout] 
[INFO] [stdout] 
[INFO] [stdout] error[E0432]: unresolved import `otto_test_utils`
[INFO] [stdout]   --> tests/crates_io_writes.rs:18:5
[INFO] [stdout]    |
[INFO] [stdout] 18 | use otto_test_utils::{CapturedLog, REFUSAL, StandInRegistry};
[INFO] [stdout]    |     ^^^^^^^^^^^^^^^ use of unresolved module or unlinked crate `otto_test_utils`
[INFO] [stdout]    |
[INFO] [stdout]    = help: if you wanted to use a crate named `otto_test_utils`, use `cargo add otto_test_utils` to add it to your `Cargo.toml`
[INFO] [stdout] 
[INFO] [stdout] 
[INFO] [stdout] error[E0432]: unresolved import `otto_test_utils`
[INFO] [stdout]   --> tests/build_release_branch.rs:23:5
[INFO] [stdout]    |
[INFO] [stdout] 23 | use otto_test_utils::TestRepository;
[INFO] [stdout]    |     ^^^^^^^^^^^^^^^ use of unresolved module or unlinked crate `otto_test_utils`
[INFO] [stdout]    |
[INFO] [stdout]    = help: if you wanted to use a crate named `otto_test_utils`, use `cargo add otto_test_utils` to add it to your `Cargo.toml`
[INFO] [stdout] 
[INFO] [stdout] 
[INFO] [stdout] error[E0432]: unresolved import `otto_test_utils`
[INFO] [stdout]   --> tests/github.rs:20:5
[INFO] [stdout]    |
[INFO] [stdout] 20 | use otto_test_utils::{SCRATCH_REPOSITORY, ScratchBranch};
[INFO] [stdout]    |     ^^^^^^^^^^^^^^^ use of unresolved module or unlinked crate `otto_test_utils`
[INFO] [stdout]    |
[INFO] [stdout]    = help: if you wanted to use a crate named `otto_test_utils`, use `cargo add otto_test_utils` to add it to your `Cargo.toml`
[INFO] [stdout] 
[INFO] [stdout] 
[INFO] [stdout] error[E0432]: unresolved import `otto_test_utils`
[INFO] [stdout]   --> tests/run_semver_check.rs:23:5
[INFO] [stdout]    |
[INFO] [stdout] 23 | use otto_test_utils::TestRepository;
[INFO] [stdout]    |     ^^^^^^^^^^^^^^^ use of unresolved module or unlinked crate `otto_test_utils`
[INFO] [stdout]    |
[INFO] [stdout]    = help: if you wanted to use a crate named `otto_test_utils`, use `cargo add otto_test_utils` to add it to your `Cargo.toml`
[INFO] [stdout] 
[INFO] [stdout] 
[INFO] [stdout] error[E0432]: unresolved import `otto_test_utils`
[INFO] [stdout]   --> tests/check_tag.rs:14:5
[INFO] [stdout]    |
[INFO] [stdout] 14 | use otto_test_utils::TestRepository;
[INFO] [stdout]    |     ^^^^^^^^^^^^^^^ use of unresolved module or unlinked crate `otto_test_utils`
[INFO] [stdout]    |
[INFO] [stdout]    = help: if you wanted to use a crate named `otto_test_utils`, use `cargo add otto_test_utils` to add it to your `Cargo.toml`
[INFO] [stdout] 
[INFO] [stdout] 
[INFO] [stdout] For more information about this error, try `rustc --explain E0432`.
[INFO] [stdout] 
[INFO] [stdout] For more information about this error, try `rustc --explain E0432`.
[INFO] [stdout] 
[INFO] [stderr] error: could not compile `otto-core` (test "read_release_status") due to 1 previous error
[INFO] [stderr] warning: build failed, waiting for other jobs to finish...
[INFO] [stderr] error: could not compile `otto-core` (test "check_git") due to 1 previous error
[INFO] [stdout] For more information about this error, try `rustc --explain E0432`.
[INFO] [stdout] 
[INFO] [stdout] For more information about this error, try `rustc --explain E0432`.
[INFO] [stdout] 
[INFO] [stdout] For more information about this error, try `rustc --explain E0432`.
[INFO] [stdout] 
[INFO] [stdout] For more information about this error, try `rustc --explain E0432`.
[INFO] [stdout] 
[INFO] [stderr] error: could not compile `otto-core` (test "check_tag") due to 1 previous error
[INFO] [stderr] error: could not compile `otto-core` (test "check_publish") due to 1 previous error
[INFO] [stderr] error: could not compile `otto-core` (test "push_release_branch") due to 1 previous error
[INFO] [stderr] error: could not compile `otto-core` (test "publish_crates") due to 1 previous error
[INFO] [stdout] For more information about this error, try `rustc --explain E0432`.
[INFO] [stdout] 
[INFO] [stdout] For more information about this error, try `rustc --explain E0432`.
[INFO] [stdout] 
[INFO] [stderr] error: could not compile `otto-core` (test "bump_manifests") due to 1 previous error
[INFO] [stderr] error: could not compile `otto-core` (test "find_last_release") due to 1 previous error
[INFO] [stdout] For more information about this error, try `rustc --explain E0432`.
[INFO] [stdout] 
[INFO] [stderr] error: could not compile `otto-core` (test "build_release_branch") due to 1 previous error
[INFO] [stdout] For more information about this error, try `rustc --explain E0432`.
[INFO] [stdout] 
[INFO] [stderr] error: could not compile `otto-core` (test "crates_io_writes") due to 1 previous error
[INFO] [stdout] For more information about this error, try `rustc --explain E0432`.
[INFO] [stdout] 
[INFO] [stderr] error: could not compile `otto-core` (test "run_semver_check") due to 1 previous error
[INFO] [stdout] For more information about this error, try `rustc --explain E0432`.
[INFO] [stdout] 
[INFO] [stderr] error: could not compile `otto-core` (test "github") due to 1 previous error
[INFO] [stdout] error[E0432]: unresolved import `otto_test_utils`
[INFO] [stdout]    --> src/adapter/trace.rs:146:9
[INFO] [stdout]     |
[INFO] [stdout] 146 |     use otto_test_utils::CapturedLog;
[INFO] [stdout]     |         ^^^^^^^^^^^^^^^ use of unresolved module or unlinked crate `otto_test_utils`
[INFO] [stdout]     |
[INFO] [stdout]     = help: if you wanted to use a crate named `otto_test_utils`, use `cargo add otto_test_utils` to add it to your `Cargo.toml`
[INFO] [stdout] 
[INFO] [stdout] 
[INFO] [stdout] error[E0432]: unresolved import `otto_test_utils`
[INFO] [stdout]    --> src/application/check_release/mod.rs:134:9
[INFO] [stdout]     |
[INFO] [stdout] 134 |     use otto_test_utils::CapturedLog;
[INFO] [stdout]     |         ^^^^^^^^^^^^^^^ use of unresolved module or unlinked crate `otto_test_utils`
[INFO] [stdout]     |
[INFO] [stdout]     = help: if you wanted to use a crate named `otto_test_utils`, use `cargo add otto_test_utils` to add it to your `Cargo.toml`
[INFO] [stdout] 
[INFO] [stdout] 
[INFO] [stdout] error[E0432]: unresolved import `otto_test_utils`
[INFO] [stdout]    --> src/application/create_github_release/mod.rs:671:9
[INFO] [stdout]     |
[INFO] [stdout] 671 |     use otto_test_utils::CapturedLog;
[INFO] [stdout]     |         ^^^^^^^^^^^^^^^ use of unresolved module or unlinked crate `otto_test_utils`
[INFO] [stdout]     |
[INFO] [stdout]     = help: if you wanted to use a crate named `otto_test_utils`, use `cargo add otto_test_utils` to add it to your `Cargo.toml`
[INFO] [stdout] 
[INFO] [stdout] 
[INFO] [stdout] error[E0432]: unresolved import `otto_test_utils`
[INFO] [stdout]    --> src/application/create_placeholders/mod.rs:300:9
[INFO] [stdout]     |
[INFO] [stdout] 300 |     use otto_test_utils::CapturedLog;
[INFO] [stdout]     |         ^^^^^^^^^^^^^^^ use of unresolved module or unlinked crate `otto_test_utils`
[INFO] [stdout]     |
[INFO] [stdout]     = help: if you wanted to use a crate named `otto_test_utils`, use `cargo add otto_test_utils` to add it to your `Cargo.toml`
[INFO] [stdout] 
[INFO] [stdout] 
[INFO] [stdout] error[E0432]: unresolved import `otto_test_utils`
[INFO] [stdout]    --> src/application/merge_release_pull_request/mod.rs:302:9
[INFO] [stdout]     |
[INFO] [stdout] 302 |     use otto_test_utils::CapturedLog;
[INFO] [stdout]     |         ^^^^^^^^^^^^^^^ use of unresolved module or unlinked crate `otto_test_utils`
[INFO] [stdout]     |
[INFO] [stdout]     = help: if you wanted to use a crate named `otto_test_utils`, use `cargo add otto_test_utils` to add it to your `Cargo.toml`
[INFO] [stdout] 
[INFO] [stdout] 
[INFO] [stdout] error[E0432]: unresolved import `otto_test_utils`
[INFO] [stdout]    --> src/application/open_release_pull_request/mod.rs:237:9
[INFO] [stdout]     |
[INFO] [stdout] 237 |     use otto_test_utils::CapturedLog;
[INFO] [stdout]     |         ^^^^^^^^^^^^^^^ use of unresolved module or unlinked crate `otto_test_utils`
[INFO] [stdout]     |
[INFO] [stdout]     = help: if you wanted to use a crate named `otto_test_utils`, use `cargo add otto_test_utils` to add it to your `Cargo.toml`
[INFO] [stdout] 
[INFO] [stdout] 
[INFO] [stdout] error[E0432]: unresolved import `otto_test_utils`
[INFO] [stdout]    --> src/application/publish_release/mod.rs:312:9
[INFO] [stdout]     |
[INFO] [stdout] 312 |     use otto_test_utils::CapturedLog;
[INFO] [stdout]     |         ^^^^^^^^^^^^^^^ use of unresolved module or unlinked crate `otto_test_utils`
[INFO] [stdout]     |
[INFO] [stdout]     = help: if you wanted to use a crate named `otto_test_utils`, use `cargo add otto_test_utils` to add it to your `Cargo.toml`
[INFO] [stdout] 
[INFO] [stdout] 
[INFO] [stdout] error[E0432]: unresolved import `otto_test_utils`
[INFO] [stdout]    --> src/application/push_release_branch/mod.rs:532:9
[INFO] [stdout]     |
[INFO] [stdout] 532 |     use otto_test_utils::CapturedLog;
[INFO] [stdout]     |         ^^^^^^^^^^^^^^^ use of unresolved module or unlinked crate `otto_test_utils`
[INFO] [stdout]     |
[INFO] [stdout]     = help: if you wanted to use a crate named `otto_test_utils`, use `cargo add otto_test_utils` to add it to your `Cargo.toml`
[INFO] [stdout] 
[INFO] [stdout] 
[INFO] [stdout] error[E0432]: unresolved import `otto_test_utils`
[INFO] [stdout]    --> src/application/read_release_status/mod.rs:274:9
[INFO] [stdout]     |
[INFO] [stdout] 274 |     use otto_test_utils::CapturedLog;
[INFO] [stdout]     |         ^^^^^^^^^^^^^^^ use of unresolved module or unlinked crate `otto_test_utils`
[INFO] [stdout]     |
[INFO] [stdout]     = help: if you wanted to use a crate named `otto_test_utils`, use `cargo add otto_test_utils` to add it to your `Cargo.toml`
[INFO] [stdout] 
[INFO] [stdout] 
[INFO] [stdout] error[E0432]: unresolved import `otto_test_utils`
[INFO] [stdout]    --> src/application/mod.rs:312:9
[INFO] [stdout]     |
[INFO] [stdout] 312 |     use otto_test_utils::CapturedLog;
[INFO] [stdout]     |         ^^^^^^^^^^^^^^^ use of unresolved module or unlinked crate `otto_test_utils`
[INFO] [stdout]     |
[INFO] [stdout]     = help: if you wanted to use a crate named `otto_test_utils`, use `cargo add otto_test_utils` to add it to your `Cargo.toml`
[INFO] [stdout] 
[INFO] [stdout] 
[INFO] [stdout] For more information about this error, try `rustc --explain E0432`.
[INFO] [stdout] 
[INFO] [stderr] error: could not compile `otto-core` (lib test) due to 10 previous errors
[INFO] running `Command { std: "docker" "inspect" "0a599cdfb77c0e6085ea8b4fbdc917afcb680433ced167e00d768698fe9b6645", kill_on_drop: false }`
[INFO] running `Command { std: "docker" "rm" "-f" "0a599cdfb77c0e6085ea8b4fbdc917afcb680433ced167e00d768698fe9b6645", kill_on_drop: false }`
[INFO] [stdout] 0a599cdfb77c0e6085ea8b4fbdc917afcb680433ced167e00d768698fe9b6645
