[INFO] fetching crate oscillation 0.1.1...
[INFO] testing oscillation-0.1.1 against 1.100.0-beta.1+cargoflags=--release for beta-release-1.100-2
[INFO] extracting crate oscillation 0.1.1 into /workspace/builds/worker-0-tc2/source
[INFO] started tweaking crates.io crate oscillation 0.1.1
[INFO] finished tweaking crates.io crate oscillation 0.1.1
[INFO] tweaked toml for crates.io crate oscillation 0.1.1 written to /workspace/builds/worker-0-tc2/source/Cargo.toml
[INFO] validating manifest of crates.io crate oscillation 0.1.1 on toolchain 1.100.0-beta.1
[INFO] running `Command { std: CARGO_HOME="/workspace/cargo-home" RUSTUP_HOME="/workspace/rustup-home" "/workspace/cargo-home/bin/cargo" "+1.100.0-beta.1" "metadata" "--manifest-path" "Cargo.toml" "--no-deps", kill_on_drop: false }`
[INFO] crate crates.io crate oscillation 0.1.1 already has a lockfile, it will not be regenerated
[INFO] running `Command { std: CARGO_HOME="/workspace/cargo-home" RUSTUP_HOME="/workspace/rustup-home" "/workspace/cargo-home/bin/cargo" "+1.100.0-beta.1" "fetch" "--manifest-path" "Cargo.toml", kill_on_drop: false }`
[INFO] running `Command { std: "docker" "create" "-v" "/var/lib/crater-agent-workspace/builds/worker-0-tc2/source:/opt/rustwide/workdir:ro,Z" "-v" "/var/lib/crater-agent-workspace/builds/worker-0-tc2/target:/opt/rustwide/target:rw,Z" "-v" "/var/lib/crater-agent-workspace/cargo-home:/opt/rustwide/cargo-home:ro,Z" "-v" "/var/lib/crater-agent-workspace/rustup-home:/opt/rustwide/rustup-home:ro,Z" "-m" "1610612736" "--network" "none" "ghcr.io/rust-lang/crates-build-env/linux@sha256:77db811e55d90add9212f6832c23229e3de5f1c1f9905e8cb07319ea15df73ac" "sleep" "infinity", kill_on_drop: false }`
[INFO] [stdout] 359b73cb7a2a5f8dd953dff178f34e1698628dd1fd13ff432b99ce9d86985fa8
[INFO] running `Command { std: "docker" "start" "359b73cb7a2a5f8dd953dff178f34e1698628dd1fd13ff432b99ce9d86985fa8", kill_on_drop: false }`
[INFO] running `Command { std: "docker" "inspect" "359b73cb7a2a5f8dd953dff178f34e1698628dd1fd13ff432b99ce9d86985fa8", kill_on_drop: false }`
[INFO] running `Command { std: "docker" "exec" "-e" "SOURCE_DIR=/opt/rustwide/workdir" "-e" "CARGO_HOME=/opt/rustwide/cargo-home" "-e" "RUSTUP_HOME=/opt/rustwide/rustup-home" "-e" "CARGO_TARGET_DIR=/opt/rustwide/target" "-w" "/opt/rustwide/workdir" "--user" "0:0" "359b73cb7a2a5f8dd953dff178f34e1698628dd1fd13ff432b99ce9d86985fa8" "/opt/rustwide/cargo-home/bin/cargo" "+1.100.0-beta.1" "metadata" "--no-deps" "--format-version=1", kill_on_drop: false }`
[INFO] running `Command { std: "docker" "inspect" "359b73cb7a2a5f8dd953dff178f34e1698628dd1fd13ff432b99ce9d86985fa8", kill_on_drop: false }`
[INFO] running `Command { std: "docker" "exec" "-e" "SOURCE_DIR=/opt/rustwide/workdir" "-e" "CARGO_HOME=/opt/rustwide/cargo-home" "-e" "RUSTUP_HOME=/opt/rustwide/rustup-home" "-e" "CARGO_TARGET_DIR=/opt/rustwide/target" "-e" "CARGO_INCREMENTAL=0" "-e" "RUST_BACKTRACE=full" "-e" "RUSTFLAGS=--cap-lints=warn" "-e" "RUSTDOCFLAGS=--cap-lints=warn" "-w" "/opt/rustwide/workdir" "--user" "0:0" "359b73cb7a2a5f8dd953dff178f34e1698628dd1fd13ff432b99ce9d86985fa8" "/opt/rustwide/cargo-home/bin/cargo" "+1.100.0-beta.1" "build" "--frozen" "--message-format=json" "--release", kill_on_drop: false }`
[INFO] [stderr]    Compiling libc v0.2.172
[INFO] [stderr]    Compiling moddef v0.2.6
[INFO] [stderr]    Compiling GSL-sys v3.0.0
[INFO] [stderr]    Compiling syn v2.0.100
[INFO] [stderr]    Compiling num-complex v0.4.6
[INFO] [stderr]    Compiling getrandom v0.3.2
[INFO] [stderr]    Compiling rand_core v0.9.3
[INFO] [stderr]    Compiling rand_chacha v0.9.0
[INFO] [stderr]    Compiling rand v0.9.1
[INFO] [stdout] error: linking with `cc` failed: exit status: 1
[INFO] [stdout]   |
[INFO] [stdout]   = note:  "cc" "-Wl,--version-script=/opt/rustwide/target/release/build/GSL-sys/9b91390c1a4d1626/out/rustc1Ev9bg/list" "-Wl,--no-undefined-version" "-m64" "/opt/rustwide/target/release/build/GSL-sys/9b91390c1a4d1626/out/rustc1Ev9bg/symbols.o" "<1 object files omitted>" "/opt/rustwide/target/release/build/GSL-sys/9b91390c1a4d1626/out/rustc1Ev9bg/rmeta.o" "-Wl,--as-needed" "-Wl,-Bdynamic" "-lgsl" "-lgslcblas" "-Wl,-Bstatic" "/opt/rustwide/target/release/build/libc/497dc2e61057816d/out/liblibc-497dc2e61057816d.rlib" "-Wl,-Bdynamic" "<sysroot>/lib/rustlib/x86_64-unknown-linux-gnu/lib/libstd-16b761440147d7a9.so" "-Wl,-Bstatic" "<sysroot>/lib/rustlib/x86_64-unknown-linux-gnu/lib/libcompiler_builtins-*.rlib" "-Wl,-Bdynamic" "-lgcc_s" "-lutil" "-lrt" "-lpthread" "-lm" "-ldl" "-lc" "-L" "/opt/rustwide/target/release/build/GSL-sys/9b91390c1a4d1626/out/rustc1Ev9bg/raw-dylibs" "-B<sysroot>/lib/rustlib/x86_64-unknown-linux-gnu/bin/gcc-ld" "-fuse-ld=lld" "-Wl,--eh-frame-hdr" "-Wl,-z,noexecstack" "-L" "<sysroot>/lib/rustlib/x86_64-unknown-linux-gnu/lib" "-o" "/opt/rustwide/target/release/build/GSL-sys/9b91390c1a4d1626/out/libgsl_sys.so" "-shared" "-Wl,-soname=libgsl_sys.so" "-Wl,-z,relro,-z,now" "-Wl,-O1" "-Wl,--strip-debug" "-nodefaultlibs"
[INFO] [stdout]   = note: some arguments are omitted. use `--verbose` to show all linker arguments
[INFO] [stdout]   = note: rust-lld: error: unable to find library -lgsl
[INFO] [stdout]           rust-lld: error: unable to find library -lgslcblas
[INFO] [stdout]           collect2: error: ld returned 1 exit status
[INFO] [stdout]           
[INFO] [stdout] 
[INFO] [stdout] 
[INFO] [stderr] error: could not compile `GSL-sys` (lib) due to 1 previous error
[INFO] [stderr] warning: build failed, waiting for other jobs to finish...
[INFO] running `Command { std: "docker" "inspect" "359b73cb7a2a5f8dd953dff178f34e1698628dd1fd13ff432b99ce9d86985fa8", kill_on_drop: false }`
[INFO] running `Command { std: "docker" "rm" "-f" "359b73cb7a2a5f8dd953dff178f34e1698628dd1fd13ff432b99ce9d86985fa8", kill_on_drop: false }`
[INFO] [stdout] 359b73cb7a2a5f8dd953dff178f34e1698628dd1fd13ff432b99ce9d86985fa8
