[INFO] fetching crate orka 0.3.1...
[INFO] testing orka-0.3.1 against 1.99.0-beta.8+cargoflags=--release for beta-release-1.100-2
[INFO] extracting crate orka 0.3.1 into /workspace/builds/worker-3-tc1/source
[INFO] started tweaking crates.io crate orka 0.3.1
[INFO] removed 0 missing examples
[INFO] removed 0 missing tests
[INFO] finished tweaking crates.io crate orka 0.3.1
[INFO] tweaked toml for crates.io crate orka 0.3.1 written to /workspace/builds/worker-3-tc1/source/Cargo.toml
[INFO] validating manifest of crates.io crate orka 0.3.1 on toolchain 1.99.0-beta.8
[INFO] running `Command { std: CARGO_HOME="/workspace/cargo-home" RUSTUP_HOME="/workspace/rustup-home" "/workspace/cargo-home/bin/cargo" "+1.99.0-beta.8" "metadata" "--manifest-path" "Cargo.toml" "--no-deps", kill_on_drop: false }`
[INFO] crate crates.io crate orka 0.3.1 already has a lockfile, it will not be regenerated
[INFO] running `Command { std: CARGO_HOME="/workspace/cargo-home" RUSTUP_HOME="/workspace/rustup-home" "/workspace/cargo-home/bin/cargo" "+1.99.0-beta.8" "fetch" "--manifest-path" "Cargo.toml", kill_on_drop: false }`
[INFO] [stderr]  Downloading crates ...
[INFO] [stderr]   Downloaded hermit-abi v0.5.1
[INFO] running `Command { std: "docker" "create" "-v" "/var/lib/crater-agent-workspace/builds/worker-3-tc1/source:/opt/rustwide/workdir:ro,Z" "-v" "/var/lib/crater-agent-workspace/builds/worker-3-tc1/target:/opt/rustwide/target:rw,Z" "-v" "/var/lib/crater-agent-workspace/cargo-home:/opt/rustwide/cargo-home:ro,Z" "-v" "/var/lib/crater-agent-workspace/rustup-home:/opt/rustwide/rustup-home:ro,Z" "-m" "1610612736" "--network" "none" "ghcr.io/rust-lang/crates-build-env/linux@sha256:77db811e55d90add9212f6832c23229e3de5f1c1f9905e8cb07319ea15df73ac" "sleep" "infinity", kill_on_drop: false }`
[INFO] [stdout] 029d3cf64fa062cb3e1617daafde2f5c667e728b5e3146338e3ef49447398e71
[INFO] running `Command { std: "docker" "start" "029d3cf64fa062cb3e1617daafde2f5c667e728b5e3146338e3ef49447398e71", kill_on_drop: false }`
[INFO] running `Command { std: "docker" "inspect" "029d3cf64fa062cb3e1617daafde2f5c667e728b5e3146338e3ef49447398e71", kill_on_drop: false }`
[INFO] running `Command { std: "docker" "exec" "-e" "SOURCE_DIR=/opt/rustwide/workdir" "-e" "CARGO_HOME=/opt/rustwide/cargo-home" "-e" "RUSTUP_HOME=/opt/rustwide/rustup-home" "-e" "CARGO_TARGET_DIR=/opt/rustwide/target" "-w" "/opt/rustwide/workdir" "--user" "0:0" "029d3cf64fa062cb3e1617daafde2f5c667e728b5e3146338e3ef49447398e71" "/opt/rustwide/cargo-home/bin/cargo" "+1.99.0-beta.8" "metadata" "--no-deps" "--format-version=1", kill_on_drop: false }`
[INFO] running `Command { std: "docker" "inspect" "029d3cf64fa062cb3e1617daafde2f5c667e728b5e3146338e3ef49447398e71", kill_on_drop: false }`
[INFO] running `Command { std: "docker" "exec" "-e" "SOURCE_DIR=/opt/rustwide/workdir" "-e" "CARGO_HOME=/opt/rustwide/cargo-home" "-e" "RUSTUP_HOME=/opt/rustwide/rustup-home" "-e" "CARGO_TARGET_DIR=/opt/rustwide/target" "-e" "CARGO_INCREMENTAL=0" "-e" "RUST_BACKTRACE=full" "-e" "RUSTFLAGS=--cap-lints=warn" "-e" "RUSTDOCFLAGS=--cap-lints=warn" "-w" "/opt/rustwide/workdir" "--user" "0:0" "029d3cf64fa062cb3e1617daafde2f5c667e728b5e3146338e3ef49447398e71" "/opt/rustwide/cargo-home/bin/cargo" "+1.99.0-beta.8" "build" "--frozen" "--message-format=json" "--release", kill_on_drop: false }`
[INFO] [stderr]    Compiling proc-macro2 v1.0.95
[INFO] [stderr]    Compiling unicode-ident v1.0.18
[INFO] [stderr]    Compiling libc v0.2.172
[INFO] [stderr]    Compiling thiserror v2.0.12
[INFO] [stderr]    Compiling smallvec v1.15.0
[INFO] [stderr]    Compiling anyhow v1.0.98
[INFO] [stderr]    Compiling tracing-core v0.1.33
[INFO] [stderr]    Compiling quote v1.0.40
[INFO] [stderr]    Compiling parking_lot_core v0.9.10
[INFO] [stderr]    Compiling parking_lot v0.12.3
[INFO] [stderr]    Compiling syn v2.0.101
[INFO] [stderr]    Compiling thiserror-impl v2.0.12
[INFO] [stderr]    Compiling tracing-attributes v0.1.28
[INFO] [stderr]    Compiling async-trait v0.1.88
[INFO] [stderr]    Compiling tracing v0.1.41
[INFO] [stderr]    Compiling orka v0.3.1 (/opt/rustwide/workdir)
[INFO] [stderr]     Finished `release` profile [optimized] target(s) in 13.02s
[INFO] running `Command { std: "docker" "inspect" "029d3cf64fa062cb3e1617daafde2f5c667e728b5e3146338e3ef49447398e71", kill_on_drop: false }`
[INFO] running `Command { std: "docker" "exec" "-e" "SOURCE_DIR=/opt/rustwide/workdir" "-e" "CARGO_HOME=/opt/rustwide/cargo-home" "-e" "RUSTUP_HOME=/opt/rustwide/rustup-home" "-e" "CARGO_TARGET_DIR=/opt/rustwide/target" "-e" "CARGO_INCREMENTAL=0" "-e" "RUST_BACKTRACE=full" "-e" "RUSTFLAGS=--cap-lints=warn" "-e" "RUSTDOCFLAGS=--cap-lints=warn" "-w" "/opt/rustwide/workdir" "--user" "0:0" "029d3cf64fa062cb3e1617daafde2f5c667e728b5e3146338e3ef49447398e71" "/opt/rustwide/cargo-home/bin/cargo" "+1.99.0-beta.8" "test" "--frozen" "--no-run" "--message-format=json" "--release", kill_on_drop: false }`
[INFO] [stderr]    Compiling serde v1.0.219
[INFO] [stderr]    Compiling num-traits v0.2.19
[INFO] [stderr]    Compiling tracing-core v0.1.33
[INFO] [stderr]    Compiling serde_json v1.0.140
[INFO] [stderr]    Compiling futures-sink v0.3.31
[INFO] [stderr]    Compiling regex-syntax v0.8.5
[INFO] [stderr]    Compiling serde_derive v1.0.219
[INFO] [stderr]    Compiling rayon-core v1.12.1
[INFO] [stderr]    Compiling either v1.15.0
[INFO] [stderr]    Compiling futures-core v0.3.31
[INFO] [stderr]    Compiling half v2.6.0
[INFO] [stderr]    Compiling regex-syntax v0.6.29
[INFO] [stderr]    Compiling futures-task v0.3.31
[INFO] [stderr]    Compiling futures-channel v0.3.31
[INFO] [stderr]    Compiling futures-util v0.3.31
[INFO] [stderr]    Compiling clap_builder v4.5.38
[INFO] [stderr]    Compiling itertools v0.10.5
[INFO] [stderr]    Compiling ciborium-ll v0.2.2
[INFO] [stderr]    Compiling tracing v0.1.41
[INFO] [stderr]    Compiling tokio-macros v2.5.0
[INFO] [stderr]    Compiling regex-automata v0.4.9
[INFO] [stderr]    Compiling log v0.4.27
[INFO] [stderr]    Compiling futures-io v0.3.31
[INFO] [stderr]    Compiling regex-automata v0.1.10
[INFO] [stderr]    Compiling overload v0.1.1
[INFO] [stderr]    Compiling criterion-plot v0.5.0
[INFO] [stderr]    Compiling nu-ansi-term v0.46.0
[INFO] [stderr]    Compiling matchers v0.1.0
[INFO] [stderr]    Compiling clap v4.5.38
[INFO] [stderr]    Compiling tracing-log v0.2.0
[INFO] [stderr]    Compiling futures v0.3.31
[INFO] [stderr]    Compiling tokio v1.45.0
[INFO] [stderr]    Compiling plotters v0.3.7
[INFO] [stderr]    Compiling regex v1.11.1
[INFO] [stderr]    Compiling rayon v1.10.0
[INFO] [stderr]    Compiling ciborium v0.2.2
[INFO] [stderr]    Compiling is-terminal v0.4.16
[INFO] [stderr]    Compiling tinytemplate v1.2.1
[INFO] [stderr]    Compiling thread_local v1.1.8
[INFO] [stderr]    Compiling tracing-subscriber v0.3.19
[INFO] [stderr]    Compiling orka v0.3.1 (/opt/rustwide/workdir)
[INFO] [stderr]    Compiling criterion v0.5.1
[INFO] [stdout] error[E0432]: unresolved import `orka::test_util`
[INFO] [stdout]   --> tests/common/mod.rs:10:15
[INFO] [stdout]    |
[INFO] [stdout] 10 | pub use orka::test_util::TestError;
[INFO] [stdout]    |               ^^^^^^^^^ could not find `test_util` in `orka`
[INFO] [stdout]    |
[INFO] [stdout] note: found an item that was configured out
[INFO] [stdout]   --> src/lib.rs:58:9
[INFO] [stdout]    |
[INFO] [stdout] 57 | #[cfg(feature = "test-util")]
[INFO] [stdout]    |       --------------------- the item is gated behind the `test-util` feature
[INFO] [stdout] 58 | pub mod test_util;
[INFO] [stdout]    |         ^^^^^^^^^
[INFO] [stdout] 
[INFO] [stdout] 
[INFO] [stdout] error[E0432]: unresolved import `orka::test_util`
[INFO] [stdout]   --> tests/common/mod.rs:10:15
[INFO] [stdout]    |
[INFO] [stdout] 10 | pub use orka::test_util::TestError;
[INFO] [stdout]    |               ^^^^^^^^^ could not find `test_util` in `orka`
[INFO] [stdout]    |
[INFO] [stdout] note: found an item that was configured out
[INFO] [stdout]   --> src/lib.rs:58:9
[INFO] [stdout]    |
[INFO] [stdout] 57 | #[cfg(feature = "test-util")]
[INFO] [stdout]    |       --------------------- the item is gated behind the `test-util` feature
[INFO] [stdout] 58 | pub mod test_util;
[INFO] [stdout]    |         ^^^^^^^^^
[INFO] [stdout] 
[INFO] [stdout] 
[INFO] [stdout] error[E0432]: unresolved import `orka::test_util`
[INFO] [stdout]   --> tests/partial_run_tests.rs:8:11
[INFO] [stdout]    |
[INFO] [stdout]  8 | use orka::test_util::noop_pipeline;
[INFO] [stdout]    |           ^^^^^^^^^ could not find `test_util` in `orka`
[INFO] [stdout]    |
[INFO] [stdout] note: found an item that was configured out
[INFO] [stdout]   --> src/lib.rs:58:9
[INFO] [stdout]    |
[INFO] [stdout] 57 | #[cfg(feature = "test-util")]
[INFO] [stdout]    |       --------------------- the item is gated behind the `test-util` feature
[INFO] [stdout] 58 | pub mod test_util;
[INFO] [stdout]    |         ^^^^^^^^^
[INFO] [stdout] 
[INFO] [stdout] 
[INFO] [stdout] error[E0432]: unresolved import `orka::test_util`
[INFO] [stdout]   --> tests/common/mod.rs:10:15
[INFO] [stdout]    |
[INFO] [stdout] 10 | pub use orka::test_util::TestError;
[INFO] [stdout]    |               ^^^^^^^^^ could not find `test_util` in `orka`
[INFO] [stdout]    |
[INFO] [stdout] note: found an item that was configured out
[INFO] [stdout]   --> src/lib.rs:58:9
[INFO] [stdout]    |
[INFO] [stdout] 57 | #[cfg(feature = "test-util")]
[INFO] [stdout]    |       --------------------- the item is gated behind the `test-util` feature
[INFO] [stdout] 58 | pub mod test_util;
[INFO] [stdout]    |         ^^^^^^^^^
[INFO] [stdout] 
[INFO] [stdout] 
[INFO] [stdout] error[E0432]: unresolved import `orka::test_util`
[INFO] [stdout]   --> tests/common/mod.rs:10:15
[INFO] [stdout]    |
[INFO] [stdout] 10 | pub use orka::test_util::TestError;
[INFO] [stdout]    |               ^^^^^^^^^ could not find `test_util` in `orka`
[INFO] [stdout]    |
[INFO] [stdout] note: found an item that was configured out
[INFO] [stdout]   --> src/lib.rs:58:9
[INFO] [stdout]    |
[INFO] [stdout] 57 | #[cfg(feature = "test-util")]
[INFO] [stdout]    |       --------------------- the item is gated behind the `test-util` feature
[INFO] [stdout] 58 | pub mod test_util;
[INFO] [stdout]    |         ^^^^^^^^^
[INFO] [stdout] 
[INFO] [stdout] 
[INFO] [stdout] error[E0432]: unresolved import `orka::test_util`
[INFO] [stdout]   --> tests/common/mod.rs:10:15
[INFO] [stdout]    |
[INFO] [stdout] 10 | pub use orka::test_util::TestError;
[INFO] [stdout]    |               ^^^^^^^^^ could not find `test_util` in `orka`
[INFO] [stdout]    |
[INFO] [stdout] note: found an item that was configured out
[INFO] [stdout]   --> src/lib.rs:58:9
[INFO] [stdout]    |
[INFO] [stdout] 57 | #[cfg(feature = "test-util")]
[INFO] [stdout]    |       --------------------- the item is gated behind the `test-util` feature
[INFO] [stdout] 58 | pub mod test_util;
[INFO] [stdout]    |         ^^^^^^^^^
[INFO] [stdout] 
[INFO] [stdout] 
[INFO] [stdout] error[E0432]: unresolved import `orka::test_util`
[INFO] [stdout]   --> tests/override_tests.rs:8:11
[INFO] [stdout]    |
[INFO] [stdout]  8 | use orka::test_util::{assert_steps_completed, ExecutionCounter, PipelineTestExt};
[INFO] [stdout]    |           ^^^^^^^^^ could not find `test_util` in `orka`
[INFO] [stdout]    |
[INFO] [stdout] note: found an item that was configured out
[INFO] [stdout]   --> src/lib.rs:58:9
[INFO] [stdout]    |
[INFO] [stdout] 57 | #[cfg(feature = "test-util")]
[INFO] [stdout]    |       --------------------- the item is gated behind the `test-util` feature
[INFO] [stdout] 58 | pub mod test_util;
[INFO] [stdout]    |         ^^^^^^^^^
[INFO] [stdout] 
[INFO] [stdout] 
[INFO] [stdout] error[E0432]: unresolved import `orka::test_util`
[INFO] [stdout]   --> tests/common/mod.rs:10:15
[INFO] [stdout]    |
[INFO] [stdout] 10 | pub use orka::test_util::TestError;
[INFO] [stdout]    |               ^^^^^^^^^ could not find `test_util` in `orka`
[INFO] [stdout]    |
[INFO] [stdout] note: found an item that was configured out
[INFO] [stdout]   --> src/lib.rs:58:9
[INFO] [stdout]    |
[INFO] [stdout] 57 | #[cfg(feature = "test-util")]
[INFO] [stdout]    |       --------------------- the item is gated behind the `test-util` feature
[INFO] [stdout] 58 | pub mod test_util;
[INFO] [stdout]    |         ^^^^^^^^^
[INFO] [stdout] 
[INFO] [stdout] 
[INFO] [stdout] error[E0432]: unresolved import `orka::test_util`
[INFO] [stdout]   --> tests/typed_step_key_tests.rs:11:11
[INFO] [stdout]    |
[INFO] [stdout] 11 | use orka::test_util::PipelineTestExt;
[INFO] [stdout]    |           ^^^^^^^^^ could not find `test_util` in `orka`
[INFO] [stdout]    |
[INFO] [stdout] note: found an item that was configured out
[INFO] [stdout]   --> src/lib.rs:58:9
[INFO] [stdout]    |
[INFO] [stdout] 57 | #[cfg(feature = "test-util")]
[INFO] [stdout]    |       --------------------- the item is gated behind the `test-util` feature
[INFO] [stdout] 58 | pub mod test_util;
[INFO] [stdout]    |         ^^^^^^^^^
[INFO] [stdout] 
[INFO] [stdout] 
[INFO] [stdout] error[E0425]: cannot find function `timed` in crate `orka`
[INFO] [stdout]    --> tests/resource_access_tests.rs:204:11
[INFO] [stdout]     |
[INFO] [stdout] 204 |     orka::timed("upload", Duration::from_millis(5), async move {
[INFO] [stdout]     |           ^^^^^ not found in `orka`
[INFO] [stdout]     |
[INFO] [stdout] note: found an item that was configured out
[INFO] [stdout]    --> src/lib.rs:51:22
[INFO] [stdout]     |
[INFO] [stdout]  50 | #[cfg(feature = "tokio")]
[INFO] [stdout]     |       ----------------- the item is gated behind the `tokio` feature
[INFO] [stdout]  51 | pub use crate::time::timed;
[INFO] [stdout]     |                      ^^^^^
[INFO] [stdout] 
[INFO] [stdout] 
[INFO] [stdout] error[E0432]: unresolved import `orka::test_util`
[INFO] [stdout]   --> tests/common/mod.rs:10:15
[INFO] [stdout]    |
[INFO] [stdout] 10 | pub use orka::test_util::TestError;
[INFO] [stdout]    |               ^^^^^^^^^ could not find `test_util` in `orka`
[INFO] [stdout]    |
[INFO] [stdout] note: found an item that was configured out
[INFO] [stdout]   --> src/lib.rs:58:9
[INFO] [stdout]    |
[INFO] [stdout] 57 | #[cfg(feature = "test-util")]
[INFO] [stdout]    |       --------------------- the item is gated behind the `test-util` feature
[INFO] [stdout] 58 | pub mod test_util;
[INFO] [stdout]    |         ^^^^^^^^^
[INFO] [stdout] 
[INFO] [stdout] 
[INFO] [stdout] error[E0432]: unresolved import `orka::test_util`
[INFO] [stdout]   --> tests/conditional_scope_tests.rs:5:11
[INFO] [stdout]    |
[INFO] [stdout]  5 | use orka::test_util::ExecutionCounter;
[INFO] [stdout]    |           ^^^^^^^^^ could not find `test_util` in `orka`
[INFO] [stdout]    |
[INFO] [stdout] note: found an item that was configured out
[INFO] [stdout]   --> src/lib.rs:58:9
[INFO] [stdout]    |
[INFO] [stdout] 57 | #[cfg(feature = "test-util")]
[INFO] [stdout]    |       --------------------- the item is gated behind the `test-util` feature
[INFO] [stdout] 58 | pub mod test_util;
[INFO] [stdout]    |         ^^^^^^^^^
[INFO] [stdout] 
[INFO] [stdout] 
[INFO] [stdout] For more information about this error, try `rustc --explain E0432`.
[INFO] [stdout] 
[INFO] [stderr] error: could not compile `orka` (test "partial_run_tests") due to 2 previous errors
[INFO] [stderr] warning: build failed, waiting for other jobs to finish...
[INFO] [stdout] Some errors have detailed explanations: E0425, E0432.
[INFO] [stdout] 
[INFO] [stdout] For more information about an error, try `rustc --explain E0425`.
[INFO] [stdout] 
[INFO] [stderr] error: could not compile `orka` (test "resource_access_tests") due to 2 previous errors
[INFO] [stdout] For more information about this error, try `rustc --explain E0432`.
[INFO] [stdout] 
[INFO] [stderr] error: could not compile `orka` (test "override_tests") due to 2 previous errors
[INFO] [stdout] For more information about this error, try `rustc --explain E0432`.
[INFO] [stdout] 
[INFO] [stderr] error: could not compile `orka` (test "context_management_tests") due to 1 previous error
[INFO] [stdout] For more information about this error, try `rustc --explain E0432`.
[INFO] [stdout] 
[INFO] [stderr] error: could not compile `orka` (test "typed_step_key_tests") due to 2 previous errors
[INFO] [stdout] For more information about this error, try `rustc --explain E0432`.
[INFO] [stdout] 
[INFO] [stderr] error: could not compile `orka` (test "validation_tests") due to 1 previous error
[INFO] [stdout] For more information about this error, try `rustc --explain E0432`.
[INFO] [stdout] 
[INFO] [stderr] error: could not compile `orka` (test "conditional_scope_tests") due to 2 previous errors
[INFO] running `Command { std: "docker" "inspect" "029d3cf64fa062cb3e1617daafde2f5c667e728b5e3146338e3ef49447398e71", kill_on_drop: false }`
[INFO] running `Command { std: "docker" "rm" "-f" "029d3cf64fa062cb3e1617daafde2f5c667e728b5e3146338e3ef49447398e71", kill_on_drop: false }`
[INFO] [stdout] 029d3cf64fa062cb3e1617daafde2f5c667e728b5e3146338e3ef49447398e71
