[INFO] fetching crate organicomplex 0.7.0...
[INFO] testing organicomplex-0.7.0 against 1.99.0-beta.8+cargoflags=--release for beta-release-1.100-2
[INFO] extracting crate organicomplex 0.7.0 into /workspace/builds/worker-7-tc1/source
[INFO] started tweaking crates.io crate organicomplex 0.7.0
[INFO] finished tweaking crates.io crate organicomplex 0.7.0
[INFO] tweaked toml for crates.io crate organicomplex 0.7.0 written to /workspace/builds/worker-7-tc1/source/Cargo.toml
[INFO] validating manifest of crates.io crate organicomplex 0.7.0 on toolchain 1.99.0-beta.8
[INFO] running `Command { std: CARGO_HOME="/workspace/cargo-home" RUSTUP_HOME="/workspace/rustup-home" "/workspace/cargo-home/bin/cargo" "+1.99.0-beta.8" "metadata" "--manifest-path" "Cargo.toml" "--no-deps", kill_on_drop: false }`
[INFO] crate crates.io crate organicomplex 0.7.0 already has a lockfile, it will not be regenerated
[INFO] running `Command { std: CARGO_HOME="/workspace/cargo-home" RUSTUP_HOME="/workspace/rustup-home" "/workspace/cargo-home/bin/cargo" "+1.99.0-beta.8" "fetch" "--manifest-path" "Cargo.toml", kill_on_drop: false }`
[INFO] running `Command { std: "docker" "create" "-v" "/var/lib/crater-agent-workspace/builds/worker-7-tc1/source:/opt/rustwide/workdir:ro,Z" "-v" "/var/lib/crater-agent-workspace/builds/worker-7-tc1/target:/opt/rustwide/target:rw,Z" "-v" "/var/lib/crater-agent-workspace/cargo-home:/opt/rustwide/cargo-home:ro,Z" "-v" "/var/lib/crater-agent-workspace/rustup-home:/opt/rustwide/rustup-home:ro,Z" "-m" "1610612736" "--network" "none" "ghcr.io/rust-lang/crates-build-env/linux@sha256:77db811e55d90add9212f6832c23229e3de5f1c1f9905e8cb07319ea15df73ac" "sleep" "infinity", kill_on_drop: false }`
[INFO] [stdout] 136c34ddb36a9c4055f0abd8f2336ebab214eb247e29a88f203e6c7d0f1cd685
[INFO] running `Command { std: "docker" "start" "136c34ddb36a9c4055f0abd8f2336ebab214eb247e29a88f203e6c7d0f1cd685", kill_on_drop: false }`
[INFO] running `Command { std: "docker" "inspect" "136c34ddb36a9c4055f0abd8f2336ebab214eb247e29a88f203e6c7d0f1cd685", kill_on_drop: false }`
[INFO] running `Command { std: "docker" "exec" "-e" "SOURCE_DIR=/opt/rustwide/workdir" "-e" "CARGO_HOME=/opt/rustwide/cargo-home" "-e" "RUSTUP_HOME=/opt/rustwide/rustup-home" "-e" "CARGO_TARGET_DIR=/opt/rustwide/target" "-w" "/opt/rustwide/workdir" "--user" "0:0" "136c34ddb36a9c4055f0abd8f2336ebab214eb247e29a88f203e6c7d0f1cd685" "/opt/rustwide/cargo-home/bin/cargo" "+1.99.0-beta.8" "metadata" "--no-deps" "--format-version=1", kill_on_drop: false }`
[INFO] running `Command { std: "docker" "inspect" "136c34ddb36a9c4055f0abd8f2336ebab214eb247e29a88f203e6c7d0f1cd685", kill_on_drop: false }`
[INFO] running `Command { std: "docker" "exec" "-e" "SOURCE_DIR=/opt/rustwide/workdir" "-e" "CARGO_HOME=/opt/rustwide/cargo-home" "-e" "RUSTUP_HOME=/opt/rustwide/rustup-home" "-e" "CARGO_TARGET_DIR=/opt/rustwide/target" "-e" "CARGO_INCREMENTAL=0" "-e" "RUST_BACKTRACE=full" "-e" "RUSTFLAGS=--cap-lints=warn" "-e" "RUSTDOCFLAGS=--cap-lints=warn" "-w" "/opt/rustwide/workdir" "--user" "0:0" "136c34ddb36a9c4055f0abd8f2336ebab214eb247e29a88f203e6c7d0f1cd685" "/opt/rustwide/cargo-home/bin/cargo" "+1.99.0-beta.8" "build" "--frozen" "--message-format=json" "--release", kill_on_drop: false }`
[INFO] [stderr]    Compiling libc v0.2.180
[INFO] [stderr]    Compiling proc-macro2 v1.0.106
[INFO] [stderr]    Compiling zerocopy v0.8.34
[INFO] [stderr]    Compiling unicode-ident v1.0.22
[INFO] [stderr]    Compiling version-compare v0.1.1
[INFO] [stderr]    Compiling quote v1.0.44
[INFO] [stderr]    Compiling zmij v1.0.17
[INFO] [stderr]    Compiling sdl2 v0.38.0
[INFO] [stderr]    Compiling either v1.15.0
[INFO] [stderr]    Compiling lazy_static v1.5.0
[INFO] [stderr]    Compiling memchr v2.7.6
[INFO] [stderr]    Compiling sdl2-sys v0.38.0
[INFO] [stderr]    Compiling rayon v1.11.0
[INFO] [stderr]    Compiling serde_json v1.0.149
[INFO] [stderr]    Compiling syn v2.0.114
[INFO] [stderr]    Compiling getrandom v0.3.4
[INFO] [stderr]    Compiling rand_core v0.9.5
[INFO] [stderr]    Compiling rand_xoshiro v0.7.0
[INFO] [stderr]    Compiling serde_derive v1.0.228
[INFO] [stderr]    Compiling ppv-lite86 v0.2.21
[INFO] [stderr]    Compiling rand_chacha v0.9.0
[INFO] [stderr]    Compiling rand v0.9.2
[INFO] [stderr]    Compiling serde v1.0.228
[INFO] [stderr]    Compiling organicomplex v0.7.0 (/opt/rustwide/workdir)
[INFO] [stdout] error: linking with `cc` failed: exit status: 1
[INFO] [stdout]   |
[INFO] [stdout]   = note:  "cc" "-m64" "/opt/rustwide/target/release/deps/rustcyTOQyH/symbols.o" "<17 object files omitted>" "-Wl,--as-needed" "-Wl,-Bstatic" "/opt/rustwide/target/release/deps/{librayon-04d083eae51189f1,librayon_core-200cbe5ba623cbda,libcrossbeam_deque-2a0d55b5d488e9da,libcrossbeam_epoch-5071d9e21cd7edca,libcrossbeam_utils-c35c21890820cf1a,libeither-381c6dbf3b7f9a41,librand_xoshiro-3db31eba25156b84,librand-505750c154a90c5d,librand_chacha-c0a84af30af31af8,libppv_lite86-0b5ba3f0a43de0cd,libzerocopy-c18b581a591c3a1d,librand_core-f87b8fab51293204,libgetrandom-bfb9508401b8158a,libcfg_if-6d8dca19095bb388,libserde_json-815a2b6dcd810b45,libmemchr-1df3f384506278db,libitoa-e7338abb6ca85e31,libzmij-fcc1f506d53f30fa,libserde-ba1899be73651d85,libserde_core-fc2e9ba380840c21,libsdl2-89e10ccd39d600ab,libsdl2_sys-baa84030b5dea352,libbitflags-68973b8086863992,liblazy_static-fdd6af0286056ca3,liblibc-6e32314a1a8360bf}.rlib" "<sysroot>/lib/rustlib/x86_64-unknown-linux-gnu/lib/{libstd-*,libpanic_unwind-*,libobject-*,libmemchr-*,libaddr2line-*,libgimli-*,libcfg_if-*,librustc_demangle-*,libstd_detect-*,libhashbrown-*,librustc_std_workspace_alloc-*,libminiz_oxide-*,libadler2-*,libunwind-*,liblibc-*,librustc_std_workspace_core-*,liballoc-*,libcore-*,libcompiler_builtins-*}.rlib" "-Wl,-Bdynamic" "-lSDL2" "-lSDL2_mixer" "-lSDL2_ttf" "-lgcc_s" "-lutil" "-lrt" "-lpthread" "-lm" "-ldl" "-lc" "-L" "/opt/rustwide/target/release/deps/rustcyTOQyH/raw-dylibs" "-B<sysroot>/lib/rustlib/x86_64-unknown-linux-gnu/bin/gcc-ld" "-fuse-ld=lld" "-Wl,--eh-frame-hdr" "-Wl,-z,noexecstack" "-L" "<sysroot>/lib/rustlib/x86_64-unknown-linux-gnu/lib" "-o" "/opt/rustwide/target/release/deps/organicomplex-45eb1fe44a1a091a" "-Wl,--gc-sections" "-pie" "-Wl,-z,relro,-z,now" "-Wl,-O1" "-Wl,--strip-debug" "-nodefaultlibs"
[INFO] [stdout]   = note: some arguments are omitted. use `--verbose` to show all linker arguments
[INFO] [stdout]   = note: rust-lld: error: unable to find library -lSDL2_mixer
[INFO] [stdout]           rust-lld: error: unable to find library -lSDL2_ttf
[INFO] [stdout]           collect2: error: ld returned 1 exit status
[INFO] [stdout]           
[INFO] [stdout] 
[INFO] [stdout] 
[INFO] [stderr] error: could not compile `organicomplex` (bin "organicomplex") due to 1 previous error
[INFO] running `Command { std: "docker" "inspect" "136c34ddb36a9c4055f0abd8f2336ebab214eb247e29a88f203e6c7d0f1cd685", kill_on_drop: false }`
[INFO] running `Command { std: "docker" "rm" "-f" "136c34ddb36a9c4055f0abd8f2336ebab214eb247e29a88f203e6c7d0f1cd685", kill_on_drop: false }`
[INFO] [stdout] 136c34ddb36a9c4055f0abd8f2336ebab214eb247e29a88f203e6c7d0f1cd685
