[INFO] fetching crate orga-macros 0.2.3...
[INFO] testing orga-macros-0.2.3 against 1.99.0-beta.8+cargoflags=--release for beta-release-1.100-2
[INFO] extracting crate orga-macros 0.2.3 into /workspace/builds/worker-7-tc1/source
[INFO] started tweaking crates.io crate orga-macros 0.2.3
[INFO] finished tweaking crates.io crate orga-macros 0.2.3
[INFO] tweaked toml for crates.io crate orga-macros 0.2.3 written to /workspace/builds/worker-7-tc1/source/Cargo.toml
[INFO] validating manifest of crates.io crate orga-macros 0.2.3 on toolchain 1.99.0-beta.8
[INFO] running `Command { std: CARGO_HOME="/workspace/cargo-home" RUSTUP_HOME="/workspace/rustup-home" "/workspace/cargo-home/bin/cargo" "+1.99.0-beta.8" "metadata" "--manifest-path" "Cargo.toml" "--no-deps", kill_on_drop: false }`
[INFO] running `Command { std: CARGO_HOME="/workspace/cargo-home" RUSTUP_HOME="/workspace/rustup-home" "/workspace/cargo-home/bin/cargo" "+1.99.0-beta.8" "generate-lockfile" "--manifest-path" "Cargo.toml", kill_on_drop: false }`
[INFO] [stderr]     Updating crates.io index
[INFO] [stderr]      Locking 6 packages to highest compatible versions
[INFO] [stderr]       Adding heck v0.3.3 (available: v0.5.0)
[INFO] [stderr]       Adding syn v1.0.109 (available: v3.0.9)
[INFO] running `Command { std: CARGO_HOME="/workspace/cargo-home" RUSTUP_HOME="/workspace/rustup-home" "/workspace/cargo-home/bin/cargo" "+1.99.0-beta.8" "fetch" "--manifest-path" "Cargo.toml", kill_on_drop: false }`
[INFO] running `Command { std: "docker" "create" "-v" "/var/lib/crater-agent-workspace/builds/worker-7-tc1/source:/opt/rustwide/workdir:ro,Z" "-v" "/var/lib/crater-agent-workspace/builds/worker-7-tc1/target:/opt/rustwide/target:rw,Z" "-v" "/var/lib/crater-agent-workspace/cargo-home:/opt/rustwide/cargo-home:ro,Z" "-v" "/var/lib/crater-agent-workspace/rustup-home:/opt/rustwide/rustup-home:ro,Z" "-m" "1610612736" "--network" "none" "ghcr.io/rust-lang/crates-build-env/linux@sha256:77db811e55d90add9212f6832c23229e3de5f1c1f9905e8cb07319ea15df73ac" "sleep" "infinity", kill_on_drop: false }`
[INFO] [stdout] b8d21da442575699082d2a1369b11ca74783c30dffc7740706df11931247de87
[INFO] running `Command { std: "docker" "start" "b8d21da442575699082d2a1369b11ca74783c30dffc7740706df11931247de87", kill_on_drop: false }`
[INFO] running `Command { std: "docker" "inspect" "b8d21da442575699082d2a1369b11ca74783c30dffc7740706df11931247de87", kill_on_drop: false }`
[INFO] running `Command { std: "docker" "exec" "-e" "SOURCE_DIR=/opt/rustwide/workdir" "-e" "CARGO_HOME=/opt/rustwide/cargo-home" "-e" "RUSTUP_HOME=/opt/rustwide/rustup-home" "-e" "CARGO_TARGET_DIR=/opt/rustwide/target" "-w" "/opt/rustwide/workdir" "--user" "0:0" "b8d21da442575699082d2a1369b11ca74783c30dffc7740706df11931247de87" "/opt/rustwide/cargo-home/bin/cargo" "+1.99.0-beta.8" "metadata" "--no-deps" "--format-version=1", kill_on_drop: false }`
[INFO] running `Command { std: "docker" "inspect" "b8d21da442575699082d2a1369b11ca74783c30dffc7740706df11931247de87", kill_on_drop: false }`
[INFO] running `Command { std: "docker" "exec" "-e" "SOURCE_DIR=/opt/rustwide/workdir" "-e" "CARGO_HOME=/opt/rustwide/cargo-home" "-e" "RUSTUP_HOME=/opt/rustwide/rustup-home" "-e" "CARGO_TARGET_DIR=/opt/rustwide/target" "-e" "CARGO_INCREMENTAL=0" "-e" "RUST_BACKTRACE=full" "-e" "RUSTFLAGS=--cap-lints=warn" "-e" "RUSTDOCFLAGS=--cap-lints=warn" "-w" "/opt/rustwide/workdir" "--user" "0:0" "b8d21da442575699082d2a1369b11ca74783c30dffc7740706df11931247de87" "/opt/rustwide/cargo-home/bin/cargo" "+1.99.0-beta.8" "build" "--frozen" "--message-format=json" "--release", kill_on_drop: false }`
[INFO] [stderr]    Compiling syn v1.0.109
[INFO] [stderr]    Compiling orga-macros v0.2.3 (/opt/rustwide/workdir)
[INFO] [stdout] error[E0554]: `#![feature]` may not be used on the beta release channel
[INFO] [stdout]  --> src/lib.rs:1:1
[INFO] [stdout]   |
[INFO] [stdout] 1 | #![feature(proc_macro_span)]
[INFO] [stdout]   | ^^^^^^^^^^^^^^^^^^^^^^^^^^^^
[INFO] [stdout] 
[INFO] [stdout] 
[INFO] [stdout] error[E0599]: no method named `source_file` found for struct `proc_macro::Span` in the current scope
[INFO] [stdout]    --> src/query.rs:378:46
[INFO] [stdout]     |
[INFO] [stdout] 378 |     let path = proc_macro::Span::call_site().source_file().path();
[INFO] [stdout]     |                                              ^^^^^^^^^^^
[INFO] [stdout]     |
[INFO] [stdout] help: there is a method `source` with a similar name
[INFO] [stdout]     |
[INFO] [stdout] 378 -     let path = proc_macro::Span::call_site().source_file().path();
[INFO] [stdout] 378 +     let path = proc_macro::Span::call_site().source().path();
[INFO] [stdout]     |
[INFO] [stdout] 
[INFO] [stdout] 
[INFO] [stdout] error[E0599]: no method named `source_file` found for struct `proc_macro::Span` in the current scope
[INFO] [stdout]  --> src/utils.rs:7:46
[INFO] [stdout]   |
[INFO] [stdout] 7 |     let path = proc_macro::Span::call_site().source_file().path();
[INFO] [stdout]   |                                              ^^^^^^^^^^^
[INFO] [stdout]   |
[INFO] [stdout] help: there is a method `source` with a similar name
[INFO] [stdout]   |
[INFO] [stdout] 7 -     let path = proc_macro::Span::call_site().source_file().path();
[INFO] [stdout] 7 +     let path = proc_macro::Span::call_site().source().path();
[INFO] [stdout]   |
[INFO] [stdout] 
[INFO] [stdout] 
[INFO] [stdout] Some errors have detailed explanations: E0554, E0599.
[INFO] [stdout] 
[INFO] [stdout] For more information about an error, try `rustc --explain E0554`.
[INFO] [stdout] 
[INFO] [stderr] error: could not compile `orga-macros` (lib) due to 3 previous errors
[INFO] running `Command { std: "docker" "inspect" "b8d21da442575699082d2a1369b11ca74783c30dffc7740706df11931247de87", kill_on_drop: false }`
[INFO] running `Command { std: "docker" "rm" "-f" "b8d21da442575699082d2a1369b11ca74783c30dffc7740706df11931247de87", kill_on_drop: false }`
[INFO] [stdout] b8d21da442575699082d2a1369b11ca74783c30dffc7740706df11931247de87
