[INFO] fetching crate opus-wave 3.0.1...
[INFO] testing opus-wave-3.0.1 against 1.99.0-beta.8+cargoflags=--release for beta-release-1.100-2
[INFO] extracting crate opus-wave 3.0.1 into /workspace/builds/worker-5-tc1/source
[INFO] started tweaking crates.io crate opus-wave 3.0.1
[INFO] removed 0 missing tests
[INFO] finished tweaking crates.io crate opus-wave 3.0.1
[INFO] tweaked toml for crates.io crate opus-wave 3.0.1 written to /workspace/builds/worker-5-tc1/source/Cargo.toml
[INFO] validating manifest of crates.io crate opus-wave 3.0.1 on toolchain 1.99.0-beta.8
[INFO] running `Command { std: CARGO_HOME="/workspace/cargo-home" RUSTUP_HOME="/workspace/rustup-home" "/workspace/cargo-home/bin/cargo" "+1.99.0-beta.8" "metadata" "--manifest-path" "Cargo.toml" "--no-deps", kill_on_drop: false }`
[INFO] crate crates.io crate opus-wave 3.0.1 already has a lockfile, it will not be regenerated
[INFO] running `Command { std: CARGO_HOME="/workspace/cargo-home" RUSTUP_HOME="/workspace/rustup-home" "/workspace/cargo-home/bin/cargo" "+1.99.0-beta.8" "fetch" "--manifest-path" "Cargo.toml", kill_on_drop: false }`
[INFO] [stderr] warning: Cargo.toml: `lints.clippy.too-many-arguments` is deprecated in favor of `lints.clippy.too_many_arguments` and will not work in a future edition
[INFO] [stderr] warning: Cargo.toml: `lints.rust.unsafe-code` is deprecated in favor of `lints.rust.unsafe_code` and will not work in a future edition
[INFO] [stderr] warning: `opus-wave` (manifest) generated 2 warnings
[INFO] running `Command { std: "docker" "create" "-v" "/var/lib/crater-agent-workspace/builds/worker-5-tc1/source:/opt/rustwide/workdir:ro,Z" "-v" "/var/lib/crater-agent-workspace/builds/worker-5-tc1/target:/opt/rustwide/target:rw,Z" "-v" "/var/lib/crater-agent-workspace/cargo-home:/opt/rustwide/cargo-home:ro,Z" "-v" "/var/lib/crater-agent-workspace/rustup-home:/opt/rustwide/rustup-home:ro,Z" "-m" "1610612736" "--network" "none" "ghcr.io/rust-lang/crates-build-env/linux@sha256:77db811e55d90add9212f6832c23229e3de5f1c1f9905e8cb07319ea15df73ac" "sleep" "infinity", kill_on_drop: false }`
[INFO] [stdout] 60f2fc40162dd2391043b8f3acb83814fe63d85adaaac397aa7a59828cef8394
[INFO] running `Command { std: "docker" "start" "60f2fc40162dd2391043b8f3acb83814fe63d85adaaac397aa7a59828cef8394", kill_on_drop: false }`
[INFO] running `Command { std: "docker" "inspect" "60f2fc40162dd2391043b8f3acb83814fe63d85adaaac397aa7a59828cef8394", kill_on_drop: false }`
[INFO] running `Command { std: "docker" "exec" "-e" "SOURCE_DIR=/opt/rustwide/workdir" "-e" "CARGO_HOME=/opt/rustwide/cargo-home" "-e" "RUSTUP_HOME=/opt/rustwide/rustup-home" "-e" "CARGO_TARGET_DIR=/opt/rustwide/target" "-w" "/opt/rustwide/workdir" "--user" "0:0" "60f2fc40162dd2391043b8f3acb83814fe63d85adaaac397aa7a59828cef8394" "/opt/rustwide/cargo-home/bin/cargo" "+1.99.0-beta.8" "metadata" "--no-deps" "--format-version=1", kill_on_drop: false }`
[INFO] running `Command { std: "docker" "inspect" "60f2fc40162dd2391043b8f3acb83814fe63d85adaaac397aa7a59828cef8394", kill_on_drop: false }`
[INFO] running `Command { std: "docker" "exec" "-e" "SOURCE_DIR=/opt/rustwide/workdir" "-e" "CARGO_HOME=/opt/rustwide/cargo-home" "-e" "RUSTUP_HOME=/opt/rustwide/rustup-home" "-e" "CARGO_TARGET_DIR=/opt/rustwide/target" "-e" "CARGO_INCREMENTAL=0" "-e" "RUST_BACKTRACE=full" "-e" "RUSTFLAGS=--cap-lints=warn" "-e" "RUSTDOCFLAGS=--cap-lints=warn" "-w" "/opt/rustwide/workdir" "--user" "0:0" "60f2fc40162dd2391043b8f3acb83814fe63d85adaaac397aa7a59828cef8394" "/opt/rustwide/cargo-home/bin/cargo" "+1.99.0-beta.8" "build" "--frozen" "--message-format=json" "--release", kill_on_drop: false }`
[INFO] [stderr] warning: Cargo.toml: `lints.clippy.too-many-arguments` is deprecated in favor of `lints.clippy.too_many_arguments` and will not work in a future edition
[INFO] [stderr] warning: Cargo.toml: `lints.rust.unsafe-code` is deprecated in favor of `lints.rust.unsafe_code` and will not work in a future edition
[INFO] [stderr] warning: `opus-wave` (manifest) generated 2 warnings
[INFO] [stderr]    Compiling opus-wave v3.0.1 (/opt/rustwide/workdir)
[INFO] [stderr]     Finished `release` profile [optimized] target(s) in 4.90s
[INFO] running `Command { std: "docker" "inspect" "60f2fc40162dd2391043b8f3acb83814fe63d85adaaac397aa7a59828cef8394", kill_on_drop: false }`
[INFO] running `Command { std: "docker" "exec" "-e" "SOURCE_DIR=/opt/rustwide/workdir" "-e" "CARGO_HOME=/opt/rustwide/cargo-home" "-e" "RUSTUP_HOME=/opt/rustwide/rustup-home" "-e" "CARGO_TARGET_DIR=/opt/rustwide/target" "-e" "CARGO_INCREMENTAL=0" "-e" "RUST_BACKTRACE=full" "-e" "RUSTFLAGS=--cap-lints=warn" "-e" "RUSTDOCFLAGS=--cap-lints=warn" "-w" "/opt/rustwide/workdir" "--user" "0:0" "60f2fc40162dd2391043b8f3acb83814fe63d85adaaac397aa7a59828cef8394" "/opt/rustwide/cargo-home/bin/cargo" "+1.99.0-beta.8" "test" "--frozen" "--no-run" "--message-format=json" "--release", kill_on_drop: false }`
[INFO] [stderr] warning: Cargo.toml: `lints.clippy.too-many-arguments` is deprecated in favor of `lints.clippy.too_many_arguments` and will not work in a future edition
[INFO] [stderr] warning: Cargo.toml: `lints.rust.unsafe-code` is deprecated in favor of `lints.rust.unsafe_code` and will not work in a future edition
[INFO] [stderr] warning: `opus-wave` (manifest) generated 2 warnings
[INFO] [stderr]    Compiling zerocopy v0.8.47
[INFO] [stderr]    Compiling libc v0.2.183
[INFO] [stderr]    Compiling num-traits v0.2.19
[INFO] [stderr]    Compiling clap_builder v4.6.0
[INFO] [stderr]    Compiling syn v2.0.117
[INFO] [stderr]    Compiling regex-automata v0.4.14
[INFO] [stderr]    Compiling serde_json v1.0.149
[INFO] [stderr]    Compiling criterion-plot v0.5.0
[INFO] [stderr]    Compiling rayon v1.11.0
[INFO] [stderr]    Compiling is-terminal v0.4.17
[INFO] [stderr]    Compiling plotters v0.3.7
[INFO] [stderr]    Compiling clap v4.6.0
[INFO] [stderr]    Compiling zerocopy-derive v0.8.47
[INFO] [stderr]    Compiling serde_derive v1.0.228
[INFO] [stderr]    Compiling regex v1.12.3
[INFO] [stderr]    Compiling serde v1.0.228
[INFO] [stderr]    Compiling tinytemplate v1.2.1
[INFO] [stderr]    Compiling half v2.7.1
[INFO] [stderr]    Compiling ciborium-ll v0.2.2
[INFO] [stderr]    Compiling ciborium v0.2.2
[INFO] [stderr]    Compiling criterion v0.5.1
[INFO] [stderr]    Compiling opus-wave v3.0.1 (/opt/rustwide/workdir)
[INFO] [stdout] error[E0432]: unresolved import `opus_ffi`
[INFO] [stdout]  --> tests/celt_fft_tests.rs:7:5
[INFO] [stdout]   |
[INFO] [stdout] 7 | use opus_ffi::*;
[INFO] [stdout]   |     ^^^^^^^^ use of unresolved module or unlinked crate `opus_ffi`
[INFO] [stdout]   |
[INFO] [stdout]   = help: if you wanted to use a crate named `opus_ffi`, use `cargo add opus_ffi` to add it to your `Cargo.toml`
[INFO] [stdout] 
[INFO] [stdout] 
[INFO] [stdout] error[E0432]: unresolved import `opus_ffi`
[INFO] [stdout]  --> tests/silk_gain_test.rs:8:5
[INFO] [stdout]   |
[INFO] [stdout] 8 | use opus_ffi::{COpusDecoder, COpusEncoder};
[INFO] [stdout]   |     ^^^^^^^^ use of unresolved module or unlinked crate `opus_ffi`
[INFO] [stdout]   |
[INFO] [stdout]   = help: if you wanted to use a crate named `opus_ffi`, use `cargo add opus_ffi` to add it to your `Cargo.toml`
[INFO] [stdout] 
[INFO] [stdout] 
[INFO] [stdout] error[E0432]: unresolved import `opus_ffi`
[INFO] [stdout]  --> tests/celt_bands_tests.rs:8:5
[INFO] [stdout]   |
[INFO] [stdout] 8 | use opus_ffi::*;
[INFO] [stdout]   |     ^^^^^^^^ use of unresolved module or unlinked crate `opus_ffi`
[INFO] [stdout]   |
[INFO] [stdout]   = help: if you wanted to use a crate named `opus_ffi`, use `cargo add opus_ffi` to add it to your `Cargo.toml`
[INFO] [stdout] 
[INFO] [stdout] 
[INFO] [stdout] error[E0432]: unresolved import `opus_ffi`
[INFO] [stdout]  --> tests/celt_mdct_tests.rs:8:5
[INFO] [stdout]   |
[INFO] [stdout] 8 | use opus_ffi::*;
[INFO] [stdout]   |     ^^^^^^^^ use of unresolved module or unlinked crate `opus_ffi`
[INFO] [stdout]   |
[INFO] [stdout]   = help: if you wanted to use a crate named `opus_ffi`, use `cargo add opus_ffi` to add it to your `Cargo.toml`
[INFO] [stdout] 
[INFO] [stdout] 
[INFO] [stdout] error[E0433]: cannot find module or crate `opus_ffi` in this scope
[INFO] [stdout]   --> tests/silk_gain_test.rs:18:46
[INFO] [stdout]    |
[INFO] [stdout] 18 |     let mut c_enc = COpusEncoder::new(fs, 1, opus_ffi::OPUS_APPLICATION_VOIP).unwrap();
[INFO] [stdout]    |                                              ^^^^^^^^ use of unresolved module or unlinked crate `opus_ffi`
[INFO] [stdout]    |
[INFO] [stdout]    = help: if you wanted to use a crate named `opus_ffi`, use `cargo add opus_ffi` to add it to your `Cargo.toml`
[INFO] [stdout] 
[INFO] [stdout] 
[INFO] [stdout] error[E0432]: unresolved import `opus_ffi`
[INFO] [stdout]  --> tests/celt_mathops_tests.rs:9:5
[INFO] [stdout]   |
[INFO] [stdout] 9 | use opus_ffi::*;
[INFO] [stdout]   |     ^^^^^^^^ use of unresolved module or unlinked crate `opus_ffi`
[INFO] [stdout]   |
[INFO] [stdout]   = help: if you wanted to use a crate named `opus_ffi`, use `cargo add opus_ffi` to add it to your `Cargo.toml`
[INFO] [stdout] 
[INFO] [stdout] 
[INFO] [stdout] error[E0433]: cannot find module or crate `opus_ffi` in this scope
[INFO] [stdout]    --> tests/silk_gain_test.rs:165:46
[INFO] [stdout]     |
[INFO] [stdout] 165 |     let mut c_enc = COpusEncoder::new(fs, 1, opus_ffi::OPUS_APPLICATION_VOIP).unwrap();
[INFO] [stdout]     |                                              ^^^^^^^^ use of unresolved module or unlinked crate `opus_ffi`
[INFO] [stdout]     |
[INFO] [stdout]     = help: if you wanted to use a crate named `opus_ffi`, use `cargo add opus_ffi` to add it to your `Cargo.toml`
[INFO] [stdout] 
[INFO] [stdout] 
[INFO] [stdout] Some errors have detailed explanations: E0432, E0433.
[INFO] [stdout] 
[INFO] [stdout] For more information about an error, try `rustc --explain E0432`.
[INFO] [stdout] 
[INFO] [stderr] error: could not compile `opus-wave` (test "silk_gain_test") due to 3 previous errors
[INFO] [stdout] error[E0432]: unresolved import `opus_ffi`
[INFO] [stdout]   --> tests/correctness_vs_c.rs:13:5
[INFO] [stdout]    |
[INFO] [stdout] 13 | use opus_ffi::{COpusDecoder, COpusEncoder};
[INFO] [stdout]    |     ^^^^^^^^ use of unresolved module or unlinked crate `opus_ffi`
[INFO] [stdout]    |
[INFO] [stdout]    = help: if you wanted to use a crate named `opus_ffi`, use `cargo add opus_ffi` to add it to your `Cargo.toml`
[INFO] [stdout] 
[INFO] [stdout] 
[INFO] [stderr] warning: build failed, waiting for other jobs to finish...
[INFO] [stdout] error[E0432]: unresolved import `opus_ffi`
[INFO] [stdout]  --> tests/a2nlsf_comparison.rs:4:5
[INFO] [stdout]   |
[INFO] [stdout] 4 | use opus_ffi::{c_silk_a2nlsf, c_silk_nlsf_encode_wb, c_silk_nlsf_vq_weights_laroia};
[INFO] [stdout]   |     ^^^^^^^^ use of unresolved module or unlinked crate `opus_ffi`
[INFO] [stdout]   |
[INFO] [stdout]   = help: if you wanted to use a crate named `opus_ffi`, use `cargo add opus_ffi` to add it to your `Cargo.toml`
[INFO] [stdout] 
[INFO] [stdout] 
[INFO] [stdout] For more information about this error, try `rustc --explain E0432`.
[INFO] [stdout] 
[INFO] [stderr] error: could not compile `opus-wave` (test "a2nlsf_comparison") due to 1 previous error
[INFO] [stdout] For more information about this error, try `rustc --explain E0432`.
[INFO] [stdout] 
[INFO] [stderr] error: could not compile `opus-wave` (test "celt_bands_tests") due to 1 previous error
[INFO] [stdout] error[E0432]: unresolved import `opus_ffi`
[INFO] [stdout]   --> tests/celt_quant_energy_tests.rs:11:5
[INFO] [stdout]    |
[INFO] [stdout] 11 | use opus_ffi::*;
[INFO] [stdout]    |     ^^^^^^^^ use of unresolved module or unlinked crate `opus_ffi`
[INFO] [stdout]    |
[INFO] [stdout]    = help: if you wanted to use a crate named `opus_ffi`, use `cargo add opus_ffi` to add it to your `Cargo.toml`
[INFO] [stdout] 
[INFO] [stdout] 
[INFO] [stdout] error[E0432]: unresolved import `opus_ffi`
[INFO] [stdout]  --> tests/celt_rate_tests.rs:6:5
[INFO] [stdout]   |
[INFO] [stdout] 6 | use opus_ffi::*;
[INFO] [stdout]   |     ^^^^^^^^ use of unresolved module or unlinked crate `opus_ffi`
[INFO] [stdout]   |
[INFO] [stdout]   = help: if you wanted to use a crate named `opus_ffi`, use `cargo add opus_ffi` to add it to your `Cargo.toml`
[INFO] [stdout] 
[INFO] [stdout] 
[INFO] [stdout] For more information about this error, try `rustc --explain E0432`.
[INFO] [stdout] 
[INFO] [stdout] For more information about this error, try `rustc --explain E0432`.
[INFO] [stdout] 
[INFO] [stderr] error: could not compile `opus-wave` (test "correctness_vs_c") due to 1 previous error
[INFO] [stdout] error[E0432]: unresolved import `opus_ffi`
[INFO] [stdout]  --> tests/celt_lpc_tests.rs:7:5
[INFO] [stdout]   |
[INFO] [stdout] 7 | use opus_ffi::*;
[INFO] [stdout]   |     ^^^^^^^^ use of unresolved module or unlinked crate `opus_ffi`
[INFO] [stdout]   |
[INFO] [stdout]   = help: if you wanted to use a crate named `opus_ffi`, use `cargo add opus_ffi` to add it to your `Cargo.toml`
[INFO] [stdout] 
[INFO] [stdout] 
[INFO] [stderr] error: could not compile `opus-wave` (test "celt_mdct_tests") due to 1 previous error
[INFO] [stdout] For more information about this error, try `rustc --explain E0432`.
[INFO] [stdout] 
[INFO] [stderr] error: could not compile `opus-wave` (test "celt_fft_tests") due to 1 previous error
[INFO] [stdout] error[E0432]: unresolved import `opus_ffi`
[INFO] [stdout]  --> tests/celt_pitch_tests.rs:8:5
[INFO] [stdout]   |
[INFO] [stdout] 8 | use opus_ffi::*;
[INFO] [stdout]   |     ^^^^^^^^ use of unresolved module or unlinked crate `opus_ffi`
[INFO] [stdout]   |
[INFO] [stdout]   = help: if you wanted to use a crate named `opus_ffi`, use `cargo add opus_ffi` to add it to your `Cargo.toml`
[INFO] [stdout] 
[INFO] [stdout] 
[INFO] [stdout] For more information about this error, try `rustc --explain E0432`.
[INFO] [stdout] 
[INFO] [stdout] For more information about this error, try `rustc --explain E0432`.
[INFO] [stdout] 
[INFO] [stderr] error: could not compile `opus-wave` (test "celt_pitch_tests") due to 1 previous error
[INFO] [stderr] error: could not compile `opus-wave` (test "celt_quant_energy_tests") due to 1 previous error
[INFO] [stdout] For more information about this error, try `rustc --explain E0432`.
[INFO] [stdout] 
[INFO] [stderr] error: could not compile `opus-wave` (test "celt_lpc_tests") due to 1 previous error
[INFO] [stdout] For more information about this error, try `rustc --explain E0432`.
[INFO] [stdout] 
[INFO] [stderr] error: could not compile `opus-wave` (test "celt_rate_tests") due to 1 previous error
[INFO] [stdout] For more information about this error, try `rustc --explain E0432`.
[INFO] [stdout] 
[INFO] [stderr] error: could not compile `opus-wave` (test "celt_mathops_tests") due to 1 previous error
[INFO] running `Command { std: "docker" "inspect" "60f2fc40162dd2391043b8f3acb83814fe63d85adaaac397aa7a59828cef8394", kill_on_drop: false }`
[INFO] running `Command { std: "docker" "rm" "-f" "60f2fc40162dd2391043b8f3acb83814fe63d85adaaac397aa7a59828cef8394", kill_on_drop: false }`
[INFO] [stdout] 60f2fc40162dd2391043b8f3acb83814fe63d85adaaac397aa7a59828cef8394
