[INFO] fetching crate optimizely 0.5.0...
[INFO] testing optimizely-0.5.0 against 1.99.0-beta.8+cargoflags=--release for beta-release-1.100-2
[INFO] extracting crate optimizely 0.5.0 into /workspace/builds/worker-1-tc1/source
[INFO] started tweaking crates.io crate optimizely 0.5.0
[INFO] removed 0 missing tests
[INFO] finished tweaking crates.io crate optimizely 0.5.0
[INFO] tweaked toml for crates.io crate optimizely 0.5.0 written to /workspace/builds/worker-1-tc1/source/Cargo.toml
[INFO] validating manifest of crates.io crate optimizely 0.5.0 on toolchain 1.99.0-beta.8
[INFO] running `Command { std: CARGO_HOME="/workspace/cargo-home" RUSTUP_HOME="/workspace/rustup-home" "/workspace/cargo-home/bin/cargo" "+1.99.0-beta.8" "metadata" "--manifest-path" "Cargo.toml" "--no-deps", kill_on_drop: false }`
[INFO] running `Command { std: CARGO_HOME="/workspace/cargo-home" RUSTUP_HOME="/workspace/rustup-home" "/workspace/cargo-home/bin/cargo" "+1.99.0-beta.8" "generate-lockfile" "--manifest-path" "Cargo.toml", kill_on_drop: false }`
[INFO] [stderr]     Updating crates.io index
[INFO] [stderr]      Locking 101 packages to highest compatible versions
[INFO] [stderr]       Adding error-stack v0.5.0 (available: v0.8.0)
[INFO] [stderr]       Adding ureq v2.12.1 (available: v3.4.2)
[INFO] running `Command { std: CARGO_HOME="/workspace/cargo-home" RUSTUP_HOME="/workspace/rustup-home" "/workspace/cargo-home/bin/cargo" "+1.99.0-beta.8" "fetch" "--manifest-path" "Cargo.toml", kill_on_drop: false }`
[INFO] [stderr]  Downloading crates ...
[INFO] [stderr]   Downloaded murmur3 v0.5.2
[INFO] [stderr]   Downloaded error-stack v0.5.0
[INFO] running `Command { std: "docker" "create" "-v" "/var/lib/crater-agent-workspace/builds/worker-1-tc1/source:/opt/rustwide/workdir:ro,Z" "-v" "/var/lib/crater-agent-workspace/builds/worker-1-tc1/target:/opt/rustwide/target:rw,Z" "-v" "/var/lib/crater-agent-workspace/cargo-home:/opt/rustwide/cargo-home:ro,Z" "-v" "/var/lib/crater-agent-workspace/rustup-home:/opt/rustwide/rustup-home:ro,Z" "-m" "1610612736" "--network" "none" "ghcr.io/rust-lang/crates-build-env/linux@sha256:77db811e55d90add9212f6832c23229e3de5f1c1f9905e8cb07319ea15df73ac" "sleep" "infinity", kill_on_drop: false }`
[INFO] [stdout] 5229cb58a9b5d096f84de0983819396a416606e161f9bfc13deb6f0ea95f52cb
[INFO] running `Command { std: "docker" "start" "5229cb58a9b5d096f84de0983819396a416606e161f9bfc13deb6f0ea95f52cb", kill_on_drop: false }`
[INFO] running `Command { std: "docker" "inspect" "5229cb58a9b5d096f84de0983819396a416606e161f9bfc13deb6f0ea95f52cb", kill_on_drop: false }`
[INFO] running `Command { std: "docker" "exec" "-e" "SOURCE_DIR=/opt/rustwide/workdir" "-e" "CARGO_HOME=/opt/rustwide/cargo-home" "-e" "RUSTUP_HOME=/opt/rustwide/rustup-home" "-e" "CARGO_TARGET_DIR=/opt/rustwide/target" "-w" "/opt/rustwide/workdir" "--user" "0:0" "5229cb58a9b5d096f84de0983819396a416606e161f9bfc13deb6f0ea95f52cb" "/opt/rustwide/cargo-home/bin/cargo" "+1.99.0-beta.8" "metadata" "--no-deps" "--format-version=1", kill_on_drop: false }`
[INFO] running `Command { std: "docker" "inspect" "5229cb58a9b5d096f84de0983819396a416606e161f9bfc13deb6f0ea95f52cb", kill_on_drop: false }`
[INFO] running `Command { std: "docker" "exec" "-e" "SOURCE_DIR=/opt/rustwide/workdir" "-e" "CARGO_HOME=/opt/rustwide/cargo-home" "-e" "RUSTUP_HOME=/opt/rustwide/rustup-home" "-e" "CARGO_TARGET_DIR=/opt/rustwide/target" "-e" "CARGO_INCREMENTAL=0" "-e" "RUST_BACKTRACE=full" "-e" "RUSTFLAGS=--cap-lints=warn" "-e" "RUSTDOCFLAGS=--cap-lints=warn" "-w" "/opt/rustwide/workdir" "--user" "0:0" "5229cb58a9b5d096f84de0983819396a416606e161f9bfc13deb6f0ea95f52cb" "/opt/rustwide/cargo-home/bin/cargo" "+1.99.0-beta.8" "build" "--frozen" "--message-format=json" "--release", kill_on_drop: false }`
[INFO] [stderr]    Compiling getrandom v0.4.3
[INFO] [stderr]    Compiling cpufeatures v0.3.1
[INFO] [stderr]    Compiling thiserror v2.0.21
[INFO] [stderr]    Compiling semver v1.0.28
[INFO] [stderr]    Compiling murmur3 v0.5.2
[INFO] [stderr]    Compiling syn v3.0.9
[INFO] [stderr]    Compiling log v0.4.34
[INFO] [stderr]    Compiling error-stack v0.5.0
[INFO] [stderr]    Compiling serde_json v1.0.154
[INFO] [stderr]    Compiling chacha20 v0.10.2
[INFO] [stderr]    Compiling rand v0.10.3
[INFO] [stderr]    Compiling uuid v1.28.0
[INFO] [stderr]    Compiling thiserror-impl v2.0.21
[INFO] [stderr]    Compiling serde_derive v1.0.229
[INFO] [stderr]    Compiling serde v1.0.229
[INFO] [stderr]    Compiling optimizely v0.5.0 (/opt/rustwide/workdir)
[INFO] [stderr]     Finished `release` profile [optimized] target(s) in 13.41s
[INFO] running `Command { std: "docker" "inspect" "5229cb58a9b5d096f84de0983819396a416606e161f9bfc13deb6f0ea95f52cb", kill_on_drop: false }`
[INFO] running `Command { std: "docker" "exec" "-e" "SOURCE_DIR=/opt/rustwide/workdir" "-e" "CARGO_HOME=/opt/rustwide/cargo-home" "-e" "RUSTUP_HOME=/opt/rustwide/rustup-home" "-e" "CARGO_TARGET_DIR=/opt/rustwide/target" "-e" "CARGO_INCREMENTAL=0" "-e" "RUST_BACKTRACE=full" "-e" "RUSTFLAGS=--cap-lints=warn" "-e" "RUSTDOCFLAGS=--cap-lints=warn" "-w" "/opt/rustwide/workdir" "--user" "0:0" "5229cb58a9b5d096f84de0983819396a416606e161f9bfc13deb6f0ea95f52cb" "/opt/rustwide/cargo-home/bin/cargo" "+1.99.0-beta.8" "test" "--frozen" "--no-run" "--message-format=json" "--release", kill_on_drop: false }`
[INFO] [stderr]    Compiling optimizely v0.5.0 (/opt/rustwide/workdir)
[INFO] [stdout] error[E0432]: unresolved imports `optimizely::event_api`, `optimizely::Conversion`
[INFO] [stdout]   --> tests/common/mod.rs:9:39
[INFO] [stdout]    |
[INFO] [stdout]  9 | use optimizely::{client::UserContext, event_api::EventDispatcher, Client, Conversion, Decision};
[INFO] [stdout]    |                                       ^^^^^^^^^                           ^^^^^^^^^^ no `Conversion` in the root
[INFO] [stdout]    |                                       |
[INFO] [stdout]    |                                       could not find `event_api` in `optimizely`
[INFO] [stdout]    |
[INFO] [stdout] note: found an item that was configured out
[INFO] [stdout]   --> src/lib.rs:19:9
[INFO] [stdout]    |
[INFO] [stdout] 18 | #[cfg(feature = "online")]
[INFO] [stdout]    |       ------------------ the item is gated behind the `online` feature
[INFO] [stdout] 19 | pub mod event_api;
[INFO] [stdout]    |         ^^^^^^^^^
[INFO] [stdout] 
[INFO] [stdout] 
[INFO] [stdout] For more information about this error, try `rustc --explain E0432`.
[INFO] [stdout] 
[INFO] [stderr] error: could not compile `optimizely` (test "user_context") due to 1 previous error
[INFO] [stderr] warning: build failed, waiting for other jobs to finish...
[INFO] [stdout] error[E0432]: unresolved imports `optimizely::event_api`, `optimizely::Conversion`
[INFO] [stdout]   --> tests/common/mod.rs:9:39
[INFO] [stdout]    |
[INFO] [stdout]  9 | use optimizely::{client::UserContext, event_api::EventDispatcher, Client, Conversion, Decision};
[INFO] [stdout]    |                                       ^^^^^^^^^                           ^^^^^^^^^^ no `Conversion` in the root
[INFO] [stdout]    |                                       |
[INFO] [stdout]    |                                       could not find `event_api` in `optimizely`
[INFO] [stdout]    |
[INFO] [stdout] note: found an item that was configured out
[INFO] [stdout]   --> src/lib.rs:19:9
[INFO] [stdout]    |
[INFO] [stdout] 18 | #[cfg(feature = "online")]
[INFO] [stdout]    |       ------------------ the item is gated behind the `online` feature
[INFO] [stdout] 19 | pub mod event_api;
[INFO] [stdout]    |         ^^^^^^^^^
[INFO] [stdout] 
[INFO] [stdout] 
[INFO] [stdout] For more information about this error, try `rustc --explain E0432`.
[INFO] [stdout] 
[INFO] [stderr] error: could not compile `optimizely` (test "client_initialization") due to 1 previous error
[INFO] [stdout] error[E0432]: unresolved imports `optimizely::event_api`, `optimizely::Conversion`
[INFO] [stdout]   --> tests/common/mod.rs:9:39
[INFO] [stdout]    |
[INFO] [stdout]  9 | use optimizely::{client::UserContext, event_api::EventDispatcher, Client, Conversion, Decision};
[INFO] [stdout]    |                                       ^^^^^^^^^                           ^^^^^^^^^^ no `Conversion` in the root
[INFO] [stdout]    |                                       |
[INFO] [stdout]    |                                       could not find `event_api` in `optimizely`
[INFO] [stdout]    |
[INFO] [stdout] note: found an item that was configured out
[INFO] [stdout]   --> src/lib.rs:19:9
[INFO] [stdout]    |
[INFO] [stdout] 18 | #[cfg(feature = "online")]
[INFO] [stdout]    |       ------------------ the item is gated behind the `online` feature
[INFO] [stdout] 19 | pub mod event_api;
[INFO] [stdout]    |         ^^^^^^^^^
[INFO] [stdout] 
[INFO] [stdout] 
[INFO] [stdout] For more information about this error, try `rustc --explain E0432`.
[INFO] [stdout] 
[INFO] [stderr] error: could not compile `optimizely` (test "decisions") due to 1 previous error
[INFO] running `Command { std: "docker" "inspect" "5229cb58a9b5d096f84de0983819396a416606e161f9bfc13deb6f0ea95f52cb", kill_on_drop: false }`
[INFO] running `Command { std: "docker" "rm" "-f" "5229cb58a9b5d096f84de0983819396a416606e161f9bfc13deb6f0ea95f52cb", kill_on_drop: false }`
[INFO] [stdout] 5229cb58a9b5d096f84de0983819396a416606e161f9bfc13deb6f0ea95f52cb
