[INFO] fetching crate opensubdiv-petite 0.3.1...
[INFO] testing opensubdiv-petite-0.3.1 against 1.100.0-beta.1+cargoflags=--release for beta-release-1.100-2
[INFO] extracting crate opensubdiv-petite 0.3.1 into /workspace/builds/worker-2-tc2/source
[INFO] started tweaking crates.io crate opensubdiv-petite 0.3.1
[INFO] removed 0 missing examples
[INFO] removed 0 missing tests
[INFO] finished tweaking crates.io crate opensubdiv-petite 0.3.1
[INFO] tweaked toml for crates.io crate opensubdiv-petite 0.3.1 written to /workspace/builds/worker-2-tc2/source/Cargo.toml
[INFO] validating manifest of crates.io crate opensubdiv-petite 0.3.1 on toolchain 1.100.0-beta.1
[INFO] running `Command { std: CARGO_HOME="/workspace/cargo-home" RUSTUP_HOME="/workspace/rustup-home" "/workspace/cargo-home/bin/cargo" "+1.100.0-beta.1" "metadata" "--manifest-path" "Cargo.toml" "--no-deps", kill_on_drop: false }`
[INFO] crate crates.io crate opensubdiv-petite 0.3.1 already has a lockfile, it will not be regenerated
[INFO] running `Command { std: CARGO_HOME="/workspace/cargo-home" RUSTUP_HOME="/workspace/rustup-home" "/workspace/cargo-home/bin/cargo" "+1.100.0-beta.1" "fetch" "--manifest-path" "Cargo.toml", kill_on_drop: false }`
[INFO] running `Command { std: "docker" "create" "-v" "/var/lib/crater-agent-workspace/builds/worker-2-tc2/source:/opt/rustwide/workdir:ro,Z" "-v" "/var/lib/crater-agent-workspace/builds/worker-2-tc2/target:/opt/rustwide/target:rw,Z" "-v" "/var/lib/crater-agent-workspace/cargo-home:/opt/rustwide/cargo-home:ro,Z" "-v" "/var/lib/crater-agent-workspace/rustup-home:/opt/rustwide/rustup-home:ro,Z" "-m" "1610612736" "--network" "none" "ghcr.io/rust-lang/crates-build-env/linux@sha256:77db811e55d90add9212f6832c23229e3de5f1c1f9905e8cb07319ea15df73ac" "sleep" "infinity", kill_on_drop: false }`
[INFO] [stdout] 98aba121ed08f8f5221cb06bfa26376e47dde083327b937c5e8991dbc4cd57bf
[INFO] running `Command { std: "docker" "start" "98aba121ed08f8f5221cb06bfa26376e47dde083327b937c5e8991dbc4cd57bf", kill_on_drop: false }`
[INFO] running `Command { std: "docker" "inspect" "98aba121ed08f8f5221cb06bfa26376e47dde083327b937c5e8991dbc4cd57bf", kill_on_drop: false }`
[INFO] running `Command { std: "docker" "exec" "-e" "SOURCE_DIR=/opt/rustwide/workdir" "-e" "CARGO_HOME=/opt/rustwide/cargo-home" "-e" "RUSTUP_HOME=/opt/rustwide/rustup-home" "-e" "CARGO_TARGET_DIR=/opt/rustwide/target" "-w" "/opt/rustwide/workdir" "--user" "0:0" "98aba121ed08f8f5221cb06bfa26376e47dde083327b937c5e8991dbc4cd57bf" "/opt/rustwide/cargo-home/bin/cargo" "+1.100.0-beta.1" "metadata" "--no-deps" "--format-version=1", kill_on_drop: false }`
[INFO] running `Command { std: "docker" "inspect" "98aba121ed08f8f5221cb06bfa26376e47dde083327b937c5e8991dbc4cd57bf", kill_on_drop: false }`
[INFO] running `Command { std: "docker" "exec" "-e" "SOURCE_DIR=/opt/rustwide/workdir" "-e" "CARGO_HOME=/opt/rustwide/cargo-home" "-e" "RUSTUP_HOME=/opt/rustwide/rustup-home" "-e" "CARGO_TARGET_DIR=/opt/rustwide/target" "-e" "CARGO_INCREMENTAL=0" "-e" "RUST_BACKTRACE=full" "-e" "RUSTFLAGS=--cap-lints=warn" "-e" "RUSTDOCFLAGS=--cap-lints=warn" "-w" "/opt/rustwide/workdir" "--user" "0:0" "98aba121ed08f8f5221cb06bfa26376e47dde083327b937c5e8991dbc4cd57bf" "/opt/rustwide/cargo-home/bin/cargo" "+1.100.0-beta.1" "build" "--frozen" "--message-format=json" "--release", kill_on_drop: false }`
[INFO] [stderr]    Compiling libc v0.2.182
[INFO] [stderr]    Compiling glob v0.3.3
[INFO] [stderr]    Compiling hashbrown v0.16.1
[INFO] [stderr]    Compiling winnow v0.7.14
[INFO] [stderr]    Compiling memchr v2.8.0
[INFO] [stderr]    Compiling regex-syntax v0.8.10
[INFO] [stderr]    Compiling toml_datetime v0.7.5+spec-1.1.0
[INFO] [stderr]    Compiling either v1.15.0
[INFO] [stderr]    Compiling quote v1.0.44
[INFO] [stderr]    Compiling rustc-hash v2.1.1
[INFO] [stderr]    Compiling convert_case v0.10.0
[INFO] [stderr]    Compiling syn v2.0.117
[INFO] [stderr]    Compiling itertools v0.13.0
[INFO] [stderr]    Compiling clang-sys v1.8.1
[INFO] [stderr]    Compiling bindgen v0.72.1
[INFO] [stderr]    Compiling nom v7.1.3
[INFO] [stderr]    Compiling indexmap v2.13.0
[INFO] [stderr]    Compiling regex-automata v0.4.14
[INFO] [stderr]    Compiling jobserver v0.1.34
[INFO] [stderr]    Compiling cc v1.2.56
[INFO] [stderr]    Compiling toml_parser v1.0.9+spec-1.1.0
[INFO] [stderr]    Compiling cexpr v0.6.0
[INFO] [stderr]    Compiling toml_edit v0.23.10+spec-1.0.0
[INFO] [stderr]    Compiling cmake v0.1.57
[INFO] [stderr]    Compiling regex v1.12.3
[INFO] [stderr]    Compiling proc-macro-crate v3.4.0
[INFO] [stderr]    Compiling prettyplease v0.2.37
[INFO] [stderr]    Compiling derive_more-impl v2.1.1
[INFO] [stderr]    Compiling num_enum_derive v0.7.5
[INFO] [stderr]    Compiling thiserror-impl v2.0.18
[INFO] [stderr]    Compiling bytemuck_derive v1.10.2
[INFO] [stderr]    Compiling num_enum v0.7.5
[INFO] [stderr]    Compiling bytemuck v1.25.0
[INFO] [stderr]    Compiling thiserror v2.0.18
[INFO] [stderr]    Compiling derive_more v2.1.1
[INFO] [stderr]    Compiling opensubdiv-petite-sys v0.3.1
[INFO] [stderr]    Compiling opensubdiv-petite v0.3.1 (/opt/rustwide/workdir)
[INFO] [stderr]     Finished `release` profile [optimized] target(s) in 32.17s
[INFO] running `Command { std: "docker" "inspect" "98aba121ed08f8f5221cb06bfa26376e47dde083327b937c5e8991dbc4cd57bf", kill_on_drop: false }`
[INFO] running `Command { std: "docker" "exec" "-e" "SOURCE_DIR=/opt/rustwide/workdir" "-e" "CARGO_HOME=/opt/rustwide/cargo-home" "-e" "RUSTUP_HOME=/opt/rustwide/rustup-home" "-e" "CARGO_TARGET_DIR=/opt/rustwide/target" "-e" "CARGO_INCREMENTAL=0" "-e" "RUST_BACKTRACE=full" "-e" "RUSTFLAGS=--cap-lints=warn" "-e" "RUSTDOCFLAGS=--cap-lints=warn" "-w" "/opt/rustwide/workdir" "--user" "0:0" "98aba121ed08f8f5221cb06bfa26376e47dde083327b937c5e8991dbc4cd57bf" "/opt/rustwide/cargo-home/bin/cargo" "+1.100.0-beta.1" "test" "--frozen" "--no-run" "--message-format=json" "--release", kill_on_drop: false }`
[INFO] [stderr]    Compiling syn v1.0.109
[INFO] [stderr]    Compiling cgmath v0.18.0
[INFO] [stderr]    Compiling zerocopy v0.8.40
[INFO] [stderr]    Compiling regex-syntax v0.8.10
[INFO] [stderr]    Compiling num-traits v0.2.19
[INFO] [stderr]    Compiling libc v0.2.182
[INFO] [stderr]    Compiling serde_derive v1.0.228
[INFO] [stderr]    Compiling aho-corasick v1.1.4
[INFO] [stderr]    Compiling katexit v0.1.5
[INFO] [stderr]    Compiling proc-macro-error-attr v1.0.4
[INFO] [stderr]    Compiling xxhash-rust v0.8.15
[INFO] [stderr]    Compiling rayon-core v1.13.0
[INFO] [stderr]    Compiling branches v0.4.4
[INFO] [stderr]    Compiling winnow v0.5.40
[INFO] [stderr]    Compiling toml_datetime v0.6.11
[INFO] [stderr]    Compiling regex-automata v0.4.14
[INFO] [stderr]    Compiling once_cell v1.21.3
[INFO] [stderr]    Compiling lazy_static v1.5.0
[INFO] [stderr]    Compiling rclite v0.4.1
[INFO] [stderr]    Compiling thiserror-impl v1.0.69
[INFO] [stderr]    Compiling array-macro v2.1.8
[INFO] [stderr]    Compiling convert_case v0.4.0
[INFO] [stderr]    Compiling nom v7.1.3
[INFO] [stderr]    Compiling itertools v0.10.5
[INFO] [stderr]    Compiling glam v0.32.1
[INFO] [stderr]    Compiling rayon v1.11.0
[INFO] [stderr]    Compiling derive_more v0.99.20
[INFO] [stderr]    Compiling approx v0.4.0
[INFO] [stderr]    Compiling getrandom v0.3.4
[INFO] [stderr]    Compiling num-complex v0.4.6
[INFO] [stderr]    Compiling rand_core v0.9.5
[INFO] [stderr]    Compiling parking_lot_core v0.9.12
[INFO] [stderr]    Compiling chrono v0.4.44
[INFO] [stderr]    Compiling pollster v0.4.0
[INFO] [stderr]    Compiling thiserror v1.0.69
[INFO] [stderr]    Compiling parking_lot v0.12.5
[INFO] [stderr]    Compiling proc-macro-error v1.0.4
[INFO] [stderr]    Compiling toml_edit v0.19.15
[INFO] [stderr]    Compiling monstertruck-derive v0.3.0
[INFO] [stderr]    Compiling derive-new v0.5.9
[INFO] [stderr]    Compiling serde v1.0.228
[INFO] [stderr]    Compiling proc-macro-crate v1.3.1
[INFO] [stderr]    Compiling regex v1.12.3
[INFO] [stderr]    Compiling Inflector v0.11.4
[INFO] [stderr]    Compiling bindgen v0.72.1
[INFO] [stderr]    Compiling ruststep-derive v0.4.0
[INFO] [stderr]    Compiling ruststep v0.4.0
[INFO] [stderr]    Compiling ppv-lite86 v0.2.21
[INFO] [stderr]    Compiling matext4cgmath v0.1.0
[INFO] [stderr]    Compiling monstertruck-core v0.3.0
[INFO] [stderr]    Compiling rand_chacha v0.9.0
[INFO] [stderr]    Compiling rand v0.9.2
[INFO] [stderr]    Compiling monstertruck-assembly v0.3.0
[INFO] [stderr]    Compiling monstertruck-traits v0.3.0
[INFO] [stderr]    Compiling monstertruck-topology v0.3.0
[INFO] [stderr]    Compiling monstertruck-mesh v0.3.0
[INFO] [stderr]    Compiling monstertruck-geometry v0.3.0
[INFO] [stderr]    Compiling opensubdiv-petite-sys v0.3.1
[INFO] [stderr]    Compiling monstertruck-modeling v0.3.0
[INFO] [stderr]    Compiling monstertruck-step v0.3.0
[INFO] [stderr]    Compiling monstertruck v0.3.0
[INFO] [stderr]    Compiling opensubdiv-petite v0.3.1 (/opt/rustwide/workdir)
[INFO] [stdout] warning: unused imports: `AdaptiveRefinementOptions`, `EndCapType`, `PatchTableOptions`, `PatchTable`, `PrimvarRefiner`, `TopologyDescriptor`, `TopologyRefinerOptions`, and `TopologyRefiner`
[INFO] [stdout]  --> examples/cube_export.rs:4:5
[INFO] [stdout]   |
[INFO] [stdout] 4 |     AdaptiveRefinementOptions, EndCapType, PatchTable, PatchTableOptions, PrimvarRefiner,
[INFO] [stdout]   |     ^^^^^^^^^^^^^^^^^^^^^^^^^  ^^^^^^^^^^  ^^^^^^^^^^  ^^^^^^^^^^^^^^^^^  ^^^^^^^^^^^^^^
[INFO] [stdout] 5 |     TopologyDescriptor, TopologyRefiner, TopologyRefinerOptions,
[INFO] [stdout]   |     ^^^^^^^^^^^^^^^^^^  ^^^^^^^^^^^^^^^  ^^^^^^^^^^^^^^^^^^^^^^
[INFO] [stdout]   |
[INFO] [stdout]   = note: `#[warn(unused_imports)]` (part of `#[warn(unused)]`) on by default
[INFO] [stdout] 
[INFO] [stdout] 
[INFO] [stdout] warning: unused imports: `AdaptiveRefinementOptions`, `EndCapType`, `PatchTableOptions`, `PatchTable`, `PrimvarRefiner`, `TopologyDescriptor`, `TopologyRefinerOptions`, and `TopologyRefiner`
[INFO] [stdout]  --> examples/extraordinary_vertices.rs:4:5
[INFO] [stdout]   |
[INFO] [stdout] 4 |     AdaptiveRefinementOptions, EndCapType, PatchTable, PatchTableOptions, PrimvarRefiner,
[INFO] [stdout]   |     ^^^^^^^^^^^^^^^^^^^^^^^^^  ^^^^^^^^^^  ^^^^^^^^^^  ^^^^^^^^^^^^^^^^^  ^^^^^^^^^^^^^^
[INFO] [stdout] 5 |     TopologyDescriptor, TopologyRefiner, TopologyRefinerOptions,
[INFO] [stdout]   |     ^^^^^^^^^^^^^^^^^^  ^^^^^^^^^^^^^^^  ^^^^^^^^^^^^^^^^^^^^^^
[INFO] [stdout]   |
[INFO] [stdout]   = note: `#[warn(unused_imports)]` (part of `#[warn(unused)]`) on by default
[INFO] [stdout] 
[INFO] [stdout] 
[INFO] [stdout] error[E0432]: unresolved import `opensubdiv_petite::monstertruck`
[INFO] [stdout]    --> examples/infinite_crease_cube.rs:16:24
[INFO] [stdout]     |
[INFO] [stdout]  16 | use opensubdiv_petite::monstertruck::PatchTableExt;
[INFO] [stdout]     |                        ^^^^^^^^^^^^ could not find `monstertruck` in `opensubdiv_petite`
[INFO] [stdout]     |
[INFO] [stdout] note: found an item that was configured out
[INFO] [stdout]    --> src/lib.rs:113:9
[INFO] [stdout]     |
[INFO] [stdout] 112 | #[cfg(feature = "monstertruck")]
[INFO] [stdout]     |       ------------------------ the item is gated behind the `monstertruck` feature
[INFO] [stdout] 113 | pub mod monstertruck;
[INFO] [stdout]     |         ^^^^^^^^^^^^
[INFO] [stdout] 
[INFO] [stdout] 
[INFO] [stdout] error[E0432]: unresolved import `opensubdiv_petite::monstertruck`
[INFO] [stdout]    --> tests/cube_export.rs:8:24
[INFO] [stdout]     |
[INFO] [stdout]   8 | use opensubdiv_petite::monstertruck::{bfr_regular_surfaces, PatchTableExt};
[INFO] [stdout]     |                        ^^^^^^^^^^^^ could not find `monstertruck` in `opensubdiv_petite`
[INFO] [stdout]     |
[INFO] [stdout] note: found an item that was configured out
[INFO] [stdout]    --> src/lib.rs:113:9
[INFO] [stdout]     |
[INFO] [stdout] 112 | #[cfg(feature = "monstertruck")]
[INFO] [stdout]     |       ------------------------ the item is gated behind the `monstertruck` feature
[INFO] [stdout] 113 | pub mod monstertruck;
[INFO] [stdout]     |         ^^^^^^^^^^^^
[INFO] [stdout] 
[INFO] [stdout] 
[INFO] [stdout] error[E0432]: unresolved import `opensubdiv_petite::monstertruck`
[INFO] [stdout]    --> examples/creased_cube_export.rs:7:24
[INFO] [stdout]     |
[INFO] [stdout]   7 | use opensubdiv_petite::monstertruck::{
[INFO] [stdout]     |                        ^^^^^^^^^^^^ could not find `monstertruck` in `opensubdiv_petite`
[INFO] [stdout]     |
[INFO] [stdout] note: found an item that was configured out
[INFO] [stdout]    --> src/lib.rs:113:9
[INFO] [stdout]     |
[INFO] [stdout] 112 | #[cfg(feature = "monstertruck")]
[INFO] [stdout]     |       ------------------------ the item is gated behind the `monstertruck` feature
[INFO] [stdout] 113 | pub mod monstertruck;
[INFO] [stdout]     |         ^^^^^^^^^^^^
[INFO] [stdout] 
[INFO] [stdout] 
[INFO] [stdout] error[E0599]: no method named `to_monstertruck_shell` found for struct `PatchTable` in the current scope
[INFO] [stdout]    --> examples/infinite_crease_cube.rs:155:23
[INFO] [stdout]     |
[INFO] [stdout] 155 |     match patch_table.to_monstertruck_shell(&all_vertices) {
[INFO] [stdout]     |                       ^^^^^^^^^^^^^^^^^^^^^ method not found in `PatchTable`
[INFO] [stdout] 
[INFO] [stdout] 
[INFO] [stdout] Some errors have detailed explanations: E0432, E0599.
[INFO] [stdout] 
[INFO] [stdout] For more information about an error, try `rustc --explain E0432`.
[INFO] [stdout] 
[INFO] [stdout] error[E0599]: no method named `to_monstertruck_shell` found for struct `PatchTable` in the current scope
[INFO] [stdout]    --> examples/creased_cube_export.rs:162:40
[INFO] [stdout]     |
[INFO] [stdout] 162 |         if let Ok(shell) = patch_table.to_monstertruck_shell(&all_vertices) {
[INFO] [stdout]     |                                        ^^^^^^^^^^^^^^^^^^^^^ method not found in `PatchTable`
[INFO] [stdout] 
[INFO] [stdout] 
[INFO] [stdout] error[E0599]: no method named `to_monstertruck_shell` found for struct `PatchTable` in the current scope
[INFO] [stdout]    --> tests/cube_export.rs:140:23
[INFO] [stdout]     |
[INFO] [stdout] 140 |     match patch_table.to_monstertruck_shell(&all_vertices) {
[INFO] [stdout]     |                       ^^^^^^^^^^^^^^^^^^^^^ method not found in `PatchTable`
[INFO] [stdout] 
[INFO] [stdout] 
[INFO] [stderr] error: could not compile `opensubdiv-petite` (example "infinite_crease_cube") due to 2 previous errors
[INFO] [stderr] warning: build failed, waiting for other jobs to finish...
[INFO] [stdout] error[E0599]: no method named `to_monstertruck_shell_with_gap_filling` found for struct `PatchTable` in the current scope
[INFO] [stdout]    --> tests/cube_export.rs:153:23
[INFO] [stdout]     |
[INFO] [stdout] 153 |     match patch_table.to_monstertruck_shell_with_gap_filling(&all_vertices) {
[INFO] [stdout]     |                       ^^^^^^^^^^^^^^^^^^^^^^^^^^^^^^^^^^^^^^ method not found in `PatchTable`
[INFO] [stdout] 
[INFO] [stdout] 
[INFO] [stdout] error[E0599]: no method named `to_monstertruck_surfaces_bfr_mixed` found for struct `PatchTable` in the current scope
[INFO] [stdout]    --> examples/creased_cube_export.rs:196:23
[INFO] [stdout]     |
[INFO] [stdout] 196 |     match patch_table.to_monstertruck_surfaces_bfr_mixed(&refiner, &all_vertices, 0, approx_sharp) {
[INFO] [stdout]     |                       ^^^^^^^^^^^^^^^^^^^^^^^^^^^^^^^^^^ method not found in `PatchTable`
[INFO] [stdout] 
[INFO] [stdout] 
[INFO] [stdout] error[E0599]: no method named `to_monstertruck_surfaces_bfr_mixed` found for struct `PatchTable` in the current scope
[INFO] [stdout]    --> tests/cube_export.rs:186:23
[INFO] [stdout]     |
[INFO] [stdout] 186 |     match patch_table.to_monstertruck_surfaces_bfr_mixed(&refiner, &all_vertices, 0, 0) {
[INFO] [stdout]     |                       ^^^^^^^^^^^^^^^^^^^^^^^^^^^^^^^^^^ method not found in `PatchTable`
[INFO] [stdout] 
[INFO] [stdout] 
[INFO] [stdout] error[E0599]: no method named `to_monstertruck_shell_stitched` found for struct `PatchTable` in the current scope
[INFO] [stdout]    --> tests/cube_export.rs:205:23
[INFO] [stdout]     |
[INFO] [stdout] 205 |     match patch_table.to_monstertruck_shell_stitched(&all_vertices) {
[INFO] [stdout]     |                       ^^^^^^^^^^^^^^^^^^^^^^^^^^^^^^ method not found in `PatchTable`
[INFO] [stdout] 
[INFO] [stdout] 
[INFO] [stdout] error[E0599]: no method named `to_monstertruck_shell` found for struct `PatchTable` in the current scope
[INFO] [stdout]    --> examples/creased_cube_export.rs:217:31
[INFO] [stdout]     |
[INFO] [stdout] 217 |             match patch_table.to_monstertruck_shell(&all_vertices) {
[INFO] [stdout]     |                               ^^^^^^^^^^^^^^^^^^^^^ method not found in `PatchTable`
[INFO] [stdout] 
[INFO] [stdout] 
[INFO] [stdout] Some errors have detailed explanations: E0432, E0599.
[INFO] [stdout] 
[INFO] [stdout] For more information about an error, try `rustc --explain E0432`.
[INFO] [stdout] 
[INFO] [stderr] error: could not compile `opensubdiv-petite` (test "cube_export") due to 5 previous errors
[INFO] [stdout] error[E0599]: no method named `to_monstertruck_shell` found for struct `PatchTable` in the current scope
[INFO] [stdout]    --> examples/creased_cube_export.rs:255:44
[INFO] [stdout]     |
[INFO] [stdout] 255 |             if let Ok(shell) = patch_table.to_monstertruck_shell(&all_vertices) {
[INFO] [stdout]     |                                            ^^^^^^^^^^^^^^^^^^^^^ method not found in `PatchTable`
[INFO] [stdout] 
[INFO] [stdout] 
[INFO] [stdout] error[E0599]: no method named `to_monstertruck_shell_stitched` found for struct `PatchTable` in the current scope
[INFO] [stdout]    --> examples/creased_cube_export.rs:268:23
[INFO] [stdout]     |
[INFO] [stdout] 268 |     match patch_table.to_monstertruck_shell_stitched(&all_vertices) {
[INFO] [stdout]     |                       ^^^^^^^^^^^^^^^^^^^^^^^^^^^^^^ method not found in `PatchTable`
[INFO] [stdout] 
[INFO] [stdout] 
[INFO] [stdout] error[E0599]: no method named `to_step_shell` found for struct `PatchTable` in the current scope
[INFO] [stdout]    --> examples/creased_cube_export.rs:286:23
[INFO] [stdout]     |
[INFO] [stdout] 286 |     match patch_table.to_step_shell(&all_vertices, StepExportOptions::default()) {
[INFO] [stdout]     |                       ^^^^^^^^^^^^^ method not found in `PatchTable`
[INFO] [stdout] 
[INFO] [stdout] 
[INFO] [stdout] error[E0599]: no method named `to_step_shell` found for struct `PatchTable` in the current scope
[INFO] [stdout]    --> examples/creased_cube_export.rs:300:23
[INFO] [stdout]     |
[INFO] [stdout] 300 |     match patch_table.to_step_shell(
[INFO] [stdout]     |                       ^^^^^^^^^^^^^ method not found in `PatchTable`
[INFO] [stdout] 
[INFO] [stdout] 
[INFO] [stdout] error[E0599]: no method named `to_step_shell` found for struct `PatchTable` in the current scope
[INFO] [stdout]    --> examples/creased_cube_export.rs:321:23
[INFO] [stdout]     |
[INFO] [stdout] 321 |     match patch_table.to_step_shell(
[INFO] [stdout]     |                       ^^^^^^^^^^^^^ method not found in `PatchTable`
[INFO] [stdout] 
[INFO] [stdout] 
[INFO] [stdout] Some errors have detailed explanations: E0432, E0599.
[INFO] [stdout] 
[INFO] [stdout] For more information about an error, try `rustc --explain E0432`.
[INFO] [stdout] 
[INFO] [stderr] error: could not compile `opensubdiv-petite` (example "creased_cube_export") due to 9 previous errors
[INFO] running `Command { std: "docker" "inspect" "98aba121ed08f8f5221cb06bfa26376e47dde083327b937c5e8991dbc4cd57bf", kill_on_drop: false }`
[INFO] running `Command { std: "docker" "rm" "-f" "98aba121ed08f8f5221cb06bfa26376e47dde083327b937c5e8991dbc4cd57bf", kill_on_drop: false }`
[INFO] [stdout] 98aba121ed08f8f5221cb06bfa26376e47dde083327b937c5e8991dbc4cd57bf
