[INFO] fetching crate openssl-verify 0.2.0...
[INFO] testing openssl-verify-0.2.0 against 1.99.0-beta.8+cargoflags=--release for beta-release-1.100-2
[INFO] extracting crate openssl-verify 0.2.0 into /workspace/builds/worker-3-tc1/source
[INFO] started tweaking crates.io crate openssl-verify 0.2.0
[INFO] finished tweaking crates.io crate openssl-verify 0.2.0
[INFO] tweaked toml for crates.io crate openssl-verify 0.2.0 written to /workspace/builds/worker-3-tc1/source/Cargo.toml
[INFO] validating manifest of crates.io crate openssl-verify 0.2.0 on toolchain 1.99.0-beta.8
[INFO] running `Command { std: CARGO_HOME="/workspace/cargo-home" RUSTUP_HOME="/workspace/rustup-home" "/workspace/cargo-home/bin/cargo" "+1.99.0-beta.8" "metadata" "--manifest-path" "Cargo.toml" "--no-deps", kill_on_drop: false }`
[INFO] running `Command { std: CARGO_HOME="/workspace/cargo-home" RUSTUP_HOME="/workspace/rustup-home" "/workspace/cargo-home/bin/cargo" "+1.99.0-beta.8" "generate-lockfile" "--manifest-path" "Cargo.toml", kill_on_drop: false }`
[INFO] [stderr]     Updating crates.io index
[INFO] [stderr]      Locking 25 packages to highest compatible versions
[INFO] [stderr]       Adding openssl v0.8.3 (available: v0.10.81)
[INFO] running `Command { std: CARGO_HOME="/workspace/cargo-home" RUSTUP_HOME="/workspace/rustup-home" "/workspace/cargo-home/bin/cargo" "+1.99.0-beta.8" "fetch" "--manifest-path" "Cargo.toml", kill_on_drop: false }`
[INFO] [stderr] warning: Cargo.toml: `package.edition` is unspecified, defaulting to `2015` while the latest is `2024`
[INFO] [stderr] warning: `openssl-verify` (manifest) generated 1 warning
[INFO] [stderr]  Downloading crates ...
[INFO] [stderr]   Downloaded pnacl-build-helper v1.4.11
[INFO] [stderr]   Downloaded user32-sys v0.2.0
[INFO] [stderr]   Downloaded openssl-sys v0.7.17
[INFO] [stderr]   Downloaded openssl v0.8.3
[INFO] [stderr]   Downloaded same-file v0.1.3
[INFO] [stderr]   Downloaded tempdir v0.3.7
[INFO] [stderr]   Downloaded gdi32-sys v0.2.0
[INFO] [stderr]   Downloaded walkdir v1.0.7
[INFO] [stderr]   Downloaded libressl-pnacl-sys v2.1.6
[INFO] running `Command { std: "docker" "create" "-v" "/var/lib/crater-agent-workspace/builds/worker-3-tc1/source:/opt/rustwide/workdir:ro,Z" "-v" "/var/lib/crater-agent-workspace/builds/worker-3-tc1/target:/opt/rustwide/target:rw,Z" "-v" "/var/lib/crater-agent-workspace/cargo-home:/opt/rustwide/cargo-home:ro,Z" "-v" "/var/lib/crater-agent-workspace/rustup-home:/opt/rustwide/rustup-home:ro,Z" "-m" "1610612736" "--network" "none" "ghcr.io/rust-lang/crates-build-env/linux@sha256:77db811e55d90add9212f6832c23229e3de5f1c1f9905e8cb07319ea15df73ac" "sleep" "infinity", kill_on_drop: false }`
[INFO] [stdout] 3b5c6f27085911c6dc481902f5245e1258d19ba68d39bcea348b68baabb33f06
[INFO] running `Command { std: "docker" "start" "3b5c6f27085911c6dc481902f5245e1258d19ba68d39bcea348b68baabb33f06", kill_on_drop: false }`
[INFO] running `Command { std: "docker" "inspect" "3b5c6f27085911c6dc481902f5245e1258d19ba68d39bcea348b68baabb33f06", kill_on_drop: false }`
[INFO] running `Command { std: "docker" "exec" "-e" "SOURCE_DIR=/opt/rustwide/workdir" "-e" "CARGO_HOME=/opt/rustwide/cargo-home" "-e" "RUSTUP_HOME=/opt/rustwide/rustup-home" "-e" "CARGO_TARGET_DIR=/opt/rustwide/target" "-w" "/opt/rustwide/workdir" "--user" "0:0" "3b5c6f27085911c6dc481902f5245e1258d19ba68d39bcea348b68baabb33f06" "/opt/rustwide/cargo-home/bin/cargo" "+1.99.0-beta.8" "metadata" "--no-deps" "--format-version=1", kill_on_drop: false }`
[INFO] running `Command { std: "docker" "inspect" "3b5c6f27085911c6dc481902f5245e1258d19ba68d39bcea348b68baabb33f06", kill_on_drop: false }`
[INFO] running `Command { std: "docker" "exec" "-e" "SOURCE_DIR=/opt/rustwide/workdir" "-e" "CARGO_HOME=/opt/rustwide/cargo-home" "-e" "RUSTUP_HOME=/opt/rustwide/rustup-home" "-e" "CARGO_TARGET_DIR=/opt/rustwide/target" "-e" "CARGO_INCREMENTAL=0" "-e" "RUST_BACKTRACE=full" "-e" "RUSTFLAGS=--cap-lints=warn" "-e" "RUSTDOCFLAGS=--cap-lints=warn" "-w" "/opt/rustwide/workdir" "--user" "0:0" "3b5c6f27085911c6dc481902f5245e1258d19ba68d39bcea348b68baabb33f06" "/opt/rustwide/cargo-home/bin/cargo" "+1.99.0-beta.8" "build" "--frozen" "--message-format=json" "--release", kill_on_drop: false }`
[INFO] [stderr] warning: Cargo.toml: `package.edition` is unspecified, defaulting to `2015` while the latest is `2024`
[INFO] [stderr] warning: `openssl-verify` (manifest) generated 1 warning
[INFO] [stderr]    Compiling openssl-sys v0.7.17
[INFO] [stderr]    Compiling openssl v0.8.3
[INFO] [stderr]    Compiling bitflags v0.7.0
[INFO] [stderr]    Compiling lazy_static v0.2.11
[INFO] [stderr]    Compiling openssl-verify v0.2.0 (/opt/rustwide/workdir)
[INFO] [stderr]     Finished `release` profile [optimized] target(s) in 1.78s
[INFO] [stderr] warning: the following packages contain code that will be rejected by a future version of Rust: bitflags v0.7.0
[INFO] [stderr] note: to see what the problems were, use the option `--future-incompat-report`, or run `cargo report future-incompatibilities --id 2`
[INFO] running `Command { std: "docker" "inspect" "3b5c6f27085911c6dc481902f5245e1258d19ba68d39bcea348b68baabb33f06", kill_on_drop: false }`
[INFO] running `Command { std: "docker" "exec" "-e" "SOURCE_DIR=/opt/rustwide/workdir" "-e" "CARGO_HOME=/opt/rustwide/cargo-home" "-e" "RUSTUP_HOME=/opt/rustwide/rustup-home" "-e" "CARGO_TARGET_DIR=/opt/rustwide/target" "-e" "CARGO_INCREMENTAL=0" "-e" "RUST_BACKTRACE=full" "-e" "RUSTFLAGS=--cap-lints=warn" "-e" "RUSTDOCFLAGS=--cap-lints=warn" "-w" "/opt/rustwide/workdir" "--user" "0:0" "3b5c6f27085911c6dc481902f5245e1258d19ba68d39bcea348b68baabb33f06" "/opt/rustwide/cargo-home/bin/cargo" "+1.99.0-beta.8" "test" "--frozen" "--no-run" "--message-format=json" "--release", kill_on_drop: false }`
[INFO] [stderr] warning: Cargo.toml: `package.edition` is unspecified, defaulting to `2015` while the latest is `2024`
[INFO] [stderr] warning: `openssl-verify` (manifest) generated 1 warning
[INFO] [stderr]    Compiling openssl-verify v0.2.0 (/opt/rustwide/workdir)
[INFO] [stdout] warning: use of deprecated constant `std::sync::atomic::ATOMIC_USIZE_INIT`: the `new` function is now preferred
[INFO] [stdout]    --> src/lib.rs:212:42
[INFO] [stdout]     |
[INFO] [stdout] 212 |     use std::sync::atomic::{AtomicUsize, ATOMIC_USIZE_INIT, Ordering};
[INFO] [stdout]     |                                          ^^^^^^^^^^^^^^^^^
[INFO] [stdout]     |
[INFO] [stdout]     = note: `#[warn(deprecated)]` on by default
[INFO] [stdout] 
[INFO] [stdout] 
[INFO] [stdout] warning: use of deprecated constant `std::sync::atomic::ATOMIC_USIZE_INIT`: the `new` function is now preferred
[INFO] [stdout]    --> src/lib.rs:218:37
[INFO] [stdout]     |
[INFO] [stdout] 218 |     static NEXT_PORT: AtomicUsize = ATOMIC_USIZE_INIT;
[INFO] [stdout]     |                                     ^^^^^^^^^^^^^^^^^
[INFO] [stdout]     |
[INFO] [stdout] help: replace the use of the deprecated constant
[INFO] [stdout]     |
[INFO] [stdout] 218 -     static NEXT_PORT: AtomicUsize = ATOMIC_USIZE_INIT;
[INFO] [stdout] 218 +     static NEXT_PORT: AtomicUsize = AtomicUsize::new(0);
[INFO] [stdout]     |
[INFO] [stdout] 
[INFO] [stdout] 
[INFO] [stdout] error: linking with `cc` failed: exit status: 1
[INFO] [stdout]   |
[INFO] [stdout]   = note:  "cc" "-m64" "/opt/rustwide/target/release/deps/rustcut6AAD/symbols.o" "<4 object files omitted>" "-Wl,--as-needed" "-Wl,-Bstatic" "<sysroot>/lib/rustlib/x86_64-unknown-linux-gnu/lib/{libtest-*,libgetopts-*,librustc_std_workspace_std-*}.rlib" "/opt/rustwide/target/release/deps/{libopenssl-f64425e6746968ef,libopenssl_sys-7c5a0e3483c84801,liblazy_static-244fe1defb7b6462,liblibc-a0a6e54f1566fa83,libbitflags-df77fe360619f5b2}.rlib" "<sysroot>/lib/rustlib/x86_64-unknown-linux-gnu/lib/{libstd-*,libpanic_unwind-*,libobject-*,libmemchr-*,libaddr2line-*,libgimli-*,libcfg_if-*,librustc_demangle-*,libstd_detect-*,libhashbrown-*,librustc_std_workspace_alloc-*,libminiz_oxide-*,libadler2-*,libunwind-*,liblibc-*,librustc_std_workspace_core-*,liballoc-*,libcore-*,libcompiler_builtins-*}.rlib" "-Wl,-Bdynamic" "-lssl" "-lcrypto" "-lgcc_s" "-lutil" "-lrt" "-lpthread" "-lm" "-ldl" "-lc" "-L" "/opt/rustwide/target/release/deps/rustcut6AAD/raw-dylibs" "-B<sysroot>/lib/rustlib/x86_64-unknown-linux-gnu/bin/gcc-ld" "-fuse-ld=lld" "-Wl,--eh-frame-hdr" "-Wl,-z,noexecstack" "-L" "/usr/lib/x86_64-linux-gnu" "-L" "<sysroot>/lib/rustlib/x86_64-unknown-linux-gnu/lib" "-o" "/opt/rustwide/target/release/deps/openssl_verify-938ba2cb5f346c5c" "-Wl,--gc-sections" "-pie" "-Wl,-z,relro,-z,now" "-Wl,-O1" "-Wl,--strip-debug" "-nodefaultlibs"
[INFO] [stdout]   = note: some arguments are omitted. use `--verbose` to show all linker arguments
[INFO] [stdout]   = note: rust-lld: error: undefined symbol: SSL_get_ex_new_index
[INFO] [stdout]           >>> referenced by openssl_verify.41aec3b1e5778654-cgu.1
[INFO] [stdout]           >>>               /opt/rustwide/target/release/deps/openssl_verify-938ba2cb5f346c5c.openssl_verify.41aec3b1e5778654-cgu.1.rcgu.o:(openssl::ssl::get_ssl_verify_data_idx::<openssl_verify::test::negotiate::{closure#0}> (.llvm.15150276173972618051))
[INFO] [stdout]           >>> referenced by openssl_verify.41aec3b1e5778654-cgu.1
[INFO] [stdout]           >>>               /opt/rustwide/target/release/deps/openssl_verify-938ba2cb5f346c5c.openssl_verify.41aec3b1e5778654-cgu.1.rcgu.o:(openssl::ssl::get_ssl_verify_data_idx::<openssl_verify::test::google_valid::{closure#0}> (.llvm.15150276173972618051))
[INFO] [stdout]           >>> referenced by openssl_verify.41aec3b1e5778654-cgu.1
[INFO] [stdout]           >>>               /opt/rustwide/target/release/deps/openssl_verify-938ba2cb5f346c5c.openssl_verify.41aec3b1e5778654-cgu.1.rcgu.o:(openssl::ssl::get_ssl_verify_data_idx::<openssl_verify::test::google_bad_domain::{closure#0}> (.llvm.15150276173972618051))
[INFO] [stdout]           
[INFO] [stdout]           rust-lld: error: undefined symbol: SSLv23_method
[INFO] [stdout]           >>> referenced by openssl.7ef731274263b06f-cgu.1
[INFO] [stdout]           >>>               openssl-f64425e6746968ef.openssl.7ef731274263b06f-cgu.1.rcgu.o:(<openssl::ssl::SslContext>::new) in archive /opt/rustwide/target/release/deps/libopenssl-f64425e6746968ef.rlib
[INFO] [stdout]           
[INFO] [stdout]           rust-lld: error: undefined symbol: sk_pop_free
[INFO] [stdout]           >>> referenced by openssl.7ef731274263b06f-cgu.0
[INFO] [stdout]           >>>               openssl-f64425e6746968ef.openssl.7ef731274263b06f-cgu.0.rcgu.o:(<openssl::x509::GeneralNames as core::ops::drop::Drop>::drop) in archive /opt/rustwide/target/release/deps/libopenssl-f64425e6746968ef.rlib
[INFO] [stdout]           
[INFO] [stdout]           rust-lld: error: undefined symbol: SSL_library_init
[INFO] [stdout]           >>> referenced by openssl_sys.50d3845ac299a938-cgu.0
[INFO] [stdout]           >>>               openssl_sys-7c5a0e3483c84801.openssl_sys.50d3845ac299a938-cgu.0.rcgu.o:(<std::sync::once::Once>::call_once::<openssl_sys::init::{closure#0}>::{closure#0}) in archive /opt/rustwide/target/release/deps/libopenssl_sys-7c5a0e3483c84801.rlib
[INFO] [stdout]           
[INFO] [stdout]           rust-lld: error: undefined symbol: SSL_load_error_strings
[INFO] [stdout]           >>> referenced by openssl_sys.50d3845ac299a938-cgu.0
[INFO] [stdout]           >>>               openssl_sys-7c5a0e3483c84801.openssl_sys.50d3845ac299a938-cgu.0.rcgu.o:(<std::sync::once::Once>::call_once::<openssl_sys::init::{closure#0}>::{closure#0}) in archive /opt/rustwide/target/release/deps/libopenssl_sys-7c5a0e3483c84801.rlib
[INFO] [stdout]           
[INFO] [stdout]           rust-lld: error: undefined symbol: OPENSSL_add_all_algorithms_noconf
[INFO] [stdout]           >>> referenced by openssl_sys.50d3845ac299a938-cgu.0
[INFO] [stdout]           >>>               openssl_sys-7c5a0e3483c84801.openssl_sys.50d3845ac299a938-cgu.0.rcgu.o:(<std::sync::once::Once>::call_once::<openssl_sys::init::{closure#0}>::{closure#0}) in archive /opt/rustwide/target/release/deps/libopenssl_sys-7c5a0e3483c84801.rlib
[INFO] [stdout]           
[INFO] [stdout]           rust-lld: error: undefined symbol: CRYPTO_num_locks
[INFO] [stdout]           >>> referenced by openssl_sys.50d3845ac299a938-cgu.0
[INFO] [stdout]           >>>               openssl_sys-7c5a0e3483c84801.openssl_sys.50d3845ac299a938-cgu.0.rcgu.o:(<std::sync::once::Once>::call_once::<openssl_sys::init::{closure#0}>::{closure#0}) in archive /opt/rustwide/target/release/deps/libopenssl_sys-7c5a0e3483c84801.rlib
[INFO] [stdout]           
[INFO] [stdout]           rust-lld: error: undefined symbol: CRYPTO_set_locking_callback
[INFO] [stdout]           >>> referenced by openssl_sys.50d3845ac299a938-cgu.0
[INFO] [stdout]           >>>               openssl_sys-7c5a0e3483c84801.openssl_sys.50d3845ac299a938-cgu.0.rcgu.o:(<std::sync::once::Once>::call_once::<openssl_sys::init::{closure#0}>::{closure#0}) in archive /opt/rustwide/target/release/deps/libopenssl_sys-7c5a0e3483c84801.rlib
[INFO] [stdout]           
[INFO] [stdout]           rust-lld: error: undefined symbol: CRYPTO_set_id_callback
[INFO] [stdout]           >>> referenced by openssl_sys.50d3845ac299a938-cgu.0
[INFO] [stdout]           >>>               openssl_sys-7c5a0e3483c84801.openssl_sys.50d3845ac299a938-cgu.0.rcgu.o:(<std::sync::once::Once>::call_once::<openssl_sys::init::{closure#0}>::{closure#0}) in archive /opt/rustwide/target/release/deps/libopenssl_sys-7c5a0e3483c84801.rlib
[INFO] [stdout]           collect2: error: ld returned 1 exit status
[INFO] [stdout]           
[INFO] [stdout] 
[INFO] [stdout] 
[INFO] [stderr] error: could not compile `openssl-verify` (lib test) due to 1 previous error; 2 warnings emitted
[INFO] running `Command { std: "docker" "inspect" "3b5c6f27085911c6dc481902f5245e1258d19ba68d39bcea348b68baabb33f06", kill_on_drop: false }`
[INFO] running `Command { std: "docker" "rm" "-f" "3b5c6f27085911c6dc481902f5245e1258d19ba68d39bcea348b68baabb33f06", kill_on_drop: false }`
[INFO] [stdout] 3b5c6f27085911c6dc481902f5245e1258d19ba68d39bcea348b68baabb33f06
