[INFO] fetching crate openrouter-rust 0.1.0...
[INFO] testing openrouter-rust-0.1.0 against 1.100.0-beta.1+cargoflags=--release for beta-release-1.100-2
[INFO] extracting crate openrouter-rust 0.1.0 into /workspace/builds/worker-3-tc2/source
[INFO] started tweaking crates.io crate openrouter-rust 0.1.0
[INFO] removed 0 missing examples
[INFO] removed 0 missing tests
[INFO] finished tweaking crates.io crate openrouter-rust 0.1.0
[INFO] tweaked toml for crates.io crate openrouter-rust 0.1.0 written to /workspace/builds/worker-3-tc2/source/Cargo.toml
[INFO] validating manifest of crates.io crate openrouter-rust 0.1.0 on toolchain 1.100.0-beta.1
[INFO] running `Command { std: CARGO_HOME="/workspace/cargo-home" RUSTUP_HOME="/workspace/rustup-home" "/workspace/cargo-home/bin/cargo" "+1.100.0-beta.1" "metadata" "--manifest-path" "Cargo.toml" "--no-deps", kill_on_drop: false }`
[INFO] crate crates.io crate openrouter-rust 0.1.0 already has a lockfile, it will not be regenerated
[INFO] running `Command { std: CARGO_HOME="/workspace/cargo-home" RUSTUP_HOME="/workspace/rustup-home" "/workspace/cargo-home/bin/cargo" "+1.100.0-beta.1" "fetch" "--manifest-path" "Cargo.toml", kill_on_drop: false }`
[INFO] [stderr] warning: `package.homepage` is redundant with `package.repository`
[INFO] [stderr]    --> Cargo.toml:100:12
[INFO] [stderr]     |
[INFO] [stderr] 100 | homepage = "https://github.com/yourusername/openrouter-rust"
[INFO] [stderr]     |            ^^^^^^^^^^^^^^^^^^^^^^^^^^^^^^^^^^^^^^^^^^^^^^^^^
[INFO] [stderr] ...
[INFO] [stderr] 105 | repository = "https://github.com/yourusername/openrouter-rust"
[INFO] [stderr]     |              -------------------------------------------------
[INFO] [stderr]     |
[INFO] [stderr]     = note: `cargo::redundant_homepage` is set to `warn` by default
[INFO] [stderr] help: consider removing `package.homepage`
[INFO] [stderr] warning: `openrouter-rust` (manifest) generated 1 warning
[INFO] running `Command { std: "docker" "create" "-v" "/var/lib/crater-agent-workspace/builds/worker-3-tc2/source:/opt/rustwide/workdir:ro,Z" "-v" "/var/lib/crater-agent-workspace/builds/worker-3-tc2/target:/opt/rustwide/target:rw,Z" "-v" "/var/lib/crater-agent-workspace/cargo-home:/opt/rustwide/cargo-home:ro,Z" "-v" "/var/lib/crater-agent-workspace/rustup-home:/opt/rustwide/rustup-home:ro,Z" "-m" "1610612736" "--network" "none" "ghcr.io/rust-lang/crates-build-env/linux@sha256:77db811e55d90add9212f6832c23229e3de5f1c1f9905e8cb07319ea15df73ac" "sleep" "infinity", kill_on_drop: false }`
[INFO] [stdout] 1ecce006aca7a8a7e692c444d0e42236211d95c7c8e3574920a35bb84da98516
[INFO] running `Command { std: "docker" "start" "1ecce006aca7a8a7e692c444d0e42236211d95c7c8e3574920a35bb84da98516", kill_on_drop: false }`
[INFO] running `Command { std: "docker" "inspect" "1ecce006aca7a8a7e692c444d0e42236211d95c7c8e3574920a35bb84da98516", kill_on_drop: false }`
[INFO] running `Command { std: "docker" "exec" "-e" "SOURCE_DIR=/opt/rustwide/workdir" "-e" "CARGO_HOME=/opt/rustwide/cargo-home" "-e" "RUSTUP_HOME=/opt/rustwide/rustup-home" "-e" "CARGO_TARGET_DIR=/opt/rustwide/target" "-w" "/opt/rustwide/workdir" "--user" "0:0" "1ecce006aca7a8a7e692c444d0e42236211d95c7c8e3574920a35bb84da98516" "/opt/rustwide/cargo-home/bin/cargo" "+1.100.0-beta.1" "metadata" "--no-deps" "--format-version=1", kill_on_drop: false }`
[INFO] running `Command { std: "docker" "inspect" "1ecce006aca7a8a7e692c444d0e42236211d95c7c8e3574920a35bb84da98516", kill_on_drop: false }`
[INFO] running `Command { std: "docker" "exec" "-e" "SOURCE_DIR=/opt/rustwide/workdir" "-e" "CARGO_HOME=/opt/rustwide/cargo-home" "-e" "RUSTUP_HOME=/opt/rustwide/rustup-home" "-e" "CARGO_TARGET_DIR=/opt/rustwide/target" "-e" "CARGO_INCREMENTAL=0" "-e" "RUST_BACKTRACE=full" "-e" "RUSTFLAGS=--cap-lints=warn" "-e" "RUSTDOCFLAGS=--cap-lints=warn" "-w" "/opt/rustwide/workdir" "--user" "0:0" "1ecce006aca7a8a7e692c444d0e42236211d95c7c8e3574920a35bb84da98516" "/opt/rustwide/cargo-home/bin/cargo" "+1.100.0-beta.1" "build" "--frozen" "--message-format=json" "--release", kill_on_drop: false }`
[INFO] [stderr] warning: `package.homepage` is redundant with `package.repository`
[INFO] [stderr]    --> Cargo.toml:100:12
[INFO] [stderr]     |
[INFO] [stderr] 100 | homepage = "https://github.com/yourusername/openrouter-rust"
[INFO] [stderr]     |            ^^^^^^^^^^^^^^^^^^^^^^^^^^^^^^^^^^^^^^^^^^^^^^^^^
[INFO] [stderr] ...
[INFO] [stderr] 105 | repository = "https://github.com/yourusername/openrouter-rust"
[INFO] [stderr]     |              -------------------------------------------------
[INFO] [stderr]     |
[INFO] [stderr]     = note: `cargo::redundant_homepage` is set to `warn` by default
[INFO] [stderr] help: consider removing `package.homepage`
[INFO] [stderr] warning: `openrouter-rust` (manifest) generated 1 warning
[INFO] [stderr]    Compiling syn v2.0.114
[INFO] [stderr]    Compiling parking_lot_core v0.9.12
[INFO] [stderr]    Compiling errno v0.3.14
[INFO] [stderr]    Compiling mio v1.1.1
[INFO] [stderr]    Compiling socket2 v0.6.2
[INFO] [stderr]    Compiling cc v1.2.55
[INFO] [stderr]    Compiling aws-lc-rs v1.15.4
[INFO] [stderr]    Compiling http v1.4.0
[INFO] [stderr]    Compiling signal-hook-registry v1.4.8
[INFO] [stderr]    Compiling rustls-pki-types v1.14.0
[INFO] [stderr]    Compiling parking_lot v0.12.5
[INFO] [stderr]    Compiling rustls v0.23.36
[INFO] [stderr]    Compiling tracing v0.1.44
[INFO] [stderr]    Compiling zmij v1.0.18
[INFO] [stderr]    Compiling http-body v1.0.1
[INFO] [stderr]    Compiling rustls-native-certs v0.8.3
[INFO] [stderr]    Compiling iri-string v0.7.10
[INFO] [stderr]    Compiling cmake v0.1.57
[INFO] [stderr]    Compiling serde_json v1.0.149
[INFO] [stderr]    Compiling http-body-util v0.1.3
[INFO] [stderr]    Compiling aws-lc-sys v0.37.0
[INFO] [stderr]    Compiling synstructure v0.13.2
[INFO] [stderr]    Compiling zerofrom-derive v0.1.6
[INFO] [stderr]    Compiling yoke-derive v0.8.1
[INFO] [stderr]    Compiling zerovec-derive v0.11.2
[INFO] [stderr]    Compiling displaydoc v0.2.5
[INFO] [stderr]    Compiling tokio-macros v2.6.0
[INFO] [stderr]    Compiling futures-macro v0.3.31
[INFO] [stderr]    Compiling serde_derive v1.0.228
[INFO] [stderr]    Compiling zerofrom v0.1.6
[INFO] [stderr]    Compiling yoke v0.8.1
[INFO] [stderr]    Compiling thiserror-impl v2.0.18
[INFO] [stderr]    Compiling tokio v1.49.0
[INFO] [stderr]    Compiling zerovec v0.11.5
[INFO] [stderr]    Compiling zerotrie v0.2.3
[INFO] [stderr]    Compiling futures-util v0.3.31
[INFO] [stderr]    Compiling tinystr v0.8.2
[INFO] [stderr]    Compiling potential_utf v0.1.4
[INFO] [stderr]    Compiling icu_collections v2.1.1
[INFO] [stderr]    Compiling icu_locale_core v2.1.1
[INFO] [stderr]    Compiling async-trait v0.1.89
[INFO] [stderr]    Compiling thiserror v2.0.18
[INFO] [stderr]    Compiling serde v1.0.228
[INFO] [stderr]    Compiling icu_provider v2.1.1
[INFO] [stderr]    Compiling icu_properties v2.1.2
[INFO] [stderr]    Compiling icu_normalizer v2.1.1
[INFO] [stderr]    Compiling idna_adapter v1.2.1
[INFO] [stderr]    Compiling idna v1.1.0
[INFO] [stderr]    Compiling futures-executor v0.3.31
[INFO] [stderr]    Compiling url v2.5.8
[INFO] [stderr]    Compiling futures v0.3.31
[INFO] [stderr]    Compiling tokio-util v0.7.18
[INFO] [stderr]    Compiling tower v0.5.3
[INFO] [stderr]    Compiling h2 v0.4.13
[INFO] [stderr]    Compiling tower-http v0.6.8
[INFO] [stderr]    Compiling hyper v1.8.1
[INFO] [stderr]    Compiling hyper-util v0.1.19
[INFO] [stderr]    Compiling rustls-webpki v0.103.9
[INFO] [stderr]    Compiling tokio-rustls v0.26.4
[INFO] [stderr]    Compiling rustls-platform-verifier v0.6.2
[INFO] [stderr]    Compiling hyper-rustls v0.27.7
[INFO] [stderr]    Compiling reqwest v0.13.1
[INFO] [stderr]    Compiling openrouter-rust v0.1.0 (/opt/rustwide/workdir)
[INFO] [stderr] warning: unused dependency `async-trait`
[INFO] [stderr]  --> Cargo.toml:1:15
[INFO] [stderr]   |
[INFO] [stderr] 1 | [dependencies.async-trait]
[INFO] [stderr]   |               ^^^^^^^^^^^^
[INFO] [stderr]   |
[INFO] [stderr]   = note: `cargo::unused_dependencies` is set to `warn` by default
[INFO] [stderr] help: consider removing the dependency on `async-trait`
[INFO] [stderr] warning: `openrouter-rust` (manifest) generated 1 warning
[INFO] [stderr]     Finished `release` profile [optimized] target(s) in 3m 29s
[INFO] running `Command { std: "docker" "inspect" "1ecce006aca7a8a7e692c444d0e42236211d95c7c8e3574920a35bb84da98516", kill_on_drop: false }`
[INFO] running `Command { std: "docker" "exec" "-e" "SOURCE_DIR=/opt/rustwide/workdir" "-e" "CARGO_HOME=/opt/rustwide/cargo-home" "-e" "RUSTUP_HOME=/opt/rustwide/rustup-home" "-e" "CARGO_TARGET_DIR=/opt/rustwide/target" "-e" "CARGO_INCREMENTAL=0" "-e" "RUST_BACKTRACE=full" "-e" "RUSTFLAGS=--cap-lints=warn" "-e" "RUSTDOCFLAGS=--cap-lints=warn" "-w" "/opt/rustwide/workdir" "--user" "0:0" "1ecce006aca7a8a7e692c444d0e42236211d95c7c8e3574920a35bb84da98516" "/opt/rustwide/cargo-home/bin/cargo" "+1.100.0-beta.1" "test" "--frozen" "--no-run" "--message-format=json" "--release", kill_on_drop: false }`
[INFO] [stderr] warning: `package.homepage` is redundant with `package.repository`
[INFO] [stderr]    --> Cargo.toml:100:12
[INFO] [stderr]     |
[INFO] [stderr] 100 | homepage = "https://github.com/yourusername/openrouter-rust"
[INFO] [stderr]     |            ^^^^^^^^^^^^^^^^^^^^^^^^^^^^^^^^^^^^^^^^^^^^^^^^^
[INFO] [stderr] ...
[INFO] [stderr] 105 | repository = "https://github.com/yourusername/openrouter-rust"
[INFO] [stderr]     |              -------------------------------------------------
[INFO] [stderr]     |
[INFO] [stderr]     = note: `cargo::redundant_homepage` is set to `warn` by default
[INFO] [stderr] help: consider removing `package.homepage`
[INFO] [stderr] warning: `openrouter-rust` (manifest) generated 1 warning
[INFO] [stderr]    Compiling tokio v1.49.0
[INFO] [stderr]    Compiling zerocopy v0.8.37
[INFO] [stderr]    Compiling getrandom v0.3.4
[INFO] [stderr]    Compiling url v2.5.8
[INFO] [stderr]    Compiling serde_urlencoded v0.7.1
[INFO] [stderr]    Compiling assert-json-diff v2.0.2
[INFO] [stderr]    Compiling rand_core v0.9.5
[INFO] [stderr]    Compiling ppv-lite86 v0.2.21
[INFO] [stderr]    Compiling rand_chacha v0.9.0
[INFO] [stderr]    Compiling rand v0.9.2
[INFO] [stderr]    Compiling tokio-util v0.7.18
[INFO] [stderr]    Compiling tokio-rustls v0.26.4
[INFO] [stderr]    Compiling tower v0.5.3
[INFO] [stderr]    Compiling tokio-stream v0.1.18
[INFO] [stderr]    Compiling tower-http v0.6.8
[INFO] [stderr]    Compiling tokio-test v0.4.5
[INFO] [stderr]    Compiling h2 v0.4.13
[INFO] [stderr]    Compiling hyper v1.8.1
[INFO] [stderr]    Compiling hyper-util v0.1.19
[INFO] [stderr]    Compiling hyper-rustls v0.27.7
[INFO] [stderr]    Compiling mockito v1.7.1
[INFO] [stderr]    Compiling reqwest v0.13.1
[INFO] [stderr]    Compiling openrouter-rust v0.1.0 (/opt/rustwide/workdir)
[INFO] [stdout] error: no rules expected `0.1`
[INFO] [stdout]    --> tests/embeddings_tests.rs:164:60
[INFO] [stdout]     |
[INFO] [stdout] 164 |             "data": [{"object": "embedding", "embedding": [0.1; 256], "index": 0}],
[INFO] [stdout]     |                                                            ^^^ no rules expected this token in macro call
[INFO] [stdout]     |
[INFO] [stdout]     = note: while trying to match end of macro
[INFO] [stdout] 
[INFO] [stdout] 
[INFO] [stderr] error: could not compile `openrouter-rust` (test "embeddings_tests") due to 1 previous error
[INFO] [stderr] warning: build failed, waiting for other jobs to finish...
[INFO] [stdout] warning: unused import: `ChatCompletionChunk`
[INFO] [stdout]  --> tests/streaming_tests.rs:5:5
[INFO] [stdout]   |
[INFO] [stdout] 5 |     ChatCompletionChunk,
[INFO] [stdout]   |     ^^^^^^^^^^^^^^^^^^^
[INFO] [stdout]   |
[INFO] [stdout]   = note: `#[warn(unused_imports)]` (part of `#[warn(unused)]`) on by default
[INFO] [stdout] 
[INFO] [stdout] 
[INFO] [stdout] warning: unused import: `ProvidersResponse`
[INFO] [stdout]  --> tests/providers_tests.rs:4:27
[INFO] [stdout]   |
[INFO] [stdout] 4 |     providers::{Provider, ProvidersResponse},
[INFO] [stdout]   |                           ^^^^^^^^^^^^^^^^^
[INFO] [stdout]   |
[INFO] [stdout]   = note: `#[warn(unused_imports)]` (part of `#[warn(unused)]`) on by default
[INFO] [stdout] 
[INFO] [stdout] 
[INFO] [stdout] error[E0432]: unresolved import `openrouter_rust::anthropic`
[INFO] [stdout]   --> tests/anthropic_tests.rs:4:5
[INFO] [stdout]    |
[INFO] [stdout]  4 |     anthropic::{
[INFO] [stdout]    |     ^^^^^^^^^ could not find `anthropic` in `openrouter_rust`
[INFO] [stdout]    |
[INFO] [stdout] note: found an item that was configured out
[INFO] [stdout]   --> src/lib.rs:79:9
[INFO] [stdout]    |
[INFO] [stdout] 78 | #[cfg(feature = "anthropic")]
[INFO] [stdout]    |       --------------------- the item is gated behind the `anthropic` feature
[INFO] [stdout] 79 | pub mod anthropic;
[INFO] [stdout]    |         ^^^^^^^^^
[INFO] [stdout] 
[INFO] [stdout] 
[INFO] [stdout] warning: unused imports: `Model`, `ModelsCountResponse`, `ModelsResponse`, and `PublicPricing`
[INFO] [stdout]  --> tests/models_tests.rs:4:32
[INFO] [stdout]   |
[INFO] [stdout] 4 |     models::{ListModelsParams, Model, ModelsResponse, ModelsCountResponse, PublicPricing},
[INFO] [stdout]   |                                ^^^^^  ^^^^^^^^^^^^^^  ^^^^^^^^^^^^^^^^^^^  ^^^^^^^^^^^^^
[INFO] [stdout]   |
[INFO] [stdout]   = note: `#[warn(unused_imports)]` (part of `#[warn(unused)]`) on by default
[INFO] [stdout] 
[INFO] [stdout] 
[INFO] [stdout] error[E0599]: no method named `create_anthropic_message` found for struct `OpenRouterClient` in the current scope
[INFO] [stdout]   --> tests/anthropic_tests.rs:57:27
[INFO] [stdout]    |
[INFO] [stdout] 57 |     let response = client.create_anthropic_message(request).await.unwrap();
[INFO] [stdout]    |                           ^^^^^^^^^^^^^^^^^^^^^^^^ method not found in `OpenRouterClient`
[INFO] [stdout] 
[INFO] [stdout] 
[INFO] [stdout] error[E0599]: no method named `create_anthropic_message` found for struct `OpenRouterClient` in the current scope
[INFO] [stdout]    --> tests/anthropic_tests.rs:125:27
[INFO] [stdout]     |
[INFO] [stdout] 125 |     let response = client.create_anthropic_message(request).await.unwrap();
[INFO] [stdout]     |                           ^^^^^^^^^^^^^^^^^^^^^^^^ method not found in `OpenRouterClient`
[INFO] [stdout] 
[INFO] [stdout] 
[INFO] [stdout] error[E0599]: no method named `create_anthropic_message` found for struct `OpenRouterClient` in the current scope
[INFO] [stdout]    --> tests/anthropic_tests.rs:159:25
[INFO] [stdout]     |
[INFO] [stdout] 159 |     let result = client.create_anthropic_message(request).await;
[INFO] [stdout]     |                         ^^^^^^^^^^^^^^^^^^^^^^^^ method not found in `OpenRouterClient`
[INFO] [stdout] 
[INFO] [stdout] 
[INFO] [stdout] Some errors have detailed explanations: E0432, E0599.
[INFO] [stdout] 
[INFO] [stdout] For more information about an error, try `rustc --explain E0432`.
[INFO] [stdout] 
[INFO] [stderr] error: could not compile `openrouter-rust` (test "anthropic_tests") due to 4 previous errors
[INFO] [stderr] warning: unused dependency `async-trait`
[INFO] [stderr]  --> Cargo.toml:1:15
[INFO] [stderr]   |
[INFO] [stderr] 1 | [dependencies.async-trait]
[INFO] [stderr]   |               ^^^^^^^^^^^^
[INFO] [stderr]   |
[INFO] [stderr]   = note: `cargo::unused_dependencies` is set to `warn` by default
[INFO] [stderr] help: consider removing the dependency on `async-trait`
[INFO] [stderr] warning: `openrouter-rust` (manifest) generated 1 warning
[INFO] running `Command { std: "docker" "inspect" "1ecce006aca7a8a7e692c444d0e42236211d95c7c8e3574920a35bb84da98516", kill_on_drop: false }`
[INFO] running `Command { std: "docker" "rm" "-f" "1ecce006aca7a8a7e692c444d0e42236211d95c7c8e3574920a35bb84da98516", kill_on_drop: false }`
[INFO] [stdout] 1ecce006aca7a8a7e692c444d0e42236211d95c7c8e3574920a35bb84da98516
