[INFO] fetching crate openharmony-ability-plugin-webview 1.0.0-beta.2...
[INFO] testing openharmony-ability-plugin-webview-1.0.0-beta.2 against 1.99.0-beta.8+cargoflags=--release for beta-release-1.100-2
[INFO] extracting crate openharmony-ability-plugin-webview 1.0.0-beta.2 into /workspace/builds/worker-7-tc1/source
[INFO] started tweaking crates.io crate openharmony-ability-plugin-webview 1.0.0-beta.2
[INFO] finished tweaking crates.io crate openharmony-ability-plugin-webview 1.0.0-beta.2
[INFO] tweaked toml for crates.io crate openharmony-ability-plugin-webview 1.0.0-beta.2 written to /workspace/builds/worker-7-tc1/source/Cargo.toml
[INFO] validating manifest of crates.io crate openharmony-ability-plugin-webview 1.0.0-beta.2 on toolchain 1.99.0-beta.8
[INFO] running `Command { std: CARGO_HOME="/workspace/cargo-home" RUSTUP_HOME="/workspace/rustup-home" "/workspace/cargo-home/bin/cargo" "+1.99.0-beta.8" "metadata" "--manifest-path" "Cargo.toml" "--no-deps", kill_on_drop: false }`
[INFO] crate crates.io crate openharmony-ability-plugin-webview 1.0.0-beta.2 already has a lockfile, it will not be regenerated
[INFO] running `Command { std: CARGO_HOME="/workspace/cargo-home" RUSTUP_HOME="/workspace/rustup-home" "/workspace/cargo-home/bin/cargo" "+1.99.0-beta.8" "fetch" "--manifest-path" "Cargo.toml", kill_on_drop: false }`
[INFO] [stderr]     Blocking waiting for file lock on package cache
[INFO] [stderr]     Updating crates.io index
[INFO] [stderr]  Downloading crates ...
[INFO] [stderr]   Downloaded ohos-xcomponent-sys v0.1.3
[INFO] [stderr]   Downloaded ohos-xcomponent-binding v0.4.0
[INFO] [stderr]   Downloaded ohos-udmf-sys v0.0.4
[INFO] [stderr]   Downloaded openharmony-ability v1.0.0-beta.2
[INFO] [stderr]   Downloaded ohos-arkui-input-sys v0.1.3
[INFO] [stderr]   Downloaded ohos-accessibility-sys v0.0.4
[INFO] [stderr]   Downloaded ohos-display-sys v0.1.3
[INFO] [stderr]   Downloaded ohos-resource-manager-sys v0.3.3
[INFO] [stderr]   Downloaded ohos-display-binding v0.1.3
[INFO] [stderr]   Downloaded ohos-native-buffer-sys v0.1.3
[INFO] [stderr]   Downloaded ohos-ime-binding v0.3.0
[INFO] [stderr]   Downloaded ohos-image-sys v0.0.4
[INFO] [stderr]   Downloaded ohos-arkui-input-binding v0.1.3
[INFO] [stderr]   Downloaded ohos-image-native-sys v0.0.4
[INFO] [stderr]   Downloaded ohos-input-method-sys v0.2.3
[INFO] [stderr]   Downloaded ohos-arkui-sys v0.1.3
[INFO] [stderr]   Downloaded ohos-web-binding v0.2.2
[INFO] [stderr]   Downloaded ohos-web-sys v0.1.2
[INFO] [stderr]   Downloaded ohos-native-drawing-sys v0.2.3
[INFO] [stderr]   Downloaded ohos-arkui-binding v0.3.0
[INFO] running `Command { std: "docker" "create" "-v" "/var/lib/crater-agent-workspace/builds/worker-7-tc1/source:/opt/rustwide/workdir:ro,Z" "-v" "/var/lib/crater-agent-workspace/builds/worker-7-tc1/target:/opt/rustwide/target:rw,Z" "-v" "/var/lib/crater-agent-workspace/cargo-home:/opt/rustwide/cargo-home:ro,Z" "-v" "/var/lib/crater-agent-workspace/rustup-home:/opt/rustwide/rustup-home:ro,Z" "-m" "1610612736" "--network" "none" "ghcr.io/rust-lang/crates-build-env/linux@sha256:77db811e55d90add9212f6832c23229e3de5f1c1f9905e8cb07319ea15df73ac" "sleep" "infinity", kill_on_drop: false }`
[INFO] [stdout] cd7081f1131b84d698c1614ebc6e8834311e9c3e92793f2796f3fc5e7f38126d
[INFO] running `Command { std: "docker" "start" "cd7081f1131b84d698c1614ebc6e8834311e9c3e92793f2796f3fc5e7f38126d", kill_on_drop: false }`
[INFO] running `Command { std: "docker" "inspect" "cd7081f1131b84d698c1614ebc6e8834311e9c3e92793f2796f3fc5e7f38126d", kill_on_drop: false }`
[INFO] running `Command { std: "docker" "exec" "-e" "SOURCE_DIR=/opt/rustwide/workdir" "-e" "CARGO_HOME=/opt/rustwide/cargo-home" "-e" "RUSTUP_HOME=/opt/rustwide/rustup-home" "-e" "CARGO_TARGET_DIR=/opt/rustwide/target" "-w" "/opt/rustwide/workdir" "--user" "0:0" "cd7081f1131b84d698c1614ebc6e8834311e9c3e92793f2796f3fc5e7f38126d" "/opt/rustwide/cargo-home/bin/cargo" "+1.99.0-beta.8" "metadata" "--no-deps" "--format-version=1", kill_on_drop: false }`
[INFO] running `Command { std: "docker" "inspect" "cd7081f1131b84d698c1614ebc6e8834311e9c3e92793f2796f3fc5e7f38126d", kill_on_drop: false }`
[INFO] running `Command { std: "docker" "exec" "-e" "SOURCE_DIR=/opt/rustwide/workdir" "-e" "CARGO_HOME=/opt/rustwide/cargo-home" "-e" "RUSTUP_HOME=/opt/rustwide/rustup-home" "-e" "CARGO_TARGET_DIR=/opt/rustwide/target" "-e" "CARGO_INCREMENTAL=0" "-e" "RUST_BACKTRACE=full" "-e" "RUSTFLAGS=--cap-lints=warn" "-e" "RUSTDOCFLAGS=--cap-lints=warn" "-w" "/opt/rustwide/workdir" "--user" "0:0" "cd7081f1131b84d698c1614ebc6e8834311e9c3e92793f2796f3fc5e7f38126d" "/opt/rustwide/cargo-home/bin/cargo" "+1.99.0-beta.8" "build" "--frozen" "--message-format=json" "--release", kill_on_drop: false }`
[INFO] [stderr]    Compiling syn v2.0.118
[INFO] [stderr]    Compiling ohos-native-buffer-sys v0.1.3
[INFO] [stderr]    Compiling futures-sink v0.3.32
[INFO] [stderr]    Compiling ohos-arkui-input-sys v0.1.3
[INFO] [stderr]    Compiling napi-build-ohos v1.2.0
[INFO] [stderr]    Compiling bitflags v2.13.0
[INFO] [stderr]    Compiling libloading v0.9.0
[INFO] [stderr]    Compiling convert_case v0.6.0
[INFO] [stderr]    Compiling convert_case v0.11.0
[INFO] [stderr]    Compiling ctor v1.0.8
[INFO] [stderr]    Compiling raw-window-handle v0.6.2
[INFO] [stderr]    Compiling ohos-display-sys v0.1.3
[INFO] [stderr]    Compiling ohos-input-method-sys v0.2.3
[INFO] [stderr]    Compiling ohos-web-sys v0.1.2
[INFO] [stderr]    Compiling http v1.4.2
[INFO] [stderr]    Compiling ohos-accessibility-sys v0.0.4
[INFO] [stderr]    Compiling futures-channel v0.3.32
[INFO] [stderr]    Compiling napi-sys-ohos v1.2.0
[INFO] [stderr]    Compiling napi-ohos v1.2.0
[INFO] [stderr]    Compiling ohos-resource-manager-sys v0.3.3
[INFO] [stderr]    Compiling ohos-image-native-sys v0.0.4
[INFO] [stderr]    Compiling ohos-image-sys v0.0.4
[INFO] [stderr]    Compiling ohos-udmf-sys v0.0.4
[INFO] [stderr]    Compiling ohos-native-drawing-sys v0.2.3
[INFO] [stderr]    Compiling ohos-arkui-sys v0.1.3
[INFO] [stderr]    Compiling ohos-xcomponent-sys v0.1.3
[INFO] [stderr]    Compiling napi-derive-backend-ohos v1.2.0
[INFO] [stderr]    Compiling futures-macro v0.3.32
[INFO] [stderr]    Compiling ohos-enum-derive v0.1.1
[INFO] [stderr]    Compiling ohos-arkui-input-binding v0.1.3
[INFO] [stderr]    Compiling ohos-ime-binding v0.3.0
[INFO] [stderr]    Compiling ohos-display-binding v0.1.3
[INFO] [stderr]    Compiling ohos-web-binding v0.2.2
[INFO] [stderr]    Compiling futures-util v0.3.32
[INFO] [stderr]    Compiling napi-derive-ohos v1.2.0
[INFO] [stderr]    Compiling futures-executor v0.3.32
[INFO] [stderr]    Compiling futures v0.3.32
[INFO] [stderr]    Compiling ohos-xcomponent-binding v0.4.0
[INFO] [stderr]    Compiling ohos-arkui-binding v0.3.0
[INFO] [stderr]    Compiling openharmony-ability v1.0.0-beta.2
[INFO] [stderr]    Compiling openharmony-ability-plugin-webview v1.0.0-beta.2 (/opt/rustwide/workdir)
[INFO] [stderr]     Finished `release` profile [optimized] target(s) in 20.70s
[INFO] running `Command { std: "docker" "inspect" "cd7081f1131b84d698c1614ebc6e8834311e9c3e92793f2796f3fc5e7f38126d", kill_on_drop: false }`
[INFO] running `Command { std: "docker" "exec" "-e" "SOURCE_DIR=/opt/rustwide/workdir" "-e" "CARGO_HOME=/opt/rustwide/cargo-home" "-e" "RUSTUP_HOME=/opt/rustwide/rustup-home" "-e" "CARGO_TARGET_DIR=/opt/rustwide/target" "-e" "CARGO_INCREMENTAL=0" "-e" "RUST_BACKTRACE=full" "-e" "RUSTFLAGS=--cap-lints=warn" "-e" "RUSTDOCFLAGS=--cap-lints=warn" "-w" "/opt/rustwide/workdir" "--user" "0:0" "cd7081f1131b84d698c1614ebc6e8834311e9c3e92793f2796f3fc5e7f38126d" "/opt/rustwide/cargo-home/bin/cargo" "+1.99.0-beta.8" "test" "--frozen" "--no-run" "--message-format=json" "--release", kill_on_drop: false }`
[INFO] [stderr]    Compiling openharmony-ability-plugin-webview v1.0.0-beta.2 (/opt/rustwide/workdir)
[INFO] [stdout] error: linking with `cc` failed: exit status: 1
[INFO] [stdout]   |
[INFO] [stdout]   = note:  "cc" "-m64" "/opt/rustwide/target/release/deps/rustc85CW2Y/symbols.o" "<8 object files omitted>" "-Wl,--as-needed" "-Wl,-Bstatic" "<sysroot>/lib/rustlib/x86_64-unknown-linux-gnu/lib/{libtest-*,libgetopts-*,librustc_std_workspace_std-*}.rlib" "/opt/rustwide/target/release/deps/{libhttp-95d27fa1de18b831,libitoa-1e9e3b22820c4a15,libbytes-654f8a7a557a4087,libopenharmony_ability-864908162487aa82,libohos_ime_binding-a78e6e275f19f8fa,libohos_input_method_sys-30c5ac63de95925c,libohos_display_binding-8016b776093bca13,libohos_display_sys-97f5cc41009e8b28,libohos_arkui_binding-cf5b3e5c34a5702c,libohos_xcomponent_binding-f0e995a30478655a,libraw_window_handle-ae6b6a8f0ac721af,libohos_xcomponent_sys-264557e271745efe,libohos_accessibility_sys-2148dab6ad2054fb,libohos_arkui_sys-5a4ee87a6d14ad9c,libohos_udmf_sys-cb2d0e81145d5edc,libohos_native_drawing_sys-d5f8f3523ae25c3e,libohos_image_sys-12f63b3048d83a75,libohos_image_native_sys-6d1927a9a518bd74,libohos_resource_manager_sys-2cdd106ec61c77d9,libohos_native_buffer_sys-3dd8c6cce4442e84,libohos_arkui_input_binding-cb40e0304511bfae,libohos_arkui_input_sys-aff1b3ec8a38de3c,libohos_web_binding-b066076691f1dae8,libohos_web_sys-375196304c6a9615,libnapi_ohos-24bf800e714580b4,libnapi_sys_ohos-f7ea7caa3e650ae3,libbitflags-3abca287fbc4cbf7,librustc_hash-682890645aa46447,libnohash_hasher-91a2c7bc32675415,libfutures-ec2b51e78cecc1ef,libfutures_executor-55bbb5e06c92419d,libfutures_util-2f46202acc5b12e1,libmemchr-b836402bd6c4c7f1,libfutures_io-a2c128f3959708f8,libslab-19b8bc1074c00c3a,libfutures_channel-199f59bf86dabb1d,libpin_project_lite-9a89bb36c0c56875,libfutures_sink-908186862ad38b29,libfutures_task-4380614d65d5c09c,libfutures_core-0b1b1ace5db6ba06,libctor-6fdf25a5ebd5bbd4}.rlib" "<sysroot>/lib/rustlib/x86_64-unknown-linux-gnu/lib/{libstd-*,libpanic_unwind-*,libobject-*,libmemchr-*,libaddr2line-*,libgimli-*,libcfg_if-*,librustc_demangle-*,libstd_detect-*,libhashbrown-*,librustc_std_workspace_alloc-*,libminiz_oxide-*,libadler2-*,libunwind-*,liblibc-*,librustc_std_workspace_core-*,liballoc-*,libcore-*,libcompiler_builtins-*}.rlib" "-Wl,-Bdynamic" "-lohinputmethod" "-lnative_display_manager" "-lace_ndk.z" "-lace_ndk.z" "-lace_ndk.z" "-ludmf" "-lnative_drawing" "-lohimage" "-limage_packer" "-lpicture" "-limage_receiver" "-limage_source" "-lpixelmap" "-limage_ndk.z" "-limage_packer_ndk.z" "-limage_receiver_ndk.z" "-limage_source_ndk.z" "-lpixelmap_ndk.z" "-limage_ndk.z" "-limage_packer_ndk.z" "-lpixelmap_ndk.z" "-limage_receiver_ndk.z" "-limage_source_ndk.z" "-limage_source" "-limage_receiver" "-lpixelmap" "-lohimage" "-lohresmgr" "-lrawfile.z" "-lnative_buffer" "-lace_ndk.z" "-lohweb" "-lgcc_s" "-lutil" "-lrt" "-lpthread" "-lm" "-ldl" "-lc" "-L" "/opt/rustwide/target/release/deps/rustc85CW2Y/raw-dylibs" "-B<sysroot>/lib/rustlib/x86_64-unknown-linux-gnu/bin/gcc-ld" "-fuse-ld=lld" "-Wl,--eh-frame-hdr" "-Wl,-z,noexecstack" "-L" "<sysroot>/lib/rustlib/x86_64-unknown-linux-gnu/lib" "-o" "/opt/rustwide/target/release/deps/openharmony_ability_plugin_webview-6df42139894f5bea" "-Wl,--gc-sections" "-pie" "-Wl,-z,relro,-z,now" "-Wl,-O1" "-Wl,--strip-debug" "-nodefaultlibs"
[INFO] [stdout]   = note: some arguments are omitted. use `--verbose` to show all linker arguments
[INFO] [stdout]   = note: rust-lld: error: unable to find library -lohinputmethod
[INFO] [stdout]           rust-lld: error: unable to find library -lnative_display_manager
[INFO] [stdout]           rust-lld: error: unable to find library -lace_ndk.z
[INFO] [stdout]           rust-lld: error: unable to find library -lace_ndk.z
[INFO] [stdout]           rust-lld: error: unable to find library -lace_ndk.z
[INFO] [stdout]           rust-lld: error: unable to find library -ludmf
[INFO] [stdout]           rust-lld: error: unable to find library -lnative_drawing
[INFO] [stdout]           rust-lld: error: unable to find library -lohimage
[INFO] [stdout]           rust-lld: error: unable to find library -limage_packer
[INFO] [stdout]           rust-lld: error: unable to find library -lpicture
[INFO] [stdout]           rust-lld: error: unable to find library -limage_receiver
[INFO] [stdout]           rust-lld: error: unable to find library -limage_source
[INFO] [stdout]           rust-lld: error: unable to find library -lpixelmap
[INFO] [stdout]           rust-lld: error: unable to find library -limage_ndk.z
[INFO] [stdout]           rust-lld: error: unable to find library -limage_packer_ndk.z
[INFO] [stdout]           rust-lld: error: unable to find library -limage_receiver_ndk.z
[INFO] [stdout]           rust-lld: error: unable to find library -limage_source_ndk.z
[INFO] [stdout]           rust-lld: error: unable to find library -lpixelmap_ndk.z
[INFO] [stdout]           rust-lld: error: unable to find library -limage_ndk.z
[INFO] [stdout]           rust-lld: error: unable to find library -limage_packer_ndk.z
[INFO] [stdout]           rust-lld: error: too many errors emitted, stopping now (use --error-limit=0 to see all errors)
[INFO] [stdout]           collect2: error: ld returned 1 exit status
[INFO] [stdout]           
[INFO] [stdout] 
[INFO] [stdout] 
[INFO] [stderr] error: could not compile `openharmony-ability-plugin-webview` (lib test) due to 1 previous error
[INFO] running `Command { std: "docker" "inspect" "cd7081f1131b84d698c1614ebc6e8834311e9c3e92793f2796f3fc5e7f38126d", kill_on_drop: false }`
[INFO] running `Command { std: "docker" "rm" "-f" "cd7081f1131b84d698c1614ebc6e8834311e9c3e92793f2796f3fc5e7f38126d", kill_on_drop: false }`
[INFO] [stdout] cd7081f1131b84d698c1614ebc6e8834311e9c3e92793f2796f3fc5e7f38126d
