[INFO] fetching crate openharmony-ability-plugin-permission 1.0.0-beta.1...
[INFO] testing openharmony-ability-plugin-permission-1.0.0-beta.1 against 1.99.0-beta.8+cargoflags=--release for beta-release-1.100-2
[INFO] extracting crate openharmony-ability-plugin-permission 1.0.0-beta.1 into /workspace/builds/worker-2-tc1/source
[INFO] started tweaking crates.io crate openharmony-ability-plugin-permission 1.0.0-beta.1
[INFO] finished tweaking crates.io crate openharmony-ability-plugin-permission 1.0.0-beta.1
[INFO] tweaked toml for crates.io crate openharmony-ability-plugin-permission 1.0.0-beta.1 written to /workspace/builds/worker-2-tc1/source/Cargo.toml
[INFO] validating manifest of crates.io crate openharmony-ability-plugin-permission 1.0.0-beta.1 on toolchain 1.99.0-beta.8
[INFO] running `Command { std: CARGO_HOME="/workspace/cargo-home" RUSTUP_HOME="/workspace/rustup-home" "/workspace/cargo-home/bin/cargo" "+1.99.0-beta.8" "metadata" "--manifest-path" "Cargo.toml" "--no-deps", kill_on_drop: false }`
[INFO] crate crates.io crate openharmony-ability-plugin-permission 1.0.0-beta.1 already has a lockfile, it will not be regenerated
[INFO] running `Command { std: CARGO_HOME="/workspace/cargo-home" RUSTUP_HOME="/workspace/rustup-home" "/workspace/cargo-home/bin/cargo" "+1.99.0-beta.8" "fetch" "--manifest-path" "Cargo.toml", kill_on_drop: false }`
[INFO] [stderr]     Updating crates.io index
[INFO] [stderr]  Downloading crates ...
[INFO] [stderr]   Downloaded openharmony-ability v1.0.0-beta.1
[INFO] [stderr]   Downloaded ohos-xcomponent-sys v0.1.1
[INFO] [stderr]   Downloaded ohos-xcomponent-binding v0.3.1
[INFO] [stderr]   Downloaded ohos-ime-binding v0.2.1
[INFO] [stderr]   Downloaded ohos-udmf-sys v0.0.2
[INFO] [stderr]   Downloaded ohos-resource-manager-sys v0.3.1
[INFO] [stderr]   Downloaded ohos-enum-derive v0.1.1
[INFO] [stderr]   Downloaded ohos-arkui-input-binding v0.1.1
[INFO] [stderr]   Downloaded napi-build-ohos v1.2.0
[INFO] [stderr]   Downloaded ohos-display-binding v0.1.1
[INFO] [stderr]   Downloaded ohos-display-sys v0.1.1
[INFO] [stderr]   Downloaded napi-sys-ohos v1.2.0
[INFO] [stderr]   Downloaded ohos-arkui-input-sys v0.1.1
[INFO] [stderr]   Downloaded ohos-native-buffer-sys v0.1.1
[INFO] [stderr]   Downloaded ohos-image-sys v0.0.2
[INFO] [stderr]   Downloaded ohos-accessibility-sys v0.0.2
[INFO] [stderr]   Downloaded napi-derive-ohos v1.2.0
[INFO] [stderr]   Downloaded ohos-image-native-sys v0.0.2
[INFO] [stderr]   Downloaded napi-derive-backend-ohos v1.2.0
[INFO] [stderr]   Downloaded ctor v1.0.8
[INFO] [stderr]   Downloaded ohos-arkui-sys v0.1.1
[INFO] [stderr]   Downloaded ohos-native-drawing-sys v0.2.1
[INFO] [stderr]   Downloaded ohos-input-method-sys v0.2.1
[INFO] [stderr]   Downloaded ohos-arkui-binding v0.2.1
[INFO] [stderr]   Downloaded napi-ohos v1.2.0
[INFO] running `Command { std: "docker" "create" "-v" "/var/lib/crater-agent-workspace/builds/worker-2-tc1/source:/opt/rustwide/workdir:ro,Z" "-v" "/var/lib/crater-agent-workspace/builds/worker-2-tc1/target:/opt/rustwide/target:rw,Z" "-v" "/var/lib/crater-agent-workspace/cargo-home:/opt/rustwide/cargo-home:ro,Z" "-v" "/var/lib/crater-agent-workspace/rustup-home:/opt/rustwide/rustup-home:ro,Z" "-m" "1610612736" "--network" "none" "ghcr.io/rust-lang/crates-build-env/linux@sha256:77db811e55d90add9212f6832c23229e3de5f1c1f9905e8cb07319ea15df73ac" "sleep" "infinity", kill_on_drop: false }`
[INFO] [stdout] 74ed8dfe93a85aad92c393a532c226d78e3f84592c5b42d868cd8b334131def3
[INFO] running `Command { std: "docker" "start" "74ed8dfe93a85aad92c393a532c226d78e3f84592c5b42d868cd8b334131def3", kill_on_drop: false }`
[INFO] running `Command { std: "docker" "inspect" "74ed8dfe93a85aad92c393a532c226d78e3f84592c5b42d868cd8b334131def3", kill_on_drop: false }`
[INFO] running `Command { std: "docker" "exec" "-e" "SOURCE_DIR=/opt/rustwide/workdir" "-e" "CARGO_HOME=/opt/rustwide/cargo-home" "-e" "RUSTUP_HOME=/opt/rustwide/rustup-home" "-e" "CARGO_TARGET_DIR=/opt/rustwide/target" "-w" "/opt/rustwide/workdir" "--user" "0:0" "74ed8dfe93a85aad92c393a532c226d78e3f84592c5b42d868cd8b334131def3" "/opt/rustwide/cargo-home/bin/cargo" "+1.99.0-beta.8" "metadata" "--no-deps" "--format-version=1", kill_on_drop: false }`
[INFO] running `Command { std: "docker" "inspect" "74ed8dfe93a85aad92c393a532c226d78e3f84592c5b42d868cd8b334131def3", kill_on_drop: false }`
[INFO] running `Command { std: "docker" "exec" "-e" "SOURCE_DIR=/opt/rustwide/workdir" "-e" "CARGO_HOME=/opt/rustwide/cargo-home" "-e" "RUSTUP_HOME=/opt/rustwide/rustup-home" "-e" "CARGO_TARGET_DIR=/opt/rustwide/target" "-e" "CARGO_INCREMENTAL=0" "-e" "RUST_BACKTRACE=full" "-e" "RUSTFLAGS=--cap-lints=warn" "-e" "RUSTDOCFLAGS=--cap-lints=warn" "-w" "/opt/rustwide/workdir" "--user" "0:0" "74ed8dfe93a85aad92c393a532c226d78e3f84592c5b42d868cd8b334131def3" "/opt/rustwide/cargo-home/bin/cargo" "+1.99.0-beta.8" "build" "--frozen" "--message-format=json" "--release", kill_on_drop: false }`
[INFO] [stderr]    Compiling futures-sink v0.3.32
[INFO] [stderr]    Compiling ohos-native-buffer-sys v0.1.1
[INFO] [stderr]    Compiling futures-core v0.3.32
[INFO] [stderr]    Compiling ohos-arkui-input-sys v0.1.1
[INFO] [stderr]    Compiling napi-build-ohos v1.2.0
[INFO] [stderr]    Compiling libloading v0.9.0
[INFO] [stderr]    Compiling convert_case v0.6.0
[INFO] [stderr]    Compiling convert_case v0.11.0
[INFO] [stderr]    Compiling nohash-hasher v0.2.0
[INFO] [stderr]    Compiling ctor v1.0.8
[INFO] [stderr]    Compiling raw-window-handle v0.6.2
[INFO] [stderr]    Compiling ohos-display-sys v0.1.1
[INFO] [stderr]    Compiling ohos-input-method-sys v0.2.1
[INFO] [stderr]    Compiling syn v2.0.118
[INFO] [stderr]    Compiling ohos-accessibility-sys v0.0.2
[INFO] [stderr]    Compiling futures-channel v0.3.32
[INFO] [stderr]    Compiling napi-ohos v1.2.0
[INFO] [stderr]    Compiling napi-sys-ohos v1.2.0
[INFO] [stderr]    Compiling ohos-resource-manager-sys v0.3.1
[INFO] [stderr]    Compiling ohos-image-native-sys v0.0.2
[INFO] [stderr]    Compiling ohos-image-sys v0.0.2
[INFO] [stderr]    Compiling ohos-udmf-sys v0.0.2
[INFO] [stderr]    Compiling ohos-native-drawing-sys v0.2.1
[INFO] [stderr]    Compiling ohos-arkui-sys v0.1.1
[INFO] [stderr]    Compiling ohos-xcomponent-sys v0.1.1
[INFO] [stderr]    Compiling napi-derive-backend-ohos v1.2.0
[INFO] [stderr]    Compiling futures-macro v0.3.32
[INFO] [stderr]    Compiling ohos-enum-derive v0.1.1
[INFO] [stderr]    Compiling ohos-arkui-input-binding v0.1.1
[INFO] [stderr]    Compiling ohos-display-binding v0.1.1
[INFO] [stderr]    Compiling ohos-ime-binding v0.2.1
[INFO] [stderr]    Compiling futures-util v0.3.32
[INFO] [stderr]    Compiling napi-derive-ohos v1.2.0
[INFO] [stderr]    Compiling futures-executor v0.3.32
[INFO] [stderr]    Compiling futures v0.3.32
[INFO] [stderr]    Compiling ohos-xcomponent-binding v0.3.1
[INFO] [stderr]    Compiling ohos-arkui-binding v0.2.1
[INFO] [stderr]    Compiling openharmony-ability v1.0.0-beta.1
[INFO] [stderr]    Compiling openharmony-ability-plugin-permission v1.0.0-beta.1 (/opt/rustwide/workdir)
[INFO] [stderr]     Finished `release` profile [optimized] target(s) in 20.08s
[INFO] running `Command { std: "docker" "inspect" "74ed8dfe93a85aad92c393a532c226d78e3f84592c5b42d868cd8b334131def3", kill_on_drop: false }`
[INFO] running `Command { std: "docker" "exec" "-e" "SOURCE_DIR=/opt/rustwide/workdir" "-e" "CARGO_HOME=/opt/rustwide/cargo-home" "-e" "RUSTUP_HOME=/opt/rustwide/rustup-home" "-e" "CARGO_TARGET_DIR=/opt/rustwide/target" "-e" "CARGO_INCREMENTAL=0" "-e" "RUST_BACKTRACE=full" "-e" "RUSTFLAGS=--cap-lints=warn" "-e" "RUSTDOCFLAGS=--cap-lints=warn" "-w" "/opt/rustwide/workdir" "--user" "0:0" "74ed8dfe93a85aad92c393a532c226d78e3f84592c5b42d868cd8b334131def3" "/opt/rustwide/cargo-home/bin/cargo" "+1.99.0-beta.8" "test" "--frozen" "--no-run" "--message-format=json" "--release", kill_on_drop: false }`
[INFO] [stderr]    Compiling openharmony-ability-plugin-permission v1.0.0-beta.1 (/opt/rustwide/workdir)
[INFO] [stdout] error: linking with `cc` failed: exit status: 1
[INFO] [stdout]   |
[INFO] [stdout]   = note:  "cc" "-m64" "/opt/rustwide/target/release/deps/rustc5Ya7Zj/symbols.o" "<2 object files omitted>" "-Wl,--as-needed" "-Wl,-Bstatic" "<sysroot>/lib/rustlib/x86_64-unknown-linux-gnu/lib/{libtest-*,libgetopts-*,librustc_std_workspace_std-*}.rlib" "/opt/rustwide/target/release/deps/{libopenharmony_ability-a60a0fce87c9a520,libohos_ime_binding-9a772fd1bc1d4692,libohos_input_method_sys-f85d101daccf4f23,libohos_display_binding-10e8dd4774d99624,libohos_display_sys-4b8a1cc14d0f3420,libohos_arkui_binding-43fe483c9b6360ee,libohos_xcomponent_binding-a58ace01a6d23e7d,libraw_window_handle-ae6b6a8f0ac721af,libohos_xcomponent_sys-d09c1af3682ab2c9,libohos_accessibility_sys-4b3c311d68c951c3,libohos_arkui_sys-b558336dd0b4ee92,libohos_udmf_sys-66e114b1d5cc5b6c,libohos_native_drawing_sys-7a17d2a4daae086a,libohos_image_sys-f4a2bd95c04332cf,libohos_image_native_sys-e7adfe9ed250b3e8,libohos_resource_manager_sys-83a26049d5cfa33d,libohos_native_buffer_sys-c07084ca7e48b587,libohos_arkui_input_binding-9637647345259562,libohos_arkui_input_sys-175b140414c387e8,libnapi_ohos-24bf800e714580b4,libnapi_sys_ohos-f7ea7caa3e650ae3,libbitflags-3abca287fbc4cbf7,librustc_hash-682890645aa46447,libnohash_hasher-91a2c7bc32675415,libfutures-ec2b51e78cecc1ef,libfutures_executor-55bbb5e06c92419d,libfutures_util-2f46202acc5b12e1,libmemchr-b836402bd6c4c7f1,libfutures_io-a2c128f3959708f8,libslab-19b8bc1074c00c3a,libfutures_channel-199f59bf86dabb1d,libpin_project_lite-9a89bb36c0c56875,libfutures_sink-908186862ad38b29,libfutures_task-4380614d65d5c09c,libfutures_core-0b1b1ace5db6ba06,libctor-6fdf25a5ebd5bbd4}.rlib" "<sysroot>/lib/rustlib/x86_64-unknown-linux-gnu/lib/{libstd-*,libpanic_unwind-*,libobject-*,libmemchr-*,libaddr2line-*,libgimli-*,libcfg_if-*,librustc_demangle-*,libstd_detect-*,libhashbrown-*,librustc_std_workspace_alloc-*,libminiz_oxide-*,libadler2-*,libunwind-*,liblibc-*,librustc_std_workspace_core-*,liballoc-*,libcore-*,libcompiler_builtins-*}.rlib" "-Wl,-Bdynamic" "-lohinputmethod" "-lnative_display_manager" "-lace_ndk.z" "-lace_ndk.z" "-lace_ndk.z" "-ludmf" "-lnative_drawing" "-lohimage" "-limage_packer" "-lpicture" "-limage_receiver" "-limage_source" "-lpixelmap" "-limage_ndk.z" "-limage_packer_ndk.z" "-lpixelmap_ndk.z" "-limage_receiver_ndk.z" "-limage_source_ndk.z" "-limage_source" "-lpixelmap" "-lohresmgr" "-lrawfile.z" "-lnative_buffer" "-lace_ndk.z" "-lgcc_s" "-lutil" "-lrt" "-lpthread" "-lm" "-ldl" "-lc" "-L" "/opt/rustwide/target/release/deps/rustc5Ya7Zj/raw-dylibs" "-B<sysroot>/lib/rustlib/x86_64-unknown-linux-gnu/bin/gcc-ld" "-fuse-ld=lld" "-Wl,--eh-frame-hdr" "-Wl,-z,noexecstack" "-L" "<sysroot>/lib/rustlib/x86_64-unknown-linux-gnu/lib" "-o" "/opt/rustwide/target/release/deps/openharmony_ability_plugin_permission-0c1eeefc4e09bde0" "-Wl,--gc-sections" "-pie" "-Wl,-z,relro,-z,now" "-Wl,-O1" "-Wl,--strip-debug" "-nodefaultlibs"
[INFO] [stdout]   = note: some arguments are omitted. use `--verbose` to show all linker arguments
[INFO] [stdout]   = note: rust-lld: error: unable to find library -lohinputmethod
[INFO] [stdout]           rust-lld: error: unable to find library -lnative_display_manager
[INFO] [stdout]           rust-lld: error: unable to find library -lace_ndk.z
[INFO] [stdout]           rust-lld: error: unable to find library -lace_ndk.z
[INFO] [stdout]           rust-lld: error: unable to find library -lace_ndk.z
[INFO] [stdout]           rust-lld: error: unable to find library -ludmf
[INFO] [stdout]           rust-lld: error: unable to find library -lnative_drawing
[INFO] [stdout]           rust-lld: error: unable to find library -lohimage
[INFO] [stdout]           rust-lld: error: unable to find library -limage_packer
[INFO] [stdout]           rust-lld: error: unable to find library -lpicture
[INFO] [stdout]           rust-lld: error: unable to find library -limage_receiver
[INFO] [stdout]           rust-lld: error: unable to find library -limage_source
[INFO] [stdout]           rust-lld: error: unable to find library -lpixelmap
[INFO] [stdout]           rust-lld: error: unable to find library -limage_ndk.z
[INFO] [stdout]           rust-lld: error: unable to find library -limage_packer_ndk.z
[INFO] [stdout]           rust-lld: error: unable to find library -lpixelmap_ndk.z
[INFO] [stdout]           rust-lld: error: unable to find library -limage_receiver_ndk.z
[INFO] [stdout]           rust-lld: error: unable to find library -limage_source_ndk.z
[INFO] [stdout]           rust-lld: error: unable to find library -limage_source
[INFO] [stdout]           rust-lld: error: unable to find library -lpixelmap
[INFO] [stdout]           rust-lld: error: too many errors emitted, stopping now (use --error-limit=0 to see all errors)
[INFO] [stdout]           collect2: error: ld returned 1 exit status
[INFO] [stdout]           
[INFO] [stdout] 
[INFO] [stdout] 
[INFO] [stderr] error: could not compile `openharmony-ability-plugin-permission` (lib test) due to 1 previous error
[INFO] running `Command { std: "docker" "inspect" "74ed8dfe93a85aad92c393a532c226d78e3f84592c5b42d868cd8b334131def3", kill_on_drop: false }`
[INFO] running `Command { std: "docker" "rm" "-f" "74ed8dfe93a85aad92c393a532c226d78e3f84592c5b42d868cd8b334131def3", kill_on_drop: false }`
[INFO] [stdout] 74ed8dfe93a85aad92c393a532c226d78e3f84592c5b42d868cd8b334131def3
