[INFO] fetching crate opendal-service-hf 0.59.4...
[INFO] testing opendal-service-hf-0.59.4 against 1.99.0-beta.8+cargoflags=--release for beta-release-1.100-2
[INFO] extracting crate opendal-service-hf 0.59.4 into /workspace/builds/worker-4-tc1/source
[INFO] started tweaking crates.io crate opendal-service-hf 0.59.4
[INFO] finished tweaking crates.io crate opendal-service-hf 0.59.4
[INFO] tweaked toml for crates.io crate opendal-service-hf 0.59.4 written to /workspace/builds/worker-4-tc1/source/Cargo.toml
[INFO] validating manifest of crates.io crate opendal-service-hf 0.59.4 on toolchain 1.99.0-beta.8
[INFO] running `Command { std: CARGO_HOME="/workspace/cargo-home" RUSTUP_HOME="/workspace/rustup-home" "/workspace/cargo-home/bin/cargo" "+1.99.0-beta.8" "metadata" "--manifest-path" "Cargo.toml" "--no-deps", kill_on_drop: false }`
[INFO] crate crates.io crate opendal-service-hf 0.59.4 already has a lockfile, it will not be regenerated
[INFO] running `Command { std: CARGO_HOME="/workspace/cargo-home" RUSTUP_HOME="/workspace/rustup-home" "/workspace/cargo-home/bin/cargo" "+1.99.0-beta.8" "fetch" "--manifest-path" "Cargo.toml", kill_on_drop: false }`
[INFO] [stderr]     Updating crates.io index
[INFO] [stderr]  Downloading crates ...
[INFO] [stderr]   Downloaded xet-runtime v1.6.0
[INFO] [stderr]   Downloaded wasite v1.0.2
[INFO] [stderr]   Downloaded num-conv v0.2.1
[INFO] [stderr]   Downloaded tokio_with_wasm_proc v0.8.8
[INFO] [stderr]   Downloaded tokio_with_wasm v0.8.8
[INFO] [stderr]   Downloaded objc2-system-configuration v0.3.2
[INFO] [stderr]   Downloaded more-asserts v0.3.1
[INFO] [stderr]   Downloaded konst_proc_macros v0.4.1
[INFO] [stderr]   Downloaded hf-xet v1.6.0
[INFO] [stderr]   Downloaded oneshot v0.1.13
[INFO] [stderr]   Downloaded typewit v1.15.2
[INFO] [stderr]   Downloaded const_panic v0.2.15
[INFO] [stderr]   Downloaded aws-lc-rs v1.16.3
[INFO] [stderr]   Downloaded konst v0.4.3
[INFO] [stderr]   Downloaded link-section v0.19.1
[INFO] [stderr]   Downloaded const-str v1.1.0
[INFO] [stderr]   Downloaded ctor v1.0.11
[INFO] [stderr]   Downloaded linktime-proc-macro v0.2.0
[INFO] [stderr]   Downloaded lz4_flex v0.13.0
[INFO] [stderr]   Downloaded countio v0.3.0
[INFO] [stderr]   Downloaded safe-transmute v0.11.3
[INFO] [stderr]   Downloaded heapify v0.2.0
[INFO] [stderr]   Downloaded xet-client v1.6.0
[INFO] [stderr]   Downloaded tokio-retry v0.3.1
[INFO] [stderr]   Downloaded gearhash v0.1.3
[INFO] [stderr]   Downloaded xet-core-structures v1.6.0
[INFO] [stderr]   Downloaded redb v3.1.3
[INFO] [stderr]   Downloaded statrs v0.18.0
[INFO] [stderr]   Downloaded reqwest-middleware v0.5.1
[INFO] [stderr]   Downloaded xet-data v1.6.0
[INFO] [stderr]   Downloaded aws-lc-sys v0.40.0
[INFO] running `Command { std: "docker" "create" "-v" "/var/lib/crater-agent-workspace/builds/worker-4-tc1/source:/opt/rustwide/workdir:ro,Z" "-v" "/var/lib/crater-agent-workspace/builds/worker-4-tc1/target:/opt/rustwide/target:rw,Z" "-v" "/var/lib/crater-agent-workspace/cargo-home:/opt/rustwide/cargo-home:ro,Z" "-v" "/var/lib/crater-agent-workspace/rustup-home:/opt/rustwide/rustup-home:ro,Z" "-m" "1610612736" "--network" "none" "ghcr.io/rust-lang/crates-build-env/linux@sha256:77db811e55d90add9212f6832c23229e3de5f1c1f9905e8cb07319ea15df73ac" "sleep" "infinity", kill_on_drop: false }`
[INFO] [stdout] 84ca36f0c46408980a7e38895e2f46e5d9591320b29bd83d06c12833d719bf13
[INFO] running `Command { std: "docker" "start" "84ca36f0c46408980a7e38895e2f46e5d9591320b29bd83d06c12833d719bf13", kill_on_drop: false }`
[INFO] running `Command { std: "docker" "inspect" "84ca36f0c46408980a7e38895e2f46e5d9591320b29bd83d06c12833d719bf13", kill_on_drop: false }`
[INFO] running `Command { std: "docker" "exec" "-e" "SOURCE_DIR=/opt/rustwide/workdir" "-e" "CARGO_HOME=/opt/rustwide/cargo-home" "-e" "RUSTUP_HOME=/opt/rustwide/rustup-home" "-e" "CARGO_TARGET_DIR=/opt/rustwide/target" "-w" "/opt/rustwide/workdir" "--user" "0:0" "84ca36f0c46408980a7e38895e2f46e5d9591320b29bd83d06c12833d719bf13" "/opt/rustwide/cargo-home/bin/cargo" "+1.99.0-beta.8" "metadata" "--no-deps" "--format-version=1", kill_on_drop: false }`
[INFO] running `Command { std: "docker" "inspect" "84ca36f0c46408980a7e38895e2f46e5d9591320b29bd83d06c12833d719bf13", kill_on_drop: false }`
[INFO] running `Command { std: "docker" "exec" "-e" "SOURCE_DIR=/opt/rustwide/workdir" "-e" "CARGO_HOME=/opt/rustwide/cargo-home" "-e" "RUSTUP_HOME=/opt/rustwide/rustup-home" "-e" "CARGO_TARGET_DIR=/opt/rustwide/target" "-e" "CARGO_INCREMENTAL=0" "-e" "RUST_BACKTRACE=full" "-e" "RUSTFLAGS=--cap-lints=warn" "-e" "RUSTDOCFLAGS=--cap-lints=warn" "-w" "/opt/rustwide/workdir" "--user" "0:0" "84ca36f0c46408980a7e38895e2f46e5d9591320b29bd83d06c12833d719bf13" "/opt/rustwide/cargo-home/bin/cargo" "+1.99.0-beta.8" "build" "--frozen" "--message-format=json" "--release", kill_on_drop: false }`
[INFO] [stderr]    Compiling memchr v2.8.2
[INFO] [stderr]    Compiling futures-core v0.3.33
[INFO] [stderr]    Compiling bytes v1.12.1
[INFO] [stderr]    Compiling futures-sink v0.3.33
[INFO] [stderr]    Compiling dunce v1.0.5
[INFO] [stderr]    Compiling libc v0.2.186
[INFO] [stderr]    Compiling fs_extra v1.3.0
[INFO] [stderr]    Compiling serde_core v1.0.229
[INFO] [stderr]    Compiling futures-io v0.3.33
[INFO] [stderr]    Compiling aws-lc-rs v1.16.3
[INFO] [stderr]    Compiling futures-task v0.3.33
[INFO] [stderr]    Compiling syn v2.0.118
[INFO] [stderr]    Compiling mio v1.2.0
[INFO] [stderr]    Compiling socket2 v0.6.3
[INFO] [stderr]    Compiling syn v3.0.3
[INFO] [stderr]    Compiling rustls-pki-types v1.14.1
[INFO] [stderr]    Compiling rustls v0.23.40
[INFO] [stderr]    Compiling regex-syntax v0.8.10
[INFO] [stderr]    Compiling futures-channel v0.3.33
[INFO] [stderr]    Compiling getrandom v0.4.2
[INFO] [stderr]    Compiling rand_core v0.10.1
[INFO] [stderr]    Compiling num-traits v0.2.19
[INFO] [stderr]    Compiling form_urlencoded v1.2.2
[INFO] [stderr]    Compiling cpufeatures v0.3.0
[INFO] [stderr]    Compiling sync_wrapper v1.0.2
[INFO] [stderr]    Compiling ipnet v2.12.0
[INFO] [stderr]    Compiling crossbeam-utils v0.8.21
[INFO] [stderr]    Compiling typenum v1.20.0
[INFO] [stderr]    Compiling powerfmt v0.2.0
[INFO] [stderr]    Compiling deranged v0.5.8
[INFO] [stderr]    Compiling rustls-native-certs v0.8.4
[INFO] [stderr]    Compiling aho-corasick v1.1.4
[INFO] [stderr]    Compiling dirs-sys v0.5.0
[INFO] [stderr]    Compiling jobserver v0.1.34
[INFO] [stderr]    Compiling http v1.4.2
[INFO] [stderr]    Compiling chacha20 v0.10.0
[INFO] [stderr]    Compiling num-conv v0.2.1
[INFO] [stderr]    Compiling time-core v0.1.8
[INFO] [stderr]    Compiling cc v1.4.0
[INFO] [stderr]    Compiling typewit v1.15.2
[INFO] [stderr]    Compiling rand v0.10.1
[INFO] [stderr]    Compiling dirs v6.0.0
[INFO] [stderr]    Compiling crossbeam-channel v0.5.15
[INFO] [stderr]    Compiling hybrid-array v0.4.12
[INFO] [stderr]    Compiling os_str_bytes v6.6.1
[INFO] [stderr]    Compiling linktime-proc-macro v0.2.0
[INFO] [stderr]    Compiling konst_proc_macros v0.4.1
[INFO] [stderr]    Compiling crypto-common v0.2.1
[INFO] [stderr]    Compiling block-buffer v0.12.0
[INFO] [stderr]    Compiling time v0.3.47
[INFO] [stderr]    Compiling const_panic v0.2.15
[INFO] [stderr]    Compiling link-section v0.19.1
[INFO] [stderr]    Compiling const-oid v0.10.2
[INFO] [stderr]    Compiling symlink v0.1.0
[INFO] [stderr]    Compiling chrono v0.4.44
[INFO] [stderr]    Compiling sysinfo v0.38.4
[INFO] [stderr]    Compiling ctor v1.0.11
[INFO] [stderr]    Compiling whoami v2.1.2
[INFO] [stderr]    Compiling redb v3.1.3
[INFO] [stderr]    Compiling const-str v1.1.0
[INFO] [stderr]    Compiling arrayref v0.3.9
[INFO] [stderr]    Compiling colored v3.1.1
[INFO] [stderr]    Compiling twox-hash v2.1.2
[INFO] [stderr]    Compiling cmake v0.1.58
[INFO] [stderr]    Compiling http-body v1.1.0
[INFO] [stderr]    Compiling http-body-util v0.1.3
[INFO] [stderr]    Compiling regex-automata v0.4.14
[INFO] [stderr]    Compiling konst v0.4.3
[INFO] [stderr]    Compiling humantime v2.3.0
[INFO] [stderr]    Compiling oneshot v0.1.13
[INFO] [stderr]    Compiling aws-lc-sys v0.40.0
[INFO] [stderr]    Compiling blake3 v1.8.5
[INFO] [stderr]    Compiling digest v0.11.3
[INFO] [stderr]    Compiling more-asserts v0.3.1
[INFO] [stderr]    Compiling constant_time_eq v0.4.2
[INFO] [stderr]    Compiling arrayvec v0.7.6
[INFO] [stderr]    Compiling lz4_flex v0.13.0
[INFO] [stderr]    Compiling approx v0.5.1
[INFO] [stderr]    Compiling countio v0.3.0
[INFO] [stderr]    Compiling heapify v0.2.0
[INFO] [stderr]    Compiling bytemuck v1.25.0
[INFO] [stderr]    Compiling safe-transmute v0.11.3
[INFO] [stderr]    Compiling tempfile v3.27.0
[INFO] [stderr]    Compiling serde_json v1.0.151
[INFO] [stderr]    Compiling uuid v1.24.0
[INFO] [stderr]    Compiling statrs v0.18.0
[INFO] [stderr]    Compiling serde_derive v1.0.229
[INFO] [stderr]    Compiling async-trait v0.1.91
[INFO] [stderr]    Compiling synstructure v0.13.2
[INFO] [stderr]    Compiling urlencoding v2.1.3
[INFO] [stderr]    Compiling cfg-if v0.1.10
[INFO] [stderr]    Compiling gearhash v0.1.3
[INFO] [stderr]    Compiling sha2 v0.11.0
[INFO] [stderr]    Compiling jiff-core v0.1.0
[INFO] [stderr]    Compiling md-5 v0.11.0
[INFO] [stderr]    Compiling asyncband v0.7.1
[INFO] [stderr]    Compiling base64 v0.23.0
[INFO] [stderr]    Compiling jiff v0.2.35
[INFO] [stderr]    Compiling zerofrom-derive v0.1.7
[INFO] [stderr]    Compiling yoke-derive v0.8.2
[INFO] [stderr]    Compiling zerovec-derive v0.11.3
[INFO] [stderr]    Compiling displaydoc v0.2.5
[INFO] [stderr]    Compiling zerofrom v0.1.7
[INFO] [stderr]    Compiling tokio-macros v2.7.0
[INFO] [stderr]    Compiling yoke v0.8.2
[INFO] [stderr]    Compiling futures-macro v0.3.33
[INFO] [stderr]    Compiling tracing-attributes v0.1.31
[INFO] [stderr]    Compiling zerotrie v0.2.4
[INFO] [stderr]    Compiling thiserror-impl v2.0.18
[INFO] [stderr]    Compiling matchers v0.2.0
[INFO] [stderr]    Compiling zerovec v0.11.6
[INFO] [stderr]    Compiling bstr v1.12.1
[INFO] [stderr]    Compiling pin-project-internal v1.1.12
[INFO] [stderr]    Compiling tokio v1.53.1
[INFO] [stderr]    Compiling git-version-macro v0.3.9
[INFO] [stderr]    Compiling tinystr v0.8.3
[INFO] [stderr]    Compiling potential_utf v0.1.5
[INFO] [stderr]    Compiling icu_collections v2.1.1
[INFO] [stderr]    Compiling icu_locale_core v2.1.1
[INFO] [stderr]    Compiling futures-util v0.3.33
[INFO] [stderr]    Compiling serde v1.0.229
[INFO] [stderr]    Compiling git-version v0.3.9
[INFO] [stderr]    Compiling shellexpand v3.1.2
[INFO] [stderr]    Compiling regex v1.12.3
[INFO] [stderr]    Compiling pin-project v1.1.12
[INFO] [stderr]    Compiling serde_repr v0.1.20
[INFO] [stderr]    Compiling tracing v0.1.44
[INFO] [stderr]    Compiling thiserror v2.0.18
[INFO] [stderr]    Compiling icu_provider v2.1.1
[INFO] [stderr]    Compiling tracing-serde v0.2.0
[INFO] [stderr]    Compiling icu_normalizer v2.1.1
[INFO] [stderr]    Compiling icu_properties v2.1.2
[INFO] [stderr]    Compiling tracing-subscriber v0.3.23
[INFO] [stderr]    Compiling quick-xml v0.41.0
[INFO] [stderr]    Compiling idna_adapter v1.2.1
[INFO] [stderr]    Compiling idna v1.1.0
[INFO] [stderr]    Compiling url v2.5.8
[INFO] [stderr]    Compiling futures-executor v0.3.33
[INFO] [stderr]    Compiling futures v0.3.33
[INFO] [stderr]    Compiling tracing-appender v0.2.5
[INFO] [stderr]    Compiling hyper v1.9.0
[INFO] [stderr]    Compiling tower v0.5.3
[INFO] [stderr]    Compiling tokio-util v0.7.18
[INFO] [stderr]    Compiling tokio-retry v0.3.1
[INFO] [stderr]    Compiling opendal-core v0.59.4
[INFO] [stderr]    Compiling tower-http v0.6.10
[INFO] [stderr]    Compiling hyper-util v0.1.20
[INFO] [stderr]    Compiling rustls-webpki v0.103.13
[INFO] [stderr]    Compiling tokio-rustls v0.26.4
[INFO] [stderr]    Compiling rustls-platform-verifier v0.7.0
[INFO] [stderr]    Compiling hyper-rustls v0.27.9
[INFO] [stderr]    Compiling reqwest v0.13.4
[INFO] [stderr]    Compiling xet-runtime v1.6.0
[INFO] [stderr]    Compiling reqwest-middleware v0.5.1
[INFO] [stderr]    Compiling xet-core-structures v1.6.0
[INFO] [stderr]    Compiling xet-client v1.6.0
[INFO] [stderr]    Compiling xet-data v1.6.0
[INFO] [stderr]    Compiling hf-xet v1.6.0
[INFO] [stderr]    Compiling opendal-service-hf v0.59.4 (/opt/rustwide/workdir)
[INFO] [stderr]     Finished `release` profile [optimized] target(s) in 3m 31s
[INFO] running `Command { std: "docker" "inspect" "84ca36f0c46408980a7e38895e2f46e5d9591320b29bd83d06c12833d719bf13", kill_on_drop: false }`
[INFO] running `Command { std: "docker" "exec" "-e" "SOURCE_DIR=/opt/rustwide/workdir" "-e" "CARGO_HOME=/opt/rustwide/cargo-home" "-e" "RUSTUP_HOME=/opt/rustwide/rustup-home" "-e" "CARGO_TARGET_DIR=/opt/rustwide/target" "-e" "CARGO_INCREMENTAL=0" "-e" "RUST_BACKTRACE=full" "-e" "RUSTFLAGS=--cap-lints=warn" "-e" "RUSTDOCFLAGS=--cap-lints=warn" "-w" "/opt/rustwide/workdir" "--user" "0:0" "84ca36f0c46408980a7e38895e2f46e5d9591320b29bd83d06c12833d719bf13" "/opt/rustwide/cargo-home/bin/cargo" "+1.99.0-beta.8" "test" "--frozen" "--no-run" "--message-format=json" "--release", kill_on_drop: false }`
[INFO] [stderr]    Compiling opendal-service-hf v0.59.4 (/opt/rustwide/workdir)
[INFO] [stdout] error[E0433]: cannot find module or crate `opendal_http_transport_reqwest` in this scope
[INFO] [stdout]    --> src/backend.rs:445:34
[INFO] [stdout]     |
[INFO] [stdout] 445 |             HttpTransporter::new(opendal_http_transport_reqwest::ReqwestTransport::default());
[INFO] [stdout]     |                                  ^^^^^^^^^^^^^^^^^^^^^^^^^^^^^^ use of unresolved module or unlinked crate `opendal_http_transport_reqwest`
[INFO] [stdout]     |
[INFO] [stdout]     = help: if you wanted to use a crate named `opendal_http_transport_reqwest`, use `cargo add opendal_http_transport_reqwest` to add it to your `Cargo.toml`
[INFO] [stdout] 
[INFO] [stdout] 
[INFO] [stdout] error[E0433]: cannot find module or crate `opendal_http_transport_reqwest` in this scope
[INFO] [stdout]    --> src/reader.rs:555:13
[INFO] [stdout]     |
[INFO] [stdout] 555 |             opendal_http_transport_reqwest::ReqwestTransport::default(),
[INFO] [stdout]     |             ^^^^^^^^^^^^^^^^^^^^^^^^^^^^^^ use of unresolved module or unlinked crate `opendal_http_transport_reqwest`
[INFO] [stdout]     |
[INFO] [stdout]     = help: if you wanted to use a crate named `opendal_http_transport_reqwest`, use `cargo add opendal_http_transport_reqwest` to add it to your `Cargo.toml`
[INFO] [stdout] 
[INFO] [stdout] 
[INFO] [stdout] error[E0433]: cannot find module or crate `opendal_http_transport_reqwest` in this scope
[INFO] [stdout]    --> src/reader.rs:627:20
[INFO] [stdout]     |
[INFO] [stdout] 627 |             inner: opendal_http_transport_reqwest::ReqwestTransport,
[INFO] [stdout]     |                    ^^^^^^^^^^^^^^^^^^^^^^^^^^^^^^ use of unresolved module or unlinked crate `opendal_http_transport_reqwest`
[INFO] [stdout]     |
[INFO] [stdout]     = help: if you wanted to use a crate named `opendal_http_transport_reqwest`, use `cargo add opendal_http_transport_reqwest` to add it to your `Cargo.toml`
[INFO] [stdout] 
[INFO] [stdout] 
[INFO] [stdout] For more information about this error, try `rustc --explain E0433`.
[INFO] [stdout] 
[INFO] [stderr] error: could not compile `opendal-service-hf` (lib test) due to 3 previous errors
[INFO] running `Command { std: "docker" "inspect" "84ca36f0c46408980a7e38895e2f46e5d9591320b29bd83d06c12833d719bf13", kill_on_drop: false }`
[INFO] running `Command { std: "docker" "rm" "-f" "84ca36f0c46408980a7e38895e2f46e5d9591320b29bd83d06c12833d719bf13", kill_on_drop: false }`
[INFO] [stdout] 84ca36f0c46408980a7e38895e2f46e5d9591320b29bd83d06c12833d719bf13
