[INFO] fetching crate opendal-layer-route 0.59.4...
[INFO] testing opendal-layer-route-0.59.4 against 1.100.0-beta.1+cargoflags=--release for beta-release-1.100-2
[INFO] extracting crate opendal-layer-route 0.59.4 into /workspace/builds/worker-5-tc2/source
[INFO] started tweaking crates.io crate opendal-layer-route 0.59.4
[INFO] finished tweaking crates.io crate opendal-layer-route 0.59.4
[INFO] tweaked toml for crates.io crate opendal-layer-route 0.59.4 written to /workspace/builds/worker-5-tc2/source/Cargo.toml
[INFO] validating manifest of crates.io crate opendal-layer-route 0.59.4 on toolchain 1.100.0-beta.1
[INFO] running `Command { std: CARGO_HOME="/workspace/cargo-home" RUSTUP_HOME="/workspace/rustup-home" "/workspace/cargo-home/bin/cargo" "+1.100.0-beta.1" "metadata" "--manifest-path" "Cargo.toml" "--no-deps", kill_on_drop: false }`
[INFO] crate crates.io crate opendal-layer-route 0.59.4 already has a lockfile, it will not be regenerated
[INFO] running `Command { std: CARGO_HOME="/workspace/cargo-home" RUSTUP_HOME="/workspace/rustup-home" "/workspace/cargo-home/bin/cargo" "+1.100.0-beta.1" "fetch" "--manifest-path" "Cargo.toml", kill_on_drop: false }`
[INFO] running `Command { std: "docker" "create" "-v" "/var/lib/crater-agent-workspace/builds/worker-5-tc2/source:/opt/rustwide/workdir:ro,Z" "-v" "/var/lib/crater-agent-workspace/builds/worker-5-tc2/target:/opt/rustwide/target:rw,Z" "-v" "/var/lib/crater-agent-workspace/cargo-home:/opt/rustwide/cargo-home:ro,Z" "-v" "/var/lib/crater-agent-workspace/rustup-home:/opt/rustwide/rustup-home:ro,Z" "-m" "1610612736" "--network" "none" "ghcr.io/rust-lang/crates-build-env/linux@sha256:77db811e55d90add9212f6832c23229e3de5f1c1f9905e8cb07319ea15df73ac" "sleep" "infinity", kill_on_drop: false }`
[INFO] [stdout] 787dd065be8d3f32f652dc1d2406d08600420d295b097df8ebe503a2835a4c42
[INFO] running `Command { std: "docker" "start" "787dd065be8d3f32f652dc1d2406d08600420d295b097df8ebe503a2835a4c42", kill_on_drop: false }`
[INFO] running `Command { std: "docker" "inspect" "787dd065be8d3f32f652dc1d2406d08600420d295b097df8ebe503a2835a4c42", kill_on_drop: false }`
[INFO] running `Command { std: "docker" "exec" "-e" "SOURCE_DIR=/opt/rustwide/workdir" "-e" "CARGO_HOME=/opt/rustwide/cargo-home" "-e" "RUSTUP_HOME=/opt/rustwide/rustup-home" "-e" "CARGO_TARGET_DIR=/opt/rustwide/target" "-w" "/opt/rustwide/workdir" "--user" "0:0" "787dd065be8d3f32f652dc1d2406d08600420d295b097df8ebe503a2835a4c42" "/opt/rustwide/cargo-home/bin/cargo" "+1.100.0-beta.1" "metadata" "--no-deps" "--format-version=1", kill_on_drop: false }`
[INFO] running `Command { std: "docker" "inspect" "787dd065be8d3f32f652dc1d2406d08600420d295b097df8ebe503a2835a4c42", kill_on_drop: false }`
[INFO] running `Command { std: "docker" "exec" "-e" "SOURCE_DIR=/opt/rustwide/workdir" "-e" "CARGO_HOME=/opt/rustwide/cargo-home" "-e" "RUSTUP_HOME=/opt/rustwide/rustup-home" "-e" "CARGO_TARGET_DIR=/opt/rustwide/target" "-e" "CARGO_INCREMENTAL=0" "-e" "RUST_BACKTRACE=full" "-e" "RUSTFLAGS=--cap-lints=warn" "-e" "RUSTDOCFLAGS=--cap-lints=warn" "-w" "/opt/rustwide/workdir" "--user" "0:0" "787dd065be8d3f32f652dc1d2406d08600420d295b097df8ebe503a2835a4c42" "/opt/rustwide/cargo-home/bin/cargo" "+1.100.0-beta.1" "build" "--frozen" "--message-format=json" "--release", kill_on_drop: false }`
[INFO] [stderr]    Compiling typenum v1.20.0
[INFO] [stderr]    Compiling smallvec v1.15.1
[INFO] [stderr]    Compiling futures-core v0.3.33
[INFO] [stderr]    Compiling libc v0.2.186
[INFO] [stderr]    Compiling futures-sink v0.3.33
[INFO] [stderr]    Compiling futures-task v0.3.33
[INFO] [stderr]    Compiling syn v2.0.118
[INFO] [stderr]    Compiling syn v3.0.3
[INFO] [stderr]    Compiling futures-io v0.3.33
[INFO] [stderr]    Compiling aho-corasick v1.1.4
[INFO] [stderr]    Compiling jiff-core v0.1.0
[INFO] [stderr]    Compiling regex-syntax v0.8.10
[INFO] [stderr]    Compiling serde_json v1.0.151
[INFO] [stderr]    Compiling bstr v1.12.1
[INFO] [stderr]    Compiling base64 v0.23.0
[INFO] [stderr]    Compiling asyncband v0.7.1
[INFO] [stderr]    Compiling futures-channel v0.3.33
[INFO] [stderr]    Compiling hybrid-array v0.4.12
[INFO] [stderr]    Compiling getrandom v0.4.2
[INFO] [stderr]    Compiling jiff v0.2.35
[INFO] [stderr]    Compiling uuid v1.24.0
[INFO] [stderr]    Compiling crypto-common v0.2.1
[INFO] [stderr]    Compiling block-buffer v0.12.0
[INFO] [stderr]    Compiling regex-automata v0.4.14
[INFO] [stderr]    Compiling serde_derive v1.0.229
[INFO] [stderr]    Compiling digest v0.11.3
[INFO] [stderr]    Compiling md-5 v0.11.0
[INFO] [stderr]    Compiling synstructure v0.13.2
[INFO] [stderr]    Compiling zerovec-derive v0.11.3
[INFO] [stderr]    Compiling displaydoc v0.2.5
[INFO] [stderr]    Compiling futures-macro v0.3.33
[INFO] [stderr]    Compiling tokio-macros v2.7.0
[INFO] [stderr]    Compiling zerofrom-derive v0.1.7
[INFO] [stderr]    Compiling yoke-derive v0.8.2
[INFO] [stderr]    Compiling tokio v1.53.1
[INFO] [stderr]    Compiling globset v0.4.19
[INFO] [stderr]    Compiling futures-util v0.3.33
[INFO] [stderr]    Compiling zerofrom v0.1.7
[INFO] [stderr]    Compiling yoke v0.8.2
[INFO] [stderr]    Compiling zerovec v0.11.6
[INFO] [stderr]    Compiling zerotrie v0.2.4
[INFO] [stderr]    Compiling serde v1.0.229
[INFO] [stderr]    Compiling tinystr v0.8.3
[INFO] [stderr]    Compiling potential_utf v0.1.5
[INFO] [stderr]    Compiling icu_collections v2.1.1
[INFO] [stderr]    Compiling icu_locale_core v2.1.1
[INFO] [stderr]    Compiling quick-xml v0.41.0
[INFO] [stderr]    Compiling icu_provider v2.1.1
[INFO] [stderr]    Compiling futures v0.3.33
[INFO] [stderr]    Compiling icu_normalizer v2.1.1
[INFO] [stderr]    Compiling icu_properties v2.1.2
[INFO] [stderr]    Compiling idna_adapter v1.2.1
[INFO] [stderr]    Compiling idna v1.1.0
[INFO] [stderr]    Compiling url v2.5.8
[INFO] [stderr]    Compiling opendal-core v0.59.4
[INFO] [stderr]    Compiling opendal-layer-route v0.59.4 (/opt/rustwide/workdir)
[INFO] [stderr]     Finished `release` profile [optimized] target(s) in 32.95s
[INFO] running `Command { std: "docker" "inspect" "787dd065be8d3f32f652dc1d2406d08600420d295b097df8ebe503a2835a4c42", kill_on_drop: false }`
[INFO] running `Command { std: "docker" "exec" "-e" "SOURCE_DIR=/opt/rustwide/workdir" "-e" "CARGO_HOME=/opt/rustwide/cargo-home" "-e" "RUSTUP_HOME=/opt/rustwide/rustup-home" "-e" "CARGO_TARGET_DIR=/opt/rustwide/target" "-e" "CARGO_INCREMENTAL=0" "-e" "RUST_BACKTRACE=full" "-e" "RUSTFLAGS=--cap-lints=warn" "-e" "RUSTDOCFLAGS=--cap-lints=warn" "-w" "/opt/rustwide/workdir" "--user" "0:0" "787dd065be8d3f32f652dc1d2406d08600420d295b097df8ebe503a2835a4c42" "/opt/rustwide/cargo-home/bin/cargo" "+1.100.0-beta.1" "test" "--frozen" "--no-run" "--message-format=json" "--release", kill_on_drop: false }`
[INFO] [stderr]    Compiling tokio v1.53.1
[INFO] [stderr]    Compiling opendal-core v0.59.4
[INFO] [stderr]    Compiling opendal-layer-route v0.59.4 (/opt/rustwide/workdir)
[INFO] [stdout] error[E0432]: unresolved import `opendal_service_fs`
[INFO] [stdout]    --> src/lib.rs:435:9
[INFO] [stdout]     |
[INFO] [stdout] 435 |     use opendal_service_fs::Fs;
[INFO] [stdout]     |         ^^^^^^^^^^^^^^^^^^ use of unresolved module or unlinked crate `opendal_service_fs`
[INFO] [stdout]     |
[INFO] [stdout]     = help: if you wanted to use a crate named `opendal_service_fs`, use `cargo add opendal_service_fs` to add it to your `Cargo.toml`
[INFO] [stdout] 
[INFO] [stdout] 
[INFO] [stdout] error[E0433]: cannot find `fs` in `tokio`
[INFO] [stdout]    --> src/lib.rs:455:16
[INFO] [stdout]     |
[INFO] [stdout] 455 |         tokio::fs::create_dir_all(&root)
[INFO] [stdout]     |                ^^ could not find `fs` in `tokio`
[INFO] [stdout]     |
[INFO] [stdout] note: found an item that was configured out
[INFO] [stdout]    --> /opt/rustwide/cargo-home/registry/src/index.crates.io-1949cf8c6b5b557f/tokio-1.53.1/src/lib.rs:523:13
[INFO] [stdout]     |
[INFO] [stdout] 523 |     pub mod fs;
[INFO] [stdout]     |             ^^
[INFO] [stdout]     |
[INFO] [stdout]    ::: /opt/rustwide/cargo-home/registry/src/index.crates.io-1949cf8c6b5b557f/tokio-1.53.1/src/macros/cfg.rs:132:19
[INFO] [stdout]     |
[INFO] [stdout] 132 |             #[cfg(feature = "fs")]
[INFO] [stdout]     |                   -------------- the item is gated behind the `fs` feature
[INFO] [stdout] help: consider importing this module
[INFO] [stdout]     |
[INFO] [stdout] 428 +     use std::fs;
[INFO] [stdout]     |
[INFO] [stdout] help: if you import `fs`, refer to it directly
[INFO] [stdout]     |
[INFO] [stdout] 455 -         tokio::fs::create_dir_all(&root)
[INFO] [stdout] 455 +         fs::create_dir_all(&root)
[INFO] [stdout]     |
[INFO] [stdout] 
[INFO] [stdout] 
[INFO] [stdout] error[E0433]: cannot find `fs` in `tokio`
[INFO] [stdout]    --> src/lib.rs:476:24
[INFO] [stdout]     |
[INFO] [stdout] 476 |         let _ = tokio::fs::remove_dir_all(root).await;
[INFO] [stdout]     |                        ^^ could not find `fs` in `tokio`
[INFO] [stdout]     |
[INFO] [stdout] note: found an item that was configured out
[INFO] [stdout]    --> /opt/rustwide/cargo-home/registry/src/index.crates.io-1949cf8c6b5b557f/tokio-1.53.1/src/lib.rs:523:13
[INFO] [stdout]     |
[INFO] [stdout] 523 |     pub mod fs;
[INFO] [stdout]     |             ^^
[INFO] [stdout]     |
[INFO] [stdout]    ::: /opt/rustwide/cargo-home/registry/src/index.crates.io-1949cf8c6b5b557f/tokio-1.53.1/src/macros/cfg.rs:132:19
[INFO] [stdout]     |
[INFO] [stdout] 132 |             #[cfg(feature = "fs")]
[INFO] [stdout]     |                   -------------- the item is gated behind the `fs` feature
[INFO] [stdout] help: consider importing this module
[INFO] [stdout]     |
[INFO] [stdout] 428 +     use std::fs;
[INFO] [stdout]     |
[INFO] [stdout] help: if you import `fs`, refer to it directly
[INFO] [stdout]     |
[INFO] [stdout] 476 -         let _ = tokio::fs::remove_dir_all(root).await;
[INFO] [stdout] 476 +         let _ = fs::remove_dir_all(root).await;
[INFO] [stdout]     |
[INFO] [stdout] 
[INFO] [stdout] 
[INFO] [stdout] Some errors have detailed explanations: E0432, E0433.
[INFO] [stdout] 
[INFO] [stdout] For more information about an error, try `rustc --explain E0432`.
[INFO] [stdout] 
[INFO] [stderr] error: could not compile `opendal-layer-route` (lib test) due to 3 previous errors
[INFO] running `Command { std: "docker" "inspect" "787dd065be8d3f32f652dc1d2406d08600420d295b097df8ebe503a2835a4c42", kill_on_drop: false }`
[INFO] running `Command { std: "docker" "rm" "-f" "787dd065be8d3f32f652dc1d2406d08600420d295b097df8ebe503a2835a4c42", kill_on_drop: false }`
[INFO] [stdout] 787dd065be8d3f32f652dc1d2406d08600420d295b097df8ebe503a2835a4c42
