[INFO] fetching crate openapi-gen 0.3.1...
[INFO] testing openapi-gen-0.3.1 against 1.100.0-beta.1+cargoflags=--release for beta-release-1.100-2
[INFO] extracting crate openapi-gen 0.3.1 into /workspace/builds/worker-5-tc2/source
[INFO] started tweaking crates.io crate openapi-gen 0.3.1
[INFO] removed 0 missing tests
[INFO] finished tweaking crates.io crate openapi-gen 0.3.1
[INFO] tweaked toml for crates.io crate openapi-gen 0.3.1 written to /workspace/builds/worker-5-tc2/source/Cargo.toml
[INFO] validating manifest of crates.io crate openapi-gen 0.3.1 on toolchain 1.100.0-beta.1
[INFO] running `Command { std: CARGO_HOME="/workspace/cargo-home" RUSTUP_HOME="/workspace/rustup-home" "/workspace/cargo-home/bin/cargo" "+1.100.0-beta.1" "metadata" "--manifest-path" "Cargo.toml" "--no-deps", kill_on_drop: false }`
[INFO] crate crates.io crate openapi-gen 0.3.1 already has a lockfile, it will not be regenerated
[INFO] running `Command { std: CARGO_HOME="/workspace/cargo-home" RUSTUP_HOME="/workspace/rustup-home" "/workspace/cargo-home/bin/cargo" "+1.100.0-beta.1" "fetch" "--manifest-path" "Cargo.toml", kill_on_drop: false }`
[INFO] running `Command { std: "docker" "create" "-v" "/var/lib/crater-agent-workspace/builds/worker-5-tc2/source:/opt/rustwide/workdir:ro,Z" "-v" "/var/lib/crater-agent-workspace/builds/worker-5-tc2/target:/opt/rustwide/target:rw,Z" "-v" "/var/lib/crater-agent-workspace/cargo-home:/opt/rustwide/cargo-home:ro,Z" "-v" "/var/lib/crater-agent-workspace/rustup-home:/opt/rustwide/rustup-home:ro,Z" "-m" "1610612736" "--network" "none" "ghcr.io/rust-lang/crates-build-env/linux@sha256:77db811e55d90add9212f6832c23229e3de5f1c1f9905e8cb07319ea15df73ac" "sleep" "infinity", kill_on_drop: false }`
[INFO] [stdout] 5b92ee21859ec1bcef0ba5b6db4c73339a0157d4fe0e690d668d873fd9fda778
[INFO] running `Command { std: "docker" "start" "5b92ee21859ec1bcef0ba5b6db4c73339a0157d4fe0e690d668d873fd9fda778", kill_on_drop: false }`
[INFO] running `Command { std: "docker" "inspect" "5b92ee21859ec1bcef0ba5b6db4c73339a0157d4fe0e690d668d873fd9fda778", kill_on_drop: false }`
[INFO] running `Command { std: "docker" "exec" "-e" "SOURCE_DIR=/opt/rustwide/workdir" "-e" "CARGO_HOME=/opt/rustwide/cargo-home" "-e" "RUSTUP_HOME=/opt/rustwide/rustup-home" "-e" "CARGO_TARGET_DIR=/opt/rustwide/target" "-w" "/opt/rustwide/workdir" "--user" "0:0" "5b92ee21859ec1bcef0ba5b6db4c73339a0157d4fe0e690d668d873fd9fda778" "/opt/rustwide/cargo-home/bin/cargo" "+1.100.0-beta.1" "metadata" "--no-deps" "--format-version=1", kill_on_drop: false }`
[INFO] running `Command { std: "docker" "inspect" "5b92ee21859ec1bcef0ba5b6db4c73339a0157d4fe0e690d668d873fd9fda778", kill_on_drop: false }`
[INFO] running `Command { std: "docker" "exec" "-e" "SOURCE_DIR=/opt/rustwide/workdir" "-e" "CARGO_HOME=/opt/rustwide/cargo-home" "-e" "RUSTUP_HOME=/opt/rustwide/rustup-home" "-e" "CARGO_TARGET_DIR=/opt/rustwide/target" "-e" "CARGO_INCREMENTAL=0" "-e" "RUST_BACKTRACE=full" "-e" "RUSTFLAGS=--cap-lints=warn" "-e" "RUSTDOCFLAGS=--cap-lints=warn" "-w" "/opt/rustwide/workdir" "--user" "0:0" "5b92ee21859ec1bcef0ba5b6db4c73339a0157d4fe0e690d668d873fd9fda778" "/opt/rustwide/cargo-home/bin/cargo" "+1.100.0-beta.1" "build" "--frozen" "--message-format=json" "--release", kill_on_drop: false }`
[INFO] [stderr]    Compiling zerofrom v0.1.6
[INFO] [stderr]    Compiling serde_derive v1.0.219
[INFO] [stderr]    Compiling serde v1.0.219
[INFO] [stderr]    Compiling cc v1.2.24
[INFO] [stderr]    Compiling foreign-types-shared v0.1.1
[INFO] [stderr]    Compiling http v0.2.12
[INFO] [stderr]    Compiling futures-sink v0.3.31
[INFO] [stderr]    Compiling smallvec v1.15.0
[INFO] [stderr]    Compiling futures-task v0.3.31
[INFO] [stderr]    Compiling socket2 v0.5.9
[INFO] [stderr]    Compiling foreign-types v0.3.2
[INFO] [stderr]    Compiling bitflags v2.9.1
[INFO] [stderr]    Compiling tracing v0.1.41
[INFO] [stderr]    Compiling openssl-probe v0.1.6
[INFO] [stderr]    Compiling form_urlencoded v1.2.1
[INFO] [stderr]    Compiling futures-channel v0.3.31
[INFO] [stderr]    Compiling httpdate v1.0.3
[INFO] [stderr]    Compiling utf8_iter v1.0.4
[INFO] [stderr]    Compiling memchr v2.7.4
[INFO] [stderr]    Compiling yoke v0.8.0
[INFO] [stderr]    Compiling futures-util v0.3.31
[INFO] [stderr]    Compiling base64 v0.21.7
[INFO] [stderr]    Compiling encoding_rs v0.8.35
[INFO] [stderr]    Compiling thiserror-impl v1.0.69
[INFO] [stderr]    Compiling zerovec v0.11.2
[INFO] [stderr]    Compiling zerotrie v0.2.2
[INFO] [stderr]    Compiling sync_wrapper v0.1.2
[INFO] [stderr]    Compiling ipnet v2.11.0
[INFO] [stderr]    Compiling mime v0.3.17
[INFO] [stderr]    Compiling unsafe-libyaml v0.2.11
[INFO] [stderr]    Compiling rustls-pemfile v1.0.4
[INFO] [stderr]    Compiling tokio v1.45.1
[INFO] [stderr]    Compiling http-body v0.4.6
[INFO] [stderr]    Compiling tinystr v0.8.1
[INFO] [stderr]    Compiling potential_utf v0.1.2
[INFO] [stderr]    Compiling thiserror v1.0.69
[INFO] [stderr]    Compiling icu_collections v2.0.0
[INFO] [stderr]    Compiling icu_locale_core v2.0.0
[INFO] [stderr]    Compiling openssl-sys v0.9.108
[INFO] [stderr]    Compiling openssl v0.10.72
[INFO] [stderr]    Compiling native-tls v0.2.14
[INFO] [stderr]    Compiling icu_provider v2.0.0
[INFO] [stderr]    Compiling icu_normalizer v2.0.0
[INFO] [stderr]    Compiling icu_properties v2.0.1
[INFO] [stderr]    Compiling idna_adapter v1.2.1
[INFO] [stderr]    Compiling idna v1.0.3
[INFO] [stderr]    Compiling url v2.5.4
[INFO] [stderr]    Compiling tokio-util v0.7.15
[INFO] [stderr]    Compiling indexmap v2.9.0
[INFO] [stderr]    Compiling serde_json v1.0.140
[INFO] [stderr]    Compiling serde_urlencoded v0.7.1
[INFO] [stderr]    Compiling tokio-native-tls v0.3.1
[INFO] [stderr]    Compiling h2 v0.3.26
[INFO] [stderr]    Compiling serde_yaml v0.9.34+deprecated
[INFO] [stderr]    Compiling openapiv3 v2.1.0
[INFO] [stderr]    Compiling hyper v0.14.32
[INFO] [stderr]    Compiling hyper-tls v0.5.0
[INFO] [stderr]    Compiling reqwest v0.11.27
[INFO] [stderr]    Compiling openapi-gen v0.3.1 (/opt/rustwide/workdir)
[INFO] [stderr] warning: unused dependency `thiserror`
[INFO] [stderr]   --> Cargo.toml:31:15
[INFO] [stderr]    |
[INFO] [stderr] 31 | [dependencies.thiserror]
[INFO] [stderr]    |               ^^^^^^^^^^
[INFO] [stderr]    |
[INFO] [stderr]    = note: `cargo::unused_dependencies` is set to `warn` by default
[INFO] [stderr] help: consider removing the dependency on `thiserror`
[INFO] [stderr] warning: `openapi-gen` (manifest) generated 1 warning
[INFO] [stderr]     Finished `release` profile [optimized] target(s) in 30.02s
[INFO] running `Command { std: "docker" "inspect" "5b92ee21859ec1bcef0ba5b6db4c73339a0157d4fe0e690d668d873fd9fda778", kill_on_drop: false }`
[INFO] running `Command { std: "docker" "exec" "-e" "SOURCE_DIR=/opt/rustwide/workdir" "-e" "CARGO_HOME=/opt/rustwide/cargo-home" "-e" "RUSTUP_HOME=/opt/rustwide/rustup-home" "-e" "CARGO_TARGET_DIR=/opt/rustwide/target" "-e" "CARGO_INCREMENTAL=0" "-e" "RUST_BACKTRACE=full" "-e" "RUSTFLAGS=--cap-lints=warn" "-e" "RUSTDOCFLAGS=--cap-lints=warn" "-w" "/opt/rustwide/workdir" "--user" "0:0" "5b92ee21859ec1bcef0ba5b6db4c73339a0157d4fe0e690d668d873fd9fda778" "/opt/rustwide/cargo-home/bin/cargo" "+1.100.0-beta.1" "test" "--frozen" "--no-run" "--message-format=json" "--release", kill_on_drop: false }`
[INFO] [stderr]    Compiling openssl-sys v0.9.108
[INFO] [stderr]    Compiling tokio v1.45.1
[INFO] [stderr]    Compiling serde v1.0.219
[INFO] [stderr]    Compiling mio v1.0.4
[INFO] [stderr]    Compiling http v0.2.12
[INFO] [stderr]    Compiling futures-task v0.3.31
[INFO] [stderr]    Compiling smallvec v1.15.0
[INFO] [stderr]    Compiling proc-macro2 v1.0.95
[INFO] [stderr]    Compiling openssl v0.10.72
[INFO] [stderr]    Compiling native-tls v0.2.14
[INFO] [stderr]    Compiling unicode-ident v1.0.18
[INFO] [stderr]    Compiling sync_wrapper v0.1.2
[INFO] [stderr]    Compiling rustls-pemfile v1.0.4
[INFO] [stderr]    Compiling unsafe-libyaml v0.2.11
[INFO] [stderr]    Compiling thiserror v1.0.69
[INFO] [stderr]    Compiling heck v0.5.0
[INFO] [stderr]    Compiling futures-util v0.3.31
[INFO] [stderr]    Compiling icu_normalizer v2.0.0
[INFO] [stderr]    Compiling quote v1.0.40
[INFO] [stderr]    Compiling syn v2.0.101
[INFO] [stderr]    Compiling idna_adapter v1.2.1
[INFO] [stderr]    Compiling idna v1.0.3
[INFO] [stderr]    Compiling http-body v0.4.6
[INFO] [stderr]    Compiling url v2.5.4
[INFO] [stderr]    Compiling indexmap v2.9.0
[INFO] [stderr]    Compiling serde_json v1.0.140
[INFO] [stderr]    Compiling serde_urlencoded v0.7.1
[INFO] [stderr]    Compiling serde_yaml v0.9.34+deprecated
[INFO] [stderr]    Compiling tokio-util v0.7.15
[INFO] [stderr]    Compiling h2 v0.3.26
[INFO] [stderr]    Compiling tokio-native-tls v0.3.1
[INFO] [stderr]    Compiling openapiv3 v2.1.0
[INFO] [stderr]    Compiling hyper v0.14.32
[INFO] [stderr]    Compiling hyper-tls v0.5.0
[INFO] [stderr]    Compiling reqwest v0.11.27
[INFO] [stderr]    Compiling openapi-gen v0.3.1 (/opt/rustwide/workdir)
[INFO] [stdout] error: Failed to fetch URL https://petstore3.swagger.io/api/v3/openapi.json: error sending request for url (https://petstore3.swagger.io/api/v3/openapi.json): error trying to connect: dns error: failed to lookup address information: Temporary failure in name resolution
[INFO] [stdout]  --> tests/petstore.rs:6:5
[INFO] [stdout]   |
[INFO] [stdout] 6 | /     openapi_client!(
[INFO] [stdout] 7 | |         "https://petstore3.swagger.io/api/v3/openapi.json",
[INFO] [stdout] 8 | |         "PetstoreApi"
[INFO] [stdout] 9 | |     );
[INFO] [stdout]   | |_____^
[INFO] [stdout]   |
[INFO] [stdout]   = note: this error originates in the macro `openapi_client` (in Nightly builds, run with -Z macro-backtrace for more info)
[INFO] [stdout] 
[INFO] [stdout] 
[INFO] [stdout] error: Failed to fetch URL https://petstore3.swagger.io/api/v3/openapi.json: error sending request for url (https://petstore3.swagger.io/api/v3/openapi.json): error trying to connect: dns error: failed to lookup address information: Temporary failure in name resolution
[INFO] [stdout]   --> tests/petstore.rs:18:5
[INFO] [stdout]    |
[INFO] [stdout] 18 | /     openapi_client!(
[INFO] [stdout] 19 | |         "https://petstore3.swagger.io/api/v3/openapi.json",
[INFO] [stdout] 20 | |         "PetstoreApi"
[INFO] [stdout] 21 | |     );
[INFO] [stdout]    | |_____^
[INFO] [stdout]    |
[INFO] [stdout]    = note: this error originates in the macro `openapi_client` (in Nightly builds, run with -Z macro-backtrace for more info)
[INFO] [stdout] 
[INFO] [stdout] 
[INFO] [stdout] error: Failed to fetch URL https://petstore3.swagger.io/api/v3/openapi.json: error sending request for url (https://petstore3.swagger.io/api/v3/openapi.json): error trying to connect: dns error: failed to lookup address information: Temporary failure in name resolution
[INFO] [stdout]   --> tests/petstore.rs:40:5
[INFO] [stdout]    |
[INFO] [stdout] 40 | /     openapi_client!(
[INFO] [stdout] 41 | |         "https://petstore3.swagger.io/api/v3/openapi.json",
[INFO] [stdout] 42 | |         "PetstoreApi"
[INFO] [stdout] 43 | |     );
[INFO] [stdout]    | |_____^
[INFO] [stdout]    |
[INFO] [stdout]    = note: this error originates in the macro `openapi_client` (in Nightly builds, run with -Z macro-backtrace for more info)
[INFO] [stdout] 
[INFO] [stdout] 
[INFO] [stdout] error[E0433]: cannot find type `PetstoreApi` in this scope
[INFO] [stdout]   --> tests/petstore.rs:12:16
[INFO] [stdout]    |
[INFO] [stdout] 12 |     let _api = PetstoreApi::new("https://petstore3.swagger.io/api/v3");
[INFO] [stdout]    |                ^^^^^^^^^^^ use of undeclared type `PetstoreApi`
[INFO] [stdout] 
[INFO] [stdout] 
[INFO] [stdout] error[E0433]: cannot find type `PetstoreApi` in this scope
[INFO] [stdout]   --> tests/petstore.rs:24:18
[INFO] [stdout]    |
[INFO] [stdout] 24 |     let client = PetstoreApi::new("https://petstore3.swagger.io/api/v3");
[INFO] [stdout]    |                  ^^^^^^^^^^^ use of undeclared type `PetstoreApi`
[INFO] [stdout] 
[INFO] [stdout] 
[INFO] [stdout] error[E0433]: cannot find type `PetstoreApi` in this scope
[INFO] [stdout]   --> tests/petstore.rs:46:18
[INFO] [stdout]    |
[INFO] [stdout] 46 |     let client = PetstoreApi::new("https://petstore3.swagger.io/api/v3");
[INFO] [stdout]    |                  ^^^^^^^^^^^ use of undeclared type `PetstoreApi`
[INFO] [stdout] 
[INFO] [stdout] 
[INFO] [stdout] For more information about this error, try `rustc --explain E0433`.
[INFO] [stdout] 
[INFO] [stderr] error: could not compile `openapi-gen` (test "petstore") due to 6 previous errors
[INFO] [stderr] warning: build failed, waiting for other jobs to finish...
[INFO] [stderr] warning: unused dependency `thiserror`
[INFO] [stderr]   --> Cargo.toml:31:15
[INFO] [stderr]    |
[INFO] [stderr] 31 | [dependencies.thiserror]
[INFO] [stderr]    |               ^^^^^^^^^^
[INFO] [stderr]    |
[INFO] [stderr]    = note: `cargo::unused_dependencies` is set to `warn` by default
[INFO] [stderr] help: consider removing the dependency on `thiserror`
[INFO] [stderr] help: to still use for development builds, move to `dev-dependencies`
[INFO] [stderr] warning: `openapi-gen` (manifest) generated 1 warning
[INFO] running `Command { std: "docker" "inspect" "5b92ee21859ec1bcef0ba5b6db4c73339a0157d4fe0e690d668d873fd9fda778", kill_on_drop: false }`
[INFO] running `Command { std: "docker" "rm" "-f" "5b92ee21859ec1bcef0ba5b6db4c73339a0157d4fe0e690d668d873fd9fda778", kill_on_drop: false }`
[INFO] [stdout] 5b92ee21859ec1bcef0ba5b6db4c73339a0157d4fe0e690d668d873fd9fda778
