[INFO] fetching crate opcard 1.11.0...
[INFO] testing opcard-1.11.0 against 1.99.0-beta.8+cargoflags=--release for beta-release-1.100-2
[INFO] extracting crate opcard 1.11.0 into /workspace/builds/worker-2-tc1/source
[INFO] started tweaking crates.io crate opcard 1.11.0
[INFO] removed 0 missing examples
[INFO] removed 0 missing tests
[INFO] finished tweaking crates.io crate opcard 1.11.0
[INFO] tweaked toml for crates.io crate opcard 1.11.0 written to /workspace/builds/worker-2-tc1/source/Cargo.toml
[INFO] validating manifest of crates.io crate opcard 1.11.0 on toolchain 1.99.0-beta.8
[INFO] running `Command { std: CARGO_HOME="/workspace/cargo-home" RUSTUP_HOME="/workspace/rustup-home" "/workspace/cargo-home/bin/cargo" "+1.99.0-beta.8" "metadata" "--manifest-path" "Cargo.toml" "--no-deps", kill_on_drop: false }`
[INFO] crate crates.io crate opcard 1.11.0 already has a lockfile, it will not be regenerated
[INFO] running `Command { std: CARGO_HOME="/workspace/cargo-home" RUSTUP_HOME="/workspace/rustup-home" "/workspace/cargo-home/bin/cargo" "+1.99.0-beta.8" "fetch" "--manifest-path" "Cargo.toml", kill_on_drop: false }`
[INFO] [stderr]     Updating crates.io index
[INFO] [stderr]  Downloading crates ...
[INFO] [stderr]   Downloaded vpicc v0.1.0
[INFO] [stderr]   Downloaded trussed-wrap-key-to-file v0.3.0
[INFO] [stderr]   Downloaded postcard v0.7.3
[INFO] [stderr]   Downloaded trussed-core v0.2.3
[INFO] [stderr]   Downloaded serde-indexed v0.1.1
[INFO] [stderr]   Downloaded p256 v0.9.0
[INFO] [stderr]   Downloaded der_derive v0.4.1
[INFO] [stderr]   Downloaded group v0.10.0
[INFO] [stderr]   Downloaded p256-cortex-m4 v0.1.0-alpha.6
[INFO] [stderr]   Downloaded interchange v0.3.3
[INFO] [stderr]   Downloaded crypto-mac v0.11.0
[INFO] [stderr]   Downloaded ff v0.10.1
[INFO] [stderr]   Downloaded trussed v0.2.0
[INFO] [stderr]   Downloaded signature v1.3.2
[INFO] [stderr]   Downloaded postcard-cobs v0.1.5-pre
[INFO] [stderr]   Downloaded hex-literal v0.4.1
[INFO] [stderr]   Downloaded num v0.3.1
[INFO] [stderr]   Downloaded flexiber_derive v0.1.3
[INFO] [stderr]   Downloaded littlefs2-core v0.1.3
[INFO] [stderr]   Downloaded cosey v0.4.0
[INFO] [stderr]   Downloaded sha-1 v0.10.1
[INFO] [stderr]   Downloaded ecdsa v0.12.4
[INFO] [stderr]   Downloaded apdu-dispatch v0.4.0
[INFO] [stderr]   Downloaded apdu-app v0.2.0
[INFO] [stderr]   Downloaded trussed-rsa-types v0.2.0
[INFO] [stderr]   Downloaded trussed-chunked v0.3.0
[INFO] [stderr]   Downloaded trussed-auth v0.5.0
[INFO] [stderr]   Downloaded test-log v0.2.21
[INFO] [stderr]   Downloaded test-log-macros v0.2.21
[INFO] [stderr]   Downloaded test-log-core v0.2.21
[INFO] [stderr]   Downloaded heapless-bytes v0.5.0
[INFO] [stderr]   Downloaded usbip-device v0.1.5
[INFO] [stderr]   Downloaded serde-byte-array v0.1.2
[INFO] [stderr]   Downloaded trussed-usbip v0.1.0
[INFO] [stderr]   Downloaded usbd-ccid v0.4.0
[INFO] [stderr]   Downloaded flexiber v0.2.0
[INFO] [stderr]   Downloaded trussed-rsa-alloc v0.5.0
[INFO] [stderr]   Downloaded stoppable_thread v0.2.1
[INFO] [stderr]   Downloaded usb-device v0.2.9
[INFO] [stderr]   Downloaded delog v0.1.8
[INFO] [stderr]   Downloaded crypto-bigint v0.2.5
[INFO] [stderr]   Downloaded littlefs2 v0.8.1
[INFO] [stderr]   Downloaded des v0.8.1
[INFO] [stderr]   Downloaded cbor-smol v0.5.1
[INFO] [stderr]   Downloaded iso7816 v0.2.0
[INFO] [stderr]   Downloaded embedded-time v0.12.1
[INFO] [stderr]   Downloaded p256-cortex-m4-sys v0.1.0
[INFO] [stderr]   Downloaded elliptic-curve v0.10.4
[INFO] [stderr]   Downloaded memsec v0.7.0
[INFO] [stderr]   Downloaded salty v0.3.0
[INFO] [stderr]   Downloaded nettle-sys v2.3.2
[INFO] [stderr]   Downloaded littlefs2-sys v0.4.0
[INFO] [stderr]   Downloaded nettle v7.5.0
[INFO] [stderr]   Downloaded sha1collisiondetection v0.3.4
[INFO] [stderr]   Downloaded sequoia-openpgp v1.22.0
[INFO] [stderr]   Downloaded bzip2 v0.5.2
[INFO] [stderr]   Downloaded bzip2 v0.6.1
[INFO] [stderr]   Downloaded libbz2-rs-sys v0.2.5
[INFO] [stderr]   Downloaded buffered-reader v1.4.1
[INFO] [stderr]   Downloaded pkcs8 v0.9.0
[INFO] [stderr]   Downloaded spki v0.6.0
[INFO] [stderr]   Downloaded pem-rfc7468 v0.6.0
[INFO] [stderr]   Downloaded blanket v0.3.0
[INFO] [stderr]   Downloaded ron v0.8.1
[INFO] [stderr]   Downloaded der v0.6.1
[INFO] [stderr]   Downloaded hex-slice v0.1.4
[INFO] [stderr]   Downloaded pcsc v2.9.0
[INFO] [stderr]   Downloaded openpgp-card-sequoia v0.1.5
[INFO] [stderr]   Downloaded rsa v0.8.2
[INFO] [stderr]   Downloaded pkcs1 v0.4.1
[INFO] [stderr]   Downloaded pcsc-sys v1.3.0
[INFO] [stderr]   Downloaded iso7816-tlv v0.4.4
[INFO] [stderr]   Downloaded openpgp-card v0.3.7
[INFO] [stderr]   Downloaded hex-literal v1.1.0
[INFO] [stderr]   Downloaded openpgp-card-pcsc v0.3.1
[INFO] [stderr]   Downloaded env_logger v0.9.3
[INFO] running `Command { std: "docker" "create" "-v" "/var/lib/crater-agent-workspace/builds/worker-2-tc1/source:/opt/rustwide/workdir:ro,Z" "-v" "/var/lib/crater-agent-workspace/builds/worker-2-tc1/target:/opt/rustwide/target:rw,Z" "-v" "/var/lib/crater-agent-workspace/cargo-home:/opt/rustwide/cargo-home:ro,Z" "-v" "/var/lib/crater-agent-workspace/rustup-home:/opt/rustwide/rustup-home:ro,Z" "-m" "1610612736" "--network" "none" "ghcr.io/rust-lang/crates-build-env/linux@sha256:77db811e55d90add9212f6832c23229e3de5f1c1f9905e8cb07319ea15df73ac" "sleep" "infinity", kill_on_drop: false }`
[INFO] [stdout] d2ec16d15c729e175b73ea25a6711f9da981e44fd8cfc764de936cebb620baea
[INFO] running `Command { std: "docker" "start" "d2ec16d15c729e175b73ea25a6711f9da981e44fd8cfc764de936cebb620baea", kill_on_drop: false }`
[INFO] running `Command { std: "docker" "inspect" "d2ec16d15c729e175b73ea25a6711f9da981e44fd8cfc764de936cebb620baea", kill_on_drop: false }`
[INFO] running `Command { std: "docker" "exec" "-e" "SOURCE_DIR=/opt/rustwide/workdir" "-e" "CARGO_HOME=/opt/rustwide/cargo-home" "-e" "RUSTUP_HOME=/opt/rustwide/rustup-home" "-e" "CARGO_TARGET_DIR=/opt/rustwide/target" "-w" "/opt/rustwide/workdir" "--user" "0:0" "d2ec16d15c729e175b73ea25a6711f9da981e44fd8cfc764de936cebb620baea" "/opt/rustwide/cargo-home/bin/cargo" "+1.99.0-beta.8" "metadata" "--no-deps" "--format-version=1", kill_on_drop: false }`
[INFO] running `Command { std: "docker" "inspect" "d2ec16d15c729e175b73ea25a6711f9da981e44fd8cfc764de936cebb620baea", kill_on_drop: false }`
[INFO] running `Command { std: "docker" "exec" "-e" "SOURCE_DIR=/opt/rustwide/workdir" "-e" "CARGO_HOME=/opt/rustwide/cargo-home" "-e" "RUSTUP_HOME=/opt/rustwide/rustup-home" "-e" "CARGO_TARGET_DIR=/opt/rustwide/target" "-e" "CARGO_INCREMENTAL=0" "-e" "RUST_BACKTRACE=full" "-e" "RUSTFLAGS=--cap-lints=warn" "-e" "RUSTDOCFLAGS=--cap-lints=warn" "-w" "/opt/rustwide/workdir" "--user" "0:0" "d2ec16d15c729e175b73ea25a6711f9da981e44fd8cfc764de936cebb620baea" "/opt/rustwide/cargo-home/bin/cargo" "+1.99.0-beta.8" "build" "--frozen" "--message-format=json" "--release", kill_on_drop: false }`
[INFO] [stderr]    Compiling serde_core v1.0.229
[INFO] [stderr]    Compiling byteorder v1.5.0
[INFO] [stderr]    Compiling serde v1.0.229
[INFO] [stderr]    Compiling heapless v0.9.3
[INFO] [stderr]    Compiling bitflags v2.13.2
[INFO] [stderr]    Compiling heapless v0.7.17
[INFO] [stderr]    Compiling spin v0.9.9
[INFO] [stderr]    Compiling syn v2.0.119
[INFO] [stderr]    Compiling postcard-cobs v0.1.5-pre
[INFO] [stderr]    Compiling rand_core v0.6.4
[INFO] [stderr]    Compiling hash32 v0.3.1
[INFO] [stderr]    Compiling hash32 v0.2.1
[INFO] [stderr]    Compiling delog v0.1.8
[INFO] [stderr]    Compiling serde_repr v0.1.21
[INFO] [stderr]    Compiling subtle v2.6.1
[INFO] [stderr]    Compiling hex-literal v1.1.0
[INFO] [stderr]    Compiling iso7816 v0.2.0
[INFO] [stderr]    Compiling serde-indexed v0.1.1
[INFO] [stderr]    Compiling heapless-bytes v0.5.0
[INFO] [stderr]    Compiling littlefs2-core v0.1.3
[INFO] [stderr]    Compiling serde-byte-array v0.1.2
[INFO] [stderr]    Compiling cbor-smol v0.5.1
[INFO] [stderr]    Compiling postcard v0.7.3
[INFO] [stderr]    Compiling trussed-core v0.2.3
[INFO] [stderr]    Compiling trussed-chunked v0.3.0
[INFO] [stderr]    Compiling trussed-wrap-key-to-file v0.3.0
[INFO] [stderr]    Compiling trussed-auth v0.5.0
[INFO] [stderr]    Compiling opcard v1.11.0 (/opt/rustwide/workdir)
[INFO] [stderr]     Finished `release` profile [optimized] target(s) in 11.72s
[INFO] running `Command { std: "docker" "inspect" "d2ec16d15c729e175b73ea25a6711f9da981e44fd8cfc764de936cebb620baea", kill_on_drop: false }`
[INFO] running `Command { std: "docker" "exec" "-e" "SOURCE_DIR=/opt/rustwide/workdir" "-e" "CARGO_HOME=/opt/rustwide/cargo-home" "-e" "RUSTUP_HOME=/opt/rustwide/rustup-home" "-e" "CARGO_TARGET_DIR=/opt/rustwide/target" "-e" "CARGO_INCREMENTAL=0" "-e" "RUST_BACKTRACE=full" "-e" "RUSTFLAGS=--cap-lints=warn" "-e" "RUSTDOCFLAGS=--cap-lints=warn" "-w" "/opt/rustwide/workdir" "--user" "0:0" "d2ec16d15c729e175b73ea25a6711f9da981e44fd8cfc764de936cebb620baea" "/opt/rustwide/cargo-home/bin/cargo" "+1.99.0-beta.8" "test" "--frozen" "--no-run" "--message-format=json" "--release", kill_on_drop: false }`
[INFO] [stderr]    Compiling syn v2.0.119
[INFO] [stderr]    Compiling libc v0.2.189
[INFO] [stderr]    Compiling typenum v1.20.1
[INFO] [stderr]    Compiling generic-array v0.14.7
[INFO] [stderr]    Compiling find-msvc-tools v0.1.12
[INFO] [stderr]    Compiling regex-syntax v0.8.11
[INFO] [stderr]    Compiling either v1.18.0
[INFO] [stderr]    Compiling glob v0.3.4
[INFO] [stderr]    Compiling libm v0.2.16
[INFO] [stderr]    Compiling cc v1.4.6
[INFO] [stderr]    Compiling log v0.4.34
[INFO] [stderr]    Compiling clang-sys v1.9.1
[INFO] [stderr]    Compiling num-traits v0.2.19
[INFO] [stderr]    Compiling minimal-lexical v0.2.1
[INFO] [stderr]    Compiling nom v7.1.3
[INFO] [stderr]    Compiling bitflags v2.13.2
[INFO] [stderr]    Compiling libloading v0.8.9
[INFO] [stderr]    Compiling getrandom v0.2.17
[INFO] [stderr]    Compiling regex-automata v0.4.18
[INFO] [stderr]    Compiling rand_core v0.6.4
[INFO] [stderr]    Compiling itertools v0.13.0
[INFO] [stderr]    Compiling cexpr v0.6.0
[INFO] [stderr]    Compiling zerofrom v0.1.8
[INFO] [stderr]    Compiling yoke v0.8.3
[INFO] [stderr]    Compiling heapless-bytes v0.5.0
[INFO] [stderr]    Compiling zerocopy v0.8.57
[INFO] [stderr]    Compiling zerovec v0.11.8
[INFO] [stderr]    Compiling syn v1.0.109
[INFO] [stderr]    Compiling num-integer v0.1.47
[INFO] [stderr]    Compiling heapless v0.7.17
[INFO] [stderr]    Compiling regex v1.13.1
[INFO] [stderr]    Compiling littlefs2-core v0.1.3
[INFO] [stderr]    Compiling postcard v0.7.3
[INFO] [stderr]    Compiling num-iter v0.1.46
[INFO] [stderr]    Compiling delog v0.1.8
[INFO] [stderr]    Compiling ff v0.13.1
[INFO] [stderr]    Compiling bindgen v0.70.1
[INFO] [stderr]    Compiling base16ct v0.2.0
[INFO] [stderr]    Compiling smallvec v1.16.1
[INFO] [stderr]    Compiling group v0.13.0
[INFO] [stderr]    Compiling tinystr v0.8.4
[INFO] [stderr]    Compiling ff v0.10.1
[INFO] [stderr]    Compiling dirs-sys-next v0.1.2
[INFO] [stderr]    Compiling bindgen v0.72.1
[INFO] [stderr]    Compiling writeable v0.6.4
[INFO] [stderr]    Compiling crunchy v0.2.4
[INFO] [stderr]    Compiling litemap v0.8.3
[INFO] [stderr]    Compiling rustc-hash v1.1.0
[INFO] [stderr]    Compiling opaque-debug v0.3.1
[INFO] [stderr]    Compiling icu_locale_core v2.3.0
[INFO] [stderr]    Compiling parking_lot_core v0.9.12
[INFO] [stderr]    Compiling dirs-next v2.0.0
[INFO] [stderr]    Compiling group v0.10.0
[INFO] [stderr]    Compiling getrandom v0.4.3
[INFO] [stderr]    Compiling potential_utf v0.1.6
[INFO] [stderr]    Compiling zerotrie v0.2.5
[INFO] [stderr]    Compiling tiny-keccak v2.0.2
[INFO] [stderr]    Compiling rustc-hash v2.1.3
[INFO] [stderr]    Compiling base64ct v1.8.3
[INFO] [stderr]    Compiling siphasher v1.0.3
[INFO] [stderr]    Compiling tempfile v3.27.0
[INFO] [stderr]    Compiling phf_shared v0.11.3
[INFO] [stderr]    Compiling pem-rfc7468 v0.6.0
[INFO] [stderr]    Compiling zeroize_derive v1.5.0
[INFO] [stderr]    Compiling serde-indexed v0.1.1
[INFO] [stderr]    Compiling icu_collections v2.3.0
[INFO] [stderr]    Compiling trussed-core v0.2.3
[INFO] [stderr]    Compiling zeroize v1.9.0
[INFO] [stderr]    Compiling der v0.7.10
[INFO] [stderr]    Compiling crypto-common v0.1.7
[INFO] [stderr]    Compiling block-buffer v0.10.4
[INFO] [stderr]    Compiling block-padding v0.3.3
[INFO] [stderr]    Compiling digest v0.10.7
[INFO] [stderr]    Compiling inout v0.1.4
[INFO] [stderr]    Compiling digest v0.9.0
[INFO] [stderr]    Compiling cipher v0.4.4
[INFO] [stderr]    Compiling crypto-bigint v0.2.5
[INFO] [stderr]    Compiling crypto-bigint v0.5.5
[INFO] [stderr]    Compiling signature v2.2.0
[INFO] [stderr]    Compiling hmac v0.12.1
[INFO] [stderr]    Compiling synstructure v0.12.6
[INFO] [stderr]    Compiling hkdf v0.12.4
[INFO] [stderr]    Compiling crypto-mac v0.11.0
[INFO] [stderr]    Compiling ppv-lite86 v0.2.21
[INFO] [stderr]    Compiling sec1 v0.7.3
[INFO] [stderr]    Compiling der_derive v0.4.1
[INFO] [stderr]    Compiling rand_chacha v0.3.1
[INFO] [stderr]    Compiling hmac v0.11.0
[INFO] [stderr]    Compiling elliptic-curve v0.13.8
[INFO] [stderr]    Compiling der v0.4.5
[INFO] [stderr]    Compiling elliptic-curve v0.10.4
[INFO] [stderr]    Compiling rfc6979 v0.4.0
[INFO] [stderr]    Compiling sha2 v0.10.9
[INFO] [stderr]    Compiling signature v1.3.2
[INFO] [stderr]    Compiling block-buffer v0.9.0
[INFO] [stderr]    Compiling icu_provider v2.3.1
[INFO] [stderr]    Compiling parking_lot v0.12.5
[INFO] [stderr]    Compiling term v0.7.0
[INFO] [stderr]    Compiling p256-cortex-m4-sys v0.1.0
[INFO] [stderr]    Compiling lazy_static v1.5.0
[INFO] [stderr]    Compiling num-rational v0.3.2
[INFO] [stderr]    Compiling rustversion v1.0.23
[INFO] [stderr]    Compiling new_debug_unreachable v1.0.6
[INFO] [stderr]    Compiling precomputed-hash v0.1.1
[INFO] [stderr]    Compiling crc32fast v1.5.2
[INFO] [stderr]    Compiling num-bigint-dig v0.8.6
[INFO] [stderr]    Compiling bit-vec v0.6.3
[INFO] [stderr]    Compiling fixedbitset v0.4.2
[INFO] [stderr]    Compiling string_cache v0.8.9
[INFO] [stderr]    Compiling bit-set v0.5.3
[INFO] [stderr]    Compiling petgraph v0.6.5
[INFO] [stderr]    Compiling ascii-canvas v3.0.0
[INFO] [stderr]    Compiling ena v0.14.4
[INFO] [stderr]    Compiling ecdsa v0.12.4
[INFO] [stderr]    Compiling sha2 v0.9.9
[INFO] [stderr]    Compiling icu_properties_data v2.3.0
[INFO] [stderr]    Compiling icu_normalizer_data v2.3.0
[INFO] [stderr]    Compiling primeorder v0.13.6
[INFO] [stderr]    Compiling ecdsa v0.16.9
[INFO] [stderr]    Compiling rand v0.8.8
[INFO] [stderr]    Compiling littlefs2-sys v0.4.0
[INFO] [stderr]    Compiling universal-hash v0.5.1
[INFO] [stderr]    Compiling der v0.6.1
[INFO] [stderr]    Compiling thiserror-impl v1.0.69
[INFO] [stderr]    Compiling aho-corasick v1.1.5
[INFO] [stderr]    Compiling synstructure v0.13.2
[INFO] [stderr]    Compiling bzip2-sys v0.1.13+1.0.8
[INFO] [stderr]    Compiling itertools v0.11.0
[INFO] [stderr]    Compiling serde_repr v0.1.21
[INFO] [stderr]    Compiling thiserror v2.0.20
[INFO] [stderr]    Compiling lalrpop-util v0.20.2
[INFO] [stderr]    Compiling salty v0.3.0
[INFO] [stderr]    Compiling simd-adler32 v0.3.10
[INFO] [stderr]    Compiling interchange v0.3.3
[INFO] [stderr]    Compiling p256-cortex-m4 v0.1.0-alpha.6
[INFO] [stderr]    Compiling miniz_oxide v0.9.1
[INFO] [stderr]    Compiling lalrpop v0.20.2
[INFO] [stderr]    Compiling thiserror v1.0.69
[INFO] [stderr]    Compiling flexiber_derive v0.1.3
[INFO] [stderr]    Compiling spki v0.6.0
[INFO] [stderr]    Compiling poly1305 v0.8.0
[INFO] [stderr]    Compiling p256 v0.9.0
[INFO] [stderr]    Compiling icu_properties v2.3.0
[INFO] [stderr]    Compiling icu_normalizer v2.3.0
[INFO] [stderr]    Compiling nettle-sys v2.3.2
[INFO] [stderr]    Compiling spki v0.7.3
[INFO] [stderr]    Compiling ed25519 v2.2.3
[INFO] [stderr]    Compiling chacha20 v0.9.1
[INFO] [stderr]    Compiling aead v0.5.2
[INFO] [stderr]    Compiling cbor-smol v0.5.1
[INFO] [stderr]    Compiling num-complex v0.3.1
[INFO] [stderr]    Compiling pcsc-sys v1.3.0
[INFO] [stderr]    Compiling thiserror-impl v2.0.20
[INFO] [stderr]    Compiling libbz2-rs-sys v0.2.5
[INFO] [stderr]    Compiling sha1collisiondetection v0.3.4
[INFO] [stderr]    Compiling anyhow v1.0.104
[INFO] [stderr]    Compiling num v0.3.1
[INFO] [stderr]    Compiling anstyle-parse v1.0.0
[INFO] [stderr]    Compiling chrono v0.4.45
[INFO] [stderr]    Compiling chacha20poly1305 v0.10.1
[INFO] [stderr]    Compiling bzip2 v0.6.1
[INFO] [stderr]    Compiling pkcs8 v0.10.2
[INFO] [stderr]    Compiling flate2 v1.1.10
[INFO] [stderr]    Compiling generic-array v1.4.5
[INFO] [stderr]    Compiling idna_adapter v1.2.2
[INFO] [stderr]    Compiling littlefs2 v0.8.1
[INFO] [stderr]    Compiling flexiber v0.2.0
[INFO] [stderr]    Compiling pkcs8 v0.9.0
[INFO] [stderr]    Compiling cosey v0.4.0
[INFO] [stderr]    Compiling p384 v0.13.1
[INFO] [stderr]    Compiling p521 v0.13.3
[INFO] [stderr]    Compiling sha-1 v0.10.1
[INFO] [stderr]    Compiling cbc v0.1.2
[INFO] [stderr]    Compiling des v0.8.1
[INFO] [stderr]    Compiling aes v0.8.4
[INFO] [stderr]    Compiling blanket v0.3.0
[INFO] [stderr]    Compiling hex-literal v0.4.1
[INFO] [stderr]    Compiling usb-device v0.2.9
[INFO] [stderr]    Compiling is_terminal_polyfill v1.70.2
[INFO] [stderr]    Compiling colorchoice v1.0.5
[INFO] [stderr]    Compiling hex-slice v0.1.4
[INFO] [stderr]    Compiling anstyle v1.0.14
[INFO] [stderr]    Compiling anstyle-query v1.1.5
[INFO] [stderr]    Compiling trussed v0.2.0
[INFO] [stderr]    Compiling anstream v1.0.0
[INFO] [stderr]    Compiling openpgp-card v0.3.7
[INFO] [stderr]    Compiling pkcs1 v0.4.1
[INFO] [stderr]    Compiling bzip2 v0.5.2
[INFO] [stderr]    Compiling idna v1.1.0
[INFO] [stderr]    Compiling buffered-reader v1.4.1
[INFO] [stderr]    Compiling nettle v7.5.0
[INFO] [stderr]    Compiling pkcs1 v0.7.5
[INFO] [stderr]    Compiling sequoia-openpgp v1.22.0
[INFO] [stderr]    Compiling embedded-time v0.12.1
[INFO] [stderr]    Compiling apdu-app v0.2.0
[INFO] [stderr]    Compiling test-log-core v0.2.21
[INFO] [stderr]    Compiling env_filter v2.0.0
[INFO] [stderr]    Compiling serde-byte-array v0.1.2
[INFO] [stderr]    Compiling bitflags v1.3.2
[INFO] [stderr]    Compiling memsec v0.7.0
[INFO] [stderr]    Compiling xxhash-rust v0.8.18
[INFO] [stderr]    Compiling trussed-chunked v0.3.0
[INFO] [stderr]    Compiling usbip-device v0.1.5
[INFO] [stderr]    Compiling usbd-ccid v0.4.0
[INFO] [stderr]    Compiling env_logger v0.11.11
[INFO] [stderr]    Compiling iso7816-tlv v0.4.4
[INFO] [stderr]    Compiling rustix v1.1.5
[INFO] [stderr]    Compiling test-log-macros v0.2.21
[INFO] [stderr]    Compiling apdu-dispatch v0.4.0
[INFO] [stderr]    Compiling pcsc v2.9.0
[INFO] [stderr]    Compiling rsa v0.9.10
[INFO] [stderr]    Compiling rsa v0.8.2
[INFO] [stderr]    Compiling trussed-rsa-types v0.2.0
[INFO] [stderr]    Compiling trussed-wrap-key-to-file v0.3.0
[INFO] [stderr]    Compiling trussed-auth v0.5.0
[INFO] [stderr]    Compiling atty v0.2.14
[INFO] [stderr]    Compiling half v1.8.3
[INFO] [stderr]    Compiling humantime v2.4.0
[INFO] [stderr]    Compiling termcolor v1.4.1
[INFO] [stderr]    Compiling serde_cbor v0.11.2
[INFO] [stderr]    Compiling trussed-rsa-alloc v0.5.0
[INFO] [stderr]    Compiling env_logger v0.9.3
[INFO] [stderr]    Compiling ron v0.8.1
[INFO] [stderr]    Compiling openpgp-card-pcsc v0.3.1
[INFO] [stderr]    Compiling trussed-usbip v0.1.0
[INFO] [stderr]    Compiling test-log v0.2.21
[INFO] [stderr]    Compiling vpicc v0.1.0
[INFO] [stderr]    Compiling hex v0.4.3
[INFO] [stderr]    Compiling serde_test v1.0.177
[INFO] [stderr]    Compiling stoppable_thread v0.2.1
[INFO] [stderr]    Compiling opcard v1.11.0 (/opt/rustwide/workdir)
[INFO] [stderr]    Compiling openpgp-card-sequoia v0.1.5
[INFO] [stdout] error: environment variable `OPCARD_DANGEROUS_TEST_CARD_PGP_VENDOR` not defined at compile time
[INFO] [stdout]    --> tests/card/mod.rs:169:5
[INFO] [stdout]     |
[INFO] [stdout] 169 |     env!("OPCARD_DANGEROUS_TEST_CARD_PGP_VENDOR"),
[INFO] [stdout]     |     ^^^^^^^^^^^^^^^^^^^^^^^^^^^^^^^^^^^^^^^^^^^^^
[INFO] [stdout]     |
[INFO] [stdout]     = help: use `std::env::var("OPCARD_DANGEROUS_TEST_CARD_PGP_VENDOR")` to read the variable at run time
[INFO] [stdout] 
[INFO] [stdout] 
[INFO] [stdout] error: environment variable `OPCARD_DANGEROUS_TEST_CARD_PGP_SERIAL` not defined at compile time
[INFO] [stdout]    --> tests/card/mod.rs:171:5
[INFO] [stdout]     |
[INFO] [stdout] 171 |     env!("OPCARD_DANGEROUS_TEST_CARD_PGP_SERIAL")
[INFO] [stdout]     |     ^^^^^^^^^^^^^^^^^^^^^^^^^^^^^^^^^^^^^^^^^^^^^
[INFO] [stdout]     |
[INFO] [stdout]     = help: use `std::env::var("OPCARD_DANGEROUS_TEST_CARD_PGP_SERIAL")` to read the variable at run time
[INFO] [stdout] 
[INFO] [stdout] 
[INFO] [stdout] error[E0433]: cannot find module or crate `dev_vpicc` in this scope
[INFO] [stdout]  --> tests/card/mod.rs:7:5
[INFO] [stdout]   |
[INFO] [stdout] 7 | use dev_vpicc::virt::VirtClient;
[INFO] [stdout]   |     ^^^^^^^^^ use of unresolved module or unlinked crate `dev_vpicc`
[INFO] [stdout]   |
[INFO] [stdout]   = help: if you wanted to use a crate named `dev_vpicc`, use `cargo add dev_vpicc` to add it to your `Cargo.toml`
[INFO] [stdout] 
[INFO] [stdout] 
[INFO] [stdout] error: environment variable `OPCARD_DANGEROUS_TEST_CARD_PGP_VENDOR` not defined at compile time
[INFO] [stdout]    --> tests/card/mod.rs:169:5
[INFO] [stdout]     |
[INFO] [stdout] 169 |     env!("OPCARD_DANGEROUS_TEST_CARD_PGP_VENDOR"),
[INFO] [stdout]     |     ^^^^^^^^^^^^^^^^^^^^^^^^^^^^^^^^^^^^^^^^^^^^^
[INFO] [stdout]     |
[INFO] [stdout]     = help: use `std::env::var("OPCARD_DANGEROUS_TEST_CARD_PGP_VENDOR")` to read the variable at run time
[INFO] [stdout] 
[INFO] [stdout] 
[INFO] [stdout] error: environment variable `OPCARD_DANGEROUS_TEST_CARD_PGP_VENDOR` not defined at compile time
[INFO] [stdout]    --> tests/card/mod.rs:169:5
[INFO] [stdout]     |
[INFO] [stdout] 169 |     env!("OPCARD_DANGEROUS_TEST_CARD_PGP_VENDOR"),
[INFO] [stdout]     |     ^^^^^^^^^^^^^^^^^^^^^^^^^^^^^^^^^^^^^^^^^^^^^
[INFO] [stdout]     |
[INFO] [stdout]     = help: use `std::env::var("OPCARD_DANGEROUS_TEST_CARD_PGP_VENDOR")` to read the variable at run time
[INFO] [stdout] 
[INFO] [stdout] 
[INFO] [stdout] error: environment variable `OPCARD_DANGEROUS_TEST_CARD_PGP_SERIAL` not defined at compile time
[INFO] [stdout]    --> tests/card/mod.rs:171:5
[INFO] [stdout]     |
[INFO] [stdout] 171 |     env!("OPCARD_DANGEROUS_TEST_CARD_PGP_SERIAL")
[INFO] [stdout]     |     ^^^^^^^^^^^^^^^^^^^^^^^^^^^^^^^^^^^^^^^^^^^^^
[INFO] [stdout]     |
[INFO] [stdout]     = help: use `std::env::var("OPCARD_DANGEROUS_TEST_CARD_PGP_SERIAL")` to read the variable at run time
[INFO] [stdout] 
[INFO] [stdout] 
[INFO] [stdout] error: environment variable `OPCARD_DANGEROUS_TEST_CARD_PGP_SERIAL` not defined at compile time
[INFO] [stdout]    --> tests/card/mod.rs:171:5
[INFO] [stdout]     |
[INFO] [stdout] 171 |     env!("OPCARD_DANGEROUS_TEST_CARD_PGP_SERIAL")
[INFO] [stdout]     |     ^^^^^^^^^^^^^^^^^^^^^^^^^^^^^^^^^^^^^^^^^^^^^
[INFO] [stdout]     |
[INFO] [stdout]     = help: use `std::env::var("OPCARD_DANGEROUS_TEST_CARD_PGP_SERIAL")` to read the variable at run time
[INFO] [stdout] 
[INFO] [stdout] 
[INFO] [stdout] error: environment variable `OPCARD_DANGEROUS_TEST_CARD_PGP_VENDOR` not defined at compile time
[INFO] [stdout]    --> tests/card/mod.rs:169:5
[INFO] [stdout]     |
[INFO] [stdout] 169 |     env!("OPCARD_DANGEROUS_TEST_CARD_PGP_VENDOR"),
[INFO] [stdout]     |     ^^^^^^^^^^^^^^^^^^^^^^^^^^^^^^^^^^^^^^^^^^^^^
[INFO] [stdout]     |
[INFO] [stdout]     = help: use `std::env::var("OPCARD_DANGEROUS_TEST_CARD_PGP_VENDOR")` to read the variable at run time
[INFO] [stdout] 
[INFO] [stdout] 
[INFO] [stdout] error: environment variable `OPCARD_DANGEROUS_TEST_CARD_PGP_SERIAL` not defined at compile time
[INFO] [stdout]    --> tests/card/mod.rs:171:5
[INFO] [stdout]     |
[INFO] [stdout] 171 |     env!("OPCARD_DANGEROUS_TEST_CARD_PGP_SERIAL")
[INFO] [stdout]     |     ^^^^^^^^^^^^^^^^^^^^^^^^^^^^^^^^^^^^^^^^^^^^^
[INFO] [stdout]     |
[INFO] [stdout]     = help: use `std::env::var("OPCARD_DANGEROUS_TEST_CARD_PGP_SERIAL")` to read the variable at run time
[INFO] [stdout] 
[INFO] [stdout] 
[INFO] [stdout] error: environment variable `OPCARD_DANGEROUS_TEST_CARD_USB_VENDOR` not defined at compile time
[INFO] [stdout]    --> tests/gpg/mod.rs:314:9
[INFO] [stdout]     |
[INFO] [stdout] 314 |         env!("OPCARD_DANGEROUS_TEST_CARD_USB_VENDOR"),
[INFO] [stdout]     |         ^^^^^^^^^^^^^^^^^^^^^^^^^^^^^^^^^^^^^^^^^^^^^
[INFO] [stdout]     |
[INFO] [stdout]     = help: use `std::env::var("OPCARD_DANGEROUS_TEST_CARD_USB_VENDOR")` to read the variable at run time
[INFO] [stdout] 
[INFO] [stdout] 
[INFO] [stdout] error: environment variable `OPCARD_DANGEROUS_TEST_CARD_USB_PRODUCT` not defined at compile time
[INFO] [stdout]    --> tests/gpg/mod.rs:316:9
[INFO] [stdout]     |
[INFO] [stdout] 316 |         env!("OPCARD_DANGEROUS_TEST_CARD_USB_PRODUCT"),
[INFO] [stdout]     |         ^^^^^^^^^^^^^^^^^^^^^^^^^^^^^^^^^^^^^^^^^^^^^^
[INFO] [stdout]     |
[INFO] [stdout]     = help: use `std::env::var("OPCARD_DANGEROUS_TEST_CARD_USB_PRODUCT")` to read the variable at run time
[INFO] [stdout] 
[INFO] [stdout] 
[INFO] [stdout] error: environment variable `OPCARD_DANGEROUS_TEST_CARD_PGP_VENDOR` not defined at compile time
[INFO] [stdout]    --> tests/gpg/mod.rs:330:9
[INFO] [stdout]     |
[INFO] [stdout] 330 |         env!("OPCARD_DANGEROUS_TEST_CARD_PGP_VENDOR"),
[INFO] [stdout]     |         ^^^^^^^^^^^^^^^^^^^^^^^^^^^^^^^^^^^^^^^^^^^^^
[INFO] [stdout]     |
[INFO] [stdout]     = help: use `std::env::var("OPCARD_DANGEROUS_TEST_CARD_PGP_VENDOR")` to read the variable at run time
[INFO] [stdout] 
[INFO] [stdout] 
[INFO] [stdout] error: environment variable `OPCARD_DANGEROUS_TEST_CARD_PGP_SERIAL` not defined at compile time
[INFO] [stdout]    --> tests/gpg/mod.rs:331:9
[INFO] [stdout]     |
[INFO] [stdout] 331 |         env!("OPCARD_DANGEROUS_TEST_CARD_PGP_SERIAL"),
[INFO] [stdout]     |         ^^^^^^^^^^^^^^^^^^^^^^^^^^^^^^^^^^^^^^^^^^^^^
[INFO] [stdout]     |
[INFO] [stdout]     = help: use `std::env::var("OPCARD_DANGEROUS_TEST_CARD_PGP_SERIAL")` to read the variable at run time
[INFO] [stdout] 
[INFO] [stdout] 
[INFO] [stdout] error: environment variable `OPCARD_DANGEROUS_TEST_CARD_PGP_VENDOR` not defined at compile time
[INFO] [stdout]    --> tests/card/mod.rs:169:5
[INFO] [stdout]     |
[INFO] [stdout] 169 |     env!("OPCARD_DANGEROUS_TEST_CARD_PGP_VENDOR"),
[INFO] [stdout]     |     ^^^^^^^^^^^^^^^^^^^^^^^^^^^^^^^^^^^^^^^^^^^^^
[INFO] [stdout]     |
[INFO] [stdout]     = help: use `std::env::var("OPCARD_DANGEROUS_TEST_CARD_PGP_VENDOR")` to read the variable at run time
[INFO] [stdout] 
[INFO] [stdout] 
[INFO] [stdout] error[E0433]: cannot find module or crate `dev_vpicc` in this scope
[INFO] [stdout]  --> tests/card/mod.rs:7:5
[INFO] [stdout]   |
[INFO] [stdout] 7 | use dev_vpicc::virt::VirtClient;
[INFO] [stdout]   |     ^^^^^^^^^ use of unresolved module or unlinked crate `dev_vpicc`
[INFO] [stdout]   |
[INFO] [stdout]   = help: if you wanted to use a crate named `dev_vpicc`, use `cargo add dev_vpicc` to add it to your `Cargo.toml`
[INFO] [stdout] 
[INFO] [stdout] 
[INFO] [stdout] error: environment variable `OPCARD_DANGEROUS_TEST_CARD_PGP_SERIAL` not defined at compile time
[INFO] [stdout]    --> tests/card/mod.rs:171:5
[INFO] [stdout]     |
[INFO] [stdout] 171 |     env!("OPCARD_DANGEROUS_TEST_CARD_PGP_SERIAL")
[INFO] [stdout]     |     ^^^^^^^^^^^^^^^^^^^^^^^^^^^^^^^^^^^^^^^^^^^^^
[INFO] [stdout]     |
[INFO] [stdout]     = help: use `std::env::var("OPCARD_DANGEROUS_TEST_CARD_PGP_SERIAL")` to read the variable at run time
[INFO] [stdout] 
[INFO] [stdout] 
[INFO] [stdout] error[E0433]: cannot find module or crate `dev_vpicc` in this scope
[INFO] [stdout]  --> tests/card/mod.rs:7:5
[INFO] [stdout]   |
[INFO] [stdout] 7 | use dev_vpicc::virt::VirtClient;
[INFO] [stdout]   |     ^^^^^^^^^ use of unresolved module or unlinked crate `dev_vpicc`
[INFO] [stdout]   |
[INFO] [stdout]   = help: if you wanted to use a crate named `dev_vpicc`, use `cargo add dev_vpicc` to add it to your `Cargo.toml`
[INFO] [stdout] 
[INFO] [stdout] 
[INFO] [stdout] error: environment variable `OPCARD_DANGEROUS_TEST_CARD_USB_VENDOR` not defined at compile time
[INFO] [stdout]    --> tests/gpg/mod.rs:314:9
[INFO] [stdout]     |
[INFO] [stdout] 314 |         env!("OPCARD_DANGEROUS_TEST_CARD_USB_VENDOR"),
[INFO] [stdout]     |         ^^^^^^^^^^^^^^^^^^^^^^^^^^^^^^^^^^^^^^^^^^^^^
[INFO] [stdout]     |
[INFO] [stdout]     = help: use `std::env::var("OPCARD_DANGEROUS_TEST_CARD_USB_VENDOR")` to read the variable at run time
[INFO] [stdout] 
[INFO] [stdout] 
[INFO] [stdout] error: environment variable `OPCARD_DANGEROUS_TEST_CARD_USB_PRODUCT` not defined at compile time
[INFO] [stdout]    --> tests/gpg/mod.rs:316:9
[INFO] [stdout]     |
[INFO] [stdout] 316 |         env!("OPCARD_DANGEROUS_TEST_CARD_USB_PRODUCT"),
[INFO] [stdout]     |         ^^^^^^^^^^^^^^^^^^^^^^^^^^^^^^^^^^^^^^^^^^^^^^
[INFO] [stdout]     |
[INFO] [stdout]     = help: use `std::env::var("OPCARD_DANGEROUS_TEST_CARD_USB_PRODUCT")` to read the variable at run time
[INFO] [stdout] 
[INFO] [stdout] 
[INFO] [stdout] error: environment variable `OPCARD_DANGEROUS_TEST_CARD_PGP_VENDOR` not defined at compile time
[INFO] [stdout]    --> tests/gpg/mod.rs:330:9
[INFO] [stdout]     |
[INFO] [stdout] 330 |         env!("OPCARD_DANGEROUS_TEST_CARD_PGP_VENDOR"),
[INFO] [stdout]     |         ^^^^^^^^^^^^^^^^^^^^^^^^^^^^^^^^^^^^^^^^^^^^^
[INFO] [stdout]     |
[INFO] [stdout]     = help: use `std::env::var("OPCARD_DANGEROUS_TEST_CARD_PGP_VENDOR")` to read the variable at run time
[INFO] [stdout] 
[INFO] [stdout] 
[INFO] [stdout] error: environment variable `OPCARD_DANGEROUS_TEST_CARD_PGP_SERIAL` not defined at compile time
[INFO] [stdout]    --> tests/gpg/mod.rs:331:9
[INFO] [stdout]     |
[INFO] [stdout] 331 |         env!("OPCARD_DANGEROUS_TEST_CARD_PGP_SERIAL"),
[INFO] [stdout]     |         ^^^^^^^^^^^^^^^^^^^^^^^^^^^^^^^^^^^^^^^^^^^^^
[INFO] [stdout]     |
[INFO] [stdout]     = help: use `std::env::var("OPCARD_DANGEROUS_TEST_CARD_PGP_SERIAL")` to read the variable at run time
[INFO] [stdout] 
[INFO] [stdout] 
[INFO] [stdout] error[E0433]: cannot find module or crate `dev_vpicc` in this scope
[INFO] [stdout]  --> tests/card/mod.rs:7:5
[INFO] [stdout]   |
[INFO] [stdout] 7 | use dev_vpicc::virt::VirtClient;
[INFO] [stdout]   |     ^^^^^^^^^ use of unresolved module or unlinked crate `dev_vpicc`
[INFO] [stdout]   |
[INFO] [stdout]   = help: if you wanted to use a crate named `dev_vpicc`, use `cargo add dev_vpicc` to add it to your `Cargo.toml`
[INFO] [stdout] 
[INFO] [stdout] 
[INFO] [stdout] error[E0433]: cannot find module or crate `dev_vpicc` in this scope
[INFO] [stdout]  --> tests/card/mod.rs:7:5
[INFO] [stdout]   |
[INFO] [stdout] 7 | use dev_vpicc::virt::VirtClient;
[INFO] [stdout]   |     ^^^^^^^^^ use of unresolved module or unlinked crate `dev_vpicc`
[INFO] [stdout]   |
[INFO] [stdout]   = help: if you wanted to use a crate named `dev_vpicc`, use `cargo add dev_vpicc` to add it to your `Cargo.toml`
[INFO] [stdout] 
[INFO] [stdout] 
[INFO] [stdout] error: environment variable `OPCARD_DANGEROUS_TEST_CARD_PGP_VENDOR` not defined at compile time
[INFO] [stdout]    --> tests/card/mod.rs:169:5
[INFO] [stdout]     |
[INFO] [stdout] 169 |     env!("OPCARD_DANGEROUS_TEST_CARD_PGP_VENDOR"),
[INFO] [stdout]     |     ^^^^^^^^^^^^^^^^^^^^^^^^^^^^^^^^^^^^^^^^^^^^^
[INFO] [stdout]     |
[INFO] [stdout]     = help: use `std::env::var("OPCARD_DANGEROUS_TEST_CARD_PGP_VENDOR")` to read the variable at run time
[INFO] [stdout] 
[INFO] [stdout] 
[INFO] [stdout] error: environment variable `OPCARD_DANGEROUS_TEST_CARD_PGP_SERIAL` not defined at compile time
[INFO] [stdout]    --> tests/card/mod.rs:171:5
[INFO] [stdout]     |
[INFO] [stdout] 171 |     env!("OPCARD_DANGEROUS_TEST_CARD_PGP_SERIAL")
[INFO] [stdout]     |     ^^^^^^^^^^^^^^^^^^^^^^^^^^^^^^^^^^^^^^^^^^^^^
[INFO] [stdout]     |
[INFO] [stdout]     = help: use `std::env::var("OPCARD_DANGEROUS_TEST_CARD_PGP_SERIAL")` to read the variable at run time
[INFO] [stdout] 
[INFO] [stdout] 
[INFO] [stdout] error: environment variable `OPCARD_DANGEROUS_TEST_CARD_USB_VENDOR` not defined at compile time
[INFO] [stdout]    --> tests/gpg/mod.rs:314:9
[INFO] [stdout]     |
[INFO] [stdout] 314 |         env!("OPCARD_DANGEROUS_TEST_CARD_USB_VENDOR"),
[INFO] [stdout]     |         ^^^^^^^^^^^^^^^^^^^^^^^^^^^^^^^^^^^^^^^^^^^^^
[INFO] [stdout]     |
[INFO] [stdout]     = help: use `std::env::var("OPCARD_DANGEROUS_TEST_CARD_USB_VENDOR")` to read the variable at run time
[INFO] [stdout] 
[INFO] [stdout] 
[INFO] [stdout] error: environment variable `OPCARD_DANGEROUS_TEST_CARD_USB_PRODUCT` not defined at compile time
[INFO] [stdout]    --> tests/gpg/mod.rs:316:9
[INFO] [stdout]     |
[INFO] [stdout] 316 |         env!("OPCARD_DANGEROUS_TEST_CARD_USB_PRODUCT"),
[INFO] [stdout]     |         ^^^^^^^^^^^^^^^^^^^^^^^^^^^^^^^^^^^^^^^^^^^^^^
[INFO] [stdout]     |
[INFO] [stdout]     = help: use `std::env::var("OPCARD_DANGEROUS_TEST_CARD_USB_PRODUCT")` to read the variable at run time
[INFO] [stdout] 
[INFO] [stdout] 
[INFO] [stdout] error: environment variable `OPCARD_DANGEROUS_TEST_CARD_PGP_VENDOR` not defined at compile time
[INFO] [stdout]    --> tests/gpg/mod.rs:330:9
[INFO] [stdout]     |
[INFO] [stdout] 330 |         env!("OPCARD_DANGEROUS_TEST_CARD_PGP_VENDOR"),
[INFO] [stdout]     |         ^^^^^^^^^^^^^^^^^^^^^^^^^^^^^^^^^^^^^^^^^^^^^
[INFO] [stdout]     |
[INFO] [stdout]     = help: use `std::env::var("OPCARD_DANGEROUS_TEST_CARD_PGP_VENDOR")` to read the variable at run time
[INFO] [stdout] 
[INFO] [stdout] 
[INFO] [stdout] error: environment variable `OPCARD_DANGEROUS_TEST_CARD_PGP_SERIAL` not defined at compile time
[INFO] [stdout]    --> tests/gpg/mod.rs:331:9
[INFO] [stdout]     |
[INFO] [stdout] 331 |         env!("OPCARD_DANGEROUS_TEST_CARD_PGP_SERIAL"),
[INFO] [stdout]     |         ^^^^^^^^^^^^^^^^^^^^^^^^^^^^^^^^^^^^^^^^^^^^^
[INFO] [stdout]     |
[INFO] [stdout]     = help: use `std::env::var("OPCARD_DANGEROUS_TEST_CARD_PGP_SERIAL")` to read the variable at run time
[INFO] [stdout] 
[INFO] [stdout] 
[INFO] [stdout] error[E0433]: cannot find module or crate `dev_vpicc` in this scope
[INFO] [stdout]    --> tests/card/mod.rs:138:5
[INFO] [stdout]     |
[INFO] [stdout] 138 |     dev_vpicc::virt::with_leaking_client(StoreConfig::ram(), "opcard", |client| {
[INFO] [stdout]     |     ^^^^^^^^^ use of unresolved module or unlinked crate `dev_vpicc`
[INFO] [stdout]     |
[INFO] [stdout]     = help: if you wanted to use a crate named `dev_vpicc`, use `cargo add dev_vpicc` to add it to your `Cargo.toml`
[INFO] [stdout] 
[INFO] [stdout] 
[INFO] [stdout] error[E0433]: cannot find module or crate `dev_vpicc` in this scope
[INFO] [stdout]  --> tests/card/mod.rs:7:5
[INFO] [stdout]   |
[INFO] [stdout] 7 | use dev_vpicc::virt::VirtClient;
[INFO] [stdout]   |     ^^^^^^^^^ use of unresolved module or unlinked crate `dev_vpicc`
[INFO] [stdout]   |
[INFO] [stdout]   = help: if you wanted to use a crate named `dev_vpicc`, use `cargo add dev_vpicc` to add it to your `Cargo.toml`
[INFO] [stdout] 
[INFO] [stdout] 
[INFO] [stdout] error[E0433]: cannot find module or crate `dev_vpicc` in this scope
[INFO] [stdout]    --> tests/card/mod.rs:138:5
[INFO] [stdout]     |
[INFO] [stdout] 138 |     dev_vpicc::virt::with_leaking_client(StoreConfig::ram(), "opcard", |client| {
[INFO] [stdout]     |     ^^^^^^^^^ use of unresolved module or unlinked crate `dev_vpicc`
[INFO] [stdout]     |
[INFO] [stdout]     = help: if you wanted to use a crate named `dev_vpicc`, use `cargo add dev_vpicc` to add it to your `Cargo.toml`
[INFO] [stdout] 
[INFO] [stdout] 
[INFO] [stdout] error: environment variable `OPCARD_DANGEROUS_TEST_CARD_PGP_VENDOR` not defined at compile time
[INFO] [stdout]    --> tests/card/mod.rs:169:5
[INFO] [stdout]     |
[INFO] [stdout] 169 |     env!("OPCARD_DANGEROUS_TEST_CARD_PGP_VENDOR"),
[INFO] [stdout]     |     ^^^^^^^^^^^^^^^^^^^^^^^^^^^^^^^^^^^^^^^^^^^^^
[INFO] [stdout]     |
[INFO] [stdout]     = help: use `std::env::var("OPCARD_DANGEROUS_TEST_CARD_PGP_VENDOR")` to read the variable at run time
[INFO] [stdout] 
[INFO] [stdout] 
[INFO] [stdout] error: environment variable `OPCARD_DANGEROUS_TEST_CARD_PGP_SERIAL` not defined at compile time
[INFO] [stdout]    --> tests/card/mod.rs:171:5
[INFO] [stdout]     |
[INFO] [stdout] 171 |     env!("OPCARD_DANGEROUS_TEST_CARD_PGP_SERIAL")
[INFO] [stdout]     |     ^^^^^^^^^^^^^^^^^^^^^^^^^^^^^^^^^^^^^^^^^^^^^
[INFO] [stdout]     |
[INFO] [stdout]     = help: use `std::env::var("OPCARD_DANGEROUS_TEST_CARD_PGP_SERIAL")` to read the variable at run time
[INFO] [stdout] 
[INFO] [stdout] 
[INFO] [stdout] error: environment variable `OPCARD_DANGEROUS_TEST_CARD_USB_VENDOR` not defined at compile time
[INFO] [stdout]    --> tests/gpg/mod.rs:314:9
[INFO] [stdout]     |
[INFO] [stdout] 314 |         env!("OPCARD_DANGEROUS_TEST_CARD_USB_VENDOR"),
[INFO] [stdout]     |         ^^^^^^^^^^^^^^^^^^^^^^^^^^^^^^^^^^^^^^^^^^^^^
[INFO] [stdout]     |
[INFO] [stdout]     = help: use `std::env::var("OPCARD_DANGEROUS_TEST_CARD_USB_VENDOR")` to read the variable at run time
[INFO] [stdout] 
[INFO] [stdout] 
[INFO] [stdout] error: environment variable `OPCARD_DANGEROUS_TEST_CARD_USB_PRODUCT` not defined at compile time
[INFO] [stdout]    --> tests/gpg/mod.rs:316:9
[INFO] [stdout]     |
[INFO] [stdout] 316 |         env!("OPCARD_DANGEROUS_TEST_CARD_USB_PRODUCT"),
[INFO] [stdout]     |         ^^^^^^^^^^^^^^^^^^^^^^^^^^^^^^^^^^^^^^^^^^^^^^
[INFO] [stdout]     |
[INFO] [stdout]     = help: use `std::env::var("OPCARD_DANGEROUS_TEST_CARD_USB_PRODUCT")` to read the variable at run time
[INFO] [stdout] 
[INFO] [stdout] 
[INFO] [stdout] error: environment variable `OPCARD_DANGEROUS_TEST_CARD_PGP_VENDOR` not defined at compile time
[INFO] [stdout]    --> tests/gpg/mod.rs:330:9
[INFO] [stdout]     |
[INFO] [stdout] 330 |         env!("OPCARD_DANGEROUS_TEST_CARD_PGP_VENDOR"),
[INFO] [stdout]     |         ^^^^^^^^^^^^^^^^^^^^^^^^^^^^^^^^^^^^^^^^^^^^^
[INFO] [stdout]     |
[INFO] [stdout]     = help: use `std::env::var("OPCARD_DANGEROUS_TEST_CARD_PGP_VENDOR")` to read the variable at run time
[INFO] [stdout] 
[INFO] [stdout] 
[INFO] [stdout] error: environment variable `OPCARD_DANGEROUS_TEST_CARD_PGP_SERIAL` not defined at compile time
[INFO] [stdout]    --> tests/gpg/mod.rs:331:9
[INFO] [stdout]     |
[INFO] [stdout] 331 |         env!("OPCARD_DANGEROUS_TEST_CARD_PGP_SERIAL"),
[INFO] [stdout]     |         ^^^^^^^^^^^^^^^^^^^^^^^^^^^^^^^^^^^^^^^^^^^^^
[INFO] [stdout]     |
[INFO] [stdout]     = help: use `std::env::var("OPCARD_DANGEROUS_TEST_CARD_PGP_SERIAL")` to read the variable at run time
[INFO] [stdout] 
[INFO] [stdout] 
[INFO] [stdout] error[E0433]: cannot find module or crate `dev_vpicc` in this scope
[INFO] [stdout]   --> tests/virt/mod.rs:13:9
[INFO] [stdout]    |
[INFO] [stdout] 13 |         dev_vpicc::virt::with_ram_client("opcard", |client| {
[INFO] [stdout]    |         ^^^^^^^^^ use of unresolved module or unlinked crate `dev_vpicc`
[INFO] [stdout]    |
[INFO] [stdout]    = help: if you wanted to use a crate named `dev_vpicc`, use `cargo add dev_vpicc` to add it to your `Cargo.toml`
[INFO] [stdout] 
[INFO] [stdout] 
[INFO] [stdout] error[E0433]: cannot find module or crate `dev_vpicc` in this scope
[INFO] [stdout]   --> tests/gpg/mod.rs:74:9
[INFO] [stdout]    |
[INFO] [stdout] 74 |         dev_vpicc::virt::with_ram_client("opcard", |client| {
[INFO] [stdout]    |         ^^^^^^^^^ use of unresolved module or unlinked crate `dev_vpicc`
[INFO] [stdout]    |
[INFO] [stdout]    = help: if you wanted to use a crate named `dev_vpicc`, use `cargo add dev_vpicc` to add it to your `Cargo.toml`
[INFO] [stdout] 
[INFO] [stdout] 
[INFO] [stdout] error[E0433]: cannot find module or crate `dev_vpicc` in this scope
[INFO] [stdout]  --> tests/card/mod.rs:7:5
[INFO] [stdout]   |
[INFO] [stdout] 7 | use dev_vpicc::virt::VirtClient;
[INFO] [stdout]   |     ^^^^^^^^^ use of unresolved module or unlinked crate `dev_vpicc`
[INFO] [stdout]   |
[INFO] [stdout]   = help: if you wanted to use a crate named `dev_vpicc`, use `cargo add dev_vpicc` to add it to your `Cargo.toml`
[INFO] [stdout] 
[INFO] [stdout] 
[INFO] [stdout] error[E0433]: cannot find module or crate `dev_vpicc` in this scope
[INFO] [stdout]   --> tests/gpg/mod.rs:76:34
[INFO] [stdout]    |
[INFO] [stdout] 76 |             let mut vpicc_card = dev_vpicc::vpicc::VpiccCard::new(card);
[INFO] [stdout]    |                                  ^^^^^^^^^ use of unresolved module or unlinked crate `dev_vpicc`
[INFO] [stdout]    |
[INFO] [stdout]    = help: if you wanted to use a crate named `dev_vpicc`, use `cargo add dev_vpicc` to add it to your `Cargo.toml`
[INFO] [stdout] 
[INFO] [stdout] 
[INFO] [stdout] error[E0433]: cannot find module or crate `dev_vpicc` in this scope
[INFO] [stdout]    --> tests/card/mod.rs:138:5
[INFO] [stdout]     |
[INFO] [stdout] 138 |     dev_vpicc::virt::with_leaking_client(StoreConfig::ram(), "opcard", |client| {
[INFO] [stdout]     |     ^^^^^^^^^ use of unresolved module or unlinked crate `dev_vpicc`
[INFO] [stdout]     |
[INFO] [stdout]     = help: if you wanted to use a crate named `dev_vpicc`, use `cargo add dev_vpicc` to add it to your `Cargo.toml`
[INFO] [stdout] 
[INFO] [stdout] 
[INFO] [stdout] error[E0433]: cannot find module or crate `dev_vpicc` in this scope
[INFO] [stdout]   --> tests/virt/mod.rs:15:34
[INFO] [stdout]    |
[INFO] [stdout] 15 |             let mut vpicc_card = dev_vpicc::vpicc::VpiccCard::new(card);
[INFO] [stdout]    |                                  ^^^^^^^^^ use of unresolved module or unlinked crate `dev_vpicc`
[INFO] [stdout]    |
[INFO] [stdout]    = help: if you wanted to use a crate named `dev_vpicc`, use `cargo add dev_vpicc` to add it to your `Cargo.toml`
[INFO] [stdout] 
[INFO] [stdout] 
[INFO] [stdout] error[E0433]: cannot find module or crate `dev_vpicc` in this scope
[INFO] [stdout]   --> tests/virt/mod.rs:13:9
[INFO] [stdout]    |
[INFO] [stdout] 13 |         dev_vpicc::virt::with_ram_client("opcard", |client| {
[INFO] [stdout]    |         ^^^^^^^^^ use of unresolved module or unlinked crate `dev_vpicc`
[INFO] [stdout]    |
[INFO] [stdout]    = help: if you wanted to use a crate named `dev_vpicc`, use `cargo add dev_vpicc` to add it to your `Cargo.toml`
[INFO] [stdout] 
[INFO] [stdout] 
[INFO] [stdout] error[E0433]: cannot find module or crate `dev_vpicc` in this scope
[INFO] [stdout]    --> tests/card/mod.rs:138:5
[INFO] [stdout]     |
[INFO] [stdout] 138 |     dev_vpicc::virt::with_leaking_client(StoreConfig::ram(), "opcard", |client| {
[INFO] [stdout]     |     ^^^^^^^^^ use of unresolved module or unlinked crate `dev_vpicc`
[INFO] [stdout]     |
[INFO] [stdout]     = help: if you wanted to use a crate named `dev_vpicc`, use `cargo add dev_vpicc` to add it to your `Cargo.toml`
[INFO] [stdout] 
[INFO] [stdout] 
[INFO] [stdout] error[E0433]: cannot find module or crate `dev_vpicc` in this scope
[INFO] [stdout]   --> tests/gpg/mod.rs:74:9
[INFO] [stdout]    |
[INFO] [stdout] 74 |         dev_vpicc::virt::with_ram_client("opcard", |client| {
[INFO] [stdout]    |         ^^^^^^^^^ use of unresolved module or unlinked crate `dev_vpicc`
[INFO] [stdout]    |
[INFO] [stdout]    = help: if you wanted to use a crate named `dev_vpicc`, use `cargo add dev_vpicc` to add it to your `Cargo.toml`
[INFO] [stdout] 
[INFO] [stdout] 
[INFO] [stdout] error[E0433]: cannot find module or crate `dev_vpicc` in this scope
[INFO] [stdout]    --> tests/card/mod.rs:138:5
[INFO] [stdout]     |
[INFO] [stdout] 138 |     dev_vpicc::virt::with_leaking_client(StoreConfig::ram(), "opcard", |client| {
[INFO] [stdout]     |     ^^^^^^^^^ use of unresolved module or unlinked crate `dev_vpicc`
[INFO] [stdout]     |
[INFO] [stdout]     = help: if you wanted to use a crate named `dev_vpicc`, use `cargo add dev_vpicc` to add it to your `Cargo.toml`
[INFO] [stdout] 
[INFO] [stdout] 
[INFO] [stdout] error[E0433]: cannot find module or crate `dev_vpicc` in this scope
[INFO] [stdout]    --> tests/card/mod.rs:138:5
[INFO] [stdout]     |
[INFO] [stdout] 138 |     dev_vpicc::virt::with_leaking_client(StoreConfig::ram(), "opcard", |client| {
[INFO] [stdout]     |     ^^^^^^^^^ use of unresolved module or unlinked crate `dev_vpicc`
[INFO] [stdout]     |
[INFO] [stdout]     = help: if you wanted to use a crate named `dev_vpicc`, use `cargo add dev_vpicc` to add it to your `Cargo.toml`
[INFO] [stdout] 
[INFO] [stdout] 
[INFO] [stdout] error[E0433]: cannot find module or crate `dev_vpicc` in this scope
[INFO] [stdout]   --> tests/virt/mod.rs:15:34
[INFO] [stdout]    |
[INFO] [stdout] 15 |             let mut vpicc_card = dev_vpicc::vpicc::VpiccCard::new(card);
[INFO] [stdout]    |                                  ^^^^^^^^^ use of unresolved module or unlinked crate `dev_vpicc`
[INFO] [stdout]    |
[INFO] [stdout]    = help: if you wanted to use a crate named `dev_vpicc`, use `cargo add dev_vpicc` to add it to your `Cargo.toml`
[INFO] [stdout] 
[INFO] [stdout] 
[INFO] [stdout] error[E0433]: cannot find module or crate `dev_vpicc` in this scope
[INFO] [stdout]     --> src/command/data.rs:1368:9
[INFO] [stdout]      |
[INFO] [stdout] 1368 |         dev_vpicc::virt::with_ram_client("constructed_dos_tlv", |client| {
[INFO] [stdout]      |         ^^^^^^^^^ use of unresolved module or unlinked crate `dev_vpicc`
[INFO] [stdout]      |
[INFO] [stdout]      = help: if you wanted to use a crate named `dev_vpicc`, use `cargo add dev_vpicc` to add it to your `Cargo.toml`
[INFO] [stdout] 
[INFO] [stdout] 
[INFO] [stdout] error[E0433]: cannot find module or crate `dev_vpicc` in this scope
[INFO] [stdout]   --> tests/virt/mod.rs:13:9
[INFO] [stdout]    |
[INFO] [stdout] 13 |         dev_vpicc::virt::with_ram_client("opcard", |client| {
[INFO] [stdout]    |         ^^^^^^^^^ use of unresolved module or unlinked crate `dev_vpicc`
[INFO] [stdout]    |
[INFO] [stdout]    = help: if you wanted to use a crate named `dev_vpicc`, use `cargo add dev_vpicc` to add it to your `Cargo.toml`
[INFO] [stdout] 
[INFO] [stdout] 
[INFO] [stdout] error[E0433]: cannot find module or crate `dev_vpicc` in this scope
[INFO] [stdout]   --> tests/gpg/mod.rs:76:34
[INFO] [stdout]    |
[INFO] [stdout] 76 |             let mut vpicc_card = dev_vpicc::vpicc::VpiccCard::new(card);
[INFO] [stdout]    |                                  ^^^^^^^^^ use of unresolved module or unlinked crate `dev_vpicc`
[INFO] [stdout]    |
[INFO] [stdout]    = help: if you wanted to use a crate named `dev_vpicc`, use `cargo add dev_vpicc` to add it to your `Cargo.toml`
[INFO] [stdout] 
[INFO] [stdout] 
[INFO] [stdout] error[E0433]: cannot find module or crate `dev_vpicc` in this scope
[INFO] [stdout]   --> tests/gpg/mod.rs:74:9
[INFO] [stdout]    |
[INFO] [stdout] 74 |         dev_vpicc::virt::with_ram_client("opcard", |client| {
[INFO] [stdout]    |         ^^^^^^^^^ use of unresolved module or unlinked crate `dev_vpicc`
[INFO] [stdout]    |
[INFO] [stdout]    = help: if you wanted to use a crate named `dev_vpicc`, use `cargo add dev_vpicc` to add it to your `Cargo.toml`
[INFO] [stdout] 
[INFO] [stdout] 
[INFO] [stdout] error[E0433]: cannot find module or crate `dev_vpicc` in this scope
[INFO] [stdout]   --> tests/virt/mod.rs:15:34
[INFO] [stdout]    |
[INFO] [stdout] 15 |             let mut vpicc_card = dev_vpicc::vpicc::VpiccCard::new(card);
[INFO] [stdout]    |                                  ^^^^^^^^^ use of unresolved module or unlinked crate `dev_vpicc`
[INFO] [stdout]    |
[INFO] [stdout]    = help: if you wanted to use a crate named `dev_vpicc`, use `cargo add dev_vpicc` to add it to your `Cargo.toml`
[INFO] [stdout] 
[INFO] [stdout] 
[INFO] [stdout] error[E0433]: cannot find module or crate `dev_vpicc` in this scope
[INFO] [stdout]   --> tests/virt/mod.rs:13:9
[INFO] [stdout]    |
[INFO] [stdout] 13 |         dev_vpicc::virt::with_ram_client("opcard", |client| {
[INFO] [stdout]    |         ^^^^^^^^^ use of unresolved module or unlinked crate `dev_vpicc`
[INFO] [stdout]    |
[INFO] [stdout]    = help: if you wanted to use a crate named `dev_vpicc`, use `cargo add dev_vpicc` to add it to your `Cargo.toml`
[INFO] [stdout] 
[INFO] [stdout] 
[INFO] [stdout] error[E0433]: cannot find module or crate `dev_vpicc` in this scope
[INFO] [stdout]   --> tests/virt/mod.rs:13:9
[INFO] [stdout]    |
[INFO] [stdout] 13 |         dev_vpicc::virt::with_ram_client("opcard", |client| {
[INFO] [stdout]    |         ^^^^^^^^^ use of unresolved module or unlinked crate `dev_vpicc`
[INFO] [stdout]    |
[INFO] [stdout]    = help: if you wanted to use a crate named `dev_vpicc`, use `cargo add dev_vpicc` to add it to your `Cargo.toml`
[INFO] [stdout] 
[INFO] [stdout] 
[INFO] [stdout] error[E0433]: cannot find module or crate `dev_vpicc` in this scope
[INFO] [stdout]    --> tests/card/mod.rs:138:5
[INFO] [stdout]     |
[INFO] [stdout] 138 |     dev_vpicc::virt::with_leaking_client(StoreConfig::ram(), "opcard", |client| {
[INFO] [stdout]     |     ^^^^^^^^^ use of unresolved module or unlinked crate `dev_vpicc`
[INFO] [stdout]     |
[INFO] [stdout]     = help: if you wanted to use a crate named `dev_vpicc`, use `cargo add dev_vpicc` to add it to your `Cargo.toml`
[INFO] [stdout] 
[INFO] [stdout] 
[INFO] [stdout] error[E0433]: cannot find module or crate `dev_vpicc` in this scope
[INFO] [stdout]   --> tests/gpg/mod.rs:76:34
[INFO] [stdout]    |
[INFO] [stdout] 76 |             let mut vpicc_card = dev_vpicc::vpicc::VpiccCard::new(card);
[INFO] [stdout]    |                                  ^^^^^^^^^ use of unresolved module or unlinked crate `dev_vpicc`
[INFO] [stdout]    |
[INFO] [stdout]    = help: if you wanted to use a crate named `dev_vpicc`, use `cargo add dev_vpicc` to add it to your `Cargo.toml`
[INFO] [stdout] 
[INFO] [stdout] 
[INFO] [stdout] error[E0433]: cannot find module or crate `dev_vpicc` in this scope
[INFO] [stdout]   --> tests/virt/mod.rs:15:34
[INFO] [stdout]    |
[INFO] [stdout] 15 |             let mut vpicc_card = dev_vpicc::vpicc::VpiccCard::new(card);
[INFO] [stdout]    |                                  ^^^^^^^^^ use of unresolved module or unlinked crate `dev_vpicc`
[INFO] [stdout]    |
[INFO] [stdout]    = help: if you wanted to use a crate named `dev_vpicc`, use `cargo add dev_vpicc` to add it to your `Cargo.toml`
[INFO] [stdout] 
[INFO] [stdout] 
[INFO] [stdout] error[E0433]: cannot find module or crate `dev_vpicc` in this scope
[INFO] [stdout]   --> tests/virt/mod.rs:15:34
[INFO] [stdout]    |
[INFO] [stdout] 15 |             let mut vpicc_card = dev_vpicc::vpicc::VpiccCard::new(card);
[INFO] [stdout]    |                                  ^^^^^^^^^ use of unresolved module or unlinked crate `dev_vpicc`
[INFO] [stdout]    |
[INFO] [stdout]    = help: if you wanted to use a crate named `dev_vpicc`, use `cargo add dev_vpicc` to add it to your `Cargo.toml`
[INFO] [stdout] 
[INFO] [stdout] 
[INFO] [stdout] For more information about this error, try `rustc --explain E0433`.
[INFO] [stdout] 
[INFO] [stderr] error: could not compile `opcard` (test "gpg-status") due to 6 previous errors
[INFO] [stderr] warning: build failed, waiting for other jobs to finish...
[INFO] [stdout] error[E0433]: cannot find module or crate `dev_vpicc` in this scope
[INFO] [stdout]   --> tests/gpg/mod.rs:74:9
[INFO] [stdout]    |
[INFO] [stdout] 74 |         dev_vpicc::virt::with_ram_client("opcard", |client| {
[INFO] [stdout]    |         ^^^^^^^^^ use of unresolved module or unlinked crate `dev_vpicc`
[INFO] [stdout]    |
[INFO] [stdout]    = help: if you wanted to use a crate named `dev_vpicc`, use `cargo add dev_vpicc` to add it to your `Cargo.toml`
[INFO] [stdout] 
[INFO] [stdout] 
[INFO] [stdout] error[E0433]: cannot find module or crate `dev_vpicc` in this scope
[INFO] [stdout]   --> tests/gpg/mod.rs:76:34
[INFO] [stdout]    |
[INFO] [stdout] 76 |             let mut vpicc_card = dev_vpicc::vpicc::VpiccCard::new(card);
[INFO] [stdout]    |                                  ^^^^^^^^^ use of unresolved module or unlinked crate `dev_vpicc`
[INFO] [stdout]    |
[INFO] [stdout]    = help: if you wanted to use a crate named `dev_vpicc`, use `cargo add dev_vpicc` to add it to your `Cargo.toml`
[INFO] [stdout] 
[INFO] [stdout] 
[INFO] [stdout] For more information about this error, try `rustc --explain E0433`.
[INFO] [stdout] 
[INFO] [stderr] error: could not compile `opcard` (test "sequoia-cv25519") due to 6 previous errors
[INFO] [stdout] For more information about this error, try `rustc --explain E0433`.
[INFO] [stdout] 
[INFO] [stdout] error[E0433]: cannot find module or crate `dev_vpicc` in this scope
[INFO] [stdout]   --> tests/virt/mod.rs:13:9
[INFO] [stdout]    |
[INFO] [stdout] 13 |         dev_vpicc::virt::with_ram_client("opcard", |client| {
[INFO] [stdout]    |         ^^^^^^^^^ use of unresolved module or unlinked crate `dev_vpicc`
[INFO] [stdout]    |
[INFO] [stdout]    = help: if you wanted to use a crate named `dev_vpicc`, use `cargo add dev_vpicc` to add it to your `Cargo.toml`
[INFO] [stdout] 
[INFO] [stdout] 
[INFO] [stderr] error: could not compile `opcard` (test "sequoia-p256") due to 6 previous errors
[INFO] [stdout] error[E0433]: cannot find module or crate `dev_vpicc` in this scope
[INFO] [stdout]   --> tests/virt/mod.rs:15:34
[INFO] [stdout]    |
[INFO] [stdout] 15 |             let mut vpicc_card = dev_vpicc::vpicc::VpiccCard::new(card);
[INFO] [stdout]    |                                  ^^^^^^^^^ use of unresolved module or unlinked crate `dev_vpicc`
[INFO] [stdout]    |
[INFO] [stdout]    = help: if you wanted to use a crate named `dev_vpicc`, use `cargo add dev_vpicc` to add it to your `Cargo.toml`
[INFO] [stdout] 
[INFO] [stdout] 
[INFO] [stdout] For more information about this error, try `rustc --explain E0433`.
[INFO] [stdout] 
[INFO] [stderr] error: could not compile `opcard` (test "rsa2048-import") due to 12 previous errors
[INFO] [stdout] For more information about this error, try `rustc --explain E0433`.
[INFO] [stdout] 
[INFO] [stderr] error: could not compile `opcard` (test "p256") due to 12 previous errors
[INFO] [stdout] For more information about this error, try `rustc --explain E0433`.
[INFO] [stdout] 
[INFO] [stderr] error: could not compile `opcard` (test "brainpool-p512r1") due to 10 previous errors
[INFO] [stdout] For more information about this error, try `rustc --explain E0433`.
[INFO] [stdout] 
[INFO] [stderr] error: could not compile `opcard` (test "rsa2048") due to 12 previous errors
[INFO] [stdout] For more information about this error, try `rustc --explain E0433`.
[INFO] [stdout] 
[INFO] [stderr] error: could not compile `opcard` (lib test) due to 1 previous error
[INFO] running `Command { std: "docker" "inspect" "d2ec16d15c729e175b73ea25a6711f9da981e44fd8cfc764de936cebb620baea", kill_on_drop: false }`
[INFO] running `Command { std: "docker" "rm" "-f" "d2ec16d15c729e175b73ea25a6711f9da981e44fd8cfc764de936cebb620baea", kill_on_drop: false }`
[INFO] [stdout] d2ec16d15c729e175b73ea25a6711f9da981e44fd8cfc764de936cebb620baea
