[INFO] fetching crate oombak_tui 0.1.1...
[INFO] testing oombak_tui-0.1.1 against 1.99.0-beta.8+cargoflags=--release for beta-release-1.100-2
[INFO] extracting crate oombak_tui 0.1.1 into /workspace/builds/worker-7-tc1/source
[INFO] started tweaking crates.io crate oombak_tui 0.1.1
[INFO] finished tweaking crates.io crate oombak_tui 0.1.1
[INFO] tweaked toml for crates.io crate oombak_tui 0.1.1 written to /workspace/builds/worker-7-tc1/source/Cargo.toml
[INFO] validating manifest of crates.io crate oombak_tui 0.1.1 on toolchain 1.99.0-beta.8
[INFO] running `Command { std: CARGO_HOME="/workspace/cargo-home" RUSTUP_HOME="/workspace/rustup-home" "/workspace/cargo-home/bin/cargo" "+1.99.0-beta.8" "metadata" "--manifest-path" "Cargo.toml" "--no-deps", kill_on_drop: false }`
[INFO] crate crates.io crate oombak_tui 0.1.1 already has a lockfile, it will not be regenerated
[INFO] running `Command { std: CARGO_HOME="/workspace/cargo-home" RUSTUP_HOME="/workspace/rustup-home" "/workspace/cargo-home/bin/cargo" "+1.99.0-beta.8" "fetch" "--manifest-path" "Cargo.toml", kill_on_drop: false }`
[INFO] [stderr]     Updating crates.io index
[INFO] [stderr]  Downloading crates ...
[INFO] [stderr]   Downloaded oombak_sim v0.1.1
[INFO] [stderr]   Downloaded oombak_gen v0.1.1
[INFO] [stderr]   Downloaded oombak_rs v0.1.1
[INFO] [stderr]   Downloaded rerun_except v1.0.0
[INFO] [stderr]   Downloaded oombak_local_sim v0.1.1
[INFO] [stderr]   Downloaded file_type v0.8.11
[INFO] running `Command { std: "docker" "create" "-v" "/var/lib/crater-agent-workspace/builds/worker-7-tc1/source:/opt/rustwide/workdir:ro,Z" "-v" "/var/lib/crater-agent-workspace/builds/worker-7-tc1/target:/opt/rustwide/target:rw,Z" "-v" "/var/lib/crater-agent-workspace/cargo-home:/opt/rustwide/cargo-home:ro,Z" "-v" "/var/lib/crater-agent-workspace/rustup-home:/opt/rustwide/rustup-home:ro,Z" "-m" "1610612736" "--network" "none" "ghcr.io/rust-lang/crates-build-env/linux@sha256:77db811e55d90add9212f6832c23229e3de5f1c1f9905e8cb07319ea15df73ac" "sleep" "infinity", kill_on_drop: false }`
[INFO] [stdout] bac80921634f618f0d78f27dc50e9667a7a10e15e765ab18fa71b02f2551bf2e
[INFO] running `Command { std: "docker" "start" "bac80921634f618f0d78f27dc50e9667a7a10e15e765ab18fa71b02f2551bf2e", kill_on_drop: false }`
[INFO] running `Command { std: "docker" "inspect" "bac80921634f618f0d78f27dc50e9667a7a10e15e765ab18fa71b02f2551bf2e", kill_on_drop: false }`
[INFO] running `Command { std: "docker" "exec" "-e" "SOURCE_DIR=/opt/rustwide/workdir" "-e" "CARGO_HOME=/opt/rustwide/cargo-home" "-e" "RUSTUP_HOME=/opt/rustwide/rustup-home" "-e" "CARGO_TARGET_DIR=/opt/rustwide/target" "-w" "/opt/rustwide/workdir" "--user" "0:0" "bac80921634f618f0d78f27dc50e9667a7a10e15e765ab18fa71b02f2551bf2e" "/opt/rustwide/cargo-home/bin/cargo" "+1.99.0-beta.8" "metadata" "--no-deps" "--format-version=1", kill_on_drop: false }`
[INFO] running `Command { std: "docker" "inspect" "bac80921634f618f0d78f27dc50e9667a7a10e15e765ab18fa71b02f2551bf2e", kill_on_drop: false }`
[INFO] running `Command { std: "docker" "exec" "-e" "SOURCE_DIR=/opt/rustwide/workdir" "-e" "CARGO_HOME=/opt/rustwide/cargo-home" "-e" "RUSTUP_HOME=/opt/rustwide/rustup-home" "-e" "CARGO_TARGET_DIR=/opt/rustwide/target" "-e" "CARGO_INCREMENTAL=0" "-e" "RUST_BACKTRACE=full" "-e" "RUSTFLAGS=--cap-lints=warn" "-e" "RUSTDOCFLAGS=--cap-lints=warn" "-w" "/opt/rustwide/workdir" "--user" "0:0" "bac80921634f618f0d78f27dc50e9667a7a10e15e765ab18fa71b02f2551bf2e" "/opt/rustwide/cargo-home/bin/cargo" "+1.99.0-beta.8" "build" "--frozen" "--message-format=json" "--release", kill_on_drop: false }`
[INFO] [stderr]    Compiling libc v0.2.184
[INFO] [stderr]    Compiling regex-syntax v0.8.10
[INFO] [stderr]    Compiling aho-corasick v1.1.4
[INFO] [stderr]    Compiling bstr v1.12.1
[INFO] [stderr]    Compiling cc v1.2.59
[INFO] [stderr]    Compiling crossbeam-epoch v0.9.18
[INFO] [stderr]    Compiling bitvec v1.0.1
[INFO] [stderr]    Compiling libloading v0.8.9
[INFO] [stderr]    Compiling thiserror-impl v2.0.18
[INFO] [stderr]    Compiling darling_core v0.23.0
[INFO] [stderr]    Compiling tokio v1.51.0
[INFO] [stderr]    Compiling instability v0.3.12
[INFO] [stderr]    Compiling phf_shared v0.13.1
[INFO] [stderr]    Compiling rustix v0.38.44
[INFO] [stderr]    Compiling strum_macros v0.26.4
[INFO] [stderr]    Compiling indoc v2.0.7
[INFO] [stderr]    Compiling compact_str v0.8.1
[INFO] [stderr]    Compiling crossbeam-deque v0.8.6
[INFO] [stderr]    Compiling unicode-truncate v1.1.0
[INFO] [stderr]    Compiling cassowary v0.3.0
[INFO] [stderr]    Compiling phf v0.13.1
[INFO] [stderr]    Compiling file_type v0.8.11
[INFO] [stderr]    Compiling thiserror v2.0.18
[INFO] [stderr]    Compiling cmake v0.1.58
[INFO] [stderr]    Compiling getrandom v0.3.4
[INFO] [stderr]    Compiling errno v0.3.14
[INFO] [stderr]    Compiling getrandom v0.4.2
[INFO] [stderr]    Compiling parking_lot_core v0.9.12
[INFO] [stderr]    Compiling mio v1.2.0
[INFO] [stderr]    Compiling signal-hook-registry v1.4.8
[INFO] [stderr]    Compiling tempfile v3.27.0
[INFO] [stderr]    Compiling regex-automata v0.4.14
[INFO] [stderr]    Compiling rand_core v0.9.5
[INFO] [stderr]    Compiling signal-hook v0.3.18
[INFO] [stderr]    Compiling parking_lot v0.12.5
[INFO] [stderr]    Compiling rand_chacha v0.9.0
[INFO] [stderr]    Compiling signal-hook-mio v0.2.5
[INFO] [stderr]    Compiling rand v0.9.2
[INFO] [stderr]    Compiling crossterm v0.28.1
[INFO] [stderr]    Compiling strum v0.26.3
[INFO] [stderr]    Compiling darling_macro v0.23.0
[INFO] [stderr]    Compiling darling v0.23.0
[INFO] [stderr]    Compiling ratatui v0.29.0
[INFO] [stderr]    Compiling globset v0.4.18
[INFO] [stderr]    Compiling ignore v0.4.25
[INFO] [stderr]    Compiling rerun_except v1.0.0
[INFO] [stderr]    Compiling oombak_rs v0.1.1
[INFO] [stderr] error: failed to run custom build command for `oombak_rs v0.1.1`
[INFO] [stderr] note: To improve backtraces for build dependencies, set the CARGO_PROFILE_RELEASE_BUILD_OVERRIDE_DEBUG=true environment variable to enable debug information generation.
[INFO] [stderr] 
[INFO] [stderr] Caused by:
[INFO] [stderr]   process didn't exit successfully: `/opt/rustwide/target/release/build/oombak_rs-adc0cd115fca638d/build-script-build` (exit status: 101)
[INFO] [stderr]   --- stdout
[INFO] [stderr]   cargo:rerun-if-changed=oombak_parser/src
[INFO] [stderr]   cargo:rerun-if-changed=oombak_parser/include
[INFO] [stderr]   cargo:rerun-if-changed=oombak_parser/CMakeLists.txt
[INFO] [stderr]   CMAKE_TOOLCHAIN_FILE_x86_64-unknown-linux-gnu = None
[INFO] [stderr]   CMAKE_TOOLCHAIN_FILE_x86_64_unknown_linux_gnu = None
[INFO] [stderr]   HOST_CMAKE_TOOLCHAIN_FILE = None
[INFO] [stderr]   CMAKE_TOOLCHAIN_FILE = None
[INFO] [stderr]   CMAKE_GENERATOR_x86_64-unknown-linux-gnu = None
[INFO] [stderr]   CMAKE_GENERATOR_x86_64_unknown_linux_gnu = None
[INFO] [stderr]   HOST_CMAKE_GENERATOR = None
[INFO] [stderr]   CMAKE_GENERATOR = None
[INFO] [stderr]   CMAKE_PREFIX_PATH_x86_64-unknown-linux-gnu = None
[INFO] [stderr]   CMAKE_PREFIX_PATH_x86_64_unknown_linux_gnu = None
[INFO] [stderr]   HOST_CMAKE_PREFIX_PATH = None
[INFO] [stderr]   CMAKE_PREFIX_PATH = None
[INFO] [stderr]   CMAKE_x86_64-unknown-linux-gnu = None
[INFO] [stderr]   CMAKE_x86_64_unknown_linux_gnu = None
[INFO] [stderr]   HOST_CMAKE = None
[INFO] [stderr]   CMAKE = None
[INFO] [stderr]   -- The CXX compiler identification is GNU 15.2.0
[INFO] [stderr]   -- Detecting CXX compiler ABI info
[INFO] [stderr]   -- Detecting CXX compiler ABI info - done
[INFO] [stderr]   -- Check for working CXX compiler: /usr/bin/c++ - skipped
[INFO] [stderr]   -- Detecting CXX compile features
[INFO] [stderr]   -- Detecting CXX compile features - done
[INFO] [stderr]   -- Configuring incomplete, errors occurred!
[INFO] [stderr] 
[INFO] [stderr]   --- stderr
[INFO] [stderr]   running: cd "/opt/rustwide/target/release/build/oombak_rs-7595e4fbb23ea578/out/build" && CMAKE_PREFIX_PATH="" LC_ALL="C" "cmake" "/opt/rustwide/cargo-home/registry/src/index.crates.io-1949cf8c6b5b557f/oombak_rs-0.1.1/oombak_parser" "-B" "/opt/rustwide/target/release/build/oombak_rs-7595e4fbb23ea578/out/build" "-DCMAKE_INSTALL_PREFIX=/opt/rustwide/target/release/build/oombak_rs-7595e4fbb23ea578/out" "-DCMAKE_C_FLAGS= -ffunction-sections -fdata-sections -fPIC -m64 -w" "-DCMAKE_C_COMPILER=/usr/bin/cc" "-DCMAKE_CXX_FLAGS= -ffunction-sections -fdata-sections -fPIC -m64 -w" "-DCMAKE_CXX_COMPILER=/usr/bin/c++" "-DCMAKE_ASM_FLAGS= -ffunction-sections -fdata-sections -fPIC -m64 -w" "-DCMAKE_ASM_COMPILER=/usr/bin/cc" "-DCMAKE_BUILD_TYPE=Release"
[INFO] [stderr]   [ 11%] Creating directories for 'slang-populate'
[INFO] [stderr]   [ 22%] Performing download step (git clone) for 'slang-populate'
[INFO] [stderr]   Cloning into 'slang-src'...
[INFO] [stderr]   fatal: unable to access 'https://github.com/MikePopoloski/slang.git/': Could not resolve host: github.com
[INFO] [stderr]   Cloning into 'slang-src'...
[INFO] [stderr]   fatal: unable to access 'https://github.com/MikePopoloski/slang.git/': Could not resolve host: github.com
[INFO] [stderr]   Cloning into 'slang-src'...
[INFO] [stderr]   fatal: unable to access 'https://github.com/MikePopoloski/slang.git/': Could not resolve host: github.com
[INFO] [stderr]   Had to git clone more than once: 3 times.
[INFO] [stderr]   CMake Error at slang-subbuild/slang-populate-prefix/tmp/slang-populate-gitclone.cmake:50 (message):
[INFO] [stderr]     Failed to clone repository: 'https://github.com/MikePopoloski/slang.git'
[INFO] [stderr] 
[INFO] [stderr] 
[INFO] [stderr]   gmake[2]: *** [CMakeFiles/slang-populate.dir/build.make:102: slang-populate-prefix/src/slang-populate-stamp/slang-populate-download] Error 1
[INFO] [stderr]   gmake[1]: *** [CMakeFiles/Makefile2:87: CMakeFiles/slang-populate.dir/all] Error 2
[INFO] [stderr]   gmake: *** [Makefile:91: all] Error 2
[INFO] [stderr] 
[INFO] [stderr]   CMake Error at /usr/share/cmake-4.2/Modules/FetchContent.cmake:1928 (message):
[INFO] [stderr]     Build step for slang failed: 2
[INFO] [stderr]   Call Stack (most recent call first):
[INFO] [stderr]     /usr/share/cmake-4.2/Modules/FetchContent.cmake:1619 (__FetchContent_populateSubbuild)
[INFO] [stderr]     /usr/share/cmake-4.2/Modules/FetchContent.cmake:2155:EVAL:2 (__FetchContent_doPopulation)
[INFO] [stderr]     /usr/share/cmake-4.2/Modules/FetchContent.cmake:2155 (cmake_language)
[INFO] [stderr]     /usr/share/cmake-4.2/Modules/FetchContent.cmake:2394 (__FetchContent_Populate)
[INFO] [stderr]     CMakeLists.txt:13 (FetchContent_MakeAvailable)
[INFO] [stderr] 
[INFO] [stderr] 
[INFO] [stderr] 
[INFO] [stderr]   thread 'main' (770) panicked at /opt/rustwide/cargo-home/registry/src/index.crates.io-1949cf8c6b5b557f/cmake-0.1.58/src/lib.rs:1132:5:
[INFO] [stderr] 
[INFO] [stderr]   command did not execute successfully, got: exit status: 1
[INFO] [stderr] 
[INFO] [stderr]   build script failed, must exit now
[INFO] [stderr]   stack backtrace:
[INFO] [stderr]      0:     0x57e099faf9f1 - <<std[70759c8f55707aa4]::sys::backtrace::BacktraceLock>::print::DisplayBacktrace as core[df12db4294e9bfd3]::fmt::Display>::fmt
[INFO] [stderr]      1:     0x57e099fc3c3a - core[df12db4294e9bfd3]::fmt::write
[INFO] [stderr]      2:     0x57e099fb555c - <std[70759c8f55707aa4]::sys::stdio::unix::Stderr as core[df12db4294e9bfd3]::io::write::Write>::write_fmt
[INFO] [stderr]      3:     0x57e099f8efa6 - std[70759c8f55707aa4]::panicking::default_hook::{closure#0}
[INFO] [stderr]      4:     0x57e099faa811 - std[70759c8f55707aa4]::panicking::default_hook
[INFO] [stderr]      5:     0x57e099faa9cb - std[70759c8f55707aa4]::panicking::panic_with_hook
[INFO] [stderr]      6:     0x57e099f8f052 - std[70759c8f55707aa4]::panicking::panic_handler::{closure#0}
[INFO] [stderr]      7:     0x57e099f87ce9 - std[70759c8f55707aa4]::sys::backtrace::__rust_end_short_backtrace::<std[70759c8f55707aa4]::panicking::panic_handler::{closure#0}, !>
[INFO] [stderr]      8:     0x57e099f8f86d - __rustc[8fa7c3cbc660c2b3]::rust_begin_unwind
[INFO] [stderr]      9:     0x57e099fc43ac - core[df12db4294e9bfd3]::panicking::panic_fmt
[INFO] [stderr]     10:     0x57e099f1f097 - cmake[95d4baf7a97a126d]::fail
[INFO] [stderr]     11:     0x57e099f1ed23 - cmake[95d4baf7a97a126d]::run
[INFO] [stderr]     12:     0x57e099f245e2 - <cmake[95d4baf7a97a126d]::Config>::build
[INFO] [stderr]     13:     0x57e099f115ab - build_script_build[7db3beb24dab60c4]::main
[INFO] [stderr]     14:     0x57e099f1204b - <fn() as core[df12db4294e9bfd3]::ops::function::FnOnce<()>>::call_once
[INFO] [stderr]     15:     0x57e099f114c6 - std[70759c8f55707aa4]::sys::backtrace::__rust_begin_short_backtrace::<fn(), ()>
[INFO] [stderr]     16:     0x57e099f114d9 - std[70759c8f55707aa4]::rt::lang_start::<()>::{closure#0}
[INFO] [stderr]     17:     0x57e099fa9ad9 - std[70759c8f55707aa4]::rt::lang_start_internal
[INFO] [stderr]     18:     0x57e099f11051 - std[70759c8f55707aa4]::rt::lang_start::<()>
[INFO] [stderr]     19:     0x57e099f120b5 - main
[INFO] [stderr]     20:     0x7638e904d601 - <unknown>
[INFO] [stderr]     21:     0x7638e904d718 - __libc_start_main
[INFO] [stderr]     22:     0x57e099f10415 - _start
[INFO] [stderr]     23:                0x0 - <unknown>
[INFO] [stderr] warning: build failed, waiting for other jobs to finish...
[INFO] running `Command { std: "docker" "inspect" "bac80921634f618f0d78f27dc50e9667a7a10e15e765ab18fa71b02f2551bf2e", kill_on_drop: false }`
[INFO] running `Command { std: "docker" "rm" "-f" "bac80921634f618f0d78f27dc50e9667a7a10e15e765ab18fa71b02f2551bf2e", kill_on_drop: false }`
[INFO] [stdout] bac80921634f618f0d78f27dc50e9667a7a10e15e765ab18fa71b02f2551bf2e
